--
-- Host: localhost    Database: elyor
-- ------------------------------------------------------


--
-- Table structure for table `brigada`
--

CREATE TABLE `brigada` (
  `id` int(10) unsigned NOT NULL AUTO_INCREMENT,
  `name` varchar(150) NOT NULL,
  PRIMARY KEY (`id`)
) ENGINE=InnoDB AUTO_INCREMENT=49 DEFAULT CHARSET=utf8;

--
-- Dumping data for table `brigada`
--

INSERT INTO `brigada` VALUES (31,'РОЙСОН АБДУЛЛОХ'),(32,'РОЙСОН АБДУМАЖИД'),(33,'РОЙСОН БОБУР'),(34,'РОЙСОН ЖАВОХИР'),(35,'РОЙСОН САРДОР'),(36,'РОЙСОН САРВАР'),(37,'РОЙСОН ЖАСУР ЛАКЧИ'),(38,'РОЙСОН ЭЛЁР ЛАКЧИ'),(39,'РОЙСОН ОЛИМАКА'),(40,'КУШБЕГИ АБДУВОСИЛ'),(41,'КУШБЕГИ АЗИЗБЕК'),(42,'КУШБЕГИ ЗАЙНОБИДДИН'),(43,'КУШБЕГИ РУЗИМУХАММАД'),(44,'КУШБЕГИ СОБИРЖОН'),(45,'КУШБЕГИ ШУХРАТ'),(46,'ЭЛЁРБЕК'),(47,'РОЙСОН БАХРОМ'),(48,'РОЙСОН ТУХТАСИН');

--
-- Table structure for table `customer`
--

CREATE TABLE `customer` (
  `id` int(10) unsigned NOT NULL AUTO_INCREMENT,
  `name` varchar(100) NOT NULL,
  `description` text,
  PRIMARY KEY (`id`)
) ENGINE=InnoDB AUTO_INCREMENT=57 DEFAULT CHARSET=utf8;

--
-- Dumping data for table `customer`
--

INSERT INTO `customer` VALUES (35,'ЦЕХ ЭЛЕР',''),(36,'ЦЕХ ДОНИЕР',''),(37,'ХУРШИД АНДИЖОН',''),(38,'ЦЕХ АБДУМАЛИК',''),(39,'ДАДАХОН ХОРАЗМ',''),(40,'ДИЛМУРОД ХОРАЗМ',''),(41,'АЛИШЕР БУХОРО',''),(42,'НОМОЗ',''),(43,'АЗАМАТ НУКУС',''),(44,'ФУРКАТ ЖИЗЗАХ',''),(45,'ЦЕХ ОЙБЕК',''),(46,'САРДОР САМАРКАНД','Самарканд '),(47,'ШАРОФИДДИН ХОРАЗМ',''),(48,'РЕЖАБ ОГА','Нукус'),(49,'КАХРАМОН БЕКОБОД',''),(50,'ЮСУФ ЖИЗЗАХ',''),(51,'ХАЙРУЛЛО АНДИЖОН',''),(52,'ЗИЁДИЛЛО ФАРГОНА',''),(53,'ДУНЕ МЕБЕЛЬ',''),(54,'ТОГАМ САМАРКАНД',''),(55,'ШОХРУЗ САМАРКАНД',''),(56,'ЖОНИБЕК ТЕРМИЗ','');

--
-- Table structure for table `delivery_pol_gotoviy`
--

CREATE TABLE `delivery_pol_gotoviy` (
  `id` int(10) unsigned NOT NULL AUTO_INCREMENT,
  `name` varchar(100) NOT NULL,
  PRIMARY KEY (`id`)
) ENGINE=InnoDB AUTO_INCREMENT=52 DEFAULT CHARSET=utf8;

--
-- Dumping data for table `delivery_pol_gotoviy`
--

INSERT INTO `delivery_pol_gotoviy` VALUES (35,'РОЙСОН АБДУКАХХОР'),(36,'РОЙСОН ТИЛЛО'),(37,'РОЙСОН МАНСУР'),(38,'РОЙСОН ДИЛМУРОД'),(39,'РОЙСОН ИБРАТИЛЛО'),(40,'РОЙСОН ОЛИМ АКА'),(41,'КУШБЕГИ МУХСИН'),(42,'КУШБЕГИ ЖАСУР'),(43,'НАМАНГАН ЯХЁ'),(44,'НАМАНГАН АБРОР'),(45,'НАМАНГАН'),(46,'КУКОН'),(47,'ЭЛЁРБЕК'),(48,'РОЙСОН ТУЛАНБОЙ'),(49,'РОЙСОН ТУХТАСИН'),(50,'РОЙСОН ВАЛИ'),(51,'РОЙСОН АХМАДУЛЛО');

--
-- Table structure for table `gotoviy`
--

CREATE TABLE `gotoviy` (
  `id` int(10) unsigned NOT NULL AUTO_INCREMENT,
  `name` varchar(150) NOT NULL,
  `pay` decimal(20,2) DEFAULT NULL,
  PRIMARY KEY (`id`)
) ENGINE=InnoDB AUTO_INCREMENT=694 DEFAULT CHARSET=utf8;

--
-- Dumping data for table `gotoviy`
--

INSERT INTO `gotoviy` VALUES (430,'ДИВАН....',NULL),(431,'Диван ВЕРОНА',NULL),(432,'ДИВАН КАРОНА 3 ТАЛИК',NULL),(433,'ДИВАН КАРОНА 4 ТАЛИК',NULL),(434,'Диван ROSSO',NULL),(435,'Диван ЛИОН',NULL),(436,'ДИВАН МАДРИД 3 ТАЛИК',NULL),(437,'ДИВАН МАДРИД 4 ТАЛИК',NULL),(438,'ДИВАН МАДРИД УГОЛ',NULL),(439,'ДИВАН МИЛАН УГОЛ',NULL),(440,'ДИВАН СИДНЕЙ 3 ТАЛИК',NULL),(441,'ДИВАН СИДНЕЙ 4 ТАЛИК',NULL),(442,'ДИВАН СИДНЕЙ УГОЛ',NULL),(443,'Диван СПАРК',NULL),(444,'ДИВАН ТУРЕЦКИЙ УГОЛ',NULL),(445,'Диван OSCAR',NULL),(446,'Диван ЧЕСТЕР ТРОЙКА',NULL),(447,'Кресло ВАЛИО ОК',NULL),(448,'Кресло ВАЛИО ОРЕХ',NULL),(449,'КРЕСЛО ГОЛДЕН',NULL),(450,'Кресло ГРАДО ОК',NULL),(451,'Кресло ГРАДО ОРЕХ',NULL),(452,'Кресло КАСТЕЛЛО ОК',NULL),(453,'Кресло КАСТЕЛЛО ОРЕХ',NULL),(454,'КРЕСЛО 6/1 ОК',NULL),(455,'КРЕСЛО 6/1 ОРЕХ',NULL),(456,'КРЕСЛО СЕНАТ ОК',NULL),(457,'КРЕСЛО СЕНАТ ОРЕХ',NULL),(458,'КРЕСЛО ГРАДО-ДИВАН ОК',NULL),(459,'КРЕСЛО ГРАДО-ДИВАН ОРЕХ',NULL),(460,'КРЕСЛО.....ОК',NULL),(461,'КРЕСЛО.....ОРЕХ',NULL),(462,'КРЕСЛО.....ОК',NULL),(463,'КРЕСЛО.....ОРЕХ',NULL),(464,'Кухонный уголок',NULL),(465,'Спальни 8069',NULL),(466,'Спальни МАЯ',NULL),(467,'Стол АЗИЯ шпон (275) ОК',NULL),(468,'Стол АЗИЯ шпон (275) ОРЕХ',NULL),(469,'СТОЛ ТЕСЛА МРАМОР ОЧИЛАДИГОН ОК (155×200×90)',NULL),(470,'СТОЛ ТЕСЛА МРАМОР ОЧИЛАДИГОН КОРА (155×200×90)',NULL),(471,'СТОЛ ТЕСЛА МРАМОР ОК',NULL),(472,'СТОЛ ТЕСЛА МРАМОР КОРА',NULL),(473,'СТОЛ КОМФОРТ (80х140х180) ОК',NULL),(474,'СТОЛ КОМФОРТ (80х140х180) ОРЕХ',NULL),(475,'СТОЛ ЛМДФ (.....) ОК',NULL),(476,'СТОЛ ЛМДФ (.....) ОРЕХ',NULL),(477,'Стол ЛМДФ (140×80) ОК',NULL),(478,'Стол ЛМДФ (140×80) ОРЕХ',NULL),(479,'Стол ЛМДФ  (2.5-3-3.5×1.20) ОК',NULL),(480,'Стол ЛМДФ  (2.5-3-3.5×1.20) ОРЕХ',NULL),(481,'СТОЛ ЛМДФ (275-120) ОК',NULL),(482,'СТОЛ ЛМДФ (275-120) ОРЕХ',NULL),(483,'СТОЛ ЛМДФ (3×120) ОК',NULL),(484,'СТОЛ ЛМДФ (3×120) ОРЕХ',NULL),(485,'СТОЛ ЛМДФ (5×120) ОК',NULL),(486,'СТОЛ ЛМДФ (5×120) ОРЕХ',NULL),(487,'СТОЛ ЛМДФ (140×180×80) ОК',NULL),(488,'СТОЛ ЛМДФ (140×180×80) ОРЕХ',NULL),(489,'СТОЛ ОЙНА 120',NULL),(490,'СТОЛ ОЙНА 150',NULL),(491,'Стол шпон (140×180×80) ОК',NULL),(492,'Стол шпон (140×180×80) ОРЕХ',NULL),(493,'Стол шпон (140×80) ОК',NULL),(494,'Стол шпон (140×80) ОРЕХ',1.00),(495,'Стол шпон (180) ОК',NULL),(496,'Стол шпон (180) ОРЕХ',NULL),(497,'Стол шпон (275) ОК',NULL),(498,'Стол шпон (275) ОРЕХ',NULL),(499,'Стол шпон (275-330) ОК',NULL),(500,'Стол шпон (275-330) ОРЕХ',NULL),(501,'Стол шпон (275-350) ОК',NULL),(502,'Стол шпон (275-350) ОРЕХ',NULL),(503,'СТОЛ ШПОН (3×120) ОК',NULL),(504,'СТОЛ ШПОН (3×120) ОРЕХ',NULL),(505,'Стол шпон (5 метр) ОК',NULL),(507,'Стол шпон (5 метр) ОРЕХ',NULL),(508,'Стол шпон (120 диагонал) ОК',NULL),(509,'Стол шпон (120 диагонал) ОРЕХ',NULL),(510,'Стол шпон (150 диагонал) ОК',NULL),(511,'Стол шпон (150 диагонал) ОРЕХ',NULL),(512,'Стол шпон (180 диагонал) ОК',NULL),(513,'Стол шпон (180 диагонал) ОРЕХ',NULL),(514,'Стол шпон (90 диагонал) ОК',NULL),(515,'Стол шпон (90 диагонал) ОРЕХ',NULL),(516,'Стол шпон ГОЛД (220×80) ОК',NULL),(517,'Стол шпон ГОЛД (220×80) ОРЕХ',NULL),(518,'СТОЛ ЭЛЕГАНТ (80х140х180) ОК',NULL),(519,'СТОЛ ЭЛЕГАНТ (80х140х180) ОРЕХ',NULL),(520,'Стул \"Х\" ОК',NULL),(521,'Стул \"Х\" ОРЕХ',NULL),(522,'СТУЛ 3-D ЛОЛА ОК',NULL),(523,'СТУЛ 3-D ЛОЛА ОРЕХ',NULL),(524,'СТУЛ 3-D НАКШ ОК',NULL),(525,'СТУЛ 3-D НАКШ ОРЕХ',NULL),(526,'СТУЛ 3-D НИЛЮ ОК',NULL),(527,'СТУЛ 3-D НИЛЮ ОРЕХ',NULL),(528,'Стул FED ОК',NULL),(529,'Стул FED ОРЕХ',NULL),(530,'СТУЛ GOLD ОК',NULL),(531,'СТУЛ GOLD ОРЕХ',NULL),(532,'СТУЛ GOLD ТИЛЛА',NULL),(533,'СТУЛ СОФИЯ ОК',NULL),(534,'СТУЛ СОФИЯ ОРЕХ',NULL),(535,'СТУЛ СОФИЯ ТИЛЛА',NULL),(536,'Стул АЗИЯ ОК',NULL),(537,'Стул АЗИЯ ОРЕХ',NULL),(538,'Стул БП \"J\" ОК',NULL),(539,'Стул БП \"J\" ОРЕХ',NULL),(540,'Стул БП АНАНАС ОК',NULL),(541,'Стул БП АНАНАС ОРЕХ',NULL),(542,'СТУЛ БП АТИРГУЛ ОК',NULL),(543,'СТУЛ БП АТИРГУЛ ОРЕХ',NULL),(544,'СТУЛ БП МОЙЧЕЧАК ОК',NULL),(545,'СТУЛ БП МОЙЧЕЧАК ОРЕХ',NULL),(546,'СТУЛ БП НАКШ ОК',NULL),(547,'СТУЛ БП НАКШ ОРЕХ',NULL),(548,'СТУЛ БП НИЛЮФАРГУЛ ОК',NULL),(549,'СТУЛ БП НИЛЮФАРГУЛ ОРЕХ',NULL),(550,'Стул БП УЗУН ОК',NULL),(551,'Стул БП УЗУН ОРЕХ',NULL),(552,'Стул БП ЯНГИ ГУЛ ОК',NULL),(553,'Стул БП ЯНГИ ГУЛ ОРЕХ',NULL),(554,'СТУЛ ТАНГА-2 ОК',NULL),(555,'СТУЛ ТАНГА-2 ОРЕХ',NULL),(556,'Стул БУРГУТ ОК',NULL),(557,'СТУЛ БУРГУТ ОРЕХ',NULL),(558,'Стул БУРГУТ-200 ОК',NULL),(559,'СТУЛ БУРГУТ-200 ОРЕХ',NULL),(560,'Стул БУРГУТ КУВА ОК',NULL),(561,'Стул БУРГУТ КУВА ОРЕХ',NULL),(562,'Стул ТАНГА НАМАНГАН ОК',NULL),(563,'Стул ТАНГА НАМАНГАН ОРЕХ',NULL),(564,'Стул ВИСОЛ ОК',NULL),(565,'Стул ВИСОЛ ОРЕХ',NULL),(566,'Стул ВИСОЛ КУКОН ОК',NULL),(567,'Стул ВИСОЛ КУКОН ОРЕХ',NULL),(568,'Стул ЖОЗИБА ТОШКЕНТ ОК',NULL),(569,'Стул ЖОЗИБА ТОШКЕНТ ОРЕХ',NULL),(570,'Стул ИТАЛЬЯНСКИЙ ОК',NULL),(571,'Стул ИТАЛЬЯНСКИЙ ОРЕХ',NULL),(572,'Стул КАРОНА НАМАНГАН',NULL),(573,'Стул КАРОНА ОК',NULL),(574,'Стул КАРОНА ОРЕХ',NULL),(575,'Стул НАРВОН КАТТА ОК',NULL),(576,'Стул НАРВОН КАТТА ОРЕХ',NULL),(577,'Стул НАРВОН ОК',NULL),(578,'Стул НАРВОН ОРЕХ',NULL),(579,'Стул НОТА ОК',NULL),(580,'Стул НОТА ОРЕХ',NULL),(581,'Стул ПАРЛАМЕНТ ВИСОЛ ОК',NULL),(582,'Стул ПАРЛАМЕНТ ВИСОЛ ОРЕХ',NULL),(583,'Стул ПАРЛАМЕНТ-2 ОК',NULL),(584,'Стул ПАРЛАМЕНТ-2 ОРЕХ',NULL),(585,'Стул ПАРЛАМЕНТ-3 ОК',NULL),(586,'Стул ПАРЛАМЕНТ-3 ОРЕХ',NULL),(587,'Стул ПАРЛАМЕНТ-4 ОК',NULL),(588,'Стул ПАРЛАМЕНТ-4 ОРЕХ',NULL),(589,'Стул ПАРЛАМЕНТ-5 ОК',NULL),(590,'Стул ПАРЛАМЕНТ-5 ОРЕХ',NULL),(591,'Стул ПАРЛАМЕНТ-7 ОК',NULL),(592,'Стул ПАРЛАМЕНТ-7 ОРЕХ',NULL),(593,'Стул ТАНГА ОК',NULL),(594,'Стул ТАНГА ОРЕХ',NULL),(595,'Стул УЗБЕКИСТОН ОК',NULL),(596,'Стул УЗБЕКИСТОН ОРЕХ',NULL),(597,'СТУЛ ФАЙЗ ОК',NULL),(598,'СТУЛ ФАЙЗ ОРЕХ',NULL),(599,'Стул ХУРРАМ 5 ОК',NULL),(600,'СТУЛ ХУРРАМ 5 ОРЕХ',NULL),(601,'Стул ХУРРАМ 60 ОК',NULL),(602,'Стул ХУРРАМ 60 ОРЕХ',NULL),(603,'Стул ХУРРАМ 65 ОК',NULL),(604,'Стул ХУРРАМ 65 ОРЕХ',NULL),(605,'Стул ХУРРАМ 7 ОК',NULL),(606,'Стул ХУРРАМ 7 ОРЕХ',NULL),(607,'СТУЛ ХУРРАМ УЗУМ ОК',NULL),(608,'СТУЛ ХУРРАМ УЗУМ ОРЕХ',NULL),(609,'Стул ЮЛДУЗ ОК',NULL),(610,'Стул ЮЛДУЗ ОРЕХ',NULL),(611,'ТУРКИЯ ДИВАН ТУРКИЯ',NULL),(612,'ТУРКИЯ КРЕСЛО БУГАТТИ',NULL),(613,'ТУРКИЯ КРЕСЛО ЗУМРА',NULL),(614,'ТУРКИЯ КРЕСЛО МАСАЛ',NULL),(615,'ТУРКИЯ КРЕСЛО ТРУВА',NULL),(616,'ТУРКИЯ КРЕСЛО ТУАННА',NULL),(617,'ТУРКИЯ КРЕСЛО ФЛОРА',NULL),(618,'ТУРКИЯ КРЕСЛО ХИРА',NULL),(619,'ТУРКИЯ КРЕСЛО ЭГЭ',NULL),(620,'ТУРКИЯ СТОЛ MASSA 1.80',NULL),(621,'ТУРКИЯ СТОЛ YOTTA 270',NULL),(622,'ТУРКИЯ СТОЛ YOTTA 300',NULL),(623,'ТУРКИЯ СТОЛ YOTTA 330',NULL),(624,'ТУРКИЯ СТОЛ KLASS 1.50',NULL),(625,'ТУРКИЯ СТОЛ KLASS 1.80',NULL),(626,'ТУРКИЯ СТОЛ ТУМБАЛИК',NULL),(627,'ТУРКИЯ СТОЛ ТУРКИЯ',NULL),(628,'ТУРКИЯ СТОЛ AYDIN',NULL),(629,'ТУРКИЯ СТУЛ AYDIN',NULL),(630,'ТУРКИЯ КРЕСЛО ДЕСТИЛ',NULL),(631,'ТУРКИЯ КРЕСЛО ПАРИС',NULL),(632,'ТУРКИЯ КРЕСЛО ФААС',NULL),(633,'ТУРКИЯ КРЕСЛО ЛУЗИ',NULL),(634,'ТУРКИЯ КРЕСЛО ЭМИРГАН',NULL),(635,'ТУРКИЯ КРЕСЛО ОРИОН',NULL),(636,'СТУЛ ВИКТОРИЯ ОК',NULL),(637,'СТУЛ ВИКТОРИЯ ОРЕХ',NULL),(638,'СТУЛ ВИКТОРИЯ ТИЛЛА',NULL),(639,'ТУРКИЯ СТОЛ СПРИНГ ОК ТЕМИР ТИЛЛА ОЁК',NULL),(640,'ТУРКИЯ СТОЛ СПРИНГ ОК МРАМОР ТЕМИР ТИЛЛА ОЁК',NULL),(641,'ТУРКИЯ СТОЛ ВИОЛА ШПОН ОЧИЛАДИГАН',NULL),(642,'ТУРКИЯ СТОЛ ВИЗИОН ТИЛЛА 4ТА ОЁК',NULL),(643,'ТУРКИЯ СТОЛ МРАМОР ОЧИЛАДИГАН ОК INITIAL',NULL),(644,'ТУРКИЯ СТОЛ МРАМОР ОЧИЛАДИГАН КОРА INITIAL',NULL),(645,'ТУРКИЯ СТОЛ МРАМОР ОК INITIAL',NULL),(646,'ТУРКИЯ СТОЛ МРАМОР КОРА INITIAL',NULL),(647,'ТУРКИЯ СТОЛ БУРСА КОРА МРАМОР АРИЯ',NULL),(648,'ТУРКИЯ СТОЛ КЛАСС 1.80-2021',NULL),(649,'ТУРКИЯ КРЕСЛО ВИВА',NULL),(650,'ТУРКИЯ КРЕСЛО СУНА',NULL),(651,'ТУРКИЯ КРЕСЛО АНКАРА',NULL),(652,'ТУРКИЯ КРЕСЛО ЗУМРА ОК',NULL),(653,'ТУРКИЯ КРЕСЛО КАПАЛАК',NULL),(654,'ТУРКИЯ СТОЛ ВОЛЕТТА',NULL),(655,'ТУРКИЯ СТОЛ АРТЕ',NULL),(656,'ТУРКИЯ СТОЛ БУРСА ОК МРАМОР АРИЯ',NULL),(657,'ТУРКИЯ КРЕСЛО НИРВАНА',NULL),(658,'ТУРКИЯ КРЕСЛО КЛАСС',NULL),(659,'ТУРКИЯ СТОЛ ЛИЗБОН КРЕМ КОПЛАМА',NULL),(660,'ТУРКИЯ СТОЛ ЛИЗБОН АНТРЕСИД ЧЕВИЗ',NULL),(661,'ТУРКИЯ СТОЛ БОДЕ КОПЛАМА',NULL),(662,'ТУРКИЯ СТОЛ ОСЛО',NULL),(663,'ТУРКИЯ СТОЛ ВИЗИОН-2 ОРЕХ',NULL),(664,'ТУРКИЯ ЖУРНАЛ СТОЛ ЛИЗБОН КАТТАСИ',NULL),(665,'ТУРКИЯ ЖУРНАЛ СТОЛ БАДЕ КАТТАСИ',NULL),(666,'ТУРКИЯ ЖУРНАЛ СТОЛ ОСЛО КАТТАСИ',NULL),(667,'ТУРКИЯ ЖУРНАЛ СТОЛ ВИДИОН КАТТАСИ',NULL),(668,'ТУРКИЯ ЖУРНАЛ СТОЛ ТИНА АНТРЕСИД КАТТАСИ',NULL),(669,'ТУРКИЯ ЖУРНАЛ СТОЛ ТИНА КРЕМ КАТТАСИ',NULL),(670,'ТУРКИЯ ЖУРНАЛ СТОЛ КИЧКИНА',NULL),(671,'ТУРКИЯ КОМОД',NULL),(672,'ТУРКИЯ ПОДТИВИ',NULL),(673,'ТУРКИЯ СТОЛ ВИОЛА-160',NULL),(674,'ТУРКИЯ СТОЛ ВИОЛА-180',NULL),(675,'ТУРКИЯ СПАЛЬНИЙ',NULL),(682,'ТУРКИЯ КРЕСЛО ЛИОН',NULL),(683,'ТУРКИЯ КРЕСЛО СУЛТАН',NULL),(684,'ТУРКИЯ КРЕСЛО ЭРВА',NULL),(685,'ТУРКИЯ КРЕСЛО ЛЕНО',NULL),(686,'ТУРКИЯ КОМОД INTIAL',NULL),(687,'ТУРКИЯ КОМОД VIZION',NULL),(688,'ТУРКИЯ КОМОД IZMIR',NULL),(689,'ТУРКИЯ ПОДТИВИ IZMIR',NULL),(690,'ТУРКИЯ СТОЛ IZMIR',NULL),(691,'ТУРКИЯ СТОЛ INJI',NULL),(692,'ТУРКИЯ СТОЛ PRADO',NULL),(693,'ТУРКИЯ ДИВАН ТУРКИЯ (3+1+1+ЖС)',NULL);

--
-- Table structure for table `magazin`
--

CREATE TABLE `magazin` (
  `id` int(10) unsigned NOT NULL AUTO_INCREMENT,
  `name` varchar(100) DEFAULT NULL,
  PRIMARY KEY (`id`)
) ENGINE=InnoDB AUTO_INCREMENT=55 DEFAULT CHARSET=utf8;

--
-- Dumping data for table `magazin`
--

INSERT INTO `magazin` VALUES (2,'МУРТАЗО'),(3,'АРОФ'),(4,'ИХТИЕР'),(5,'ЧИНОР'),(6,'ОЙБЕК'),(8,'ХУСНИДДИН ХОЖИ'),(9,'ЗОИР'),(10,'РОЯЛЬ'),(13,'ЖОМИЙ'),(14,'АДХАМ'),(15,'АРКА ДОНИЁР'),(17,'ТТЗ АТЛАС'),(20,'ХАДРА БАХРИНУР'),(21,'ФАРАНГИЗ'),(25,'ЗИЙНАТ МЕБЕЛЬ'),(26,'ПАНДА МЕБЕЛЬ'),(27,'БЛЭК ДО'),(30,'ГРАНД'),(31,'ЗИЙНАТ КУКЧА'),(32,'ХУСНИДДИН ХОЖИ БАРАКА'),(33,'ТТЗ ИСКАНДАР'),(35,'МАГНАТ АЗИЯ'),(36,'ШУКРОНА'),(38,'ЖОМИЙ УМИД'),(39,'КУЙЛИК'),(40,'АВАН'),(41,'АБДУЛХАКИМ'),(42,'КЛАССИК МЕБЕЛЬ'),(43,'ПАРКЕНТ'),(44,'ММ'),(45,'ОТАБЕК МАЙОР'),(46,'ШЕДЕВР'),(47,'АНСОР'),(48,'АФСОНА'),(49,'МЕБЕЛЬ БРЕНД'),(50,'МЕБЕЛЬ ДЕКОР'),(51,'МИРВОХИД'),(52,'АЪЛО МАТО'),(53,'ШОХРУХ'),(54,'ХАДРА AZCO');

--
-- Table structure for table `pay_customer`
--

CREATE TABLE `pay_customer` (
  `id` int(10) unsigned NOT NULL AUTO_INCREMENT,
  `user_id` int(10) unsigned NOT NULL,
  `customer_id` int(10) unsigned NOT NULL,
  `amount` decimal(20,2) NOT NULL,
  `description` text,
  `date` date DEFAULT NULL,
  PRIMARY KEY (`id`),
  KEY `fk_pay_customer_user1_idx` (`user_id`),
  KEY `fk_pay_customer_customer1_idx` (`customer_id`),
  CONSTRAINT `fk_pay_customer_customer1` FOREIGN KEY (`customer_id`) REFERENCES `customer` (`id`) ON DELETE NO ACTION ON UPDATE NO ACTION,
  CONSTRAINT `fk_pay_customer_user1` FOREIGN KEY (`user_id`) REFERENCES `user` (`id`) ON DELETE NO ACTION ON UPDATE NO ACTION
) ENGINE=InnoDB DEFAULT CHARSET=utf8;

--
-- Dumping data for table `pay_customer`
--


--
-- Table structure for table `pay_magazin`
--

CREATE TABLE `pay_magazin` (
  `id` int(10) unsigned NOT NULL AUTO_INCREMENT,
  `magazin_id` int(10) unsigned NOT NULL,
  `prodaja_id` int(10) unsigned NOT NULL,
  `amount` int(11) NOT NULL,
  `vozvrat` int(11) DEFAULT '0',
  `description` text,
  `date` date NOT NULL,
  PRIMARY KEY (`id`),
  KEY `fk_pay_magazin_magazin1_idx` (`magazin_id`),
  KEY `fk_pay_magazin_prodaja1_idx` (`prodaja_id`),
  CONSTRAINT `fk_pay_magazin_magazin1` FOREIGN KEY (`magazin_id`) REFERENCES `magazin` (`id`) ON DELETE NO ACTION ON UPDATE NO ACTION,
  CONSTRAINT `fk_pay_magazin_prodaja1` FOREIGN KEY (`prodaja_id`) REFERENCES `prodaja` (`id`) ON DELETE NO ACTION ON UPDATE NO ACTION
) ENGINE=InnoDB AUTO_INCREMENT=7546 DEFAULT CHARSET=utf8;

--
-- Dumping data for table `pay_magazin`
--

INSERT INTO `pay_magazin` VALUES (4276,15,5215,0,1,'Хуршид Андижонга','2021-01-07'),(4277,15,5216,0,6,'Хуршид Андижонга','2021-01-07'),(4278,31,5486,0,6,'','2021-01-08'),(4279,31,5487,0,1,'','2021-01-08'),(4280,41,5531,0,1,'','2021-01-08'),(4281,6,5336,0,2,'','2021-01-09'),(4282,17,5365,0,2,'','2021-01-10'),(4283,17,5597,6,0,'','2021-01-05'),(4284,17,5365,8,0,'','2021-01-05'),(4285,17,5363,2,0,'','2021-01-05'),(4286,36,5504,1,0,'','2021-01-05'),(4287,5,5223,12,0,'','2021-01-06'),(4288,8,5245,14,0,'','2021-01-06'),(4289,8,5232,2,0,'','2021-01-06'),(4290,8,5234,1,0,'','2021-01-06'),(4291,8,5236,1,0,'','2021-01-06'),(4292,8,5581,1,0,'','2021-01-06'),(4293,10,5358,10,0,'','2021-01-06'),(4294,10,5357,12,0,'','2021-01-06'),(4295,42,5550,6,0,'','2021-01-07'),(4296,42,5545,1,0,'','2021-01-07'),(4297,42,5544,1,0,'','2021-01-07'),(4298,21,5562,1,0,'','2021-01-08'),(4299,21,5563,6,0,'','2021-01-08'),(4300,21,5384,12,0,'','2021-01-08'),(4301,21,5383,12,0,'','2021-01-08'),(4302,8,5247,12,0,'','2021-01-09'),(4303,8,5235,1,0,'','2021-01-09'),(4304,14,5154,2,0,'','2021-01-09'),(4305,15,5194,12,0,'','2021-01-10'),(4306,15,5186,1,0,'','2021-01-10'),(4307,15,5178,1,0,'','2021-01-10'),(4308,15,5203,2,0,'','2021-01-10'),(4309,15,5590,4,0,'','2021-01-10'),(4310,15,5206,6,0,'','2021-01-10'),(4311,15,5190,1,0,'','2021-01-10'),(4312,15,5210,1,0,'','2021-01-10'),(4313,15,5215,1,0,'','2021-01-10'),(4314,15,5216,6,0,'','2021-01-10'),(4315,15,5201,12,0,'','2021-01-10'),(4316,15,5197,6,0,'','2021-01-10'),(4317,15,5187,1,0,'','2021-01-10'),(4318,15,5585,1,0,'','2021-01-10'),(4319,15,5176,2,0,'','2021-01-10'),(4320,45,5456,8,0,'','2021-01-10'),(4321,45,5470,1,0,'','2021-01-10'),(4322,45,5454,12,0,'','2021-01-10'),(4323,45,5441,2,0,'','2021-01-10'),(4324,45,5431,8,0,'','2021-01-10'),(4325,45,5442,6,0,'','2021-01-10'),(4326,45,5420,1,0,'','2021-01-10'),(4327,45,5449,12,0,'','2021-01-10'),(4328,45,5434,10,0,'','2021-01-10'),(4329,45,5429,12,0,'','2021-01-10'),(4330,45,5415,1,0,'','2021-01-10'),(4331,45,5436,12,0,'','2021-01-10'),(4332,45,5432,12,0,'','2021-01-10'),(4333,45,5589,2,0,'','2021-01-10'),(4334,45,5401,1,0,'','2021-01-10'),(4335,35,5503,12,0,'','2021-01-10'),(4336,45,5423,12,0,'','2021-01-10'),(4337,45,5403,1,0,'','2021-01-10'),(4338,45,5473,1,0,'','2021-01-10'),(4339,2,5306,8,0,'','2021-01-10'),(4340,2,5560,1,0,'','2021-01-10'),(4341,2,5312,6,0,'','2021-01-10'),(4342,2,5307,12,0,'','2021-01-10'),(4343,2,5300,8,0,'','2021-01-10'),(4344,2,5302,6,0,'','2021-01-10'),(4345,5,5224,6,0,'','2021-01-10'),(4346,3,5170,1,0,'','2021-01-10'),(4347,14,5161,14,0,'','2021-01-10'),(4348,17,5364,6,0,'','2021-01-10'),(4349,17,5365,6,0,'','2021-01-10'),(4350,15,5205,6,0,'','2021-01-10'),(4351,15,5178,1,0,'','2021-01-10'),(4352,6,5342,0,2,'','2021-01-11'),(4353,40,5520,0,2,'','2021-01-11'),(4354,40,5522,0,6,'','2021-01-11'),(4355,21,5379,0,2,'','2021-01-11'),(4356,10,5358,0,2,'','2021-01-11'),(4357,3,5174,0,2,'','2021-01-11'),(4358,2,5300,0,2,'','2021-01-11'),(4359,2,5303,0,4,'','2021-01-11'),(4360,2,5306,0,4,'','2021-01-11'),(4361,14,5155,0,1,'','2021-01-11'),(4362,8,5608,1,0,'','2021-01-07'),(4363,6,5321,0,4,'','2021-01-12'),(4364,5,5228,0,1,'','2021-01-14'),(4365,5,5220,0,2,'','2021-01-15'),(4366,13,5257,0,4,'','2021-01-16'),(4367,33,5489,0,1,'','2021-01-16'),(4368,15,5646,0,6,'','2021-01-16'),(4369,15,5645,0,4,'','2021-01-16'),(4370,15,5600,0,2,'','2021-01-16'),(4371,45,5395,0,1,'','2021-01-17'),(4372,15,5685,0,6,'','2021-01-18'),(4373,45,5460,0,4,'','2021-01-19'),(4374,45,5404,0,1,'','2021-01-20'),(4375,3,5638,0,2,'','2021-01-21'),(4376,17,5367,0,1,'','2021-01-21'),(4377,17,5368,0,6,'','2021-01-21'),(4378,15,5199,0,12,'','2021-01-21'),(4379,15,5193,0,2,'','2021-01-21'),(4380,33,5495,0,4,'','2021-01-22'),(4381,45,5456,0,6,'','2021-01-22'),(4382,15,5799,0,4,'','2021-01-23'),(4383,45,5406,0,2,'','2021-01-24'),(4384,45,5692,0,1,'','2021-01-24'),(4385,32,5484,0,12,'','2021-01-24'),(4386,5,5220,0,10,'','2021-01-24'),(4387,42,5547,0,2,'','2021-01-26'),(4388,45,5391,0,1,'','2021-01-26'),(4389,40,5812,0,1,'','2021-01-26'),(4390,15,5181,1,0,'','2021-01-13'),(4391,15,5204,4,0,'','2021-01-13'),(4392,15,5612,12,0,'','2021-01-13'),(4393,6,5332,1,0,'','2021-01-14'),(4394,6,5333,1,0,'','2021-01-14'),(4395,6,5334,6,0,'','2021-01-14'),(4396,6,5340,6,0,'','2021-01-14'),(4397,6,5322,1,0,'','2021-01-14'),(4398,6,5331,1,0,'','2021-01-14'),(4399,6,5342,10,0,'','2021-01-14'),(4400,6,5322,1,0,'','2021-01-14'),(4401,6,5335,6,0,'','2021-01-14'),(4402,8,5643,1,0,'','2021-01-15'),(4403,42,5716,6,0,'','2021-01-15'),(4404,42,5541,1,0,'','2021-01-15'),(4405,42,5552,1,0,'','2021-01-15'),(4406,5,5225,12,0,'','2021-01-15'),(4407,21,5641,12,0,'','2021-01-15'),(4408,3,5175,24,0,'','2021-01-15'),(4409,13,5631,6,0,'','2021-01-16'),(4410,8,5642,12,0,'','2021-01-16'),(4411,45,5627,12,0,'','2021-01-16'),(4412,45,5640,12,0,'','2021-01-16'),(4413,45,5403,2,0,'','2021-01-16'),(4414,45,5603,12,0,'','2021-01-16'),(4415,45,5456,8,0,'','2021-01-16'),(4416,45,5397,2,0,'','2021-01-16'),(4417,8,5602,12,0,'','2021-01-17'),(4418,32,5481,1,0,'','2021-01-17'),(4419,45,5665,10,0,'','2021-01-17'),(4420,45,5666,1,0,'','2021-01-17'),(4421,45,5690,20,0,'','2021-01-17'),(4422,45,5691,1,0,'','2021-01-17'),(4423,45,5628,12,0,'','2021-01-17'),(4424,45,5457,6,0,'','2021-01-17'),(4425,45,5412,1,0,'','2021-01-17'),(4426,15,5205,12,0,'','2021-01-17'),(4427,15,5566,1,0,'','2021-01-17'),(4428,15,5179,1,0,'','2021-01-17'),(4429,15,5686,1,0,'','2021-01-17'),(4430,33,5498,1,0,'','2021-01-18'),(4431,13,5669,16,0,'','2021-01-18'),(4432,13,5267,4,0,'','2021-01-18'),(4433,13,5272,4,0,'','2021-01-18'),(4434,8,5847,10,0,'','2021-01-18'),(4435,42,5547,4,0,'','2021-01-18'),(4436,45,5621,12,0,'','2021-01-18'),(4437,45,5404,2,0,'','2021-01-18'),(4438,45,5473,1,0,'','2021-01-18'),(4439,45,5474,6,0,'','2021-01-18'),(4440,36,5504,1,0,'','2021-01-18'),(4441,2,5611,3,0,'','2021-01-19'),(4442,2,5289,1,0,'','2021-01-19'),(4443,2,5311,6,0,'','2021-01-19'),(4444,2,5317,2,0,'','2021-01-19'),(4445,2,5561,6,0,'','2021-01-19'),(4446,2,5318,6,0,'','2021-01-19'),(4447,2,5314,1,0,'','2021-01-19'),(4448,6,5637,12,0,'','2021-01-19'),(4449,6,5675,20,0,'','2021-01-19'),(4450,6,5322,1,0,'','2021-01-19'),(4451,6,5664,12,0,'','2021-01-19'),(4452,6,5355,1,0,'','2021-01-19'),(4453,6,5356,6,0,'','2021-01-19'),(4454,15,5586,1,0,'','2021-01-19'),(4455,15,5767,1,0,'','2021-01-19'),(4456,15,5860,6,0,'','2021-01-19'),(4457,15,5786,4,0,'','2021-01-19'),(4458,15,5600,2,0,'','2021-01-19'),(4459,15,5567,2,0,'','2021-01-19'),(4460,8,5234,1,0,'','2021-01-20'),(4461,2,5610,12,0,'','2021-01-20'),(4462,5,5230,2,0,'','2021-01-20'),(4463,5,5231,6,0,'','2021-01-20'),(4464,5,5559,6,0,'','2021-01-20'),(4465,40,5510,1,0,'','2021-01-20'),(4466,40,5520,4,0,'','2021-01-20'),(4467,40,5678,10,0,'','2021-01-20'),(4468,40,5679,1,0,'','2021-01-20'),(4469,40,5530,6,0,'','2021-01-20'),(4470,3,5638,10,0,'','2021-01-20'),(4471,42,5592,6,0,'','2021-01-21'),(4472,15,5778,8,0,'','2021-01-22'),(4473,15,5746,1,0,'','2021-01-22'),(4474,15,5777,14,0,'','2021-01-22'),(4475,15,5185,1,0,'','2021-01-22'),(4476,15,5800,10,0,'','2021-01-22'),(4477,15,5202,6,0,'','2021-01-22'),(4478,17,5365,12,0,'','2021-01-22'),(4479,17,5671,6,0,'','2021-01-22'),(4480,17,5361,1,0,'','2021-01-22'),(4481,45,5689,6,0,'','2021-01-23'),(4482,45,5738,12,0,'','2021-01-23'),(4483,45,5440,2,0,'','2021-01-23'),(4484,15,5674,1,0,'','2021-01-23'),(4485,15,5600,4,0,'','2021-01-23'),(4486,15,5207,1,0,'','2021-01-23'),(4487,15,5806,6,0,'','2021-01-23'),(4488,15,5779,1,0,'','2021-01-23'),(4489,15,5192,6,0,'','2021-01-23'),(4490,15,5182,1,0,'','2021-01-23'),(4491,15,5713,6,0,'','2021-01-23'),(4492,32,5722,12,0,'','2021-01-26'),(4493,10,5360,1,0,'','2021-01-26'),(4494,17,5670,6,0,'','2021-01-26'),(4495,17,5361,1,0,'','2021-01-26'),(4496,17,5740,1,0,'','2021-01-26'),(4497,17,5720,6,0,'','2021-01-26'),(4498,17,5739,1,0,'','2021-01-26'),(4499,17,5718,6,0,'','2021-01-26'),(4500,21,5636,12,0,'','2021-01-26'),(4501,42,5717,6,0,'','2021-01-26'),(4502,42,5825,1,0,'','2021-01-26'),(4503,2,5728,12,0,'','2021-01-27'),(4504,2,5870,8,0,'','2021-01-27'),(4505,4,5253,2,0,'','2021-01-27'),(4506,4,5760,8,0,'','2021-01-27'),(4507,8,5240,0,10,'','2021-01-28'),(4508,8,5243,0,12,'','2021-01-28'),(4509,45,5396,1,0,'','2021-01-28'),(4510,45,5570,2,0,'','2021-01-28'),(4511,45,5838,7,0,'','2021-01-28'),(4512,45,5813,16,0,'','2021-01-28'),(4513,45,5401,1,0,'','2021-01-28'),(4514,45,5839,1,0,'','2021-01-28'),(4515,45,5898,12,0,'','2021-01-28'),(4516,45,5402,1,0,'','2021-01-28'),(4517,45,5655,12,0,'','2021-01-28'),(4518,45,5395,1,0,'','2021-01-28'),(4519,42,5893,24,0,'','2021-01-28'),(4520,42,5907,4,0,'','2021-01-28'),(4521,33,5782,1,0,'','2021-01-28'),(4522,5,5869,4,0,'','2021-01-28'),(4523,40,5521,6,0,'','2021-01-28'),(4524,40,5509,1,0,'','2021-01-28'),(4525,40,5512,1,0,'','2021-01-28'),(4526,21,5385,12,0,'','2021-01-28'),(4527,3,5677,12,0,'','2021-01-28'),(4528,3,5882,2,0,'','2021-01-28'),(4529,3,5899,6,0,'','2021-01-28'),(4530,3,5915,2,0,'','2021-01-28'),(4531,30,5890,6,0,'','2021-01-28'),(4532,30,5889,6,0,'','2021-01-28'),(4533,45,5448,0,2,'','2021-01-29'),(4534,10,5849,12,0,'','2021-01-29'),(4535,21,5641,12,0,'','2021-01-29'),(4536,2,5317,1,0,'','2021-01-29'),(4537,2,5318,6,0,'','2021-01-29'),(4538,15,5566,2,0,'','2021-01-29'),(4539,15,5567,12,0,'','2021-01-29'),(4540,15,5859,4,0,'','2021-01-29'),(4541,15,5930,12,0,'','2021-01-29'),(4542,45,5604,0,6,'','2021-01-29'),(4543,40,5509,1,0,'','2021-01-28'),(4544,40,5517,11,0,'','2021-01-30'),(4545,42,5908,1,0,'','2021-01-21'),(4546,4,5760,0,2,'','2021-01-27'),(4547,2,5307,12,0,'','2021-01-30'),(4548,40,5523,2,0,'','2021-01-30'),(4549,40,5634,12,0,'','2021-01-30'),(4550,40,5917,22,0,'','2021-01-30'),(4551,40,5530,2,0,'','2021-01-30'),(4552,3,5638,12,0,'','2021-01-30'),(4553,3,5175,12,0,'','2021-01-30'),(4554,3,5899,12,0,'','2021-01-30'),(4555,3,5171,1,0,'','2021-01-30'),(4556,4,5760,2,0,'','2021-01-30'),(4557,45,5448,10,0,'','2021-01-30'),(4558,15,5176,1,0,'','2021-01-30'),(4559,15,5862,6,0,'','2021-01-30'),(4560,15,5203,4,0,'','2021-01-30'),(4561,15,5901,2,0,'','2021-01-30'),(4562,15,5807,1,0,'','2021-01-30'),(4563,15,5808,1,0,'','2021-01-30'),(4564,15,5566,1,0,'','2021-01-30'),(4565,15,5712,6,0,'','2021-01-30'),(4566,15,5906,2,0,'','2021-01-30'),(4567,15,5903,4,0,'','2021-01-30'),(4568,15,5745,1,0,'','2021-01-30'),(4569,15,5924,6,0,'','2021-01-30'),(4570,15,5183,1,0,'','2021-01-30'),(4571,5,5916,60,0,'','2021-01-30'),(4572,17,5719,6,0,'','2021-01-30'),(4573,38,5894,1,0,'','2021-01-30'),(4574,38,5895,6,0,'','2021-01-30'),(4575,38,5749,12,0,'','2021-01-30'),(4576,8,5242,10,0,'','2021-01-30'),(4577,8,5241,6,0,'','2021-01-30'),(4578,3,5172,0,11,'','2021-01-30'),(4579,15,5208,0,1,'','2021-01-30'),(4580,15,5901,0,4,'','2021-01-30'),(4581,15,5206,0,2,'','2021-01-31'),(4582,45,5571,0,6,'','2021-01-31'),(4583,17,5366,1,0,'','2021-01-26'),(4584,21,5963,2,0,'','2021-01-08'),(4585,45,5725,12,0,'','2021-01-31'),(4586,45,5836,1,0,'','2021-01-31'),(4587,45,5393,1,0,'','2021-01-31'),(4588,5,5221,6,0,'','2021-01-31'),(4589,4,5964,18,0,'','2021-01-31'),(4590,8,5958,12,0,'','2021-01-31'),(4591,8,5886,6,0,'','2021-01-31'),(4592,8,5235,1,0,'','2021-01-31'),(4593,8,5239,0,3,'','2021-02-01'),(4594,8,5761,0,1,'','2021-02-01'),(4595,15,5177,0,5,'','2021-02-02'),(4596,4,6006,0,4,'','2021-02-02'),(4598,5,5632,12,0,'','2021-02-01'),(4599,4,5252,12,0,'','2021-02-02'),(4600,5,5229,12,0,'','2021-02-02'),(4601,5,5983,12,0,'','2021-02-02'),(4602,6,6001,12,0,'','2021-02-02'),(4603,5,5680,18,0,'','2021-02-02'),(4604,45,5965,1,0,'','2021-02-02'),(4605,45,6048,2,0,'','2021-02-02'),(4606,45,5881,4,0,'','2021-02-02'),(4607,45,6021,12,0,'','2021-02-02'),(4608,45,5448,8,0,'','2021-02-02'),(4609,45,5440,4,0,'','2021-02-02'),(4610,45,5439,4,0,'','2021-02-02'),(4611,45,5444,2,0,'','2021-02-02'),(4612,45,5445,8,0,'','2021-02-02'),(4613,45,5813,12,0,'','2021-02-02'),(4614,45,5835,12,0,'','2021-02-02'),(4615,45,5428,12,0,'','2021-02-02'),(4617,45,5454,14,0,'','2021-02-02'),(4618,45,5395,1,0,'','2021-02-02'),(4619,45,5458,4,0,'','2021-02-02'),(4620,45,5461,4,0,'','2021-02-02'),(4621,45,5462,1,0,'','2021-02-02'),(4622,45,5468,2,0,'','2021-02-02'),(4623,45,5467,2,0,'','2021-02-02'),(4624,45,5453,5,0,'','2021-02-02'),(4625,45,5463,1,0,'','2021-02-02'),(4626,45,5392,1,0,'','2021-02-02'),(4627,45,5464,1,0,'','2021-02-02'),(4628,45,5398,1,0,'','2021-02-02'),(4629,45,5410,2,0,'','2021-02-02'),(4630,45,5409,1,0,'','2021-02-02'),(4631,45,5408,2,0,'','2021-02-02'),(4632,45,5421,6,0,'','2021-02-02'),(4633,45,5422,6,0,'','2021-02-02'),(4634,45,5407,4,0,'','2021-02-02'),(4635,45,5424,12,0,'','2021-02-02'),(4636,45,5431,2,0,'','2021-02-02'),(4637,45,5429,7,0,'','2021-02-02'),(4638,45,5433,24,0,'','2021-02-02'),(4639,45,5435,2,0,'','2021-02-02'),(4640,45,5436,2,0,'','2021-02-02'),(4641,33,5495,0,2,'','2021-02-04'),(4642,45,5421,0,1,'','2021-02-04'),(4643,45,5434,0,2,'','2021-02-04'),(4644,45,5449,0,2,'','2021-02-04'),(4645,45,5443,0,2,'','2021-02-04'),(4646,45,5656,0,2,'','2021-02-04'),(4647,2,5913,0,2,'','2021-02-05'),(4648,42,6057,0,2,'','2021-02-05'),(4649,40,5961,0,4,'','2021-02-06'),(4650,21,5957,0,4,'','2021-02-06'),(4651,15,5950,0,6,'','2021-02-07'),(4652,21,6063,0,1,'','2021-02-08'),(4653,2,5317,0,1,'','2021-02-08'),(4654,21,5641,0,11,'','2021-02-08'),(4655,40,5515,0,12,'','2021-02-08'),(4656,38,5969,0,1,'','2021-02-10'),(4657,45,5447,0,8,'','2021-02-10'),(4658,45,5703,0,4,'','2021-02-10'),(4659,15,5747,0,4,'','2021-02-11'),(4660,15,5687,0,1,'','2021-02-11'),(4661,5,5682,0,6,'','2021-02-11'),(4662,33,5494,0,1,'','2021-02-12'),(4663,33,5492,0,1,'','2021-02-12'),(4664,33,5497,0,5,'','2021-02-12'),(4665,5,5227,0,1,'','2021-02-12'),(4666,6,5805,20,0,'','2021-02-03'),(4667,6,5770,14,0,'','2021-02-03'),(4668,6,5350,6,0,'','2021-02-03'),(4669,6,6030,2,0,'','2021-02-03'),(4670,6,5325,1,0,'','2021-02-03'),(4671,6,6028,1,0,'','2021-02-03'),(4672,6,5351,6,0,'','2021-02-03'),(4673,6,5329,1,0,'','2021-02-03'),(4674,2,5298,1,0,'','2021-02-03'),(4675,2,5729,6,0,'','2021-02-03'),(4676,42,5971,6,0,'','2021-02-04'),(4677,5,5926,6,0,'','2021-02-04'),(4678,21,5384,12,0,'','2021-02-04'),(4679,33,5954,8,0,'','2021-02-04'),(4680,33,5493,1,0,'','2021-02-04'),(4681,15,5208,1,0,'','2021-02-04'),(4682,15,5741,1,0,'','2021-02-04'),(4683,45,5445,12,0,'','2021-02-04'),(4684,45,5449,24,0,'','2021-02-04'),(4685,13,5630,10,0,'','2021-02-05'),(4686,42,6179,2,0,'','2021-02-05'),(4687,42,6143,2,0,'','2021-02-05'),(4688,42,5550,4,0,'','2021-02-05'),(4689,42,6056,1,0,'','2021-02-05'),(4690,8,6072,1,0,'','2021-02-06'),(4691,2,6201,10,0,'','2021-02-06'),(4692,2,6102,4,0,'','2021-02-06'),(4693,40,5831,7,0,'','2021-02-06'),(4694,40,5525,6,0,'','2021-02-06'),(4695,40,5514,1,0,'','2021-02-06'),(4696,40,5961,2,0,'','2021-02-06'),(4697,15,5711,12,0,'','2021-02-06'),(4698,15,5180,1,0,'','2021-02-06'),(4699,15,5600,4,0,'','2021-02-06'),(4700,15,6095,2,0,'','2021-02-06'),(4701,2,5947,1,0,'','2021-02-07'),(4702,8,5886,6,0,'','2021-02-07'),(4703,8,6018,6,0,'','2021-02-07'),(4704,4,6020,12,0,'','2021-02-07'),(4705,4,6115,2,0,'','2021-02-07'),(4706,3,5169,1,0,'','2021-02-07'),(4707,3,5883,27,0,'','2021-02-07'),(4708,15,5989,6,0,'','2021-02-07'),(4709,15,5211,1,0,'','2021-02-07'),(4710,15,5768,6,0,'','2021-02-07'),(4711,15,6023,6,0,'','2021-02-07'),(4712,15,6116,10,0,'','2021-02-07'),(4713,15,6009,1,0,'','2021-02-07'),(4714,15,6129,1,0,'','2021-02-07'),(4715,15,5747,2,0,'','2021-02-07'),(4716,15,5688,2,0,'','2021-02-07'),(4717,15,6126,1,0,'','2021-02-07'),(4718,15,5743,1,0,'','2021-02-07'),(4719,15,6095,6,0,'','2021-02-07'),(4720,15,6110,2,0,'','2021-02-07'),(4721,15,6041,1,0,'','2021-02-07'),(4722,15,5863,4,0,'','2021-02-07'),(4723,15,5903,6,0,'','2021-02-07'),(4724,15,5809,1,0,'','2021-02-07'),(4725,8,5723,6,0,'','2021-02-08'),(4726,2,5308,12,0,'','2021-02-08'),(4727,42,5667,1,0,'','2021-02-08'),(4728,42,5715,1,0,'','2021-02-08'),(4729,42,5911,6,0,'','2021-02-08'),(4730,8,5710,12,0,'','2021-02-08'),(4731,8,6147,10,0,'','2021-02-08'),(4732,2,5317,1,0,'','2021-02-08'),(4733,2,5318,6,0,'','2021-02-08'),(4734,2,6145,1,0,'','2021-02-08'),(4735,2,5850,6,0,'','2021-02-08'),(4736,2,6074,1,0,'','2021-02-08'),(4737,33,6069,10,0,'','2021-02-09'),(4738,45,5419,1,0,'','2021-02-09'),(4739,45,6084,2,0,'','2021-02-09'),(4740,45,6172,6,0,'','2021-02-09'),(4741,45,6131,12,0,'','2021-02-09'),(4742,45,6083,6,0,'','2021-02-09'),(4743,15,6139,6,0,'','2021-02-10'),(4744,15,5861,6,0,'','2021-02-10'),(4745,15,5783,1,0,'','2021-02-10'),(4746,15,5955,2,0,'','2021-02-10'),(4747,15,5601,1,0,'','2021-02-10'),(4748,15,5784,6,0,'','2021-02-10'),(4749,38,5840,24,0,'','2021-02-10'),(4750,38,5969,14,0,'','2021-02-11'),(4751,42,5550,2,0,'','2021-02-11'),(4752,5,6002,12,0,'','2021-02-11'),(4753,21,6175,12,0,'','2021-02-11'),(4754,2,6154,40,0,'','2021-02-11'),(4755,2,5766,6,0,'','2021-02-11'),(4756,45,5944,1,0,'','2021-02-11'),(4757,45,5430,12,0,'','2021-02-11'),(4758,45,5448,2,0,'','2021-02-11'),(4759,45,6065,10,0,'','2021-02-11'),(4760,45,5854,4,0,'','2021-02-11'),(4761,45,5452,14,0,'','2021-02-11'),(4762,45,6173,2,0,'','2021-02-11'),(4763,45,6174,1,0,'','2021-02-11'),(4764,45,5763,12,0,'','2021-02-11'),(4765,15,5906,4,0,'','2021-02-11'),(4766,15,5990,1,0,'','2021-02-11'),(4767,15,5587,1,0,'','2021-02-11'),(4768,15,6188,1,0,'','2021-02-12'),(4769,45,5469,0,1,'','2021-02-13'),(4770,17,5951,0,6,'','2021-02-13'),(4771,45,5693,0,6,'','2021-02-14'),(4772,38,5894,0,1,'','2021-02-15'),(4773,38,5895,0,6,'','2021-02-15'),(4774,5,6055,12,0,'','2021-02-11'),(4775,5,5218,1,0,'','2021-02-11'),(4776,41,5538,1,0,'','2021-02-12'),(4777,32,5481,1,0,'','2021-02-06'),(4778,15,5905,6,0,'','2021-02-13'),(4779,15,6003,4,0,'','2021-02-13'),(4780,15,6110,4,0,'','2021-02-13'),(4781,15,6203,4,0,'','2021-02-13'),(4782,15,6218,1,0,'','2021-02-13'),(4783,17,6189,18,0,'','2021-02-13'),(4784,17,5670,8,0,'','2021-02-13'),(4785,2,6103,1,0,'','2021-02-14'),(4786,2,5816,6,0,'','2021-02-14'),(4787,2,6085,1,0,'','2021-02-14'),(4788,2,5765,8,0,'','2021-02-14'),(4789,2,5727,12,0,'','2021-02-14'),(4790,5,5996,12,0,'','2021-02-14'),(4791,5,6208,2,0,'','2021-02-14'),(4792,45,5966,12,0,'','2021-02-14'),(4793,45,6211,1,0,'','2021-02-14'),(4794,45,6206,1,0,'','2021-02-14'),(4795,21,6062,12,0,'','2021-02-15'),(4796,21,5941,1,0,'','2021-02-15'),(4797,15,6204,1,0,'','2021-02-06'),(4798,15,6139,2,0,'','2021-02-07'),(4799,41,5534,0,1,'','2021-02-06'),(4800,40,5516,0,12,'','2021-02-11'),(4801,21,5378,0,12,'','2021-02-11'),(4802,15,6238,1,0,'','2021-02-15'),(4803,15,5614,1,0,'','2021-02-15'),(4804,15,6237,10,0,'','2021-02-15'),(4805,21,5375,0,1,'','2021-02-16'),(4806,21,5381,0,6,'','2021-02-16'),(4807,45,6005,0,12,'','2021-02-16'),(4808,45,5435,0,12,'','2021-02-16'),(4809,2,5309,0,10,'','2021-02-16'),(4810,47,6271,0,6,'','2021-02-16'),(4811,45,5392,1,0,'','2021-02-16'),(4812,45,5437,12,0,'','2021-02-16'),(4813,45,6255,1,0,'','2021-02-16'),(4814,42,5543,1,0,'','2021-02-16'),(4815,32,6298,6,0,'','2021-02-16'),(4816,40,6077,6,0,'','2021-02-16'),(4817,40,6120,1,0,'','2021-02-16'),(4818,42,6011,0,1,'','2021-02-17'),(4820,45,5992,0,1,'','2021-02-02'),(4821,2,6149,0,6,'','2021-02-17'),(4822,2,6252,2,0,'','2021-02-16'),(4823,6,5341,0,6,'','2021-02-18'),(4824,15,5687,0,5,'','2021-02-18'),(4825,15,6003,0,2,'','2021-02-18'),(4826,13,5273,0,6,'','2021-02-18'),(4827,45,6256,0,2,'','2021-02-18'),(4828,45,6270,12,0,'','2021-02-17'),(4829,45,5442,6,0,'','2021-02-18'),(4830,2,6184,12,0,'','2021-02-17'),(4831,15,5193,12,0,'','2021-02-18'),(4832,15,6294,1,0,'','2021-02-18'),(4833,15,6216,8,0,'','2021-02-17'),(4834,15,6217,1,0,'','2021-02-18'),(4835,40,5937,1,0,'','2021-02-18'),(4836,14,5787,6,0,'','2021-02-18'),(4837,45,6164,6,0,'','2021-02-18'),(4838,45,6281,6,0,'','2021-02-18'),(4839,45,6322,6,0,'','2021-02-18'),(4840,45,6328,1,0,'','2021-02-18'),(4841,15,6318,4,0,'','2021-02-18'),(4842,15,6042,6,0,'','2021-02-18'),(4843,15,6124,1,0,'','2021-02-18'),(4844,15,6250,1,0,'','2021-02-19'),(4845,15,6181,1,0,'','2021-02-19'),(4846,15,5567,6,0,'','2021-02-19'),(4847,15,5901,1,0,'','2021-02-19'),(4848,15,6219,1,0,'','2021-02-19'),(4849,15,5567,4,0,'','2021-02-19'),(4850,15,5925,6,0,'','2021-02-19'),(4851,15,5684,1,0,'','2021-02-19'),(4852,21,5617,1,0,'','2021-02-19'),(4853,21,6232,1,0,'','2021-02-19'),(4854,21,5380,2,0,'','2021-02-19'),(4855,21,5853,4,0,'','2021-02-19'),(4856,21,6063,24,0,'','2021-02-19'),(4857,5,5217,1,0,'','2021-02-19'),(4858,5,6064,6,0,'','2021-02-19'),(4859,5,6231,12,0,'','2021-02-19'),(4860,5,5733,8,0,'','2021-02-19'),(4861,5,5732,1,0,'','2021-02-19'),(4862,6,6363,12,0,'','2021-02-20'),(4863,6,5343,12,0,'','2021-02-20'),(4864,6,6355,60,0,'','2021-02-20'),(4865,6,6332,1,0,'','2021-02-20'),(4866,6,5349,6,0,'','2021-02-20'),(4867,6,6067,14,0,'','2021-02-20'),(4868,6,5734,6,0,'','2021-02-20'),(4869,6,6112,4,0,'','2021-02-20'),(4870,6,5327,1,0,'','2021-02-20'),(4871,6,6215,6,0,'','2021-02-20'),(4872,6,6029,1,0,'','2021-02-20'),(4873,6,6226,1,0,'','2021-02-20'),(4874,6,6025,4,0,'','2021-02-20'),(4875,6,5675,2,0,'','2021-02-20'),(4876,6,5918,10,0,'','2021-02-20'),(4877,45,6285,10,0,'','2021-02-20'),(4878,45,5421,6,0,'','2021-02-20'),(4879,32,6037,10,0,'','2021-02-20'),(4880,40,5694,4,0,'','2021-02-21'),(4881,40,6121,1,0,'','2021-02-21'),(4882,40,5509,1,0,'','2021-02-21'),(4883,40,5928,6,0,'','2021-02-21'),(4884,40,5938,1,0,'','2021-02-21'),(4885,42,5549,4,0,'','2021-02-21'),(4886,42,5661,2,0,'','2021-02-21'),(4887,42,5994,1,0,'','2021-02-21'),(4888,8,6004,12,0,'','2021-02-21'),(4889,8,6106,12,0,'','2021-02-21'),(4890,42,5909,6,0,'','2021-02-21'),(4891,42,6152,1,0,'','2021-02-21'),(4892,41,5857,5,0,'','2021-02-21'),(4893,41,5532,1,0,'','2021-02-21'),(4894,4,6279,12,0,'','2021-02-21'),(4895,4,6357,2,0,'','2021-02-21'),(4896,10,5976,12,0,'','2021-02-21'),(4897,15,6373,2,0,'','2021-02-19'),(4898,15,6375,1,0,'','2021-02-10'),(4899,6,5918,0,2,'','2021-02-21'),(4900,21,5959,10,0,'','2021-02-16'),(4901,21,5959,0,2,'','2021-02-21'),(4902,40,5594,0,12,'','2021-02-21'),(4903,40,5528,0,12,'','2021-02-21'),(4904,40,5529,0,2,'','2021-02-21'),(4905,40,5530,0,12,'','2021-02-21'),(4906,21,5377,0,10,'','2021-02-21'),(4907,40,5917,0,12,'','2021-02-21'),(4908,4,5885,0,12,'','2021-02-21'),(4909,14,6200,4,0,'','2021-02-21'),(4910,45,5400,3,0,'','2021-02-02'),(4911,45,5414,1,0,'','2021-02-02'),(4912,45,5438,6,0,'','2021-02-02'),(4913,45,6322,6,0,'','2021-02-02'),(4914,45,6173,2,NULL,'','2021-02-02'),(4915,45,5460,2,0,'','2021-02-02'),(4916,40,5917,2,0,'','2021-02-02'),(4917,32,5478,1,0,'','2021-02-21'),(4918,32,5972,6,0,'','2021-02-21'),(4919,8,6071,1,0,'','2021-02-21'),(4920,8,6379,2,0,'','2021-02-21'),(4921,8,6388,12,0,'','2021-02-21'),(4922,8,5233,1,0,'','2021-02-21'),(4923,45,6285,0,2,'','2021-02-21'),(4924,13,5267,0,2,'','2021-02-22'),(4925,13,6051,0,2,'','2021-02-22'),(4926,13,5260,0,1,'','2021-02-22'),(4927,13,5259,0,1,'','2021-02-22'),(4928,13,5272,0,2,'','2021-02-22'),(4929,40,5694,0,2,'','2021-02-22'),(4930,40,5527,0,1,'','2021-02-22'),(4931,6,6025,0,2,'','2021-02-22'),(4932,21,5389,0,3,'','2021-02-22'),(4933,21,5974,0,1,'','2021-02-22'),(4934,21,5390,0,18,'','2021-02-22'),(4935,21,5960,0,6,'','2021-02-22'),(4936,21,6079,0,6,'','2021-02-22'),(4937,21,5387,0,1,'','2021-02-22'),(4938,21,5619,0,1,'','2021-02-22'),(4939,21,5388,0,1,'','2021-02-22'),(4940,21,5374,0,1,'','2021-02-22'),(4941,13,5283,1,0,'','2021-02-22'),(4942,13,5564,1,0,'','2021-02-22'),(4943,13,5565,6,0,'','2021-02-22'),(4944,13,5284,2,0,'','2021-02-22'),(4945,13,5285,12,0,'','2021-02-22'),(4946,13,5276,12,0,'','2021-02-22'),(4947,13,6051,4,0,'','2021-02-22'),(4948,13,6168,4,0,'','2021-02-22'),(4949,13,5285,2,0,'','2021-02-22'),(4950,13,5284,1,0,'','2021-02-22'),(4951,13,5263,1,0,'','2021-02-22'),(4952,38,6160,6,0,'','2021-02-22'),(4953,38,6159,1,0,'','2021-02-22'),(4954,38,5895,4,0,'','2021-02-22'),(4955,38,6212,2,0,'','2021-02-22'),(4956,5,6248,6,0,'','2021-02-22'),(4957,5,5927,5,0,'','2021-02-22'),(4958,9,6000,12,0,'','2021-02-22'),(4959,42,6431,4,0,'','2021-02-22'),(4960,33,6401,6,0,'','2021-02-22'),(4961,33,5491,1,0,'','2021-02-22'),(4962,40,5518,4,0,'','2021-02-22'),(4963,47,6158,4,0,'','2021-02-22'),(4964,47,6396,1,0,'','2021-02-22'),(4965,45,5473,0,1,'','2021-02-23'),(4966,45,6075,0,12,'','2021-02-23'),(4967,45,5460,0,6,'','2021-02-23'),(4968,2,6330,0,12,'','2021-02-23'),(4969,40,5529,0,1,'','2021-02-23'),(4970,40,5530,0,6,'','2021-02-23'),(4971,4,6376,0,12,'','2021-02-23'),(4972,45,5450,0,5,'','2021-02-23'),(4973,13,5279,0,14,'','2021-02-23'),(4974,8,5245,0,1,'','2021-02-23'),(4975,42,6417,0,1,'','2021-02-23'),(4976,32,6037,0,2,'','2021-02-23'),(4977,47,6271,0,6,'','2021-02-23'),(4978,2,5726,12,0,'','2021-02-23'),(4979,2,6310,1,0,'','2021-02-23'),(4980,2,6253,2,0,'','2021-02-23'),(4981,2,5288,1,0,'','2021-02-23'),(4982,2,5922,2,0,'','2021-02-23'),(4983,45,6370,1,0,'','2021-02-23'),(4984,45,6371,1,0,'','2021-02-23'),(4985,45,6165,10,0,'','2021-02-23'),(4986,2,6435,5,0,'','2021-02-23'),(4987,6,6413,12,0,'','2021-02-23'),(4988,6,5824,1,0,'','2021-02-23'),(4989,2,5292,1,0,'','2021-02-23'),(4990,33,5496,6,0,'','2021-02-23'),(4991,15,6424,20,0,'','2021-02-23'),(4992,15,5810,12,0,'','2021-02-23'),(4993,15,6314,12,0,'','2021-02-23'),(4994,15,6283,12,0,'','2021-02-23'),(4995,15,6320,2,0,'','2021-02-23'),(4996,15,6423,1,0,'','2021-02-23'),(4997,15,6390,1,0,'','2021-02-23'),(4998,15,6203,2,0,'','2021-02-23'),(4999,15,6402,3,0,'','2021-02-23'),(5000,15,6422,1,0,'','2021-02-23'),(5001,14,5942,1,0,'','2021-02-23'),(5002,14,6400,1,0,'','2021-02-23'),(5003,14,5852,6,0,'','2021-02-23'),(5004,15,6318,6,0,'','2021-02-23'),(5005,15,6362,12,0,'','2021-02-23'),(5006,15,6345,1,0,'','2021-02-23'),(5007,15,6219,6,0,'','2021-02-23'),(5008,15,6235,1,0,'','2021-02-23'),(5009,15,6003,2,0,'','2021-02-23'),(5010,15,6381,4,0,'','2021-02-23'),(5011,15,5987,1,0,'','2021-02-23'),(5012,15,6342,1,0,'','2021-02-23'),(5013,15,6461,1,0,'','2021-02-23'),(5014,45,5417,1,0,'','2021-02-02'),(5015,45,5418,2,0,'','2021-02-23'),(5016,45,5818,1,0,'','2021-02-02'),(5017,45,6155,1,0,'','2021-02-23'),(5018,45,5626,1,0,'','2021-02-23'),(5019,45,5702,2,0,'','2021-02-02'),(5020,2,6436,12,0,'','2021-02-24'),(5021,2,6324,12,0,'','2021-02-24'),(5022,2,5855,12,0,'','2021-02-24'),(5023,10,5920,12,0,'','2021-02-24'),(5024,8,5761,0,2,'','2021-02-24'),(5025,45,5397,0,4,'','2021-02-24'),(5026,2,5318,0,6,'','2021-02-26'),(5027,5,6185,0,12,'','2021-02-26'),(5028,45,5474,0,6,'','2021-02-26'),(5029,15,6181,1,0,'','2021-02-24'),(5030,15,6182,6,0,'','2021-02-24'),(5031,17,6353,1,0,'','2021-02-24'),(5032,17,5740,1,0,'','2021-02-24'),(5033,17,5719,6,0,'','2021-02-24'),(5034,17,6205,10,0,'','2021-02-24'),(5035,8,5761,9,0,'','2021-02-25'),(5036,8,6027,1,0,'','2021-02-25'),(5037,13,6406,4,0,'','2021-02-25'),(5038,45,5815,1,0,'','2021-02-26'),(5039,45,6322,6,0,'','2021-02-26'),(5040,45,6477,1,0,'','2021-02-26'),(5041,3,5883,12,0,'','2021-02-26'),(5042,3,6470,4,0,'','2021-02-26'),(5043,3,6464,1,0,'','2021-02-26'),(5044,8,5606,1,0,'','2021-02-26'),(5045,13,6450,1,0,'','2021-02-26'),(5046,13,6526,12,0,'','2021-02-26'),(5047,38,5969,1,0,'','2021-02-26'),(5048,38,6438,11,0,'','2021-02-26'),(5049,38,6493,8,0,'','2021-02-26'),(5050,32,5822,12,0,'','2021-02-25'),(5051,32,6341,1,0,'','2021-02-25'),(5052,21,5698,6,0,'','2021-02-27'),(5053,17,6522,2,0,'','2021-02-27'),(5054,17,5952,8,0,'','2021-02-27'),(5055,17,5842,6,0,'','2021-02-27'),(5056,17,6354,1,0,'','2021-02-27'),(5057,15,6463,6,0,'','2021-02-27'),(5058,15,6427,12,0,'','2021-02-27'),(5059,15,6346,1,0,'','2021-02-27'),(5060,2,6473,8,0,'','2021-02-27'),(5061,2,6365,2,0,'','2021-02-28'),(5062,2,5317,1,0,'','2021-02-28'),(5063,33,5500,1,0,'','2021-02-27'),(5064,33,5501,6,0,'','2021-02-28'),(5065,38,6438,12,0,'','2021-02-28'),(5066,8,6483,1,0,'','2021-02-26'),(5067,32,5846,12,0,'','2021-02-27'),(5068,8,6532,1,0,'','2021-02-27'),(5069,8,6442,1,0,'','2021-02-27'),(5070,13,6492,2,0,'','2021-02-28'),(5071,33,5497,1,0,'','2021-02-28'),(5072,42,6118,1,0,'','2021-02-28'),(5073,42,6036,6,0,'','2021-02-28'),(5074,8,5668,12,0,'','2021-02-28'),(5075,8,5607,1,0,'','2021-02-28'),(5076,45,6549,0,1,'Аркага','2021-02-25'),(5077,40,6432,0,2,'','2021-02-28'),(5078,45,5896,0,4,'','2021-02-28'),(5079,40,6369,0,6,'','2021-03-01'),(5080,42,6558,0,2,'','2021-03-01'),(5081,45,5736,0,6,'','2021-03-01'),(5082,40,6101,12,0,'','2021-03-01'),(5083,40,5775,4,0,'','2021-03-01'),(5084,40,6432,4,0,'','2021-03-01'),(5085,40,6366,1,0,'','2021-03-01'),(5086,40,6411,6,0,'','2021-03-01'),(5087,15,6224,1,0,'','2021-03-02'),(5088,15,6518,1,0,'','2021-03-02'),(5089,15,6347,1,0,'','2021-03-02'),(5090,15,6422,9,0,'','2021-03-02'),(5091,15,6428,6,0,'','2021-03-02'),(5092,15,6588,3,0,'','2021-03-02'),(5093,15,6182,6,0,'','2021-03-02'),(5094,15,6383,1,0,'','2021-03-02'),(5095,15,6222,1,0,'','2021-03-02'),(5096,15,6317,1,0,'','2021-03-02'),(5097,33,6070,6,0,'','2021-03-02'),(5098,33,5500,1,0,'','2021-03-02'),(5099,33,5501,6,0,'','2021-03-02'),(5100,45,5991,1,0,'','2021-03-02'),(5101,45,6567,1,0,'','2021-03-02'),(5102,45,5453,14,0,'','2021-03-02'),(5103,45,6122,1,0,'','2021-03-02'),(5104,45,6519,1,0,'','2021-03-02'),(5105,45,6455,1,0,'','2021-03-02'),(5106,2,5945,1,0,'','2021-03-02'),(5107,2,6434,4,0,'','2021-03-02'),(5108,2,6598,1,0,'','2021-03-02'),(5109,8,6202,12,0,'','2021-03-02'),(5110,32,6479,2,0,'','2021-03-02'),(5111,42,6057,6,0,'','2021-03-03'),(5112,42,6151,4,0,'','2021-03-03'),(5113,42,6142,1,0,'','2021-03-03'),(5114,42,6559,1,0,'','2021-03-03'),(5115,45,5453,12,0,'','2021-03-03'),(5116,2,6284,12,0,'','2021-03-03'),(5117,2,6171,1,0,'','2021-03-03'),(5118,5,5709,12,0,'','2021-03-03'),(5119,5,6397,6,0,'','2021-03-03'),(5120,21,5653,4,0,'','2021-03-03'),(5121,21,6100,4,0,'','2021-03-03'),(5122,21,5832,12,0,'','2021-03-03'),(5123,21,5373,1,0,'','2021-03-03'),(5124,2,5946,0,1,'','2021-03-03'),(5125,45,6639,0,2,'','2021-03-03'),(5126,45,6287,0,6,'','2021-03-03'),(5127,45,6501,0,6,'','2021-03-03'),(5128,6,5345,0,12,'','2021-03-03'),(5129,6,6288,0,2,'','2021-03-03'),(5130,41,5539,0,1,'','2021-03-03'),(5131,41,5540,0,6,'','2021-03-03'),(5132,42,5714,0,1,'','2021-03-03'),(5133,14,5156,0,1,'','2021-03-03'),(5134,3,5774,0,12,'','2021-03-03'),(5135,15,5195,0,12,'','2021-03-04'),(5136,15,5198,0,12,'','2021-03-04'),(5137,15,6373,0,3,'','2021-03-04'),(5138,8,6441,0,2,'','2021-03-04'),(5139,15,6381,2,0,'','2021-03-03'),(5140,15,6384,4,0,'','2021-03-03'),(5141,15,6630,1,0,'','2021-03-03'),(5142,2,6653,73,0,'','2021-03-03'),(5143,2,6634,12,0,'','2021-03-03'),(5144,32,6481,1,0,'','2021-03-03'),(5145,26,6592,12,0,'','2021-03-04'),(5146,5,6652,26,0,'','2021-03-04'),(5147,6,5355,1,0,'','2021-03-04'),(5148,6,5356,6,0,'','2021-03-04'),(5149,6,5323,1,0,'','2021-03-04'),(5150,6,5962,6,0,'','2021-03-04'),(5151,6,5326,1,0,'','2021-03-04'),(5152,6,6469,4,0,'','2021-03-04'),(5153,6,6311,1,0,'','2021-03-04'),(5154,6,6268,6,0,'','2021-03-04'),(5156,15,5599,12,0,'','2021-03-04'),(5157,15,6660,6,0,'','2021-03-04'),(5158,33,6616,1,0,'','2021-03-05'),(5159,13,6677,5,0,'','2021-03-05'),(5160,13,6678,5,0,'','2021-03-05'),(5161,2,5316,0,12,'','2021-03-03'),(5162,45,5818,0,1,'','2021-03-03'),(5163,40,5652,0,2,'','2021-03-07'),(5164,5,5633,0,12,'','2021-03-07'),(5165,15,6706,1,0,'','2021-03-04'),(5166,9,5999,12,0,'','2021-03-06'),(5167,45,5451,10,0,'','2021-03-06'),(5168,33,5500,1,0,'','2021-03-07'),(5169,33,5501,6,0,'','2021-03-07'),(5170,13,5970,3,0,'','2021-03-07'),(5171,13,6613,6,0,'','2021-03-07'),(5172,40,5652,4,0,'','2021-03-07'),(5173,40,6487,1,0,'','2021-03-07'),(5174,40,5519,6,0,'','2021-03-07'),(5175,40,5508,1,0,'','2021-03-07'),(5176,21,6703,6,0,'','2021-03-07'),(5177,14,6574,1,0,'','2021-03-07'),(5178,14,6575,3,0,'','2021-03-07'),(5179,4,6734,10,0,'','2021-03-07'),(5180,2,6632,4,0,'','2021-03-03'),(5181,2,5765,4,0,'','2021-02-20'),(5182,2,6631,10,0,'','2021-02-20'),(5183,15,5688,0,2,'','2021-03-07'),(5184,45,6475,0,4,'','2021-03-07'),(5185,5,5927,0,7,'','2021-03-04'),(5186,15,6760,0,6,'','2021-03-04'),(5187,2,5313,0,1,'','2021-03-08'),(5188,2,6631,0,4,'','2021-03-09'),(5189,45,6475,0,2,'','2021-03-09'),(5190,42,6191,0,2,'','2021-03-10'),(5191,45,6708,0,6,'','2021-03-10'),(5192,17,6842,1,0,'','2021-03-08'),(5193,17,6524,1,0,'','2021-03-08'),(5194,17,6038,6,0,'','2021-03-08'),(5195,17,6512,6,0,'','2021-03-08'),(5196,17,6522,2,0,'','2021-03-08'),(5197,17,6716,10,0,'','2021-03-08'),(5198,17,6714,6,0,'','2021-03-08'),(5199,17,5953,1,0,'','2021-03-08'),(5200,14,6811,1,0,'','2021-03-08'),(5201,14,6812,6,0,'','2021-03-08'),(5202,3,6610,12,0,'','2021-03-08'),(5203,3,6679,1,0,'','2021-03-08'),(5204,15,6251,6,0,'','2021-03-08'),(5205,15,6383,1,0,'','2021-03-08'),(5206,15,6381,4,0,'','2021-03-08'),(5207,15,6361,1,0,'','2021-03-08'),(5208,15,6319,1,0,'','2021-03-08'),(5209,15,6591,1,0,'','2021-03-08'),(5210,15,5863,2,0,'','2021-03-08'),(5211,15,6316,4,0,'','2021-03-08'),(5212,15,6712,1,0,'','2021-03-08'),(5213,15,6426,1,0,'','2021-03-08'),(5214,15,6752,1,0,'','2021-03-08'),(5215,15,6735,1,0,'','2021-03-08'),(5216,15,6384,8,0,'','2021-03-08'),(5217,15,6736,6,0,'','2021-03-08'),(5218,15,6753,4,0,'','2021-03-08'),(5219,15,6739,10,0,'','2021-03-08'),(5220,15,6589,1,0,'','2021-03-08'),(5221,15,6617,6,0,'','2021-03-08'),(5222,15,6111,1,0,'','2021-03-08'),(5223,14,5168,6,0,'','2021-03-09'),(5224,14,5167,1,0,'','2021-03-09'),(5225,33,6404,1,0,'','2021-03-09'),(5226,13,6552,3,0,'','2021-03-09'),(5227,38,6169,2,0,'','2021-03-09'),(5228,38,6170,12,0,'','2021-03-09'),(5229,38,6494,2,0,'','2021-03-09'),(5230,38,6212,4,0,'','2021-03-09'),(5231,38,5895,2,0,'','2021-03-09'),(5232,2,6791,1,0,'','2021-03-10'),(5233,2,6792,2,0,'','2021-03-10'),(5234,2,6035,12,0,'','2021-03-10'),(5235,2,6515,6,0,'','2021-03-10'),(5236,6,5339,10,0,'','2021-03-10'),(5237,6,6733,10,0,'','2021-03-10'),(5238,42,6746,6,0,'','2021-03-10'),(5239,42,6510,1,0,'','2021-03-10'),(5240,42,5910,6,0,'','2021-03-10'),(5241,42,6745,1,0,'','2021-03-10'),(5242,42,6773,4,0,'','2021-03-10'),(5243,42,5542,1,0,'','2021-03-10'),(5244,36,5615,12,0,'','2021-03-10'),(5245,41,6644,6,0,'','2021-03-10'),(5246,41,6817,2,0,'','2021-03-10'),(5247,41,6414,1,0,'','2021-03-10'),(5248,41,6299,1,0,'','2021-03-10'),(5249,45,5837,12,0,'','2021-03-10'),(5250,45,6549,1,0,'','2021-03-10'),(5251,45,6474,10,0,'','2021-03-10'),(5252,45,6358,6,0,'','2021-03-10'),(5253,45,6123,1,0,'','2021-03-10'),(5254,45,6068,12,0,'','2021-03-10'),(5255,14,5167,1,0,'','2021-03-11'),(5256,14,5168,6,0,'','2021-03-11'),(5257,14,6081,6,0,'','2021-03-11'),(5258,14,5156,1,0,'','2021-03-11'),(5259,40,6278,12,0,'','2021-03-11'),(5260,15,6809,60,0,'','2021-03-11'),(5261,15,6816,10,0,'','2021-03-11'),(5262,15,6619,2,0,'','2021-03-11'),(5263,15,6588,4,0,'','2021-03-11'),(5264,15,6687,1,0,'','2021-03-11'),(5265,21,6821,14,0,'','2021-03-11'),(5266,40,5775,0,2,'','2021-03-11'),(5267,45,6326,0,6,'','2021-03-11'),(5268,45,6475,0,1,'','2021-03-11'),(5269,33,5490,0,2,'','2021-03-11'),(5270,5,6486,0,6,'','2021-03-11'),(5271,13,6492,0,4,'','2021-03-11'),(5272,13,6748,0,2,'','2021-03-11'),(5273,13,5280,0,1,'','2021-03-11'),(5274,6,5319,0,1,'','2021-03-12'),(5275,45,6046,0,4,'','2021-03-12'),(5276,8,6793,0,12,'','2021-03-14'),(5277,8,5723,0,2,'','2021-03-13'),(5278,5,6277,0,2,'','2021-03-15'),(5279,40,6410,0,6,'','2021-03-16'),(5280,40,5508,0,1,'','2021-03-16'),(5281,40,6119,0,1,'','2021-03-16'),(5282,40,5511,0,1,'','2021-03-16'),(5283,40,6562,0,1,'','2021-03-16'),(5284,40,6555,0,12,'','2021-03-16'),(5285,40,5517,0,1,'','2021-03-16'),(5286,40,6554,0,6,'','2021-03-16'),(5287,40,6755,0,6,'','2021-03-16'),(5288,40,6561,0,12,'','2021-03-16'),(5289,40,5524,0,12,'','2021-03-16'),(5290,40,5529,0,1,'','2021-03-16'),(5291,40,5530,0,6,'','2021-03-16'),(5292,40,5811,0,6,'','2021-03-16'),(5293,14,6819,0,1,'','2021-03-16'),(5294,42,5548,3,0,'','2021-03-12'),(5295,42,6418,2,0,'','2021-03-12'),(5296,42,6144,1,0,'','2021-03-12'),(5297,8,6466,12,0,'','2021-03-12'),(5298,13,6814,10,0,'','2021-03-12'),(5299,33,6392,1,0,'','2021-03-12'),(5300,38,5894,1,0,'','2021-03-12'),(5301,38,5895,6,0,'','2021-03-12'),(5302,13,5260,1,0,'','2021-03-12'),(5303,40,5831,5,0,'','2021-03-12'),(5304,40,6387,7,0,'','2021-03-12'),(5305,33,6199,1,0,'','2021-03-12'),(5306,33,6685,1,0,'','2021-03-12'),(5307,33,6686,6,0,'','2021-03-12'),(5308,17,6522,6,0,'','2021-03-12'),(5309,17,6772,6,0,'','2021-03-12'),(5310,17,6352,1,0,'','2021-03-12'),(5311,17,6521,1,0,'','2021-03-12'),(5312,17,6841,1,0,'','2021-03-12'),(5313,17,6840,8,0,'','2021-03-12'),(5314,17,6837,4,0,'','2021-03-12'),(5315,17,6715,6,0,'','2021-03-12'),(5316,17,6890,2,0,'','2021-03-12'),(5317,17,6039,1,0,'','2021-03-12'),(5318,8,6027,3,0,'','2021-03-12'),(5319,8,6810,12,0,'','2021-03-12'),(5320,8,6852,7,0,'','2021-03-12'),(5321,15,6795,8,0,'','2021-03-12'),(5322,15,6862,6,0,'','2021-03-12'),(5323,15,6761,1,0,'','2021-03-12'),(5324,15,6590,1,0,'','2021-03-12'),(5325,15,6865,12,0,'','2021-03-12'),(5326,15,6864,1,0,'','2021-03-12'),(5327,15,5591,5,0,'','2021-03-12'),(5328,15,6737,1,0,'','2021-03-12'),(5329,40,6910,12,0,'','2021-03-13'),(5330,41,6713,1,0,'','2021-03-13'),(5331,41,5873,1,0,'','2021-03-13'),(5332,45,5676,6,0,'','2021-03-13'),(5333,45,5943,1,0,'','2021-03-13'),(5334,32,6446,10,0,'','2021-03-14'),(5335,8,5723,4,0,'','2021-03-14'),(5336,8,6380,6,0,'','2021-03-14'),(5337,2,6534,1,0,'','2021-03-14'),(5338,2,5921,6,0,'','2021-03-14'),(5339,2,5945,1,0,'','2021-03-14'),(5340,2,6166,1,0,'','2021-03-14'),(5341,2,5318,6,0,'','2021-03-14'),(5342,2,6498,12,0,'','2021-03-15'),(5343,4,6471,12,0,'','2021-03-15'),(5344,5,6277,10,0,'','2021-03-15'),(5345,5,5222,12,0,'','2021-03-15'),(5346,5,6702,12,0,'','2021-03-15'),(5347,21,6697,1,0,'','2021-03-15'),(5348,21,6698,6,0,'','2021-03-15'),(5349,21,6756,1,0,'','2021-03-15'),(5350,21,6757,6,0,'','2021-03-15'),(5351,21,5781,1,0,'','2021-03-15'),(5352,42,5551,1,0,'','2021-03-15'),(5353,13,6440,6,0,'','2021-03-15'),(5354,13,6834,1,0,'','2021-03-15'),(5355,38,5894,1,0,'','2021-03-15'),(5356,38,6170,6,0,'','2021-03-15'),(5357,45,6032,1,0,'','2021-03-15'),(5358,45,6082,10,0,'','2021-03-15'),(5359,45,6165,2,0,'','2021-03-15'),(5360,45,5426,8,0,'','2021-03-15'),(5361,45,6258,2,0,'','2021-03-15'),(5362,45,6134,2,0,'','2021-03-15'),(5363,45,6857,6,0,'','2021-03-15'),(5364,6,6855,0,2,'','2021-03-15'),(5365,8,6852,8,0,'','2021-03-16'),(5366,9,6925,2,0,'','2021-03-16'),(5367,40,6695,1,0,'','2021-03-16'),(5368,40,6696,6,0,'','2021-03-16'),(5369,40,6408,1,0,'','2021-03-16'),(5370,40,5530,6,0,'','2021-03-16'),(5371,3,6924,20,0,'','2021-03-16'),(5372,14,6964,2,0,'','2021-03-16'),(5373,14,6267,2,0,'','2021-03-16'),(5374,14,5162,6,0,'','2021-03-16'),(5375,45,5465,1,0,'','2021-03-16'),(5376,33,6952,1,0,'','2021-03-16'),(5377,13,6954,8,0,'','2021-03-16'),(5378,2,5304,10,0,'','2021-03-16'),(5379,40,6805,1,0,'','2021-03-16'),(5380,40,6368,1,0,'','2021-03-16'),(5381,42,5548,0,3,'','2021-03-16'),(5382,38,6751,4,0,'','2021-03-16'),(5383,38,6052,12,0,'','2021-03-16'),(5384,5,6300,1,0,'','2021-03-03'),(5385,21,5388,0,1,'','2021-02-22'),(5386,10,6433,12,0,'','2021-02-24'),(5387,8,5246,0,2,'','2021-02-24'),(5388,36,6749,0,12,'','2021-03-12'),(5389,40,6909,0,12,'','2021-03-17'),(5390,3,5172,0,1,'','2021-03-17'),(5391,21,6933,0,1,'','2021-03-17'),(5392,38,6054,0,1,'','2021-03-17'),(5393,32,5482,0,2,'','2021-03-17'),(5394,45,5425,0,12,'','2021-03-17'),(5395,13,5260,15,0,'','2021-03-17'),(5396,13,5261,2,0,'','2021-03-17'),(5397,13,6874,1,0,'','2021-03-17'),(5398,13,7001,1,0,'','2021-03-17'),(5399,13,5270,7,0,'','2021-03-17'),(5400,13,5269,4,0,'','2021-03-17'),(5401,13,6162,6,0,'','2021-03-17'),(5402,13,6137,6,0,'','2021-03-17'),(5403,13,6571,4,0,'','2021-03-17'),(5404,13,5970,5,0,'','2021-03-17'),(5405,13,5973,3,0,'','2021-03-17'),(5406,13,6849,4,0,'','2021-03-17'),(5407,13,6848,1,0,'','2021-03-17'),(5408,13,5266,1,0,'','2021-03-17'),(5409,13,6406,2,0,'','2021-03-17'),(5410,13,6796,2,0,'','2021-03-17'),(5411,13,6798,2,0,'','2021-03-17'),(5412,13,5277,12,0,'','2021-03-17'),(5413,38,6040,1,0,'','2021-03-17'),(5414,5,6430,6,0,'','2021-03-17'),(5415,5,6778,12,0,'','2021-03-17'),(5416,5,6485,1,0,'','2021-03-17'),(5417,21,6859,2,0,'','2021-03-17'),(5418,8,6852,6,0,'','2021-03-17'),(5419,10,6061,12,0,'','2021-03-18'),(5420,10,6732,8,0,'','2021-03-18'),(5421,13,6527,1,0,'','2021-03-18'),(5422,13,6981,12,0,'','2021-03-18'),(5423,13,5260,1,0,'','2021-03-18'),(5424,13,6552,4,0,'','2021-03-18'),(5425,13,7006,2,0,'','2021-03-18'),(5426,13,6957,17,0,'','2021-03-18'),(5427,17,6968,6,0,'','2021-03-18'),(5428,17,6205,6,0,'','2021-03-18'),(5429,17,6771,1,0,'','2021-03-18'),(5430,17,6965,2,0,'','2021-03-18'),(5431,15,6588,9,0,'','2021-03-18'),(5432,15,6947,6,0,'','2021-03-18'),(5433,15,6949,6,0,'','2021-03-18'),(5434,15,6984,5,0,'','2021-03-18'),(5435,15,6125,1,0,'','2021-03-18'),(5436,15,6946,1,0,'','2021-03-18'),(5437,15,6823,6,0,'','2021-03-18'),(5438,15,6140,1,0,'','2021-03-18'),(5439,15,6391,1,0,'','2021-03-18'),(5440,15,5923,5,0,'','2021-03-18'),(5441,15,5596,1,0,'','2021-03-18'),(5442,15,6348,1,0,'','2021-03-18'),(5443,15,5688,2,0,'','2021-03-18'),(5444,15,6762,2,0,'','2021-03-18'),(5445,15,6249,2,0,'','2021-03-18'),(5446,15,6739,0,2,'','2021-03-17'),(5447,15,6128,0,6,'Хатлов','2021-03-17'),(5448,15,6220,1,0,'','2021-02-06'),(5449,15,6381,2,0,'','2021-02-07'),(5450,15,6710,0,1,'','2021-03-17'),(5451,15,5191,0,2,'','2021-03-17'),(5452,15,5902,0,1,'','2021-03-17'),(5453,15,5986,0,1,'','2021-03-17'),(5454,15,6187,0,6,'','2021-03-17'),(5456,21,6100,0,2,'','2021-03-19'),(5457,45,5735,0,1,'','2021-03-19'),(5458,38,6835,0,1,'','2021-03-19'),(5459,15,5988,0,1,'','2021-03-19'),(5460,15,5212,0,11,'','2021-03-19'),(5461,15,5904,0,6,'','2021-03-19'),(5462,40,6920,12,0,'','2021-03-19'),(5463,40,6921,12,0,'','2021-03-19'),(5464,13,6955,1,0,'','2021-03-19'),(5465,2,6989,24,0,'','2021-03-19'),(5466,2,6988,12,0,'','2021-03-19'),(5467,2,5851,6,0,'','2021-03-19'),(5468,2,6987,114,0,'','2021-03-19'),(5469,2,7000,20,0,'','2021-03-19'),(5470,2,5301,6,0,'','2021-03-19'),(5471,2,6790,1,0,'','2021-03-19'),(5472,2,5696,6,0,'','2021-03-19'),(5473,2,6530,6,0,'','2021-03-19'),(5474,5,6718,12,0,'','2021-03-19'),(5475,15,5196,1,0,'','2021-03-19'),(5476,13,5973,3,0,'','2021-03-19'),(5477,13,6797,9,0,'','2021-03-19'),(5478,13,7058,28,0,'','2021-03-19'),(5479,8,5605,1,0,'','2021-03-19'),(5480,32,5823,1,0,'','2021-03-19'),(5481,8,6533,1,0,'','2021-03-19'),(5482,32,5721,12,0,'','2021-03-19'),(5483,8,6625,12,0,'','2021-03-19'),(5484,8,6612,12,0,'','2021-03-19'),(5485,8,6852,3,0,'','2021-03-19'),(5486,45,6012,0,1,'','2021-03-20'),(5487,45,6707,0,12,'','2021-03-20'),(5488,42,6444,0,1,'','2021-03-20'),(5489,38,6230,0,1,'','2021-03-20'),(5490,8,6624,0,12,'','2021-03-20'),(5491,2,6631,0,8,'','2021-03-23'),(5492,47,6560,0,5,'','2021-03-23'),(5493,8,6852,0,8,'','2021-03-24'),(5494,32,6743,0,1,'','2021-03-24'),(5495,40,6408,0,1,'','2021-03-25'),(5496,36,6869,0,12,'','2021-03-25'),(5497,30,6034,0,6,'','2021-03-25'),(5498,45,7068,0,5,'','2021-03-26'),(5499,15,6180,0,11,'','2021-03-27'),(5500,6,5347,0,1,'','2021-03-27'),(5501,45,7003,0,1,'','2021-03-27'),(5502,45,6622,0,5,'','2021-03-27'),(5503,14,6832,0,1,'','2021-03-27'),(5504,15,6313,0,11,'','2021-03-27'),(5505,15,6462,0,11,'','2021-03-27'),(5506,15,7191,1,0,'','2021-03-19'),(5507,42,5546,6,0,'','2021-03-20'),(5508,42,7044,1,0,'','2021-03-20'),(5509,33,6425,6,0,'','2021-03-20'),(5510,38,6212,6,0,'','2021-03-21'),(5511,38,6169,1,0,'','2021-03-21'),(5512,42,6151,2,0,'','2021-03-21'),(5513,42,6558,6,0,'','2021-03-21'),(5514,42,6416,1,0,'','2021-03-21'),(5515,2,6987,6,0,'','2021-03-22'),(5516,2,6895,1,0,'','2021-03-22'),(5517,2,6364,6,0,'','2021-03-22'),(5518,2,6661,1,0,'','2021-03-22'),(5519,40,6408,1,0,'','2021-03-22'),(5520,40,6409,6,0,'','2021-03-22'),(5522,14,6758,1,0,'','2021-03-22'),(5523,14,6759,6,0,'','2021-03-22'),(5524,14,6781,6,0,'','2021-03-22'),(5525,2,7101,0,2,'','2021-03-23'),(5526,8,7089,12,0,'','2021-03-23'),(5527,8,6467,10,0,'','2021-03-23'),(5528,32,6468,12,0,'','2021-03-23'),(5529,32,6777,1,0,'','2021-03-23'),(5530,2,7005,16,0,'','2021-03-23'),(5531,5,6917,12,0,'','2021-03-23'),(5532,5,6669,1,0,'','2021-03-23'),(5533,5,7094,10,0,'','2021-03-23'),(5534,40,6408,1,0,'','2021-03-23'),(5535,40,6409,12,0,'','2021-03-23'),(5536,40,7085,8,0,'','2021-03-23'),(5537,40,7030,6,0,'','2021-03-23'),(5538,40,6883,1,0,'','2021-03-23'),(5539,40,7077,1,0,'','2021-03-23'),(5540,15,7141,6,0,'','2021-03-23'),(5542,15,7166,2,0,'','2021-03-23'),(5543,15,6794,1,0,'','2021-03-23'),(5544,42,5848,6,0,'','2021-03-23'),(5545,42,6846,1,0,'','2021-03-23'),(5546,8,5607,1,0,'','2021-03-23'),(5547,4,5254,12,0,'','2021-03-24'),(5548,4,7104,10,0,'','2021-03-24'),(5549,2,6535,12,0,'','2021-03-24'),(5550,2,7101,2,0,'','2021-03-24'),(5551,45,5465,1,0,'','2021-03-24'),(5552,45,7070,12,0,'','2021-03-24'),(5553,45,6395,1,0,'','2021-03-24'),(5554,45,6474,2,0,'','2021-03-24'),(5555,45,7119,12,0,'','2021-03-24'),(5556,45,7071,1,0,'','2021-03-24'),(5557,45,5897,5,0,'','2021-03-24'),(5558,45,5464,1,0,'','2021-03-24'),(5559,15,6886,6,0,'','2021-03-24'),(5560,15,7109,1,0,'','2021-03-24'),(5561,15,7111,3,0,'','2021-03-24'),(5562,15,7112,2,0,'','2021-03-24'),(5563,6,6469,6,0,'','2021-03-24'),(5564,6,6912,6,0,'','2021-03-24'),(5565,6,7106,28,0,'','2021-03-24'),(5566,6,6726,1,0,'','2021-03-24'),(5567,6,6727,6,0,'','2021-03-24'),(5568,6,6725,12,0,'','2021-03-24'),(5569,6,7102,8,0,'','2021-03-24'),(5570,6,6556,1,0,'','2021-03-24'),(5571,6,6726,1,0,'','2021-03-24'),(5572,6,6456,6,0,'','2021-03-24'),(5573,6,7147,4,0,'','2021-03-24'),(5575,6,6099,4,0,'','2021-03-24'),(5576,6,6800,1,0,'','2021-03-24'),(5577,6,6059,10,0,'','2021-03-24'),(5578,2,6472,12,0,'','2021-03-25'),(5579,17,6839,6,0,'','2021-03-25'),(5580,17,7186,2,0,'','2021-03-25'),(5581,17,7117,2,0,'','2021-03-25'),(5582,17,6969,6,0,'','2021-03-25'),(5583,17,6844,1,0,'','2021-03-25'),(5584,17,6838,1,0,'','2021-03-25'),(5585,15,5200,12,0,'','2021-03-25'),(5586,15,5776,1,0,'','2021-03-25'),(5588,8,7135,14,0,'','2021-03-26'),(5589,42,6878,1,0,'','2021-03-26'),(5590,15,7169,10,0,'','2021-03-26'),(5591,15,5184,1,0,'','2021-03-26'),(5592,15,7142,6,0,'','2021-03-26'),(5593,15,7164,2,0,'','2021-03-26'),(5594,15,7108,1,0,'','2021-03-26'),(5595,38,7080,12,0,'','2021-03-27'),(5596,38,7162,1,0,'','2021-03-27'),(5597,38,6438,1,0,'','2021-03-27'),(5598,38,7115,9,0,'','2021-03-27'),(5599,13,5278,12,0,'','2021-03-27'),(5600,33,6615,6,0,'','2021-03-27'),(5601,33,7052,1,0,'','2021-03-27'),(5602,10,7153,18,0,'','2021-03-27'),(5604,40,7107,2,0,'','2021-03-27'),(5605,40,7129,5,0,'','2021-03-27'),(5606,40,7033,6,0,'','2021-03-27'),(5607,15,7192,6,0,'','2021-03-23'),(5608,15,7193,1,0,'','2021-03-23'),(5609,14,5152,0,1,'','2021-03-28'),(5610,21,7171,12,0,'','2021-03-28'),(5611,21,6801,1,0,'','2021-03-28'),(5612,21,6928,1,0,'','2021-03-28'),(5613,21,6998,1,0,'','2021-03-28'),(5614,6,5771,12,0,'','2021-03-28'),(5615,6,5328,1,0,'','2021-03-28'),(5616,15,7201,1,0,'','2021-03-28'),(5617,15,6687,2,0,'','2021-03-28'),(5618,15,7177,6,0,'','2021-03-28'),(5619,15,6153,6,0,'','2021-03-28'),(5620,15,6984,3,0,'','2021-03-28'),(5621,15,6824,5,0,'','2021-03-28'),(5622,15,6885,1,0,'','2021-03-28'),(5623,26,6806,3,0,'','2021-03-28'),(5624,26,6807,18,0,'','2021-03-28'),(5625,15,6824,0,1,'','2021-03-29'),(5626,15,6618,0,1,'','2021-03-29'),(5627,15,6316,0,2,'','2021-03-29'),(5628,15,6826,0,2,'','2021-03-29'),(5629,15,5209,1,0,'','2021-03-29'),(5630,15,6753,2,0,'','2021-03-29'),(5631,15,6688,12,0,'','2021-03-29'),(5632,15,6421,12,0,'','2021-03-29'),(5633,15,7233,1,0,'','2021-03-29'),(5634,15,6382,4,0,'','2021-03-29'),(5635,15,7175,6,0,'','2021-03-29'),(5636,15,6538,6,0,'','2021-03-29'),(5637,15,6738,1,0,'','2021-03-29'),(5638,15,6826,4,0,'','2021-03-29'),(5639,15,6824,8,0,'','2021-03-30'),(5640,45,7079,12,0,'','2021-03-30'),(5641,45,6623,6,0,'','2021-03-30'),(5642,45,6327,1,0,'','2021-03-30'),(5643,45,6135,4,0,'','2021-03-30'),(5644,45,6908,1,0,'','2021-03-30'),(5645,45,5629,8,0,'','2021-03-30'),(5646,45,7253,1,0,'','2021-03-30'),(5647,17,6839,6,0,'','2021-03-30'),(5648,17,7235,6,0,'','2021-03-30'),(5649,17,7187,1,0,'','2021-03-30'),(5650,17,7173,1,0,'','2021-03-30'),(5651,45,6476,0,6,'','2021-03-30'),(5652,38,7051,0,1,'','2021-03-30'),(5653,15,7027,0,6,'','2021-03-30'),(5656,15,7251,0,1,'','2021-03-30'),(5657,2,6655,0,2,'','2021-03-31'),(5658,21,5957,0,8,'','2021-03-31'),(5659,3,5773,0,12,'','2021-03-31'),(5660,2,6789,2,0,'','2021-03-30'),(5661,2,7278,4,0,'','2021-03-30'),(5662,2,7279,1,0,'','2021-03-30'),(5663,21,6007,12,0,'','2021-03-30'),(5664,5,7189,12,0,'','2021-03-30'),(5665,38,7161,8,0,'','2021-03-30'),(5666,38,7049,6,0,'','2021-03-30'),(5667,38,7050,1,0,'','2021-03-30'),(5668,38,7124,6,0,'','2021-03-30'),(5669,13,7058,6,0,'','2021-03-30'),(5670,13,7270,1,0,'','2021-03-30'),(5671,15,6824,0,6,'','2021-03-31'),(5672,15,6760,0,1,'','2021-03-31'),(5674,14,5163,6,0,'','2021-03-31'),(5675,14,7271,6,0,'','2021-03-31'),(5676,14,6247,2,0,'','2021-03-31'),(5677,14,5155,2,0,'','2021-03-31'),(5678,8,7092,1,0,'','2021-03-31'),(5679,21,6985,12,0,'','2021-03-31'),(5680,21,6998,1,0,'','2021-03-31'),(5681,21,5653,2,0,'','2021-03-31'),(5682,21,6651,4,0,'','2021-03-31'),(5683,15,7164,4,0,'','2021-04-01'),(5684,15,7244,2,0,'','2021-04-01'),(5685,15,5176,1,0,'','2021-04-01'),(5686,15,6688,6,0,'','2021-04-01'),(5687,15,7176,1,0,'','2021-04-01'),(5688,15,5843,1,0,'','2021-04-01'),(5689,15,6826,6,0,'','2021-04-01'),(5690,15,7242,4,0,'','2021-04-01'),(5691,15,7165,1,0,'','2021-04-01'),(5692,17,6523,4,0,'','2021-04-01'),(5693,17,6419,1,0,'','2021-04-01'),(5694,17,6513,6,0,'','2021-04-01'),(5695,17,6394,6,0,'','2021-04-01'),(5697,17,5953,1,0,'','2021-04-01'),(5698,13,7040,4,0,'','2021-04-01'),(5699,13,6551,6,0,'','2021-04-01'),(5700,13,7001,1,0,'','2021-04-01'),(5701,41,6942,8,0,'','2021-04-01'),(5702,41,6943,1,0,'','2021-04-01'),(5703,8,6911,12,0,'','2021-04-01'),(5704,8,6517,1,0,'','2021-04-01'),(5705,42,7231,3,0,'','2021-04-01'),(5706,42,6693,1,0,'','2021-04-01'),(5707,42,6694,6,0,'','2021-04-01'),(5708,33,5496,0,6,'','2021-04-01'),(5709,33,6717,0,6,'','2021-04-01'),(5710,15,7251,0,1,'','2021-04-01'),(5711,15,7200,0,1,'','2021-04-01'),(5712,17,7329,0,6,'','2021-04-02'),(5713,2,5287,0,6,'','2021-04-02'),(5714,3,5173,0,12,'','2021-04-02'),(5715,2,5318,0,6,'','2021-04-02'),(5716,38,7184,1,0,'','2021-04-02'),(5717,38,7313,1,0,'','2021-04-02'),(5718,38,7333,12,0,'','2021-04-02'),(5719,40,7299,6,0,'','2021-04-02'),(5720,40,7156,6,0,'','2021-04-02'),(5721,40,7274,1,0,'','2021-04-02'),(5722,40,7275,6,0,'','2021-04-02'),(5723,2,6655,10,0,'','2021-04-03'),(5724,2,5292,1,0,'','2021-04-03'),(5725,2,7086,6,0,'','2021-04-03'),(5726,2,7279,4,0,'','2021-04-03'),(5727,2,6104,1,0,'','2021-04-03'),(5728,2,6891,10,0,'','2021-04-03'),(5729,3,7350,26,0,'','2021-04-03'),(5730,45,7281,10,0,'','2021-04-03'),(5731,45,5724,12,0,'','2021-04-03'),(5732,45,7335,1,0,'','2021-04-03'),(5733,45,5412,1,0,'','2021-04-03'),(5734,45,6135,2,0,'','2021-04-03'),(5735,45,7343,4,0,'','2021-04-03'),(5736,45,6993,2,0,'','2021-04-03'),(5737,45,5473,1,0,'','2021-04-03'),(5738,45,5474,6,0,'','2021-04-03'),(5739,45,7295,6,0,'','2021-04-03'),(5740,45,6457,1,0,'','2021-04-03'),(5741,45,6898,6,0,'','2021-04-03'),(5742,2,7227,2,0,'','2021-04-03'),(5743,5,7282,4,0,'','2021-04-03'),(5744,5,6098,4,0,'','2021-04-03'),(5745,38,7334,16,0,'','2021-04-03'),(5746,38,6169,1,0,'','2021-04-03'),(5747,40,6367,1,0,'','2021-04-03'),(5748,40,6978,1,0,'','2021-04-03'),(5749,40,7096,1,0,'','2021-04-03'),(5750,40,7158,1,0,'','2021-04-03'),(5751,40,7095,2,0,'','2021-04-03'),(5752,42,7356,8,0,'','2021-04-03'),(5753,42,6150,4,0,'','2021-04-03'),(5754,42,6994,1,0,'','2021-04-03'),(5755,8,7210,8,0,'','2021-04-03'),(5756,17,6419,1,0,'','2021-04-03'),(5757,17,6967,1,0,'','2021-04-03'),(5758,17,7336,8,0,'','2021-04-03'),(5759,15,6618,5,0,'','2021-04-03'),(5760,15,5591,1,0,'','2021-04-03'),(5761,15,5986,1,0,'','2021-04-03'),(5762,15,7251,4,0,'','2021-04-03'),(5763,15,6234,2,0,'','2021-03-25'),(5764,38,7115,10,0,'','2021-04-04'),(5765,38,7185,5,0,'','2021-04-04'),(5766,38,6673,2,0,'','2021-04-04'),(5767,38,6170,6,0,'','2021-04-04'),(5768,38,6674,2,0,'','2021-04-04'),(5769,13,7269,14,0,'','2021-04-04'),(5770,13,7324,2,0,'','2021-04-04'),(5771,13,7367,20,0,'','2021-04-04'),(5772,40,7032,12,0,'','2021-04-04'),(5773,40,7083,1,0,'','2021-04-04'),(5774,40,7084,6,0,'','2021-04-04'),(5775,40,7240,1,0,'','2021-04-04'),(5776,42,6951,1,0,'','2021-04-04'),(5777,2,7133,1,0,'','2021-04-04'),(5778,2,7319,15,0,'','2021-04-04'),(5779,2,6721,6,0,'','2021-04-04'),(5780,2,6893,6,0,'','2021-04-04'),(5781,6,5841,12,0,'','2021-04-04'),(5782,6,6398,4,0,'','2021-04-04'),(5783,6,5995,1,0,'','2021-04-04'),(5784,6,5939,1,0,'','2021-04-04'),(5785,45,7264,0,12,'','2021-04-04'),(5786,5,6900,0,6,'','2021-04-04'),(5787,33,7054,0,2,'','2021-04-04'),(5788,13,5274,0,1,'','2021-04-04'),(5789,17,6890,0,4,'','2021-04-04'),(5790,17,7025,0,2,'','2021-04-04'),(5791,33,5488,1,0,'','2021-04-04'),(5792,40,7275,0,6,'','2021-04-05'),(5793,2,6975,0,6,'','2021-04-05'),(5794,17,6523,0,2,'','2021-04-05'),(5795,45,7296,0,1,'','2021-04-05'),(5796,13,6439,1,0,'','2021-04-05'),(5797,13,6406,6,0,'','2021-04-05'),(5798,40,6959,6,0,'','2021-04-05'),(5799,40,7395,4,0,'','2021-04-05'),(5800,40,7157,1,0,'','2021-04-05'),(5801,40,6884,6,0,'','2021-04-05'),(5802,40,7061,6,0,'','2021-04-05'),(5803,40,7131,6,0,'','2021-04-05'),(5804,40,7260,6,0,'','2021-04-05'),(5805,40,7396,12,0,'','2021-04-05'),(5806,40,5526,4,0,'','2021-04-05'),(5807,2,7394,4,0,'','2021-04-05'),(5808,2,6790,1,0,'','2021-04-05'),(5809,2,7284,12,0,'','2021-04-05'),(5810,2,6565,1,0,'','2021-04-05'),(5811,2,6167,6,0,'','2021-04-05'),(5812,2,7414,14,0,'','2021-04-05'),(5813,2,6662,1,0,'','2021-04-05'),(5814,2,6073,6,0,'','2021-04-05'),(5815,45,7252,0,2,'','2021-04-06'),(5816,6,6399,0,6,'','2021-04-06'),(5817,13,6452,6,0,'','2021-04-06'),(5818,13,7392,4,0,'','2021-04-06'),(5819,13,6568,1,0,'','2021-04-06'),(5820,14,7376,4,0,'','2021-04-06'),(5821,14,7198,2,0,'','2021-04-06'),(5822,14,7393,8,0,'','2021-04-06'),(5823,10,6986,12,0,'','2021-04-06'),(5824,9,5830,12,0,'','2021-04-06'),(5825,15,5967,1,0,'','2021-04-06'),(5826,15,7143,6,0,'','2021-04-06'),(5827,15,6948,1,0,'','2021-04-06'),(5828,15,7250,1,0,'','2021-04-06'),(5829,21,6999,1,0,'','2021-04-06'),(5830,21,6934,6,0,'','2021-04-06'),(5831,21,6935,12,0,'','2021-04-06'),(5832,26,7408,2,0,'','2021-04-06'),(5833,26,7409,14,0,'','2021-04-06'),(5834,4,7461,1,0,'','2021-04-06'),(5835,13,5275,8,0,'','2021-04-07'),(5836,13,6405,1,0,'','2021-04-07'),(5837,13,7058,6,0,'','2021-04-07'),(5838,13,6405,1,0,'','2021-04-07'),(5839,13,6671,1,0,'','2021-04-07'),(5840,38,6296,12,0,'','2021-04-07'),(5841,38,7405,2,0,'','2021-04-07'),(5842,38,7114,1,0,'','2021-04-07'),(5843,38,7456,6,0,'','2021-04-07'),(5844,38,6673,1,0,'','2021-04-07'),(5845,38,6674,4,0,'','2021-04-07'),(5846,38,7421,16,0,'','2021-04-07'),(5847,38,7115,3,0,'','2021-04-07'),(5848,38,7322,9,0,'','2021-04-07'),(5849,38,6674,4,0,'','2021-04-07'),(5850,5,5558,1,0,'','2021-04-07'),(5851,5,6098,2,0,'','2021-04-07'),(5852,5,7386,6,0,'','2021-04-07'),(5853,5,5651,6,0,'','2021-04-07'),(5854,5,6670,1,0,'','2021-04-07'),(5855,42,7378,1,0,'','2021-04-07'),(5856,42,7354,6,0,'','2021-04-07'),(5857,33,6138,6,0,'','2021-04-07'),(5858,33,6953,1,0,'','2021-04-07'),(5859,13,6614,0,12,'','2021-04-07'),(5860,13,7459,0,6,'','2021-04-07'),(5861,45,6549,0,1,'','2021-04-02'),(5862,45,6500,0,6,'','2021-04-07'),(5863,10,5867,0,1,'','2021-04-08'),(5864,41,7045,0,6,'','2021-04-08'),(5865,41,7100,0,2,'','2021-04-08'),(5866,46,6262,0,6,'','2021-04-08'),(5867,46,6922,0,1,'','2021-04-08'),(5868,33,7054,4,0,'','2021-04-04'),(5869,33,7427,6,0,'','2021-04-04'),(5870,15,7423,1,0,'','2021-04-07'),(5871,15,6827,1,0,'','2021-04-07'),(5872,15,6127,6,0,'','2021-04-07'),(5873,14,6247,4,0,'','2021-04-08'),(5874,14,7464,2,0,'','2021-04-08'),(5875,14,6802,1,0,'','2021-04-08'),(5876,8,7481,18,0,'','2021-04-08'),(5877,8,7210,4,0,'','2021-04-08'),(5878,8,7316,8,0,'','2021-04-08'),(5879,8,7042,1,0,'','2021-04-08'),(5880,14,7513,1,0,'','2021-04-08'),(5881,15,7510,8,0,'','2021-04-08'),(5882,15,7303,6,0,'','2021-04-08'),(5883,15,7509,8,0,'','2021-04-08'),(5884,15,7512,2,0,'','2021-04-08'),(5885,15,7163,6,0,'','2021-04-08'),(5886,15,7167,1,0,'','2021-04-08'),(5887,15,7057,1,0,'','2021-04-08'),(5888,15,6863,1,0,'','2021-04-08'),(5889,15,7511,1,0,'','2021-04-08'),(5890,38,6674,0,2,'','2021-04-09'),(5891,17,7301,0,6,'','2021-04-09'),(5892,42,6191,0,4,'','2021-04-09'),(5893,42,7332,0,2,'','2021-04-09'),(5894,6,6503,0,6,'','2021-04-09'),(5895,13,6798,0,4,'','2021-04-09'),(5896,13,6872,0,2,'','2021-04-09'),(5897,46,6261,0,6,'','2021-04-09'),(5898,13,7403,12,0,'','2021-04-09'),(5899,13,6799,2,0,'','2021-04-09'),(5900,13,6671,2,0,'','2021-04-09'),(5901,13,7159,6,0,'','2021-04-09'),(5902,6,7222,4,0,'','2021-04-09'),(5903,6,5322,1,0,'','2021-04-09'),(5904,6,6505,6,0,'','2021-04-09'),(5905,6,6340,1,0,'','2021-04-09'),(5906,32,6445,6,0,'','2021-04-09'),(5907,32,5972,6,0,'','2021-04-09'),(5908,8,7504,10,0,'','2021-04-09'),(5909,8,7503,1,0,'','2021-04-09'),(5910,40,7130,6,0,'','2021-04-09'),(5911,21,6601,12,0,'','2021-04-09'),(5912,15,7453,1,0,'','2021-04-09'),(5913,15,6539,1,0,'','2021-04-09'),(5914,15,7507,1,0,'','2021-04-09'),(5915,15,7251,2,0,'','2021-04-09'),(5916,15,7338,12,0,'','2021-04-09'),(5917,15,7361,6,0,'','2021-04-09'),(5918,15,7527,44,0,'','2021-04-09'),(5919,15,7526,6,0,'','2021-04-09'),(5920,15,7330,6,0,'','2021-04-09'),(5921,21,7257,0,6,'','2021-04-10'),(5922,15,6540,0,12,'','2021-04-10'),(5923,15,5214,0,12,'','2021-04-10'),(5924,15,5901,0,5,'','2021-04-10'),(5925,32,6478,0,1,'','2021-04-10'),(5926,46,6923,0,1,'','2021-04-10'),(5927,40,7230,0,12,'','2021-04-10'),(5928,5,6536,0,12,'','2021-04-10'),(5929,46,6259,0,1,'','2021-04-11'),(5930,46,6260,0,1,'','2021-04-11'),(5931,46,6359,0,2,'','2021-04-11'),(5932,46,6360,0,12,'','2021-04-11'),(5933,5,6024,0,6,'','2021-04-11'),(5934,14,6896,0,6,'','2021-04-11'),(5935,20,5370,0,12,'','2021-04-11'),(5936,20,5369,0,1,'','2021-04-11'),(5937,4,7566,1,0,'','2021-04-10'),(5938,45,7558,1,0,'','2021-04-10'),(5939,15,5929,6,0,'','2021-04-11'),(5940,15,7542,1,0,'','2021-04-11'),(5941,15,6234,2,0,'','2021-04-11'),(5942,5,7087,6,0,'','2021-04-11'),(5943,5,6763,1,0,'','2021-04-11'),(5944,40,7497,4,0,'','2021-04-11'),(5945,14,6832,5,0,'','2021-04-11'),(5946,14,7595,1,0,'','2021-04-11'),(5947,14,6829,1,0,'','2021-04-11'),(5948,14,6897,6,0,'','2021-04-11'),(5949,14,6744,1,0,'','2021-04-11'),(5950,14,7440,4,0,'','2021-04-11'),(5951,14,7562,6,0,'','2021-04-11'),(5952,14,7563,1,0,'','2021-04-11'),(5953,6,7584,10,0,'','2021-04-11'),(5954,6,7582,8,0,'','2021-04-11'),(5955,6,7583,8,0,'','2021-04-11'),(5956,45,7079,0,2,'','2021-04-13'),(5957,45,6980,0,1,'','2021-04-13'),(5958,15,6343,0,6,'','2021-04-13'),(5959,15,7592,0,6,'','2021-04-13'),(5960,15,7527,0,2,'','2021-04-13'),(5961,40,7400,6,0,'','2021-04-12'),(5962,40,7239,2,0,'','2021-04-12'),(5963,4,5250,1,0,'','2021-04-12'),(5964,38,6673,2,0,'','2021-04-12'),(5965,38,7457,1,0,'','2021-04-12'),(5966,38,7458,2,0,'','2021-04-12'),(5967,26,7661,1,0,'','2021-04-13'),(5968,26,7662,6,0,'','2021-04-12'),(5969,40,7619,14,0,'','2021-04-13'),(5970,40,7663,4,0,'','2021-04-13'),(5971,14,7586,1,0,'','2021-04-13'),(5972,14,7587,6,0,'','2021-04-13'),(5973,8,6972,12,0,'','2021-04-13'),(5974,8,6576,12,0,'','2021-04-13'),(5975,8,5605,1,0,'','2021-04-13'),(5976,8,6945,1,0,'','2021-04-13'),(5977,8,7331,1,0,'','2021-04-13'),(5978,8,7636,2,0,'','2021-04-13'),(5979,8,7081,1,0,'','2021-04-13'),(5980,8,7489,12,0,'','2021-04-13'),(5981,8,6465,12,0,'','2021-04-13'),(5982,32,7043,1,0,'','2021-04-13'),(5983,2,7413,1,0,'','2021-04-13'),(5984,2,7127,4,0,'','2021-04-13'),(5985,2,6768,2,0,'','2021-04-13'),(5986,2,7394,2,0,'','2021-04-13'),(5987,2,6631,0,4,'','2021-04-15'),(5988,2,5304,0,2,'','2021-04-15'),(5989,17,7483,4,0,'','2021-04-14'),(5990,17,7591,8,0,'','2021-04-14'),(5991,17,6189,-4,0,'','2021-04-14'),(5992,17,6513,4,0,'','2021-04-14'),(5993,17,7387,12,0,'','2021-04-14'),(5994,17,7431,1,0,'','2021-04-14'),(5995,15,7374,6,0,'','2021-04-14'),(5996,15,7522,1,0,'','2021-04-14'),(5997,15,7424,1,0,'','2021-04-14'),(5998,15,6010,1,0,'','2021-04-14'),(5999,13,7401,1,0,'','2021-04-15'),(6000,13,7402,6,0,'','2021-04-15'),(6001,38,7629,7,0,'','2021-04-15'),(6002,38,7517,6,0,'','2021-04-15'),(6003,38,7458,2,0,'','2021-04-15'),(6004,40,7261,6,0,'','2021-04-15'),(6005,40,7241,1,0,'','2021-04-15'),(6006,40,6882,1,0,'','2021-04-15'),(6007,14,7088,6,0,'','2021-04-15'),(6008,14,7561,1,0,'','2021-04-15'),(6009,40,7262,0,6,'','2021-04-16'),(6010,6,7691,0,12,'','2021-04-16'),(6011,38,7185,0,2,'','2021-04-16'),(6012,45,5412,0,1,'','2021-04-16'),(6013,45,7631,0,12,'','2021-04-16'),(6014,21,7692,0,12,'','2021-04-17'),(6015,15,7640,0,6,'','2021-04-17'),(6016,15,7527,0,6,'','2021-04-18'),(6017,14,7732,0,4,'','2021-04-18'),(6018,33,7482,0,10,'','2021-04-18'),(6019,17,7337,0,6,'','2021-04-18'),(6020,17,7387,0,1,'','2021-04-18'),(6021,17,7237,0,1,'','2021-04-18'),(6022,48,7555,0,6,'','2021-04-19'),(6023,38,6494,0,4,'','2021-04-19'),(6024,38,7048,0,2,'','2021-04-19'),(6025,8,6443,0,12,'','2021-04-19'),(6026,2,5913,0,4,'','2021-04-20'),(6027,45,5441,0,6,'','2021-04-20'),(6028,45,5441,4,0,'хатлов','2021-02-02'),(6029,40,7420,0,1,'','2021-04-21'),(6030,2,7733,0,2,'','2021-04-22'),(6031,45,7368,0,12,'','2021-04-22'),(6032,6,6856,0,2,'','2021-04-22'),(6033,14,7732,0,2,'','2021-04-22'),(6034,15,7768,0,1,'','2021-04-22'),(6035,15,7523,0,1,'','2021-04-22'),(6036,15,7523,4,0,'','2021-04-22'),(6037,42,5772,6,0,'','2021-04-16'),(6038,42,6301,1,0,'','2021-04-16'),(6039,42,6600,5,0,'','2021-04-16'),(6040,5,7713,12,0,'','2021-04-17'),(6041,40,7694,1,0,'','2021-04-17'),(6042,40,7695,6,0,'','2021-04-17'),(6043,40,7714,2,0,'','2021-04-17'),(6044,40,7715,12,0,'','2021-04-17'),(6045,40,7255,1,0,'','2021-04-17'),(6046,40,7256,6,0,'','2021-04-17'),(6047,2,5949,3,0,'','2021-04-17'),(6048,2,7229,3,0,'','2021-04-17'),(6049,2,7702,12,0,'','2021-04-17'),(6050,2,7693,12,0,'','2021-04-17'),(6051,2,7738,12,0,'','2021-04-17'),(6052,2,7700,1,0,'','2021-04-17'),(6053,6,7721,8,0,'','2021-04-17'),(6054,6,7621,14,0,'','2021-04-17'),(6055,6,7676,12,0,'','2021-04-17'),(6056,6,7727,12,0,'','2021-04-17'),(6057,13,7518,1,0,'','2021-04-17'),(6058,13,7519,6,0,'','2021-04-17'),(6059,13,6672,4,0,'','2021-04-17'),(6060,33,7708,2,0,'','2021-04-18'),(6061,33,7486,3,0,'','2021-04-18'),(6062,5,7671,8,0,'','2021-04-19'),(6063,40,6977,1,0,'','2021-04-19'),(6064,40,7145,6,0,'','2021-04-19'),(6065,40,7365,1,0,'','2021-04-19'),(6066,40,7449,2,0,'','2021-04-19'),(6067,40,7366,1,0,'','2021-04-19'),(6068,40,7364,1,0,'','2021-04-19'),(6069,21,7737,10,0,'','2021-04-19'),(6070,21,7779,10,0,'','2021-04-19'),(6071,21,7113,1,0,'','2021-04-19'),(6072,2,6166,1,0,'','2021-04-19'),(6073,2,6167,6,0,'','2021-04-19'),(6074,2,6689,1,0,'','2021-04-19'),(6075,2,6690,6,0,'','2021-04-19'),(6076,2,7412,6,0,'','2021-04-19'),(6077,41,7475,1,0,'','2021-04-19'),(6078,41,5536,8,0,'','2021-04-19'),(6079,33,6887,6,0,'','2021-04-20'),(6080,33,7800,6,0,'','2021-04-20'),(6081,13,7323,6,0,'','2021-04-20'),(6082,13,7773,6,0,'','2021-04-20'),(6083,42,6190,6,0,'','2021-04-21'),(6084,42,6508,1,0,'','2021-04-21'),(6085,42,6663,1,0,'','2021-04-21'),(6086,42,7752,8,0,'','2021-04-21'),(6087,42,6970,6,0,'','2021-04-21'),(6088,8,7712,12,0,'','2021-04-21'),(6089,21,7225,6,0,'','2021-04-21'),(6090,40,7420,5,0,'','2021-04-21'),(6091,8,6467,2,0,'','2021-04-22'),(6092,14,7105,4,0,'','2021-04-22'),(6093,14,6803,1,0,'','2021-04-22'),(6094,14,7690,4,0,'','2021-04-22'),(6095,14,7824,8,0,'','2021-04-22'),(6096,14,7772,1,0,'','2021-04-22'),(6097,14,7375,1,0,'','2021-04-22'),(6098,3,7810,10,0,'','2021-04-22'),(6099,40,7681,1,0,'','2021-04-22'),(6100,40,7735,4,0,'','2021-04-22'),(6101,40,7788,1,0,'','2021-04-22'),(6102,40,9134,4,0,'','2021-04-22'),(6103,45,7265,0,1,'','2021-04-23'),(6104,8,7490,12,0,'','2021-04-23'),(6105,13,6672,2,0,'','2021-04-23'),(6106,6,7846,2,0,'','2021-04-23'),(6107,6,5344,12,0,'','2021-04-23'),(6108,6,5324,1,0,'','2021-04-23'),(6109,33,7428,1,0,'','2021-04-23'),(6110,33,7777,6,0,'','2021-04-23'),(6111,33,7793,10,0,'','2021-04-23'),(6112,17,7745,1,0,'','2021-04-23'),(6113,17,7673,18,0,'','2021-04-23'),(6114,17,7565,2,0,'','2021-04-23'),(6115,17,7234,6,0,'','2021-04-23'),(6116,17,6966,1,0,'','2021-04-23'),(6117,38,6272,0,12,'','2021-04-24'),(6118,38,7520,1,0,'','2021-04-24'),(6119,38,7521,6,0,'','2021-04-24'),(6120,38,7348,2,0,'','2021-04-24'),(6121,38,7422,4,0,'','2021-04-24'),(6122,38,7322,8,0,'','2021-04-24'),(6123,38,7458,2,0,'','2021-04-24'),(6124,38,7774,4,0,'','2021-04-24'),(6125,14,7852,8,0,'','2021-04-22'),(6126,14,7851,1,0,'','2021-04-22'),(6127,38,7612,6,0,'','2021-04-24'),(6128,5,7581,6,0,'','2021-04-25'),(6129,5,7346,12,0,'','2021-04-25'),(6130,40,7841,1,0,'','2021-04-25'),(6131,40,7180,6,0,'','2021-04-25'),(6132,40,7418,2,0,'','2021-04-25'),(6133,15,7639,4,0,'','2021-04-25'),(6134,15,7480,1,0,'','2021-04-25'),(6135,15,7698,1,0,'','2021-04-25'),(6136,15,7609,1,0,'','2021-04-25'),(6137,2,7379,1,0,'','2021-04-25'),(6138,2,7226,1,0,'','2021-04-25'),(6139,2,7861,2,0,'','2021-04-25'),(6140,2,6689,1,0,'','2021-04-25'),(6141,2,6690,6,0,'','2021-04-25'),(6142,10,7809,10,0,'','2021-04-25'),(6143,30,5888,6,0,'','2021-04-25'),(6144,30,6774,6,0,'','2021-04-25'),(6145,30,7411,1,0,'','2021-04-25'),(6146,30,6033,1,0,'','2021-04-25'),(6147,8,7487,24,0,'','2021-04-25'),(6148,8,7505,1,0,'','2021-04-25'),(6149,8,7503,1,0,'','2021-04-25'),(6150,25,5887,1,0,'','2021-04-25'),(6151,30,6520,0,12,'Фарангизга 25.04,21 узгартирилди','2021-02-26'),(6152,30,6275,0,12,'Фарангизга 25.04,21 узгартирилди','2021-02-15'),(6153,5,5226,0,1,'','2021-04-25'),(6154,6,6854,0,1,'','2021-04-25'),(6155,15,6514,0,2,'','2021-04-25'),(6156,15,7302,0,2,'','2021-04-25'),(6157,6,7106,0,6,'','2021-04-16'),(6158,21,7300,0,12,'','2021-03-10'),(6159,33,6393,1,0,'','2021-04-20'),(6160,33,5499,1,0,'','2021-04-20'),(6161,33,6836,1,0,'','2021-04-04'),(6162,5,6386,12,0,'','2021-04-25'),(6163,45,7867,10,0,'','2021-04-25'),(6164,42,7194,1,0,'','2021-04-25'),(6165,6,7041,0,4,'','2021-04-26'),(6166,2,5305,0,12,'','2021-04-26'),(6167,6,5339,0,2,'','2021-04-26'),(6168,41,5537,0,1,'','2021-04-26'),(6169,15,6828,0,1,'','2021-04-26'),(6170,38,7826,0,3,'','2021-04-26'),(6171,21,6529,0,6,'','2021-04-27'),(6172,8,7890,0,12,'','2021-04-27'),(6173,8,6701,0,12,'','2021-04-27'),(6174,8,6852,0,3,'','2021-04-27'),(6175,5,6657,0,12,'','2021-04-27'),(6176,5,6389,0,6,'','2021-04-27'),(6177,5,6691,0,1,'','2021-04-27'),(6178,6,6658,0,12,'','2021-04-27'),(6179,21,6937,0,1,'','2021-04-27'),(6180,21,6938,0,6,'','2021-04-27'),(6181,32,5479,0,1,'','2021-04-27'),(6182,42,7355,0,1,'','2021-04-27'),(6183,26,6806,0,1,'','2021-04-28'),(6184,26,6807,0,6,'','2021-04-28'),(6185,6,7494,0,1,'','2021-04-28'),(6186,6,7495,0,6,'','2021-04-28'),(6187,48,7539,0,2,'','2021-04-28'),(6188,48,7540,0,12,'','2021-04-28'),(6189,2,6599,0,12,'','2021-04-29'),(6190,2,7862,0,6,'','2021-04-29'),(6191,45,6429,0,1,'','2021-04-29'),(6192,45,7529,0,2,'','2021-04-29'),(6193,45,7266,0,6,'','2021-04-29'),(6194,6,7726,0,6,'','2021-04-29'),(6195,2,6894,0,6,'','2021-04-29'),(6196,21,6901,0,6,'','2021-04-29'),(6197,5,7686,6,0,'','2021-04-26'),(6198,5,7878,1,0,'','2021-04-26'),(6199,6,7041,8,0,'','2021-04-26'),(6200,13,6672,5,0,'','2021-04-27'),(6201,2,5290,1,0,'','2021-04-27'),(6202,2,7887,12,0,'','2021-04-27'),(6203,2,7922,12,0,'','2021-04-27'),(6204,2,7940,2,0,'','2021-04-27'),(6205,21,7195,6,0,'','2021-04-27'),(6206,21,7172,1,0,'','2021-04-27'),(6207,4,5884,12,0,'','2021-04-27'),(6208,4,7760,2,0,'','2021-04-27'),(6209,3,6097,1,0,'','2021-04-27'),(6210,3,6096,1,0,'','2021-04-27'),(6211,3,6704,12,0,'','2021-04-27'),(6212,42,7377,1,0,'','2021-04-27'),(6213,42,7821,1,0,'','2021-04-27'),(6214,14,7440,2,0,'','2021-04-27'),(6215,15,7545,1,0,'','2021-04-27'),(6216,15,7639,2,0,'','2021-04-27'),(6217,15,7697,6,0,'','2021-04-27'),(6218,15,7767,4,0,'','2021-04-27'),(6219,15,5820,1,0,'','2021-04-27'),(6220,15,5985,1,0,'','2021-04-27'),(6221,15,7623,1,0,'','2021-04-27'),(6222,15,7028,1,0,'','2021-04-27'),(6223,15,7029,4,0,'','2021-04-27'),(6224,15,7176,1,0,'','2021-04-27'),(6225,8,7634,1,0,'','2021-04-27'),(6226,13,7267,6,0,'','2021-04-28'),(6227,13,7936,2,0,'','2021-04-28'),(6228,13,7937,1,0,'','2021-04-28'),(6229,6,7962,10,0,'','2021-04-28'),(6230,40,7155,6,0,'','2021-04-28'),(6231,40,7363,2,0,'','2021-04-28'),(6232,40,7618,3,0,'','2021-04-28'),(6233,40,7395,2,0,'','2021-04-28'),(6234,40,7617,6,0,'','2021-04-28'),(6235,40,7897,4,0,'','2021-04-28'),(6236,8,7128,12,0,'','2021-04-28'),(6237,2,7742,1,0,'','2021-04-29'),(6238,30,6775,6,0,'','2021-04-29'),(6239,5,7970,24,0,'','2021-04-29'),(6240,5,6566,1,0,'','2021-04-29'),(6241,5,7385,6,0,'','2021-04-29'),(6242,5,7499,0,6,'','2021-04-30'),(6243,40,7446,0,2,'','2021-04-30'),(6244,41,6415,0,1,'','2021-04-30'),(6245,13,6491,6,0,'','2021-04-27'),(6246,41,7895,14,0,'','2021-04-27'),(6247,41,5858,6,0,'','2021-04-27'),(6248,41,7896,2,0,'','2021-04-27'),(6249,41,7986,6,0,'','2021-04-27'),(6250,41,7924,8,0,'','2021-04-27'),(6251,21,7749,1,0,'','2021-04-29'),(6252,21,7181,6,0,'','2021-04-29'),(6253,32,7297,1,0,'','2021-04-30'),(6254,8,7771,12,0,'','2021-04-30'),(6255,8,7628,10,0,'','2021-04-30'),(6256,8,7835,12,0,'','2021-04-30'),(6257,42,6192,1,0,'','2021-04-30'),(6258,40,7840,0,6,'','2021-05-01'),(6259,2,7813,0,6,'','2021-05-01'),(6260,13,7315,0,6,'','2021-05-01'),(6261,13,7977,14,0,'','2021-05-01'),(6262,13,7978,1,0,'','2021-05-01'),(6263,3,7349,12,0,'','2021-05-01'),(6264,3,7870,12,0,'','2021-05-01'),(6265,13,7967,8,0,'','2021-05-01'),(6266,13,7325,1,0,'','2021-05-01'),(6267,13,7938,2,0,'','2021-05-01'),(6268,13,6957,2,0,'','2021-05-01'),(6269,45,8014,0,2,'','2021-05-03'),(6270,45,7093,0,1,'','2021-05-03'),(6271,17,7236,0,6,'','2021-05-03'),(6272,17,7388,0,1,'','2021-05-03'),(6273,33,7775,0,1,'','2021-05-03'),(6274,15,6022,0,6,'','2021-05-04'),(6275,15,6382,0,2,'','2021-05-04'),(6276,15,7212,0,3,'','2021-05-04'),(6277,21,7947,0,6,'','2021-05-04'),(6278,41,6537,0,1,'','2021-05-04'),(6279,15,7317,1,0,'','2021-05-02'),(6280,15,7318,4,0,'','2021-05-02'),(6281,15,7815,1,0,'','2021-05-04'),(6282,15,7989,8,0,'','2021-05-02'),(6283,15,5644,12,0,'','2021-05-02'),(6284,15,7168,1,0,'','2021-05-02'),(6285,15,7954,1,0,'','2021-05-02'),(6286,13,6671,2,0,'','2021-05-02'),(6287,13,7437,2,0,'','2021-05-02'),(6288,13,7688,2,0,'','2021-05-02'),(6289,13,7916,2,0,'','2021-05-02'),(6290,13,6672,19,0,'','2021-05-02'),(6291,13,7438,12,0,'','2021-05-02'),(6292,13,7689,12,0,'','2021-05-02'),(6293,13,7762,5,0,'','2021-05-02'),(6294,13,7473,2,0,'','2021-05-02'),(6295,8,7316,16,0,'','2021-05-02'),(6296,8,7831,4,0,'','2021-05-02'),(6297,8,6528,10,0,'','2021-05-02'),(6298,45,7560,1,0,'','2021-05-03'),(6299,45,7450,1,0,'','2021-05-03'),(6300,45,7795,1,0,'','2021-05-03'),(6301,45,7819,1,0,'','2021-05-03'),(6302,45,7848,1,0,'','2021-05-03'),(6303,45,7038,12,0,'','2021-05-03'),(6304,45,7952,1,0,'','2021-05-03'),(6305,45,7357,2,0,'','2021-05-03'),(6306,45,5896,2,0,'','2021-05-03'),(6307,45,7342,4,0,'','2021-05-03'),(6308,45,7930,8,0,'','2021-05-03'),(6309,45,6286,1,0,'','2021-05-03'),(6310,45,6475,2,0,'','2021-05-03'),(6311,45,5473,1,0,'','2021-05-03'),(6312,45,5474,6,0,'','2021-05-03'),(6313,45,6621,8,0,'','2021-05-03'),(6314,2,7218,6,0,'','2021-05-03'),(6315,2,5300,2,0,'','2021-05-03'),(6316,2,7496,6,0,'','2021-05-03'),(6317,2,7741,1,0,'','2021-05-03'),(6318,2,6891,2,0,'','2021-05-03'),(6319,2,8017,10,0,'','2021-05-03'),(6320,2,8034,16,0,'','2021-05-03'),(6321,2,8075,4,0,'','2021-05-03'),(6322,2,8019,1,0,'','2021-05-03'),(6323,2,8020,6,0,'','2021-05-03'),(6324,42,6971,2,0,'','2021-05-04'),(6325,42,6418,4,0,'','2021-05-04'),(6326,42,8012,8,0,'','2021-05-04'),(6327,42,7463,6,0,'','2021-05-04'),(6328,42,7969,1,0,'','2021-05-04'),(6329,5,7868,12,0,'','2021-05-04'),(6330,5,5683,6,0,'','2021-05-04'),(6331,5,7879,1,0,'','2021-05-04'),(6332,4,8021,8,0,'','2021-05-04'),(6333,2,8046,1,0,'','2021-05-04'),(6334,15,8022,1,0,'','2021-05-05'),(6335,15,8023,6,0,'','2021-05-05'),(6336,17,7387,5,0,'','2021-05-05'),(6337,17,7801,1,0,'','2021-05-05'),(6338,17,7744,1,0,'','2021-05-05'),(6339,17,7362,8,0,'','2021-05-05'),(6340,17,7910,6,0,'','2021-05-05'),(6341,17,7116,1,0,'','2021-05-05'),(6342,17,7432,6,0,'','2021-05-05'),(6343,13,5275,0,4,'','2021-05-06'),(6344,2,5310,0,2,'','2021-05-06'),(6345,2,7784,0,4,'','2021-05-06'),(6346,45,7528,0,1,'','2021-05-06'),(6347,40,7216,0,1,'','2021-05-08'),(6348,15,7524,0,2,'','2021-05-07'),(6349,17,7746,0,2,'','2021-05-07'),(6350,41,8001,1,0,'','2021-05-06'),(6351,8,6852,1,0,'','2021-05-06'),(6352,8,7921,12,0,'','2021-05-06'),(6353,8,8101,7,0,'','2021-05-06'),(6354,40,7765,2,0,'','2021-05-06'),(6355,40,7735,2,0,'','2021-05-06'),(6356,40,7759,6,0,'','2021-05-06'),(6357,40,8095,6,0,'','2021-05-06'),(6358,40,8076,4,0,'','2021-05-06'),(6359,21,7276,1,0,'','2021-05-06'),(6360,21,7277,6,0,'','2021-05-06'),(6361,21,7919,6,0,'','2021-05-06'),(6362,13,7008,12,0,'','2021-05-06'),(6363,13,7916,1,0,'','2021-05-06'),(6364,13,8080,2,0,'','2021-05-06'),(6365,13,7761,2,0,'','2021-05-06'),(6366,13,8081,12,0,'','2021-05-06'),(6367,13,7762,7,0,'','2021-05-06'),(6368,13,7917,11,0,'','2021-05-06'),(6369,17,7328,6,0,'','2021-05-06'),(6370,17,6842,1,0,'','2021-05-06'),(6371,17,7855,1,0,'','2021-05-06'),(6372,17,8092,6,0,'','2021-05-06'),(6373,17,8048,1,0,'','2021-05-06'),(6374,17,7430,6,0,'','2021-05-06'),(6375,17,7535,6,0,'','2021-05-06'),(6376,17,8050,2,0,'','2021-05-06'),(6377,8,7891,12,0,'','2021-05-07'),(6378,26,8126,1,0,'','2021-05-07'),(6379,26,8127,6,0,'','2021-05-07'),(6380,26,7214,2,0,'','2021-05-07'),(6381,40,5526,2,0,'','2021-05-08'),(6382,40,7498,6,0,'','2021-05-08'),(6383,40,7644,2,0,'','2021-05-08'),(6384,40,8027,2,0,'','2021-05-08'),(6385,40,7446,4,0,'','2021-05-08'),(6386,40,8013,4,0,'','2021-05-08'),(6387,40,7255,2,0,'','2021-05-08'),(6388,40,8036,1,0,'','2021-05-08'),(6389,40,8037,6,0,'','2021-05-08'),(6390,40,7256,6,0,'','2021-05-08'),(6391,2,7850,1,0,'','2021-05-08'),(6392,2,7448,1,0,'','2021-05-08'),(6393,2,7320,12,0,'','2021-05-08'),(6394,2,7280,2,0,'','2021-05-08'),(6395,33,8117,6,0,'','2021-05-08'),(6396,4,7760,0,10,'','2021-05-09'),(6397,4,6918,0,12,'','2021-05-09'),(6398,10,7399,0,12,'','2021-05-09'),(6399,3,7920,0,3,'','2021-05-09'),(6400,45,7344,1,0,'','2021-05-09'),(6401,45,7345,6,0,'','2021-05-09'),(6402,10,6732,4,0,'','2021-05-09'),(6403,10,7060,8,0,'','2021-05-09'),(6404,14,7594,6,0,'','2021-05-09'),(6405,14,8070,1,0,'','2021-05-09'),(6406,13,8166,12,0,'','2021-05-09'),(6407,13,7966,1,0,'','2021-05-09'),(6408,13,6550,6,0,'','2021-05-09'),(6409,13,8167,8,0,'','2021-05-09'),(6410,5,8176,40,0,'','2021-05-09'),(6411,2,7227,2,0,'','2021-05-09'),(6412,2,6507,12,0,'','2021-05-09'),(6413,2,7981,6,0,'','2021-05-09'),(6414,2,8004,1,0,'','2021-05-09'),(6415,2,6490,1,0,'','2021-05-09'),(6416,8,8181,27,0,'','2021-05-09'),(6417,8,7831,8,0,'','2021-05-09'),(6418,8,8100,5,0,'','2021-05-09'),(6419,3,7920,0,5,'','2021-05-11'),(6420,3,8180,0,1,'','2021-05-11'),(6421,5,7877,0,1,'','2021-05-11'),(6422,45,8025,0,1,'','2021-05-11'),(6423,8,8100,0,7,'','2021-05-11'),(6424,5,7616,0,6,'','2021-05-11'),(6425,26,7208,6,0,'','2021-05-10'),(6426,26,7205,1,0,'','2021-05-10'),(6427,26,7204,1,0,'','2021-05-10'),(6428,13,7761,3,0,'','2021-05-10'),(6429,13,7762,18,0,'','2021-05-10'),(6430,13,7725,1,0,'','2021-05-10'),(6431,5,8202,10,0,'','2021-05-10'),(6432,8,7902,1,0,'','2021-05-10'),(6433,15,6950,1,0,'','2021-05-10'),(6434,15,8059,2,0,'','2021-05-10'),(6435,15,7956,2,0,'','2021-05-10'),(6436,15,7543,12,0,'','2021-05-10'),(6437,15,8183,1,0,'','2021-05-10'),(6438,15,8184,2,0,'','2021-05-10'),(6439,15,6221,1,0,'','2021-05-10'),(6440,15,6249,4,0,'','2021-05-10'),(6441,15,7170,6,0,'','2021-05-10'),(6442,15,7426,1,0,'','2021-05-10'),(6443,15,7318,6,0,'','2021-05-10'),(6444,40,7216,0,11,'','2021-05-12'),(6445,21,7217,0,6,'','2021-05-12'),(6446,38,7469,0,8,'','2021-05-14'),(6447,40,7031,0,4,'','2021-05-15'),(6448,6,5912,0,1,'','2021-05-15'),(6449,5,8205,0,4,'','2021-05-15'),(6450,13,7725,0,1,'','2021-05-16'),(6451,13,7785,0,1,'','2021-05-16'),(6452,13,8245,0,8,'','2021-05-16'),(6453,13,8164,0,1,'','2021-05-16'),(6454,38,6850,0,1,'','2021-05-16'),(6455,4,7667,0,12,'','2021-05-17'),(6456,4,8226,0,12,'','2021-05-17'),(6457,6,7960,0,6,'','2021-05-17'),(6458,45,6549,0,1,'','2021-05-17'),(6459,42,8088,0,6,'','2021-05-17'),(6460,13,7473,0,8,'','2021-05-17'),(6461,13,8246,0,1,'','2021-05-17'),(6462,21,7979,0,4,'','2021-05-17'),(6463,33,8139,0,10,'','2021-05-18'),(6464,17,8128,0,20,'','2021-05-18'),(6465,40,7407,0,2,'','2021-05-18'),(6466,45,6822,0,2,'','2021-05-18'),(6467,45,6913,0,1,'','2021-05-18'),(6468,2,6434,0,2,'','2021-05-18'),(6469,2,8017,0,2,'','2021-05-18'),(6470,6,5322,0,1,'','2021-05-18'),(6471,41,6876,0,1,'','2021-05-18'),(6472,5,8252,0,6,'','2021-05-19'),(6473,9,6961,0,2,'','2021-05-19'),(6474,13,7917,0,6,'','2021-05-19'),(6475,2,6973,0,1,'','2021-05-19'),(6476,2,7360,0,2,'','2021-05-19'),(6477,14,7622,6,0,'','2021-05-12'),(6478,14,8178,6,0,'','2021-05-12'),(6479,14,8179,6,0,'','2021-05-12'),(6480,14,8231,14,0,'','2021-05-12'),(6481,14,7272,2,0,'','2021-05-12'),(6482,14,7633,2,0,'','2021-05-12'),(6483,14,7754,1,0,'','2021-05-12'),(6484,14,8232,1,0,'','2021-05-12'),(6485,14,8230,1,0,'','2021-05-12'),(6486,14,5748,1,0,'','2021-05-12'),(6487,3,8227,12,0,'','2021-05-12'),(6488,3,7803,1,0,'','2021-05-12'),(6489,4,8229,12,0,'','2021-05-12'),(6490,21,6932,12,0,'','2021-05-12'),(6491,21,7217,6,0,'','2021-05-12'),(6492,21,5641,1,0,'','2021-05-12'),(6493,21,8077,13,0,'','2021-05-12'),(6494,21,6557,6,0,'','2021-05-12'),(6495,33,6351,1,0,'','2021-05-12'),(6496,13,8163,1,0,'','2021-05-12'),(6497,13,5270,5,0,'','2021-05-12'),(6498,13,8336,2,0,'','2021-05-12'),(6499,13,7007,3,0,'','2021-05-12'),(6500,13,7785,4,0,'','2021-05-12'),(6501,13,5274,1,0,'','2021-05-12'),(6502,13,6161,9,0,'','2021-05-12'),(6503,5,7869,12,0,'','2021-05-12'),(6504,5,7672,6,0,'','2021-05-12'),(6505,5,7877,1,0,'','2021-05-12'),(6506,5,8251,10,0,'','2021-05-12'),(6507,42,7091,6,0,'','2021-05-12'),(6508,42,7948,2,0,'','2021-05-12'),(6509,8,7637,1,0,'','2021-05-12'),(6510,15,8149,8,0,'','2021-05-12'),(6511,15,7984,1,0,'','2021-05-12'),(6512,15,8273,2,0,'','2021-05-12'),(6513,15,7524,4,0,'','2021-05-12'),(6514,6,6726,2,0,'','2021-05-12'),(6515,6,6727,6,0,'','2021-05-12'),(6516,6,7820,6,0,'','2021-05-12'),(6517,6,5697,1,0,'','2021-05-12'),(6518,6,6504,1,0,'','2021-05-12'),(6519,6,7915,2,0,'','2021-05-12'),(6520,6,6665,6,0,'','2021-05-12'),(6521,6,6664,1,0,'','2021-05-12'),(6522,6,7677,1,0,'','2021-05-12'),(6523,6,8157,2,0,'','2021-05-12'),(6524,6,6060,12,0,'','2021-05-12'),(6525,40,8133,20,0,'','2021-05-12'),(6526,2,8241,8,0,'','2021-05-12'),(6527,2,8242,24,0,'','2021-05-12'),(6528,2,8155,20,0,'','2021-05-12'),(6529,2,8243,4,0,'','2021-05-12'),(6530,2,8244,24,0,'','2021-05-12'),(6531,2,5291,1,0,'','2021-05-12'),(6532,5,7064,12,0,'','2021-05-14'),(6533,2,7849,1,0,'','2021-05-14'),(6534,2,8333,6,0,'','2021-05-14'),(6535,2,8332,10,0,'','2021-05-14'),(6536,40,7407,2,0,'','2021-05-15'),(6537,40,8275,2,0,'','2021-05-15'),(6538,40,7792,6,0,'','2021-05-15'),(6539,13,7047,1,0,'','2021-05-15'),(6540,13,7875,6,0,'','2021-05-15'),(6541,13,7391,6,0,'','2021-05-15'),(6542,5,7215,12,0,'','2021-05-17'),(6543,10,8258,10,0,'','2021-05-17'),(6544,40,8170,2,0,'','2021-05-17'),(6545,40,8171,12,0,'','2021-05-17'),(6546,40,8280,2,0,'','2021-05-17'),(6547,40,8281,12,0,'','2021-05-17'),(6548,40,8076,6,0,'','2021-05-17'),(6549,40,8290,4,0,'','2021-05-17'),(6550,40,8131,4,0,'','2021-05-17'),(6551,40,8142,1,0,'','2021-05-17'),(6552,40,8334,10,0,'','2021-05-17'),(6553,40,7447,12,0,'','2021-05-17'),(6554,40,6960,12,0,'','2021-05-17'),(6555,40,8311,6,0,'','2021-05-17'),(6556,8,8135,12,0,'','2021-05-17'),(6557,8,8308,14,0,'','2021-05-17'),(6558,8,8233,12,0,'','2021-05-17'),(6559,8,8302,26,0,'','2021-05-17'),(6560,40,7666,0,8,'','2021-05-20'),(6561,45,7465,0,1,'','2021-05-20'),(6562,45,7466,0,6,'','2021-05-20'),(6563,38,7876,0,6,'','2021-05-21'),(6564,8,7628,0,2,'','2021-05-22'),(6565,8,6528,0,2,'','2021-05-22'),(6566,41,6537,0,1,'','2021-05-22'),(6567,2,8045,0,1,'','2021-05-22'),(6568,40,8076,0,2,'','2021-05-23'),(6569,8,6516,0,2,'','2021-05-23'),(6570,21,8077,0,1,'','2021-05-23'),(6571,21,6936,0,12,'','2021-05-23'),(6572,38,5993,0,2,'','2021-05-23'),(6573,38,8255,0,3,'','2021-05-23'),(6574,42,8072,0,6,'','2021-05-24'),(6575,40,8287,0,2,'','2021-05-24'),(6576,48,7553,0,6,'','2021-05-25'),(6577,48,7600,0,1,'','2021-05-25'),(6578,5,6691,0,1,'','2021-05-25'),(6579,5,5699,0,12,'','2021-05-25'),(6580,5,7445,0,6,'','2021-05-25'),(6581,26,7206,6,0,'','2021-05-25'),(6582,2,6080,6,0,'','2021-05-08'),(6583,40,7839,0,2,'','2021-05-25'),(6584,14,7823,0,2,'','2021-05-25'),(6585,32,7613,0,1,'','2021-05-25'),(6586,15,8182,0,12,'','2021-05-25'),(6587,13,7007,0,9,'','2021-05-26'),(6588,13,5269,0,8,'','2021-05-26'),(6589,15,7339,0,6,'','2021-05-25'),(6590,42,8346,0,6,'','2021-05-26'),(6591,45,7932,0,2,'','2021-05-26'),(6592,6,7973,0,1,'','2021-05-26'),(6593,40,8130,0,12,'','2021-05-27'),(6594,6,7474,0,50,'','2021-05-28'),(6595,45,6730,0,1,'','2021-05-29'),(6596,45,6731,0,6,'','2021-05-29'),(6597,3,8569,0,2,'','2021-05-29'),(6598,2,8551,0,2,'','2021-05-27'),(6599,5,7179,0,6,'','2021-05-30'),(6600,17,8511,0,4,'','2021-05-30'),(6601,21,6991,0,12,'','2021-05-31'),(6602,45,7144,0,6,'','2021-05-31'),(6603,6,7134,0,2,'','2021-05-30'),(6604,6,6288,0,2,'','2021-05-30'),(6605,13,7912,0,6,'','2021-05-31'),(6606,13,6872,0,4,'','2021-05-31'),(6607,38,6053,0,2,'','2021-05-31'),(6608,14,7632,0,1,'','2021-06-02'),(6609,13,7785,0,5,'','2021-06-02'),(6610,15,7525,0,2,'','2021-06-02'),(6611,15,8497,0,2,'','2021-06-02'),(6612,15,8521,0,2,'','2021-06-02'),(6613,15,6824,0,4,'','2021-06-02'),(6614,5,8252,0,2,'','2021-06-04'),(6615,15,7243,0,6,'','2021-06-04'),(6616,42,7075,0,1,'','2021-06-05'),(6617,45,6709,0,6,'','2021-06-05'),(6618,9,6654,0,4,'','2021-06-06'),(6619,8,8101,0,4,'','2021-06-06'),(6620,32,8556,0,1,'','2021-06-06'),(6621,40,7618,3,0,'','2021-04-28'),(6622,2,5821,0,12,'','2021-06-07'),(6623,45,6899,0,12,'','2021-06-07'),(6624,13,6136,0,2,'','2021-06-07'),(6625,8,8276,0,2,'','2021-06-06'),(6626,13,7040,0,1,'','2021-06-07'),(6627,21,5853,0,2,'','2021-06-08'),(6628,47,6560,0,7,'','2021-06-08'),(6629,47,7853,0,3,'','2021-06-08'),(6630,38,7078,0,2,'','2021-06-08'),(6631,45,6258,0,1,'','2021-06-09'),(6632,4,5251,0,12,'','2021-06-09'),(6633,15,8613,0,6,'','2021-06-09'),(6634,2,6720,0,12,'Номозга чиккан','2021-04-22'),(6635,2,7811,0,2,'Номозга чиккан','2021-03-03'),(6636,2,6499,0,6,'Ревизия пересорт Нарвон орехга утказилди','2021-06-11'),(6637,2,8784,2,0,'','2021-05-31'),(6638,2,7101,0,1,'','2021-06-11'),(6639,45,7980,0,6,'','2021-06-10'),(6640,41,8066,0,1,'','2021-06-12'),(6641,6,5654,0,2,'','2021-06-13'),(6642,6,7106,0,6,'','2021-06-13'),(6643,15,7248,0,1,'','2021-06-13'),(6644,6,6146,0,12,'','2021-06-13'),(6645,48,7547,0,1,'','2021-06-13'),(6646,13,7160,0,6,'','2021-06-14'),(6647,13,5262,0,1,'','2021-06-14'),(6648,13,5265,0,1,'','2021-06-14'),(6649,14,8384,0,6,'','2021-06-14'),(6650,15,7988,0,1,'','2021-06-15'),(6651,45,7452,0,1,'','2021-06-15'),(6652,45,6157,0,1,'','2021-06-15'),(6653,45,6475,0,2,'','2021-06-16'),(6654,14,7537,0,6,'','2021-06-17'),(6655,26,6647,0,12,'','2021-06-17'),(6656,38,7078,0,1,'','2021-06-17'),(6657,2,8691,0,6,'','2021-06-18'),(6658,42,8357,0,6,'','2021-06-18'),(6659,6,6979,0,6,'','2021-06-18'),(6660,6,6667,0,1,'','2021-06-18'),(6661,14,9055,0,1,'','2021-06-18'),(6662,14,7538,0,6,'','2021-06-18'),(6663,45,8160,0,1,'','2021-06-19'),(6664,45,6475,0,1,'','2021-06-19'),(6665,45,8574,0,2,'','2021-06-19'),(6666,45,8797,0,2,'','2021-06-19'),(6667,45,7531,0,6,'','2021-06-19'),(6668,45,7900,0,6,'','2021-06-19'),(6669,45,8317,0,2,'','2021-06-19'),(6670,45,6454,0,12,'','2021-06-19'),(6671,45,8587,0,2,'','2021-06-19'),(6672,14,6819,0,1,'','2021-06-19'),(6673,14,6820,0,6,'','2021-06-19'),(6674,40,7146,0,2,'','2021-06-20'),(6675,45,8122,0,2,'','2021-06-20'),(6676,5,8078,0,2,'','2021-06-20'),(6677,14,5153,0,6,'','2021-06-20'),(6678,2,7380,0,1,'','2021-06-20'),(6679,38,5993,0,10,'','2021-06-21'),(6680,38,8715,0,2,'','2021-06-21'),(6681,13,7404,0,2,'','2021-06-21'),(6682,38,7826,0,2,'','2021-06-21'),(6683,45,6076,0,6,'','2021-06-22'),(6684,45,7252,0,2,'','2021-06-22'),(6685,42,6847,0,1,'','2021-06-22'),(6686,4,8339,0,12,'','2021-06-23'),(6687,45,8586,0,1,'','2021-06-12'),(6688,45,9169,0,1,'','2021-06-22'),(6689,48,7548,0,1,'','2021-06-24'),(6690,48,7551,0,6,'','2021-06-24'),(6691,48,7552,0,1,'','2021-06-24'),(6692,48,7554,0,6,'','2021-06-24'),(6693,48,7572,0,6,'','2021-06-24'),(6694,48,7574,0,6,'','2021-06-24'),(6695,48,9027,0,6,'','2021-06-24'),(6696,48,9026,0,6,'','2021-06-24'),(6697,48,7599,0,6,'','2021-06-24'),(6698,48,7578,0,1,'','2021-06-24'),(6699,48,7577,0,1,'','2021-06-24'),(6700,48,7576,0,6,'','2021-06-24'),(6701,48,7603,0,2,'','2021-06-24'),(6703,48,7556,0,1,'','2021-06-24'),(6704,48,7602,0,1,'','2021-06-24'),(6705,48,9024,0,1,'','2021-06-24'),(6706,45,5417,0,1,'','2021-06-24'),(6707,45,6668,0,1,'','2021-06-24'),(6708,45,8727,0,6,'','2021-06-24'),(6709,48,7604,0,2,'','2021-06-26'),(6710,45,6741,0,6,'','2021-06-26'),(6711,45,6766,0,1,'','2021-06-26'),(6712,2,7381,0,2,'','2021-06-26'),(6713,14,5595,0,6,'','2021-06-26'),(6714,4,6378,0,12,'','2021-06-27'),(6715,45,6993,0,4,'','2021-06-27'),(6716,45,7372,0,2,'','2021-06-27'),(6717,45,7343,0,4,'','2021-06-27'),(6718,45,7093,0,1,'','2021-06-27'),(6719,45,5471,0,12,'','2021-06-27'),(6720,2,7380,0,11,'','2021-06-27'),(6721,6,6099,0,2,'','2021-06-28'),(6722,6,6078,0,2,'','2021-06-28'),(6723,6,5912,0,1,'','2021-06-28'),(6724,21,7923,0,6,'','2021-06-28'),(6725,8,8328,16,0,'','2021-05-17'),(6726,8,8329,1,0,'','2021-05-17'),(6727,40,6903,1,0,'','2021-05-17'),(6728,8,8326,24,0,'','2021-05-17'),(6729,8,8327,1,0,'','2021-05-17'),(6730,38,6750,12,0,'','2021-05-17'),(6731,38,7078,8,0,'','2021-05-17'),(6732,38,7273,12,0,'','2021-05-17'),(6733,38,6851,6,0,'','2021-05-18'),(6734,38,7347,1,0,'','2021-05-18'),(6735,38,7347,2,0,'','2021-05-18'),(6736,38,7348,12,0,'','2021-05-18'),(6737,38,6572,1,0,'','2021-05-18'),(6738,38,8296,8,0,'','2021-05-18'),(6739,38,8253,6,0,'','2021-05-18'),(6740,38,7748,2,0,'','2021-05-18'),(6741,21,7276,1,0,'','2021-06-18'),(6742,21,7277,6,0,'','2021-05-18'),(6743,14,7585,0,2,'','2021-06-29'),(6744,40,8464,0,2,'','2021-06-30'),(6745,47,6646,0,12,'','2021-06-30'),(6746,47,6447,0,12,'','2021-06-30'),(6747,45,7529,0,1,'','2021-07-01'),(6748,45,9343,0,2,'','2021-07-01'),(6749,45,7321,0,6,'','2021-07-01'),(6750,45,6337,0,2,'','2021-07-01'),(6751,45,6082,0,2,'','2021-07-01'),(6752,2,8483,0,3,'','2021-07-02'),(6753,35,5801,0,12,'','2021-07-02'),(6754,45,5466,0,1,'','2021-07-03'),(6755,36,6207,0,11,'','2021-07-05'),(6756,36,7132,0,12,'','2021-07-05'),(6757,45,7151,0,2,'','2021-07-06'),(6758,6,5340,0,2,'','2021-07-06'),(6759,2,5315,0,12,'','2021-07-06'),(6760,32,5866,0,12,'','2021-07-06'),(6761,20,5372,0,12,'','2021-07-06'),(6762,5,6231,0,12,'','2021-07-06'),(6763,38,5506,0,12,'','2021-07-07'),(6764,38,7185,0,1,'','2021-07-07'),(6765,5,8078,0,12,'','2021-07-08'),(6766,13,6873,0,1,'','2021-07-08'),(6767,10,6385,0,12,'','2021-07-09'),(6768,6,5593,0,12,'','2021-07-09'),(6769,6,6058,0,12,'','2021-07-09'),(6770,5,6642,0,12,'','2021-07-10'),(6771,45,8469,0,12,'','2021-07-10'),(6772,41,5857,0,1,'','2021-07-11'),(6773,41,6495,0,5,'','2021-07-11'),(6774,5,9011,0,6,'','2021-07-11'),(6775,6,9282,0,6,'','2021-07-11'),(6776,14,9056,0,6,'','2021-07-11'),(6777,10,9386,0,6,'','2021-07-11'),(6778,2,8016,0,2,'','2021-07-11'),(6779,40,9012,0,6,'','2021-07-11'),(6780,42,9227,0,6,'','2021-07-11'),(6781,41,7100,0,2,'','2021-07-11'),(6782,6,5337,0,12,'','2021-07-11'),(6783,6,6288,0,8,'','2021-07-11'),(6784,41,8079,0,6,'','2021-07-11'),(6785,45,7931,0,12,'Синий киритилган учирилди','2021-05-25'),(6786,6,9176,0,10,'','2021-07-12'),(6787,6,7885,0,4,'','2021-07-12'),(6788,8,6441,0,4,'','2021-07-12'),(6789,8,8698,0,2,'','2021-07-12'),(6790,8,8554,0,4,'','2021-07-12'),(6791,9,6407,0,12,'','2021-07-13'),(6793,9,8754,0,10,'','2021-07-13'),(6794,9,8811,0,6,'','2021-07-13'),(6795,9,9019,0,6,'','2021-07-13'),(6796,9,9020,0,6,'','2021-07-13'),(6797,9,8943,0,12,'','2021-07-13'),(6798,10,8136,0,12,'','2021-07-13'),(6799,6,9388,0,12,'','2021-07-13'),(6800,6,8938,0,2,'','2021-07-13'),(6801,6,6727,0,12,'','2021-07-13'),(6802,21,7276,0,1,'','2021-07-13'),(6803,21,7277,0,6,'','2021-07-13'),(6804,21,8312,0,1,'','2021-07-13'),(6805,21,8313,0,6,'','2021-07-13'),(6806,21,7035,0,2,'','2021-07-13'),(6807,10,9382,0,6,'','2021-07-14'),(6808,10,5975,0,12,'','2021-07-14'),(6809,8,7488,0,12,'','2021-07-14'),(6810,8,8101,0,1,'','2021-07-14'),(6811,4,6437,0,12,'','2021-07-14'),(6812,3,7148,0,12,'','2021-07-14'),(6813,3,7398,0,12,'','2021-07-14'),(6814,3,5956,0,12,'','2021-07-14'),(6815,21,7442,0,12,'','2021-07-14'),(6816,21,8465,0,12,'','2021-07-14'),(6817,21,6927,0,5,'','2021-07-14'),(6818,14,7197,0,6,'','2021-07-14'),(6819,6,8239,0,12,'','2021-07-14'),(6820,9,9251,0,2,'','2021-07-14'),(6821,45,5472,0,11,'','2021-07-14'),(6822,14,6026,0,6,'','2021-07-15'),(6823,3,8424,0,12,'','2021-07-15'),(6824,10,9385,0,6,'','2021-07-15'),(6825,10,9383,0,6,'','2021-07-15'),(6826,36,6207,0,1,'','2021-07-15'),(6827,21,6902,0,6,'','2021-07-15'),(6828,21,7979,0,2,'','2021-07-15'),(6829,21,6939,0,6,'','2021-07-15'),(6830,21,7790,0,1,'','2021-07-15'),(6831,38,8255,0,9,'','2021-07-15'),(6832,38,8577,0,3,'','2021-07-15'),(6833,15,8497,0,4,'','2021-07-15'),(6834,15,8678,0,2,'','2021-07-15'),(6835,15,7699,0,2,'','2021-07-15'),(6836,2,8761,0,2,'','2021-07-16'),(6837,3,8582,0,12,'','2021-07-16'),(6838,3,5762,0,12,'','2021-07-16'),(6839,3,6105,0,12,'','2021-07-16'),(6840,14,8673,0,5,'','2021-07-16'),(6841,14,5164,0,6,'','2021-07-16'),(6842,14,5166,0,6,'','2021-07-16'),(6843,14,5159,0,1,'','2021-07-16'),(6844,3,7122,0,1,'','2021-07-16'),(6845,40,8464,0,2,'','2021-07-17'),(6846,2,7228,0,2,'','2021-07-17'),(6847,2,5301,0,4,'','2021-07-17'),(6848,6,7568,0,12,'','2021-07-17'),(6849,45,9389,0,4,'','2021-07-18'),(6850,10,5868,0,1,'','2021-07-21'),(6851,10,5359,0,1,'','2021-07-22'),(6852,5,5219,0,12,'','2021-07-26'),(6853,48,7570,0,3,'','2021-07-27'),(6854,48,7571,0,18,'','2021-07-27'),(6855,40,9603,0,12,'','2021-07-27'),(6856,5,8279,0,6,'','2021-07-28'),(6857,45,9580,0,2,'','2021-07-29'),(6858,45,9575,0,2,'','2021-07-29'),(6859,45,6822,0,4,'','2021-07-31'),(6860,45,7093,0,10,'','2021-07-31'),(6861,45,8158,0,1,'','2021-07-18'),(6862,38,7078,0,1,'','2021-07-18'),(6863,38,9054,0,1,'','2021-07-18'),(6864,38,7913,0,8,'','2021-07-18'),(6865,21,7873,0,1,'','2021-07-24'),(6866,21,7872,0,12,'','2021-07-24'),(6867,17,7328,0,6,'','2021-07-24'),(6868,17,7746,0,4,'','2021-07-24'),(6869,17,8189,0,2,'','2021-07-24'),(6870,14,7375,0,1,'','2021-07-25'),(6871,45,8360,0,1,'','2021-07-25'),(6872,45,8915,0,2,'','2021-07-25'),(6873,45,6765,0,1,'','2021-07-25'),(6874,6,9074,0,2,'','2021-07-25'),(6875,32,9279,0,12,'','2021-07-25'),(6876,15,7373,0,1,'','2021-07-26'),(6877,6,8207,0,6,'','2021-07-26'),(6878,2,8539,0,2,'','2021-07-29'),(6879,45,5735,0,2,'','2021-07-29'),(6881,15,9257,0,6,'','2021-07-30'),(6882,42,8194,0,6,'','2021-07-30'),(6883,45,6075,0,2,'','2021-07-31'),(6885,2,9113,0,6,'','2021-07-31'),(6886,15,9217,0,6,'','2021-08-01'),(6887,10,9630,0,3,'','2021-08-01'),(6888,45,5737,0,2,'','2021-08-01'),(6889,6,7961,0,4,'','2021-08-01'),(6890,6,8208,0,2,'','2021-08-01'),(6891,38,7683,0,1,'','2021-08-01'),(6892,30,6586,0,1,'','2021-08-01'),(6893,6,8134,0,3,'','2021-08-02'),(6894,45,7529,0,2,'','2021-08-03'),(6895,2,9680,0,1,'','2021-08-04'),(6896,32,5483,0,12,'','2021-08-04'),(6897,32,5485,0,12,'','2021-08-04'),(6898,32,6722,0,1,'','2021-08-04'),(6899,32,8983,0,1,'','2021-08-04'),(6900,40,9576,0,1,'','2021-08-05'),(6901,42,8928,0,6,'','2021-08-05'),(6902,45,8686,0,6,'','2021-08-05'),(6903,13,8203,0,6,'','2021-08-06'),(6904,40,8966,0,6,'','2021-08-06'),(6905,8,8818,0,1,'','2021-08-06'),(6906,14,5160,0,6,'','2021-08-07'),(6907,45,6992,0,1,'','2021-08-07'),(6908,45,9016,0,6,'','2021-08-08'),(6909,38,7723,0,3,'','2021-08-08'),(6910,38,7747,0,2,'','2021-08-08'),(6911,15,9964,0,1,'','2021-08-08'),(6912,15,9965,0,1,'','2021-08-08'),(6913,45,8528,0,1,'','2021-08-10'),(6914,32,7791,0,12,'','2021-08-12'),(6915,15,5213,0,2,'','2021-08-12'),(6916,15,8771,0,6,'','2021-08-12'),(6917,15,7242,0,1,'','2021-08-12'),(6918,14,9998,0,6,'','2021-08-13'),(6919,45,8484,0,8,'','2021-08-13'),(6920,45,6500,0,4,'','2021-08-13'),(6921,45,6075,0,10,'','2021-08-14'),(6922,45,9985,0,2,'','2021-08-14'),(6923,45,6731,0,6,'','2021-08-15'),(6924,6,8089,0,2,'','2021-08-15'),(6925,8,8698,0,6,'','2021-08-15'),(6926,45,7265,0,2,'','2021-08-16'),(6927,42,8068,0,1,'','2021-08-16'),(6928,32,7597,0,10,'','2021-08-17'),(6929,42,6509,0,1,'','2021-08-17'),(6930,17,9728,0,1,'','2021-08-17'),(6931,45,10163,0,1,'','2021-08-17'),(6932,14,7753,0,1,'','2021-08-18'),(6933,8,5238,0,12,'','2021-08-19'),(6934,8,6879,0,12,'','2021-08-19'),(6935,40,8806,0,6,'','2021-08-19'),(6936,40,8268,0,2,'','2021-08-19'),(6937,15,7341,0,1,'','2021-08-19'),(6938,40,10192,0,1,'','2021-08-19'),(6939,40,9263,0,6,'','2021-08-19'),(6940,14,9341,0,4,'','2021-08-19'),(6941,32,6482,0,1,'','2021-08-19'),(6942,32,5480,0,1,'','2021-08-19'),(6943,32,7680,0,1,'','2021-08-19'),(6944,32,5914,0,1,'','2021-08-19'),(6945,32,8628,0,6,'','2021-08-19'),(6946,32,8629,0,6,'','2021-08-19'),(6947,32,8060,0,6,'','2021-08-19'),(6948,32,8349,0,10,'','2021-08-19'),(6949,32,9529,0,11,'','2021-08-19'),(6950,32,7597,0,2,'','2021-08-19'),(6951,32,6577,0,12,'','2021-08-19'),(6952,32,6446,0,2,'','2021-08-19'),(6953,32,8421,0,10,'','2021-08-19'),(6955,32,6496,0,12,'','2021-08-19'),(6956,32,7500,0,12,'','2021-08-19'),(6957,32,8420,0,12,'','2021-08-19'),(6958,32,7326,0,12,'','2021-08-19'),(6959,32,7794,0,12,'','2021-08-19'),(6960,32,7843,0,10,'','2021-08-19'),(6961,32,9293,0,11,'','2021-08-19'),(6962,42,7076,0,2,'','2021-08-19'),(6963,40,8096,0,6,'','2021-08-07'),(6964,5,9890,0,12,'','2021-08-03'),(6965,15,9856,0,1,'','2021-08-20'),(6966,45,7265,0,3,'','2021-08-20'),(6967,45,10037,0,1,'','2021-08-20'),(6968,13,9396,0,6,'','2021-08-20'),(6969,38,9879,0,1,'','2021-08-20'),(6970,42,8344,0,1,'','2021-08-21'),(6971,42,9294,0,1,'','2021-08-21'),(6972,42,9046,0,1,'','2021-08-21'),(6973,42,7034,0,1,'','2021-08-21'),(6974,6,9517,0,8,'','2021-07-14'),(6976,6,7454,0,6,'','2021-08-21'),(6977,6,6997,0,2,'','2021-08-21'),(6978,6,5336,0,6,'','2021-08-21'),(6979,40,10290,0,2,'','2021-08-22'),(6980,21,8277,0,2,'','2021-08-22'),(6981,21,8278,0,12,'','2021-08-22'),(6982,42,6724,0,6,'','2021-08-22'),(6983,15,9766,0,1,'','2021-08-22'),(6984,14,8269,0,2,'','2021-08-23'),(6985,13,9875,0,6,'','2021-08-23'),(6986,21,6930,0,1,'','2021-08-24'),(6987,21,7873,0,11,'','2021-08-24'),(6988,45,6254,0,2,'','2021-08-24'),(6989,42,6150,0,2,'','2021-08-24'),(6990,27,8500,0,1,'','2021-08-24'),(6991,27,8650,0,2,'','2021-08-24'),(6992,27,8501,0,18,'','2021-08-24'),(6993,27,8651,0,6,'','2021-08-24'),(6994,6,5354,0,1,'','2021-08-24'),(6995,13,9165,0,1,'','2021-08-24'),(6996,38,9350,0,12,'','2021-08-25'),(6997,38,9351,0,1,'','2021-08-25'),(6998,21,8625,0,2,'','2021-08-25'),(6999,21,8779,0,6,'','2021-08-25'),(7000,21,6934,0,6,'','2021-08-25'),(7001,21,5376,0,6,'','2021-08-25'),(7002,45,10231,0,6,'','2021-08-25'),(7003,45,5399,0,1,'','2021-08-27'),(7004,15,7955,0,2,'','2021-08-27'),(7005,15,10226,0,1,'','2021-08-28'),(7006,40,10368,0,1,'','2021-08-28'),(7007,45,9893,0,12,'','2021-08-29'),(7008,40,9597,0,2,'','2021-08-29'),(7009,8,10249,0,2,'','2021-08-30'),(7010,45,9129,0,12,'','2021-08-31'),(7011,48,7668,0,12,'','2021-09-01'),(7012,6,5695,0,6,'','2021-09-01'),(7013,6,5919,0,2,'','2021-09-01'),(7014,40,8927,0,2,'','2021-09-01'),(7015,40,8807,0,1,'','2021-09-01'),(7016,40,9597,0,4,'','2021-09-03'),(7017,40,8132,0,2,'','2021-09-03'),(7018,40,7736,0,1,'','2021-09-03'),(7019,40,7083,0,1,'','2021-09-03'),(7020,45,6730,0,1,'','2021-09-03'),(7021,45,9060,0,6,'','2021-09-03'),(7022,15,9527,0,2,'','2021-09-03'),(7023,2,8474,0,2,'','2021-09-03'),(7024,14,10300,0,2,'','2021-09-03'),(7025,38,10311,0,6,'','2021-09-03'),(7026,38,6956,0,2,'','2021-09-03'),(7027,38,8558,0,7,'','2021-09-03'),(7028,15,9143,0,1,'','2021-09-04'),(7029,2,9704,0,6,'','2021-09-04'),(7030,45,7866,0,6,'','2021-09-06'),(7031,45,9389,0,8,'','2021-09-06'),(7032,45,10112,0,4,'','2021-09-06'),(7033,45,9268,0,1,'','2021-09-06'),(7034,45,5399,0,1,'','2021-09-06'),(7035,45,7069,0,1,'','2021-09-06'),(7036,15,10587,0,6,'','2021-09-06'),(7037,49,10003,0,6,'','2021-09-07'),(7038,41,9752,0,1,'','2021-09-07'),(7039,41,10059,0,1,'','2021-09-07'),(7040,41,9457,0,6,'','2021-09-07'),(7041,14,8531,0,6,'','2021-09-07'),(7042,6,8938,0,1,'','2021-09-07'),(7043,6,8939,0,12,'','2021-09-07'),(7044,45,7037,0,6,'','2021-09-09'),(7045,15,9882,0,6,'','2021-09-12'),(7046,2,8692,0,2,'','2021-09-12'),(7047,42,8071,0,1,'','2021-09-12'),(7048,42,7098,0,1,'','2021-09-12'),(7049,13,8082,0,6,'','2021-09-14'),(7050,13,10046,0,12,'','2021-09-14'),(7051,5,8009,0,12,'','2021-09-14'),(7052,9,7441,0,12,'','2021-09-14'),(7053,40,7353,0,12,'','2021-09-14'),(7054,21,10429,0,4,'','2021-09-14'),(7055,14,8781,0,6,'','2021-09-15'),(7056,10,9040,0,12,'','2021-09-15'),(7057,6,8403,0,2,'','2021-09-15'),(7058,6,9956,0,10,'','2021-09-15'),(7059,40,8275,0,4,'','2021-09-15'),(7060,5,10510,0,12,'','2021-09-16'),(7061,45,10491,0,12,'','2021-09-16'),(7062,2,8692,0,2,'','2021-09-16'),(7063,6,8695,0,6,'','2021-09-16'),(7064,45,10578,0,1,'','2021-09-16'),(7065,45,10260,0,2,'','2021-09-16'),(7066,14,6729,0,6,'','2021-09-18'),(7067,14,7103,0,4,'','2021-09-18'),(7068,14,5154,0,1,'','2021-09-18'),(7069,48,7669,0,2,'','2021-09-18'),(7070,45,7559,0,4,'','2021-09-18'),(7071,45,8098,0,2,'','2021-09-18'),(7072,40,7734,0,1,'','2021-09-18'),(7073,4,10428,0,6,'','2021-09-18'),(7074,45,7063,0,6,'','2021-09-20'),(7075,45,7343,0,2,'','2021-09-20'),(7076,45,7716,0,2,'','2021-09-20'),(7077,2,8682,0,2,'','2021-09-21'),(7078,6,6333,0,2,'','2021-09-21'),(7079,14,7690,0,2,'','2021-09-22'),(7080,2,10729,0,6,'','2021-09-22'),(7081,40,6996,0,2,'','2021-09-22'),(7082,45,10432,0,6,'','2021-09-22'),(7083,45,7529,0,1,'','2021-09-22'),(7084,35,7002,0,12,'','2021-09-22'),(7085,35,5502,0,11,'','2021-09-22'),(7086,35,8086,0,1,'','2021-09-22'),(7087,13,7785,0,2,'','2021-09-23'),(7088,51,10187,0,1,'','2021-09-23'),(7089,33,6769,0,1,'','2021-09-24'),(7090,33,7909,0,1,'','2021-09-24'),(7091,33,6888,0,2,'','2021-09-24'),(7092,33,8187,0,1,'','2021-09-24'),(7093,33,8429,0,1,'','2021-09-24'),(7094,33,9030,0,1,'','2021-09-24'),(7095,33,7232,0,6,'','2021-09-24'),(7096,33,7709,0,1,'','2021-09-24'),(7097,33,8118,0,2,'','2021-09-24'),(7098,33,7971,0,6,'','2021-09-24'),(7099,33,7777,0,6,'','2021-09-24'),(7100,33,6770,0,6,'','2021-09-24'),(7101,33,9029,0,6,'','2021-09-24'),(7102,33,7564,0,6,'','2021-09-24'),(7103,33,7486,0,3,'','2021-09-24'),(7104,33,7778,0,6,'','2021-09-24'),(7105,33,7798,0,6,'','2021-09-24'),(7106,33,6685,0,3,'','2021-09-24'),(7107,33,6686,0,18,'','2021-09-24'),(7108,33,7799,0,6,'','2021-09-24'),(7109,33,7804,0,6,'','2021-09-24'),(7110,33,8186,0,1,'','2021-09-24'),(7111,33,8597,0,1,'','2021-09-24'),(7112,33,8960,0,1,'','2021-09-24'),(7113,45,7716,0,2,'','2021-09-24'),(7114,14,10562,0,2,'','2021-09-24'),(7115,14,10811,0,2,'','2021-09-24'),(7116,14,10135,0,2,'','2021-09-24'),(7117,6,8780,0,1,'','2021-09-24'),(7118,6,6556,0,5,'','2021-09-24'),(7119,21,6927,0,1,'','2021-09-24'),(7120,21,10134,0,3,'','2021-09-24'),(7121,40,6996,0,2,'','2021-09-24'),(7122,13,10987,0,4,'','2021-09-24'),(7123,13,7473,0,2,'','2021-09-24'),(7124,13,10961,0,2,'','2021-09-24'),(7126,13,8262,0,3,'','2021-09-24'),(7127,13,9396,0,2,'','2021-09-24'),(7128,13,8261,0,2,'','2021-09-24'),(7129,13,7787,0,2,'','2021-09-24'),(7130,13,8969,0,5,'','2021-09-24'),(7131,40,8834,0,2,'','2021-09-25'),(7132,38,7405,0,4,'','2021-09-25'),(7133,14,9341,0,2,'','2021-09-25'),(7134,2,8923,0,6,'','2021-09-25'),(7135,2,8692,0,2,'','2021-09-25'),(7136,45,7358,0,6,'','2021-09-25'),(7137,15,7525,0,4,'','2021-09-26'),(7138,45,5735,0,3,'','2021-09-27'),(7139,45,9099,0,1,'','2021-09-27'),(7140,13,9443,0,4,'','2021-09-27'),(7141,13,9453,0,16,'','2021-09-27'),(7142,13,10989,0,6,'','2021-09-27'),(7143,13,9781,0,1,'','2021-09-27'),(7144,14,8197,0,1,'','2021-09-28'),(7145,15,8948,0,6,'','2021-09-28'),(7146,14,5157,0,1,'','2021-09-28'),(7147,40,9602,0,12,'','2021-09-28'),(7148,30,6233,0,1,'','2021-09-28'),(7149,30,6776,0,6,'','2021-09-28'),(7150,30,7410,0,6,'','2021-09-28'),(7151,2,10999,0,8,'','2021-09-24'),(7152,2,10731,0,8,'','2021-09-24'),(7153,45,10038,0,2,'','2021-09-29'),(7154,45,7252,0,4,'','2021-09-29'),(7155,14,8525,0,6,'','2021-09-29'),(7156,13,8644,0,6,'','2021-09-29'),(7157,13,10986,0,4,'','2021-09-29'),(7158,15,11022,0,1,'','2021-09-30'),(7159,15,11023,0,1,'','2021-09-30'),(7160,15,11024,0,1,'','2021-09-30'),(7161,15,11025,0,1,'','2021-09-30'),(7162,8,8486,0,12,'','2021-09-30'),(7163,40,10265,0,6,'','2021-09-30'),(7164,45,6500,0,2,'','2021-09-30'),(7165,14,9820,0,1,'','2021-09-30'),(7166,14,8269,0,1,'','2021-09-30'),(7167,38,8558,0,2,'','2021-09-30'),(7168,38,7611,0,6,'','2021-09-30'),(7169,38,10153,0,2,'','2021-09-30'),(7170,38,9876,0,6,'','2021-09-30'),(7171,2,7784,0,2,'','2021-10-01'),(7172,51,10189,0,6,'','2021-10-02'),(7173,41,6643,0,6,'','2021-10-02'),(7174,41,7460,0,2,'','2021-10-02'),(7175,15,7425,0,6,'','2021-10-02'),(7176,38,11120,0,1,'','2021-10-03'),(7177,2,10663,0,4,'','2021-10-03'),(7178,2,10838,0,2,'','2021-10-03'),(7179,45,7750,0,6,'','2021-10-03'),(7180,13,11048,0,6,'','2021-10-03'),(7181,45,8111,0,6,'','2021-10-04'),(7182,17,9715,0,1,'','2021-10-05'),(7183,17,10374,0,8,'','2021-10-05'),(7184,51,10188,0,2,'','2021-10-05'),(7185,14,8269,0,1,'','2021-10-06'),(7186,33,11278,0,1,'','2021-10-06'),(7187,6,6333,0,4,'','2021-10-09'),(7188,6,10974,0,2,'','2021-10-09'),(7189,15,5188,0,1,'','2021-10-09'),(7190,6,5912,0,4,'','2021-10-10'),(7191,45,6280,0,1,'','2021-10-10'),(7192,40,10951,0,2,'','2021-10-11'),(7193,17,10183,0,4,'','2021-10-11'),(7194,2,11324,0,6,'','2021-10-12'),(7195,45,8743,0,1,'','2021-10-12'),(7196,40,8140,0,6,'','2021-10-13'),(7197,13,8263,0,2,'','2021-10-13'),(7198,40,9597,0,6,'','2021-10-14'),(7199,6,5325,0,1,'','2021-10-15'),(7200,15,7527,0,1,'','2021-10-16'),(7201,15,7541,0,1,'','2021-10-16'),(7202,15,6824,0,2,'','2021-10-16'),(7203,45,10578,0,1,'','2021-10-17'),(7204,45,10037,0,2,'','2021-10-17'),(7205,15,7926,0,1,'','2021-10-17'),(7206,45,6308,0,12,'','2021-10-17'),(7207,45,8454,0,1,'','2021-10-17'),(7208,42,9431,0,1,'','2021-10-18'),(7209,13,8657,0,2,'','2021-10-15'),(7210,40,7031,0,2,'','2021-10-15'),(7211,45,8097,0,5,'','2021-10-18'),(7212,45,5897,0,1,'','2021-10-18'),(7213,4,6377,0,12,'','2021-10-19'),(7214,4,11414,0,4,'','2021-10-19'),(7215,4,5759,0,2,'','2021-10-19'),(7216,13,6449,0,1,'','2021-10-19'),(7217,13,8165,0,1,'','2021-10-19'),(7218,6,10646,0,12,'','2021-10-20'),(7219,40,7734,0,1,'','2021-10-20'),(7220,2,5293,0,1,'','2021-10-20'),(7221,15,8480,0,12,'','2021-10-21'),(7222,8,7845,0,11,'','2021-10-22'),(7223,2,10512,0,12,'','2021-10-23'),(7224,45,7899,0,4,'','2021-10-23'),(7225,6,8694,0,6,'','2021-10-23'),(7226,6,8659,0,6,'','2021-10-23'),(7227,21,10458,0,2,'','2021-10-24'),(7228,13,8847,0,2,'','2021-10-25'),(7229,13,7787,0,4,'','2021-10-25'),(7230,42,10181,0,1,'','2021-10-27'),(7231,42,11641,0,4,'','2021-10-27'),(7232,15,6825,0,1,'','2021-10-27'),(7233,40,9873,0,12,'','2021-10-28'),(7234,2,8539,0,2,'','2021-10-28'),(7235,8,10790,0,12,'','2021-10-28'),(7236,45,6627,0,1,'','2021-10-28'),(7237,40,11436,0,12,'','2021-10-30'),(7238,40,10812,0,2,'','2021-10-30'),(7239,2,11576,0,6,'','2021-10-30'),(7240,45,5829,0,8,'','2021-10-31'),(7241,41,5533,0,1,'','2021-10-31'),(7242,41,5535,0,6,'','2021-10-31'),(7243,41,5536,0,4,'','2021-10-31'),(7244,41,10257,0,2,'','2021-10-31'),(7245,41,5874,0,1,'','2021-10-31'),(7246,41,6877,0,1,'','2021-10-31'),(7247,41,9750,0,1,'','2021-10-31'),(7248,41,9751,0,1,'','2021-10-31'),(7249,41,6209,0,1,'','2021-10-31'),(7250,41,10948,0,1,'','2021-10-31'),(7251,41,11308,0,1,'','2021-10-31'),(7252,41,5997,0,1,'','2021-10-31'),(7253,41,7099,0,1,'','2021-10-31'),(7254,41,9458,0,6,'','2021-10-31'),(7255,41,10244,0,6,'','2021-10-31'),(7256,41,10245,0,4,'','2021-10-31'),(7257,41,7491,0,6,'','2021-10-31'),(7258,41,8777,0,6,'','2021-10-31'),(7259,41,7492,0,4,'','2021-10-31'),(7260,41,10058,0,1,'','2021-10-31'),(7261,41,8348,0,1,'','2021-10-31'),(7262,41,6645,0,1,'','2021-10-31'),(7263,41,10246,0,6,'','2021-10-31'),(7264,41,11714,0,12,'','2021-10-31'),(7265,41,10884,0,1,'','2021-10-31'),(7266,41,7100,2,0,'','2021-06-06'),(7267,41,11016,4,0,'','2021-10-04'),(7268,41,7844,1,0,'','2021-06-06'),(7269,41,8065,1,0,'','2021-10-18'),(7270,41,8443,1,0,'','2021-09-22'),(7271,41,10245,2,0,'','2021-10-04'),(7272,41,10883,12,0,'','2021-10-14'),(7273,41,11698,1,0,'','2021-10-24'),(7274,15,10468,0,12,'','2021-11-01'),(7275,15,8300,0,2,'','2021-11-01'),(7276,13,7942,0,4,'','2021-11-03'),(7277,13,7943,0,18,'','2021-11-03'),(7278,38,11521,0,12,'','2021-11-03'),(7279,45,8470,0,1,'','2021-11-02'),(7280,15,9996,0,6,'','2021-11-02'),(7281,38,7724,0,2,'','2021-11-03'),(7282,38,8266,0,1,'','2021-11-03'),(7283,38,7826,0,7,'','2021-11-03'),(7284,38,11490,0,2,'','2021-11-03'),(7285,13,10988,0,6,'','2021-11-03'),(7286,13,11211,0,2,'','2021-11-04'),(7288,13,10313,0,7,'','2021-11-04'),(7289,13,8261,0,4,'','2021-11-04'),(7290,13,8968,0,4,'','2021-11-04'),(7291,14,11838,0,8,'','2021-11-05'),(7292,45,8610,0,4,'','2021-11-05'),(7293,53,11159,0,1,'','2021-11-06'),(7294,53,11160,0,6,'','2021-11-06'),(7295,36,5505,0,1,'','2021-11-06'),(7296,45,8222,0,12,'','2021-11-07'),(7297,45,8223,0,12,'','2021-11-07'),(7298,5,8422,0,2,'','2021-11-07'),(7299,6,9894,0,1,'','2021-11-07'),(7300,17,11425,0,2,'','2021-11-07'),(7301,15,11820,0,1,'','2021-11-07'),(7302,15,8874,0,2,'','2021-11-08'),(7303,45,6913,0,2,'','2021-11-08'),(7304,2,10435,0,4,'','2021-11-08'),(7305,2,8762,0,2,'','2021-11-08'),(7306,45,6782,0,12,'','2021-11-09'),(7307,53,11495,0,1,'','2021-11-09'),(7308,53,11496,0,1,'','2021-11-09'),(7309,53,11160,0,2,'','2021-11-09'),(7310,53,11158,0,6,'','2021-11-09'),(7311,6,11957,0,4,'','2021-11-09'),(7312,45,7532,0,1,'','2021-11-09'),(7313,45,11079,0,6,'','2021-11-09'),(7314,45,11744,0,1,'','2021-11-09'),(7315,5,8600,0,12,'','2021-11-11'),(7316,45,5424,0,12,'','2021-11-11'),(7317,2,8200,0,2,'','2021-11-11'),(7318,15,10701,0,6,'','2021-11-12'),(7319,15,8448,0,1,'','2021-11-12'),(7320,45,5891,0,1,'','2021-11-12'),(7321,45,9061,0,1,'','2021-11-13'),(7322,6,11644,0,6,'','2021-11-13'),(7323,40,12031,0,1,'','2021-11-13'),(7324,40,12102,0,4,'','2021-11-15'),(7325,10,9618,0,2,'','2021-11-16'),(7326,15,7523,0,2,'','2021-11-16'),(7327,45,8409,0,2,'','2021-11-16'),(7328,45,8361,0,1,'','2021-11-16'),(7329,45,10565,0,1,'','2021-11-16'),(7330,45,10550,0,2,'','2021-11-16'),(7331,45,9568,0,2,'','2021-11-16'),(7332,45,5459,0,3,'','2021-11-16'),(7333,6,11183,0,2,'','2021-11-17'),(7334,2,9573,0,2,'','2021-11-18'),(7335,5,12223,0,6,'','2021-11-18'),(7336,45,11574,0,6,'','2021-11-18'),(7337,3,10921,0,1,'пересорт','2021-11-19'),(7338,5,10238,0,12,'','2021-11-20'),(7339,45,8122,0,6,'','2021-11-21'),(7340,42,8087,0,6,'','2021-11-21'),(7341,40,12384,0,6,'','2021-11-22'),(7342,5,8422,0,2,'','2021-11-22'),(7343,40,9432,0,1,'','2021-11-22'),(7344,17,8271,0,6,'','2021-11-22'),(7346,13,9365,0,6,'','2021-11-22'),(7347,42,11704,0,6,'','2021-11-23'),(7348,8,10849,0,1,'','2021-11-23'),(7349,2,12043,0,6,'','2021-11-23'),(7350,45,7751,0,6,'','2021-11-23'),(7351,13,10485,0,31,'','2021-11-23'),(7352,45,9831,0,1,'','2021-11-24'),(7353,45,9277,0,6,'','2021-11-24'),(7354,40,9387,0,2,'','2021-11-25'),(7355,45,7370,0,1,'','2021-11-25'),(7356,45,10293,0,6,'','2021-11-26'),(7357,45,12094,0,6,'','2021-11-26'),(7358,45,8527,0,6,'','2021-11-26'),(7359,45,11447,0,1,'','2021-11-26'),(7360,45,8074,0,1,'','2021-11-26'),(7361,45,7451,0,1,'','2021-11-26'),(7362,45,12272,0,1,'','2021-11-26'),(7363,45,9292,0,1,'','2021-11-26'),(7364,15,12467,0,1,'','2021-11-26'),(7365,45,5829,0,24,'','2021-11-27'),(7366,45,9933,0,6,'','2021-11-27'),(7367,45,6621,0,4,'','2021-11-26'),(7368,45,7294,0,8,'','2021-11-26'),(7369,45,5854,0,12,'','2021-11-26'),(7370,45,8571,0,6,'','2021-11-26'),(7371,45,6165,0,4,'','2021-11-26'),(7372,45,8221,0,4,'','2021-11-26'),(7373,45,9069,0,2,'','2021-11-27'),(7374,45,8574,0,10,'','2021-11-27'),(7375,45,8850,0,1,'','2021-11-27'),(7376,45,8851,0,1,'','2021-11-27'),(7377,45,7728,0,6,'','2021-11-27'),(7378,40,8693,0,1,'','2021-11-27'),(7379,6,8043,0,1,'','2021-11-27'),(7380,15,8732,0,6,'','2021-11-27'),(7381,45,5455,0,12,'','2021-11-27'),(7382,45,5838,0,3,'','2021-11-27'),(7383,45,8364,0,1,'','2021-11-27'),(7384,45,6549,0,1,'','2021-11-27'),(7385,45,7369,0,1,'','2021-11-27'),(7386,45,8409,0,4,'','2021-11-27'),(7387,45,8765,0,6,'','2021-11-27'),(7388,45,8949,0,6,'','2021-11-27'),(7389,45,9806,0,1,'','2021-11-27'),(7390,45,8038,0,6,'','2021-11-27'),(7391,45,7223,0,1,'','2021-11-27'),(7392,45,8471,0,1,'','2021-11-27'),(7393,45,8026,0,1,'','2021-11-27'),(7394,45,9059,0,1,'','2021-11-27'),(7395,45,9063,0,12,'','2021-11-27'),(7396,45,7530,0,6,'','2021-11-27'),(7397,45,9452,0,6,'','2021-11-27'),(7398,45,9096,0,1,'','2021-11-27'),(7399,45,10551,0,2,'','2021-11-27'),(7400,15,8861,0,1,'','2021-11-27'),(7401,45,6459,0,1,'','2021-11-27'),(7402,45,8238,0,12,'','2021-11-28'),(7403,45,10564,0,10,'','2021-11-28'),(7404,45,10323,0,6,'','2021-11-28'),(7405,45,5814,0,1,'','2021-11-28'),(7406,45,5409,0,1,'','2021-11-28'),(7407,45,6502,0,1,'','2021-11-28'),(7408,45,11734,0,6,'','2021-11-28'),(7409,45,9914,0,6,'','2021-11-28'),(7410,45,9776,0,1,'','2021-11-28'),(7411,45,9345,0,1,'','2021-11-28'),(7412,45,9568,0,2,'','2021-11-28'),(7413,45,12576,0,3,'','2021-11-28'),(7414,45,6549,0,1,'','2021-11-28'),(7415,15,12263,0,1,'','2021-11-28'),(7416,15,8522,0,6,'','2021-11-28'),(7417,15,10767,0,6,'','2021-11-28'),(7418,45,6549,0,1,'','2021-11-28'),(7419,45,7706,0,1,'','2021-11-28'),(7420,45,8610,0,12,'','2021-11-29'),(7421,45,7371,0,12,'','2021-11-29'),(7422,45,10551,0,4,'','2021-11-29'),(7423,45,10461,0,1,'','2021-11-29'),(7424,45,9520,0,12,'','2021-11-29'),(7425,45,5408,0,1,'','2021-11-30'),(7426,45,6156,0,1,'','2021-11-30'),(7427,45,7951,0,1,'','2021-11-30'),(7428,45,8471,0,1,'','2021-11-30'),(7429,45,7950,0,6,'','2021-11-30'),(7430,45,11735,0,6,'','2021-11-30'),(7431,45,7152,0,12,'','2021-11-30'),(7432,45,10997,0,3,'','2021-11-30'),(7433,45,8852,0,1,'','2021-11-30'),(7434,45,8958,0,1,'','2021-11-30'),(7435,45,10671,0,1,'','2021-11-30'),(7436,45,9125,0,1,'','2021-11-30'),(7437,45,10667,0,1,'','2021-11-30'),(7438,45,9093,0,11,'','2021-11-30'),(7439,45,9832,0,1,'','2021-11-30'),(7440,45,6258,0,9,'','2021-11-30'),(7441,45,6549,0,1,'','2021-11-30'),(7442,40,12538,0,14,'','2021-12-01'),(7443,45,5453,0,2,'','2021-12-01'),(7444,45,5430,0,1,'','2021-12-01'),(7445,45,9062,0,2,'','2021-12-01'),(7446,45,9060,0,6,'','2021-12-01'),(7447,45,9083,0,6,'','2021-12-01'),(7448,45,5416,0,1,'','2021-12-01'),(7449,45,10669,0,1,'','2021-12-01'),(7450,45,10842,0,1,'','2021-12-01'),(7451,45,10667,0,2,'','2021-12-01'),(7452,40,11487,0,6,'','2021-12-01'),(7453,45,6549,0,1,'','2021-12-02'),(7454,45,8161,0,12,'','2021-12-02'),(7455,45,5464,0,1,'','2021-12-02'),(7456,45,5819,0,1,'','2021-12-02'),(7457,49,8799,0,1,'','2021-12-03'),(7458,38,11674,0,6,'','2021-12-03'),(7459,45,6549,0,1,'','2021-12-03'),(7460,2,12614,0,6,'','2021-12-04'),(7461,14,12698,0,1,'','2021-12-04'),(7462,54,12660,0,1,'','2021-12-04'),(7463,21,12418,0,6,'','2021-12-05'),(7464,45,5405,0,1,'','2021-12-06'),(7465,45,9128,0,4,'','2021-12-06'),(7466,15,10086,0,1,'','2021-12-06'),(7467,13,8892,0,2,'','2021-12-07'),(7468,13,7925,0,2,'','2021-12-07'),(7469,13,7039,0,3,'','2021-12-07'),(7470,2,12041,0,2,'','2021-12-07'),(7471,42,9148,0,6,'','2021-12-07'),(7472,40,11920,0,2,'','2021-12-08'),(7473,17,11193,0,6,'','2021-12-08'),(7474,42,8701,0,2,'','2021-12-09'),(7475,42,11225,0,2,'','2021-12-09'),(7476,42,9296,0,6,'','2021-12-09'),(7477,6,12629,0,12,'','2021-12-10'),(7478,13,12075,0,6,'','2021-12-10'),(7479,15,12666,0,2,'','2021-12-11'),(7480,21,12791,0,12,'','2021-12-12'),(7481,49,7642,0,6,'','2021-12-12'),(7482,5,11083,0,6,'','2021-12-14'),(7483,2,9032,0,6,'','2021-12-14'),(7484,42,12690,0,6,'','2021-12-14'),(7485,15,7245,0,6,'','2021-12-14'),(7486,2,8987,0,2,'','2021-12-14'),(7487,8,7679,0,4,'','2021-12-16'),(7488,13,8674,0,6,'','2021-12-17'),(7489,42,8353,0,1,'','2021-12-19'),(7490,42,8345,0,1,'','2021-12-20'),(7491,40,8444,0,1,'','2021-12-21'),(7492,21,11938,0,1,'','2021-12-21'),(7493,38,7347,0,1,'','2021-12-07'),(7494,38,7624,0,1,'','2021-12-07'),(7495,38,7348,0,10,'','2021-12-07'),(7496,38,7390,0,2,'','2021-12-07'),(7497,6,12470,0,12,'','2021-12-23'),(7498,14,8269,0,2,'','2021-12-23'),(7499,5,11387,0,12,'2 маротаба езилган','2021-12-24'),(7501,15,13258,0,1,'','2021-12-24'),(7502,21,11174,0,1,'','2021-12-24'),(7503,40,12947,0,1,'','2021-12-24'),(7504,2,12285,0,2,'','2021-12-24'),(7505,13,6553,0,12,'','2021-12-24'),(7506,3,12899,0,4,'','2021-12-22'),(7507,40,12747,0,2,'','2021-12-11'),(7508,42,9047,0,6,'','2021-12-26'),(7509,6,12471,0,6,'','2021-12-26'),(7510,14,13066,0,1,'','2021-12-26'),(7511,2,11856,0,4,'','2021-12-26'),(7512,6,11939,0,2,'','2021-12-11'),(7513,54,12726,0,1,'','2021-12-27'),(7514,6,9003,0,1,'','2021-12-27'),(7515,4,7596,0,1,'','2021-12-27'),(7516,2,9782,0,1,'','2021-12-27'),(7517,8,6516,0,2,'','2021-12-27'),(7518,8,10279,0,12,'','2021-12-27'),(7519,2,8474,0,2,'','2021-12-28'),(7520,15,13198,0,1,'','2021-12-28'),(7521,6,5330,0,1,'','2021-12-28'),(7522,21,10327,0,1,'','2021-12-28'),(7523,2,5295,0,1,'','2021-12-28'),(7524,8,9390,0,10,'','2021-12-29'),(7525,8,11146,0,12,'','2021-12-29'),(7526,8,8302,0,8,'','2021-12-29'),(7527,8,8338,0,6,'','2021-12-29'),(7528,2,7939,0,1,'','2021-12-11'),(7529,8,9476,0,12,'','2021-12-29'),(7530,8,5248,0,11,'','2021-12-29'),(7531,8,7679,0,8,'','2021-12-29'),(7532,8,10791,0,4,'','2021-12-29'),(7533,8,7845,0,1,'','2021-12-29'),(7534,8,7634,0,1,'','2021-12-29'),(7535,8,13241,0,12,'','2021-12-29'),(7536,8,10256,0,1,'','2021-12-29'),(7537,8,10247,0,2,'','2021-12-29'),(7538,8,8410,0,3,'','2021-12-29'),(7539,8,12995,0,12,'','2021-12-29'),(7540,8,8698,0,2,'','2021-12-30'),(7541,8,10247,0,8,'','2021-12-30'),(7542,6,12950,0,1,'','2021-12-30'),(7543,8,10248,0,1,'','2021-12-30'),(7544,8,10215,0,1,'','2021-12-30'),(7545,42,11188,0,1,'','2021-12-30');

--
-- Table structure for table `pokupka_pol_gotoviy`
--

CREATE TABLE `pokupka_pol_gotoviy` (
  `id` int(10) unsigned NOT NULL AUTO_INCREMENT,
  `delivery_pol_gotoviy_id` int(10) unsigned NOT NULL,
  `pol_gotoviy_id` int(10) unsigned NOT NULL,
  `amount` int(5) NOT NULL,
  `date` date DEFAULT NULL,
  PRIMARY KEY (`id`),
  KEY `fk_pokupka_pol_gotoviy_pol_gotoviy1_idx` (`pol_gotoviy_id`),
  KEY `fk_pokupka_pol_gotoviy_delivery_pol_gotoviy1_idx` (`delivery_pol_gotoviy_id`),
  CONSTRAINT `fk_pokupka_pol_gotoviy_delivery_pol_gotoviy1` FOREIGN KEY (`delivery_pol_gotoviy_id`) REFERENCES `delivery_pol_gotoviy` (`id`) ON DELETE NO ACTION ON UPDATE NO ACTION,
  CONSTRAINT `fk_pokupka_pol_gotoviy_pol_gotoviy1` FOREIGN KEY (`pol_gotoviy_id`) REFERENCES `pol_gotoviy` (`id`) ON DELETE NO ACTION ON UPDATE NO ACTION
) ENGINE=InnoDB AUTO_INCREMENT=2072 DEFAULT CHARSET=utf8;

--
-- Dumping data for table `pokupka_pol_gotoviy`
--

INSERT INTO `pokupka_pol_gotoviy` VALUES (913,47,218,5,'2021-01-01'),(914,47,222,2,'2021-01-01'),(915,47,237,3,'2021-01-01'),(916,47,240,3,'2021-01-01'),(917,47,327,9,'2021-01-01'),(918,47,241,8,'2021-01-01'),(919,47,243,78,'2021-01-01'),(920,47,244,50,'2021-01-01'),(921,47,245,33,'2021-01-01'),(922,47,259,70,'2021-01-01'),(923,47,264,10,'2021-01-01'),(924,47,260,13,'2021-01-01'),(925,47,261,33,'2021-01-01'),(926,47,265,1,'2021-01-01'),(927,47,268,26,'2021-01-01'),(928,47,270,35,'2021-01-01'),(929,47,272,23,'2021-01-01'),(930,47,275,32,'2021-01-01'),(931,47,277,1,'2021-01-01'),(932,47,278,1,'2021-01-01'),(933,47,273,19,'2021-01-01'),(934,47,257,11,'2021-01-01'),(935,47,280,21,'2021-01-01'),(936,47,281,362,'2021-01-01'),(937,47,282,38,'2021-01-01'),(938,47,286,86,'2021-01-01'),(939,47,291,121,'2021-01-01'),(940,47,292,12,'2021-01-01'),(941,47,293,5,'2021-01-01'),(942,47,295,12,'2021-01-01'),(943,47,321,12,'2021-01-01'),(944,47,299,197,'2021-01-01'),(945,47,298,54,'2021-01-01'),(946,47,303,10,'2021-01-01'),(947,47,302,102,'2021-01-01'),(948,47,305,63,'2021-01-01'),(949,47,306,53,'2021-01-01'),(950,47,307,273,'2021-01-01'),(951,47,308,49,'2021-01-01'),(952,47,309,257,'2021-01-01'),(953,47,310,192,'2021-01-01'),(954,47,311,290,'2021-01-01'),(955,47,312,64,'2021-01-01'),(956,47,313,86,'2021-01-01'),(957,47,314,194,'2021-01-01'),(958,47,316,1,'2021-01-01'),(959,47,317,547,'2021-01-01'),(960,47,319,5,'2021-01-01'),(961,47,320,2,'2021-01-01'),(962,47,322,10,'2021-01-01'),(963,47,323,192,'2021-01-01'),(964,47,324,255,'2021-01-01'),(965,47,325,150,'2021-01-01'),(966,47,328,51,'2021-01-01'),(967,47,334,84,'2021-01-01'),(968,47,329,26,'2021-01-01'),(969,47,335,27,'2021-01-01'),(970,47,330,8,'2021-01-01'),(971,47,331,15,'2021-01-01'),(972,47,333,88,'2021-01-01'),(973,47,332,37,'2021-01-01'),(974,47,242,6,'2021-01-01'),(975,47,343,4,'2021-01-01'),(976,47,220,1,'2021-01-01'),(977,47,225,14,'2021-01-01'),(978,47,223,22,'2021-01-01'),(979,47,340,5,'2021-01-01'),(980,47,341,2,'2021-01-01'),(981,47,342,1,'2021-01-01'),(982,47,336,2,'2021-01-01'),(983,47,338,1,'2021-01-01'),(984,47,339,3,'2021-01-01'),(985,47,287,430,'2021-01-01'),(986,47,344,68,'2021-01-01'),(987,47,345,388,'2021-01-01'),(988,43,298,198,'2021-01-07'),(989,44,312,178,'2021-01-08'),(990,44,313,125,'2021-01-08'),(991,38,260,2,'2021-01-08'),(992,38,272,5,'2021-01-08'),(993,38,261,2,'2021-01-09'),(994,38,270,1,'2021-01-09'),(995,38,272,2,'2021-01-09'),(996,38,261,9,'2021-01-10'),(997,38,273,2,'2021-01-10'),(998,47,275,1,'2021-01-08'),(999,38,261,5,'2021-01-12'),(1000,38,260,5,'2021-01-13'),(1001,38,261,2,'2021-01-13'),(1002,38,272,1,'2021-01-13'),(1003,38,273,1,'2021-01-13'),(1004,38,261,3,'2021-01-14'),(1005,38,273,3,'2021-01-15'),(1006,38,269,1,'2021-01-15'),(1007,38,268,1,'2021-01-15'),(1008,38,259,16,'2021-01-15'),(1009,38,261,1,'2021-01-15'),(1010,38,274,1,'2021-01-15'),(1011,40,220,1,'2021-01-15'),(1012,40,220,1,'2021-01-16'),(1013,40,223,1,'2021-01-16'),(1014,38,260,3,'2021-01-16'),(1015,38,272,6,'2021-01-16'),(1016,47,244,8,'2021-01-08'),(1017,38,260,1,'2021-01-17'),(1018,40,225,2,'2021-01-17'),(1019,38,259,16,'2021-01-17'),(1020,47,346,400,'2021-01-17'),(1021,38,260,4,'2021-01-18'),(1022,38,261,3,'2021-01-18'),(1023,44,299,120,'2021-01-13'),(1024,45,298,100,'2021-01-13'),(1025,47,246,1,'2021-01-19'),(1026,38,273,1,'2021-01-19'),(1027,39,280,2,'2021-01-19'),(1028,40,223,2,'2021-01-19'),(1029,47,269,1,'2021-01-01'),(1030,47,273,1,'2021-01-01'),(1031,40,220,1,'2021-01-20'),(1032,47,302,12,'2021-01-20'),(1033,38,273,2,'2021-01-21'),(1034,38,261,1,'2021-01-21'),(1035,38,268,20,'2021-01-21'),(1036,44,312,175,'2021-01-25'),(1037,44,313,100,'2021-01-25'),(1038,41,309,2,'2021-01-15'),(1039,41,317,6,'2021-01-15'),(1040,41,317,199,'2021-01-20'),(1041,38,262,1,'2021-01-22'),(1042,40,222,1,'2021-01-22'),(1043,40,225,1,'2021-01-22'),(1044,38,260,5,'2021-01-22'),(1045,38,272,1,'2021-01-22'),(1046,38,261,3,'2021-01-22'),(1047,39,280,1,'2021-01-23'),(1048,38,270,6,'2021-01-23'),(1049,38,268,20,'2021-01-23'),(1050,40,223,1,'2021-01-23'),(1051,40,225,1,'2021-01-23'),(1052,38,270,8,'2021-01-25'),(1053,40,220,1,'2021-01-25'),(1054,47,347,300,'2021-01-01'),(1055,42,245,202,'2021-01-26'),(1056,40,225,1,'2021-01-26'),(1057,40,223,1,'2021-01-26'),(1058,38,273,1,'2021-01-26'),(1059,38,261,2,'2021-01-26'),(1060,38,270,1,'2021-01-26'),(1061,38,276,1,'2021-01-26'),(1062,38,277,1,'2021-01-26'),(1063,38,273,1,'2021-01-27'),(1064,39,280,3,'2021-01-28'),(1065,38,260,5,'2021-01-28'),(1066,38,261,4,'2021-01-28'),(1067,38,273,1,'2021-01-28'),(1068,40,220,1,'2021-01-29'),(1069,40,223,1,'2021-01-29'),(1070,38,261,2,'2021-01-29'),(1071,38,260,1,'2021-01-29'),(1072,47,348,300,'2021-01-01'),(1073,47,349,200,'2021-01-01'),(1074,47,350,200,'2021-01-01'),(1075,47,351,200,'2021-01-01'),(1076,47,328,513,'2021-01-01'),(1077,47,329,51,'2021-01-01'),(1078,47,330,401,'2021-01-01'),(1079,47,333,896,'2021-01-01'),(1080,47,334,63,'2021-01-01'),(1081,47,332,16,'2021-01-01'),(1082,47,331,11,'2021-01-01'),(1083,39,280,4,'2021-01-30'),(1084,40,225,1,'2021-01-30'),(1085,40,222,1,'2021-01-30'),(1086,38,273,1,'2021-01-30'),(1087,38,261,2,'2021-01-30'),(1088,38,260,1,'2021-01-30'),(1089,36,317,211,'2021-01-30'),(1090,44,298,150,'2021-01-27'),(1091,44,299,47,'2021-01-29'),(1092,35,308,208,'2021-01-31'),(1093,38,259,24,'2021-01-31'),(1094,38,261,6,'2021-01-31'),(1095,38,264,10,'2021-01-31'),(1096,38,260,2,'2021-01-31'),(1097,42,309,200,'2021-01-31'),(1098,35,311,205,'2021-01-31'),(1099,46,291,56,'2021-01-31'),(1100,44,299,65,'2021-02-02'),(1101,47,291,4,'2021-02-02'),(1102,47,317,2,'2021-02-02'),(1103,39,257,1,'2021-02-01'),(1104,39,280,2,'2021-02-01'),(1105,38,261,1,'2021-02-01'),(1106,38,260,1,'2021-02-01'),(1107,38,269,1,'2021-02-01'),(1108,38,220,1,'2021-02-01'),(1109,40,225,1,'2021-02-01'),(1110,40,223,2,'2021-02-02'),(1111,39,280,2,'2021-02-02'),(1112,38,259,1,'2021-02-02'),(1113,38,270,1,'2021-02-02'),(1114,38,279,2,'2021-02-02'),(1115,40,225,2,'2021-02-03'),(1116,38,260,2,'2021-02-04'),(1117,40,223,3,'2021-02-04'),(1118,39,280,1,'2021-02-04'),(1119,46,321,100,'2021-02-06'),(1120,44,299,48,'2021-02-09'),(1121,43,298,200,'2021-02-11'),(1122,44,299,250,'2021-02-13'),(1123,38,273,2,'2021-02-05'),(1124,38,272,2,'2021-02-05'),(1125,38,263,2,'2021-02-05'),(1126,38,261,3,'2021-02-05'),(1127,38,260,1,'2021-02-05'),(1128,38,275,10,'2021-02-05'),(1129,40,220,1,'2021-02-06'),(1130,39,280,2,'2021-02-06'),(1131,38,275,10,'2021-02-06'),(1132,38,261,1,'2021-02-06'),(1133,38,263,1,'2021-02-06'),(1134,40,222,1,'2021-02-07'),(1135,40,225,3,'2021-02-07'),(1136,39,280,2,'2021-02-07'),(1137,39,257,1,'2021-02-07'),(1138,38,272,2,'2021-02-07'),(1139,38,273,2,'2021-02-07'),(1140,39,280,2,'2021-02-08'),(1141,40,223,1,'2021-02-09'),(1142,39,280,2,'2021-02-09'),(1143,39,280,1,'2021-02-10'),(1144,39,257,1,'2021-02-10'),(1145,38,279,1,'2021-02-10'),(1146,38,268,7,'2021-02-10'),(1147,38,261,1,'2021-02-10'),(1148,38,273,2,'2021-02-10'),(1149,38,272,1,'2021-02-10'),(1150,38,270,2,'2021-02-10'),(1151,40,219,1,'2021-02-10'),(1152,40,250,1,'2021-02-10'),(1153,41,314,201,'2021-02-15'),(1154,48,267,2,'2021-02-10'),(1155,48,264,1,'2021-02-10'),(1156,40,217,2,'2021-02-11'),(1157,37,352,96,'2021-02-11'),(1158,39,280,2,'2021-02-11'),(1159,38,261,1,'2021-02-11'),(1160,38,270,1,'2021-02-11'),(1161,35,302,206,'2021-02-11'),(1162,39,280,1,'2021-02-12'),(1163,38,259,4,'2021-02-12'),(1164,40,220,1,'2021-02-13'),(1165,38,260,1,'2021-02-13'),(1166,38,270,3,'2021-02-13'),(1167,38,261,1,'2021-02-13'),(1168,39,280,1,'2021-02-14'),(1169,38,269,1,'2021-02-14'),(1170,48,267,10,'2021-02-14'),(1171,36,245,36,'2021-02-14'),(1172,40,223,1,'2021-02-15'),(1173,35,281,215,'2021-02-16'),(1174,39,257,2,'2021-02-16'),(1175,39,280,1,'2021-02-16'),(1176,38,279,1,'2021-02-16'),(1177,38,274,1,'2021-02-16'),(1178,38,263,1,'2021-02-16'),(1179,44,299,19,'2021-02-19'),(1180,44,299,119,'2021-02-19'),(1181,44,312,72,'2021-02-19'),(1182,47,353,20,'2021-02-20'),(1183,47,354,20,'2021-02-20'),(1184,47,355,20,'2021-02-20'),(1185,47,356,20,'2021-02-20'),(1186,47,357,20,'2021-02-20'),(1187,47,358,10,'2021-02-20'),(1188,47,359,20,'2021-02-20'),(1189,47,360,10,'2021-02-20'),(1190,47,361,30,'2021-02-20'),(1191,47,362,20,'2021-02-20'),(1192,47,327,31,'2021-02-20'),(1193,36,245,169,'2021-02-17'),(1194,38,267,1,'2021-02-17'),(1195,38,261,1,'2021-02-18'),(1196,38,270,1,'2021-02-18'),(1197,38,279,1,'2021-02-18'),(1198,38,260,2,'2021-02-19'),(1199,40,219,1,'2021-02-19'),(1200,44,306,12,'2021-02-19'),(1201,38,279,2,'2021-02-20'),(1202,38,260,1,'2021-02-20'),(1203,38,279,1,'2021-02-21'),(1204,38,260,1,'2021-02-21'),(1205,40,218,1,'2021-02-21'),(1206,39,257,1,'2021-02-05'),(1207,39,280,1,'2021-02-05'),(1208,39,280,2,'2021-02-22'),(1209,39,257,1,'2021-02-23'),(1210,40,220,1,'2021-02-24'),(1211,38,259,32,'2021-02-24'),(1212,38,259,1,'2021-02-26'),(1213,38,269,1,'2021-02-26'),(1214,48,280,1,'2021-02-26'),(1215,38,259,4,'2021-02-27'),(1216,38,260,8,'2021-02-27'),(1217,38,261,1,'2021-02-27'),(1218,38,263,1,'2021-02-27'),(1219,48,267,10,'2021-02-27'),(1220,48,257,6,'2021-02-27'),(1221,46,291,72,'2021-02-27'),(1222,38,259,2,'2021-02-15'),(1223,38,264,3,'2021-02-15'),(1225,37,352,48,'2021-02-20'),(1226,47,282,12,'2021-02-22'),(1227,43,298,202,'2021-02-24'),(1228,40,219,1,'2021-03-01'),(1229,40,223,1,'2021-03-01'),(1230,38,268,12,'2021-03-01'),(1231,38,261,1,'2021-03-01'),(1232,48,257,4,'2021-03-01'),(1233,36,324,183,'2021-03-01'),(1234,40,219,1,'2021-03-02'),(1235,48,257,4,'2021-03-02'),(1236,38,270,2,'2021-03-03'),(1237,38,259,12,'2021-03-04'),(1238,38,264,10,'2021-03-04'),(1239,47,344,180,'2021-03-05'),(1240,47,345,1080,'2021-03-05'),(1241,38,268,20,'2021-03-06'),(1242,38,268,1,'2021-03-07'),(1243,38,259,2,'2021-03-07'),(1244,48,280,3,'2021-03-07'),(1245,48,257,2,'2021-03-07'),(1246,35,243,107,'2021-03-08'),(1247,35,311,80,'2021-03-08'),(1248,38,259,5,'2021-03-09'),(1249,44,312,130,'2021-03-01'),(1250,45,298,177,'2021-03-02'),(1251,44,299,96,'2021-03-05'),(1252,45,306,237,'2021-03-03'),(1253,43,298,200,'2021-03-09'),(1254,40,220,1,'2021-03-10'),(1255,38,279,4,'2021-03-11'),(1256,38,270,2,'2021-03-11'),(1257,38,261,2,'2021-03-11'),(1258,35,311,121,'2021-03-11'),(1259,38,260,2,'2021-03-12'),(1260,37,352,242,'2021-03-12'),(1261,47,309,8,'2021-03-15'),(1262,40,220,1,'2021-03-13'),(1263,38,260,3,'2021-03-13'),(1264,38,259,17,'2021-03-13'),(1265,40,223,1,'2021-03-14'),(1266,39,280,1,'2021-03-15'),(1267,38,268,3,'2021-03-15'),(1268,38,261,1,'2021-03-15'),(1269,47,363,200,'2021-03-21'),(1270,47,364,200,'2021-03-21'),(1271,47,365,200,'2021-03-21'),(1272,47,366,200,'2021-03-21'),(1273,47,367,200,'2021-03-21'),(1274,47,329,59,'2021-03-21'),(1275,38,261,1,'2021-03-16'),(1276,38,259,93,'2021-03-16'),(1277,48,257,6,'2021-03-16'),(1278,40,225,1,'2021-03-17'),(1279,38,270,3,'2021-03-17'),(1280,38,261,12,'2021-03-18'),(1281,41,314,197,'2021-03-23'),(1282,39,280,1,'2021-03-20'),(1283,38,260,5,'2021-03-20'),(1284,38,259,1,'2021-03-21'),(1285,38,260,4,'2021-03-21'),(1286,35,246,101,'2021-03-26'),(1287,38,260,2,'2021-03-27'),(1288,38,261,4,'2021-03-27'),(1289,42,307,200,'2021-03-01'),(1290,42,309,400,'2021-03-01'),(1291,44,312,155,'2021-03-18'),(1292,43,298,200,'2021-03-26'),(1293,43,298,84,'2021-03-28'),(1294,36,310,200,'2021-03-28'),(1295,35,308,210,'2021-03-28'),(1296,38,260,4,'2021-03-28'),(1297,40,220,1,'2021-03-20'),(1298,38,274,1,'2021-03-29'),(1299,38,272,2,'2021-03-29'),(1300,39,280,5,'2021-03-29'),(1301,40,220,1,'2021-03-29'),(1302,38,274,1,'2021-03-31'),(1303,38,272,4,'2021-03-31'),(1304,38,275,1,'2021-03-31'),(1305,40,220,1,'2021-03-31'),(1306,48,257,20,'2021-03-31'),(1307,37,323,119,'2021-03-31'),(1308,38,272,3,'2021-04-01'),(1309,38,280,5,'2021-04-01'),(1310,40,220,1,'2021-04-02'),(1311,38,261,1,'2021-04-02'),(1312,46,321,120,'2021-04-03'),(1313,39,321,4,'2021-04-03'),(1314,48,269,2,'2021-04-03'),(1315,40,220,1,'2021-04-04'),(1316,35,246,52,'2021-04-04'),(1317,38,264,1,'2021-04-04'),(1318,38,261,1,'2021-04-04'),(1319,38,276,1,'2021-04-04'),(1320,39,280,6,'2021-04-05'),(1321,40,220,1,'2021-04-06'),(1322,38,272,2,'2021-04-07'),(1323,38,259,1,'2021-04-07'),(1324,44,313,156,'2021-03-30'),(1325,44,299,152,'2021-04-06'),(1326,43,298,26,'2021-03-29'),(1327,39,280,6,'2021-04-08'),(1328,40,225,1,'2021-04-09'),(1329,39,280,2,'2021-04-09'),(1330,39,280,2,'2021-04-10'),(1331,38,268,7,'2021-04-10'),(1332,38,272,3,'2021-04-11'),(1333,38,263,1,'2021-04-11'),(1334,40,220,1,'2021-04-11'),(1335,39,280,2,'2021-04-12'),(1336,38,268,1,'2021-04-13'),(1337,38,264,1,'2021-04-13'),(1338,40,220,1,'2021-04-13'),(1339,38,275,16,'2021-04-14'),(1340,40,219,1,'2021-04-15'),(1341,39,280,4,'2021-04-15'),(1342,39,280,3,'2021-04-16'),(1343,39,280,3,'2021-04-17'),(1344,35,281,215,'2021-04-18'),(1345,40,220,1,'2021-04-18'),(1346,39,280,2,'2021-04-18'),(1347,40,220,1,'2021-04-19'),(1348,42,307,200,'2021-04-02'),(1349,42,307,200,'2021-04-24'),(1350,40,219,2,'2021-04-20'),(1351,39,280,6,'2021-04-21'),(1352,38,274,1,'2021-04-22'),(1353,38,261,1,'2021-04-22'),(1354,39,257,2,'2021-04-23'),(1355,38,272,3,'2021-04-24'),(1356,38,272,7,'2021-04-25'),(1357,38,261,2,'2021-04-25'),(1358,38,276,1,'2021-04-28'),(1359,38,270,1,'2021-04-28'),(1360,48,267,40,'2021-04-29'),(1361,48,257,24,'2021-04-29'),(1362,48,278,9,'2021-04-29'),(1363,38,275,5,'2021-04-29'),(1364,44,299,160,'2021-04-09'),(1365,43,298,10,'2021-04-09'),(1366,44,313,146,'2021-04-12'),(1367,46,321,133,'2021-04-03'),(1368,43,301,40,'2021-04-21'),(1369,38,277,1,'2021-04-30'),(1370,36,324,198,'2021-04-30'),(1371,36,297,215,'2021-04-30'),(1372,38,259,1,'2021-05-02'),(1373,35,311,203,'2021-05-04'),(1374,35,281,204,'2021-05-04'),(1375,38,259,1,'2021-05-04'),(1376,38,270,3,'2021-05-05'),(1377,38,272,1,'2021-05-05'),(1378,38,275,14,'2021-05-05'),(1379,47,353,13,'2021-05-06'),(1380,47,356,20,'2021-05-06'),(1381,47,360,2,'2021-05-06'),(1382,47,361,29,'2021-05-06'),(1383,47,368,10,'2021-05-06'),(1384,47,369,5,'2021-05-06'),(1385,47,370,20,'2021-05-06'),(1386,36,317,210,'2021-05-06'),(1387,48,267,1,'2021-05-07'),(1388,35,302,204,'2021-05-07'),(1389,38,270,2,'2021-05-08'),(1390,44,298,204,'2021-05-06'),(1391,45,313,165,'2021-05-07'),(1392,44,299,152,'2021-05-07'),(1393,43,298,200,'2021-05-12'),(1394,36,317,142,'2021-05-10'),(1395,36,324,98,'2021-05-10'),(1396,36,310,201,'2021-05-11'),(1397,38,263,1,'2021-05-11'),(1398,36,310,205,'2021-05-19'),(1399,38,261,8,'2021-05-19'),(1400,38,259,2,'2021-05-19'),(1401,39,280,1,'2021-05-20'),(1402,40,225,1,'2021-05-21'),(1403,48,267,1,'2021-05-21'),(1404,40,225,1,'2021-05-22'),(1405,38,259,8,'2021-05-22'),(1406,38,259,1,'2021-05-23'),(1407,48,270,1,'2021-05-23'),(1408,40,225,1,'2021-05-24'),(1409,38,277,1,'2021-05-25'),(1410,38,261,1,'2021-05-25'),(1411,38,264,1,'2021-05-25'),(1412,48,270,1,'2021-05-25'),(1413,47,323,12,'2021-05-26'),(1414,40,225,1,'2021-05-27'),(1415,40,225,2,'2021-05-28'),(1416,38,261,4,'2021-05-28'),(1417,38,260,1,'2021-05-28'),(1419,40,220,1,'2021-05-29'),(1420,38,261,2,'2021-05-30'),(1421,38,260,1,'2021-05-30'),(1422,40,225,1,'2021-05-26'),(1423,47,295,12,'2021-05-31'),(1424,38,259,1,'2021-05-31'),(1425,48,261,1,'2021-05-31'),(1426,40,225,2,'2021-05-31'),(1427,38,261,3,'2021-05-31'),(1428,38,263,2,'2021-05-31'),(1429,38,264,1,'2021-05-31'),(1430,38,267,1,'2021-05-31'),(1431,39,279,1,'2021-05-31'),(1432,39,280,4,'2021-05-31'),(1433,47,321,-4,'2021-05-31'),(1434,38,270,-1,'2021-05-31'),(1435,47,329,544,'2021-06-02'),(1436,47,332,200,'2021-06-02'),(1437,47,333,1000,'2021-06-02'),(1438,47,334,200,'2021-06-02'),(1439,47,346,650,'2021-06-02'),(1440,47,371,164,'2021-06-02'),(1441,47,372,363,'2021-06-02'),(1442,41,245,200,'2021-06-02'),(1443,42,245,200,'2021-06-02'),(1444,47,373,25,'2021-06-02'),(1445,47,374,25,'2021-06-02'),(1446,47,375,40,'2021-06-02'),(1447,47,376,20,'2021-06-02'),(1448,47,377,40,'2021-06-02'),(1449,47,378,10,'2021-06-02'),(1450,47,379,10,'2021-06-02'),(1451,47,380,10,'2021-06-02'),(1452,47,381,10,'2021-06-02'),(1453,47,382,5,'2021-06-02'),(1454,47,383,5,'2021-06-02'),(1455,47,384,25,'2021-06-02'),(1456,47,344,125,'2021-06-02'),(1457,47,345,750,'2021-06-02'),(1458,40,225,1,'2021-06-01'),(1459,38,268,20,'2021-06-03'),(1460,38,259,59,'2021-06-03'),(1461,38,264,5,'2021-06-03'),(1462,40,225,2,'2021-06-04'),(1463,48,259,30,'2021-06-04'),(1464,48,267,1,'2021-06-05'),(1465,48,259,22,'2021-06-06'),(1466,48,267,1,'2021-06-06'),(1467,38,274,1,'2021-06-06'),(1468,38,260,2,'2021-06-06'),(1469,35,308,208,'2021-06-06'),(1470,48,259,12,'2021-06-09'),(1471,35,246,31,'2021-06-09'),(1472,40,223,3,'2021-06-10'),(1473,38,260,3,'2021-06-10'),(1474,47,287,12,'2021-06-21'),(1475,47,273,1,'2021-06-21'),(1476,38,259,10,'2021-06-11'),(1477,35,246,25,'2021-06-11'),(1478,39,270,1,'2021-06-12'),(1479,39,257,1,'2021-06-12'),(1480,38,270,3,'2021-06-13'),(1481,38,261,1,'2021-06-13'),(1482,38,262,1,'2021-06-14'),(1483,38,270,1,'2021-06-14'),(1484,40,225,2,'2021-06-17'),(1485,38,272,8,'2021-06-17'),(1486,49,256,8,'2021-06-05'),(1487,40,223,2,'2021-06-19'),(1488,35,311,196,'2021-06-19'),(1489,35,246,52,'2021-06-19'),(1490,35,281,205,'2021-06-19'),(1491,38,270,4,'2021-06-19'),(1492,40,225,1,'2021-06-20'),(1493,40,217,1,'2021-06-20'),(1494,36,324,209,'2021-06-20'),(1495,48,259,58,'2021-06-21'),(1496,36,317,202,'2021-06-21'),(1497,38,274,1,'2021-06-21'),(1498,38,260,1,'2021-06-22'),(1499,38,273,1,'2021-06-22'),(1500,40,217,1,'2021-06-23'),(1501,38,273,1,'2021-06-23'),(1502,40,223,2,'2021-06-24'),(1503,38,260,1,'2021-06-24'),(1504,38,260,2,'2021-06-26'),(1505,38,273,3,'2021-06-26'),(1506,38,270,2,'2021-06-28'),(1507,38,272,1,'2021-06-28'),(1508,48,259,1,'2021-06-28'),(1509,41,314,200,'2021-06-02'),(1510,49,256,10,'2021-06-29'),(1511,41,317,190,'2021-06-02'),(1512,38,263,1,'2021-06-30'),(1513,44,299,79,'2021-06-07'),(1514,45,298,164,'2021-06-05'),(1515,43,298,224,'2021-06-03'),(1516,44,312,143,'2021-06-30'),(1517,44,313,9,'2021-06-30'),(1518,44,299,147,'2021-06-09'),(1519,44,312,172,'2021-06-16'),(1520,44,313,149,'2021-06-16'),(1521,46,321,66,'2021-06-21'),(1522,43,298,24,'2021-06-30'),(1523,44,299,100,'2021-06-30'),(1524,44,312,121,'2021-06-30'),(1525,45,299,58,'2021-06-25'),(1526,43,298,200,'2021-06-23'),(1527,47,385,20,'2021-07-29'),(1528,47,386,15,'2021-07-29'),(1529,47,368,40,'2021-07-29'),(1530,47,356,40,'2021-07-29'),(1531,47,387,30,'2021-07-29'),(1532,47,388,30,'2021-07-29'),(1533,47,358,9,'2021-07-29'),(1534,47,357,3,'2021-07-29'),(1535,47,389,2,'2021-07-29'),(1536,47,346,250,'2021-07-29'),(1537,47,351,240,'2021-07-29'),(1538,47,344,171,'2021-07-29'),(1539,47,345,1026,'2021-07-29'),(1540,42,307,200,'2021-07-16'),(1541,42,309,400,'2021-07-20'),(1542,50,243,51,'2021-07-01'),(1543,48,259,50,'2021-07-01'),(1544,48,268,100,'2021-07-01'),(1545,40,217,16,'2021-07-03'),(1546,48,261,2,'2021-07-03'),(1547,48,268,1,'2021-07-04'),(1548,35,308,110,'2021-07-04'),(1549,38,272,2,'2021-07-04'),(1550,38,270,2,'2021-07-05'),(1551,38,260,2,'2021-07-06'),(1552,38,261,1,'2021-07-07'),(1553,38,260,2,'2021-07-08'),(1554,38,272,2,'2021-07-09'),(1555,38,270,3,'2021-07-09'),(1556,48,259,3,'2021-07-09'),(1557,38,260,2,'2021-07-10'),(1558,38,261,1,'2021-07-10'),(1559,38,272,1,'2021-07-10'),(1560,48,259,15,'2021-07-10'),(1561,48,275,2,'2021-07-10'),(1562,38,272,1,'2021-07-11'),(1563,38,260,2,'2021-07-11'),(1564,48,261,1,'2021-07-11'),(1565,48,276,6,'2021-07-11'),(1566,38,260,2,'2021-07-12'),(1567,38,272,1,'2021-07-12'),(1568,38,272,2,'2021-07-14'),(1569,48,268,2,'2021-07-14'),(1570,49,276,1,'2021-07-14'),(1571,49,256,1,'2021-07-14'),(1572,38,272,3,'2021-07-15'),(1573,35,246,159,'2021-07-15'),(1574,38,263,1,'2021-07-16'),(1575,36,317,212,'2021-07-16'),(1576,38,261,1,'2021-07-17'),(1577,38,269,1,'2021-07-17'),(1578,38,263,1,'2021-07-18'),(1579,38,261,1,'2021-07-18'),(1580,39,257,1,'2021-07-18'),(1581,49,256,1,'2021-07-19'),(1582,49,256,7,'2021-07-24'),(1583,38,263,1,'2021-07-25'),(1584,38,261,2,'2021-07-26'),(1585,48,264,1,'2021-07-28'),(1586,48,259,1,'2021-07-28'),(1587,40,220,1,'2021-07-28'),(1588,38,261,2,'2021-07-28'),(1589,38,261,1,'2021-07-29'),(1590,38,274,1,'2021-07-29'),(1591,50,243,18,'2021-07-29'),(1592,50,247,18,'2021-07-29'),(1593,38,261,2,'2021-07-30'),(1594,38,260,1,'2021-07-31'),(1595,48,259,24,'2021-07-31'),(1596,48,264,9,'2021-07-31'),(1597,43,298,703,'2021-07-27'),(1598,45,299,58,'2021-07-31'),(1599,44,299,200,'2021-07-28'),(1600,44,312,121,'2021-07-01'),(1601,44,313,212,'2021-07-01'),(1602,47,260,1,'2021-08-18'),(1603,38,260,1,'2021-08-01'),(1604,49,256,1,'2021-08-01'),(1605,38,260,1,'2021-08-02'),(1606,48,277,1,'2021-08-03'),(1607,38,260,1,'2021-08-04'),(1608,38,261,1,'2021-08-04'),(1609,38,262,1,'2021-08-04'),(1610,40,220,1,'2021-08-05'),(1611,39,280,2,'2021-08-05'),(1612,38,220,1,'2021-08-06'),(1613,38,260,2,'2021-08-06'),(1614,49,256,1,'2021-08-06'),(1615,48,264,1,'2021-08-06'),(1616,48,267,1,'2021-08-06'),(1617,48,270,1,'2021-08-06'),(1618,39,280,1,'2021-08-07'),(1619,38,261,5,'2021-08-07'),(1620,40,220,1,'2021-08-08'),(1621,38,261,5,'2021-08-08'),(1622,35,302,203,'2021-08-08'),(1623,38,261,6,'2021-08-09'),(1624,48,270,1,'2021-08-09'),(1625,48,264,1,'2021-08-10'),(1626,36,317,210,'2021-08-10'),(1627,38,261,4,'2021-08-10'),(1628,40,220,1,'2021-08-09'),(1629,40,223,1,'2021-08-11'),(1630,36,245,150,'2021-08-11'),(1631,38,270,1,'2021-08-12'),(1632,38,260,1,'2021-08-13'),(1633,39,261,1,'2021-08-13'),(1634,39,264,1,'2021-08-13'),(1635,49,256,1,'2021-08-13'),(1636,35,311,194,'2021-08-13'),(1637,40,220,1,'2021-08-01'),(1638,46,321,120,'2021-08-14'),(1639,40,218,1,'2021-08-14'),(1640,38,260,1,'2021-08-14'),(1641,49,256,1,'2021-08-14'),(1642,48,278,64,'2021-08-15'),(1643,46,321,30,'2021-08-15'),(1644,38,270,2,'2021-08-15'),(1645,41,314,202,'2021-08-01'),(1646,41,317,184,'2021-08-01'),(1647,41,245,195,'2021-08-06'),(1648,41,309,250,'2021-08-24'),(1649,35,246,50,'2021-08-17'),(1650,39,280,4,'2021-08-17'),(1651,49,256,3,'2021-08-17'),(1652,40,220,1,'2021-08-18'),(1653,39,280,6,'2021-08-18'),(1654,49,256,5,'2021-08-18'),(1655,38,263,2,'2021-08-19'),(1656,38,260,2,'2021-08-19'),(1657,38,263,1,'2021-08-20'),(1658,49,256,14,'2021-08-20'),(1659,38,260,3,'2021-08-21'),(1660,35,281,210,'2021-08-21'),(1661,48,259,2,'2021-08-22'),(1662,48,259,19,'2021-08-23'),(1663,38,272,1,'2021-08-23'),(1664,48,259,49,'2021-08-25'),(1665,36,310,200,'2021-08-26'),(1666,48,275,2,'2021-08-26'),(1667,38,261,1,'2021-08-26'),(1668,49,256,10,'2021-08-27'),(1669,48,259,50,'2021-08-27'),(1670,48,264,2,'2021-08-28'),(1671,38,260,1,'2021-08-29'),(1672,49,256,3,'2021-08-29'),(1673,44,312,180,'2021-08-05'),(1674,45,298,231,'2021-08-05'),(1675,44,313,120,'2021-08-11'),(1676,43,298,148,'2021-08-16'),(1677,48,278,3,'2021-08-30'),(1678,40,220,2,'2021-08-30'),(1679,40,219,1,'2021-08-30'),(1680,40,225,1,'2021-08-30'),(1681,43,298,223,'2021-09-05'),(1682,41,309,203,'2021-09-12'),(1683,47,344,170,'2021-09-20'),(1684,47,345,1020,'2021-09-20'),(1685,40,223,2,'2021-09-04'),(1686,49,256,1,'2021-09-04'),(1687,40,223,2,'2021-09-05'),(1688,48,264,1,'2021-09-05'),(1689,48,257,1,'2021-09-05'),(1690,48,270,1,'2021-09-05'),(1691,48,264,11,'2021-09-06'),(1692,48,259,1,'2021-09-06'),(1693,40,223,1,'2021-09-07'),(1695,48,259,50,'2021-09-08'),(1696,48,264,1,'2021-09-09'),(1697,40,218,1,'2021-09-09'),(1698,36,245,54,'2021-09-09'),(1699,36,324,228,'2021-09-09'),(1700,48,278,1,'2021-09-10'),(1701,48,275,2,'2021-09-10'),(1702,40,223,1,'2021-09-10'),(1703,40,223,1,'2021-09-11'),(1704,39,256,1,'2021-09-11'),(1705,36,317,212,'2021-09-11'),(1706,40,220,1,'2021-09-12'),(1707,40,219,1,'2021-09-13'),(1708,48,259,52,'2021-09-14'),(1709,40,225,1,'2021-09-14'),(1710,39,256,11,'2021-09-14'),(1711,48,259,1,'2021-09-15'),(1712,48,275,1,'2021-09-15'),(1713,48,264,1,'2021-09-16'),(1714,48,275,2,'2021-09-16'),(1715,40,225,3,'2021-09-16'),(1716,48,269,1,'2021-09-17'),(1717,48,261,2,'2021-09-17'),(1718,48,259,1,'2021-09-17'),(1719,38,260,5,'2021-09-17'),(1720,48,264,1,'2021-09-18'),(1721,40,223,2,'2021-09-18'),(1722,40,223,2,'2021-09-19'),(1723,38,261,1,'2021-09-20'),(1724,49,256,7,'2021-09-20'),(1725,40,225,2,'2021-09-20'),(1726,35,308,115,'2021-09-20'),(1727,40,225,2,'2021-09-21'),(1728,40,225,3,'2021-09-22'),(1729,40,223,1,'2021-09-22'),(1730,38,270,1,'2021-09-22'),(1731,38,260,2,'2021-09-22'),(1732,38,261,1,'2021-09-22'),(1733,36,317,212,'2021-09-23'),(1734,47,242,227,'2021-09-23'),(1735,38,260,3,'2021-09-23'),(1736,39,280,3,'2021-09-24'),(1737,38,263,2,'2021-09-24'),(1738,49,256,5,'2021-09-24'),(1739,38,272,1,'2021-09-25'),(1740,49,256,1,'2021-09-25'),(1741,38,263,1,'2021-09-01'),(1742,35,308,100,'2021-09-26'),(1743,48,259,6,'2021-09-26'),(1744,40,223,2,'2021-09-26'),(1745,38,272,2,'2021-09-26'),(1746,35,281,203,'2021-09-27'),(1747,48,259,53,'2021-09-27'),(1748,48,268,1,'2021-09-27'),(1749,40,223,4,'2021-09-27'),(1750,40,218,1,'2021-09-27'),(1751,39,280,1,'2021-09-27'),(1752,38,272,2,'2021-09-27'),(1753,38,272,2,'2021-09-29'),(1754,48,261,2,'2021-09-29'),(1755,40,220,1,'2021-09-30'),(1756,40,223,1,'2021-09-30'),(1757,40,217,1,'2021-09-30'),(1758,38,272,2,'2021-09-30'),(1759,49,256,5,'2021-10-01'),(1760,38,263,1,'2021-10-02'),(1761,38,261,2,'2021-10-02'),(1762,48,257,10,'2021-10-02'),(1763,39,280,6,'2021-10-03'),(1764,48,275,1,'2021-10-03'),(1765,38,261,8,'2021-10-03'),(1766,49,256,12,'2021-10-03'),(1767,38,270,1,'2021-10-04'),(1768,38,263,1,'2021-10-05'),(1769,48,259,20,'2021-10-05'),(1770,38,261,2,'2021-10-05'),(1771,38,264,4,'2021-10-05'),(1772,48,257,1,'2021-10-06'),(1773,38,260,1,'2021-10-07'),(1774,39,280,5,'2021-10-07'),(1775,47,328,18,'2021-10-22'),(1776,36,243,200,'2021-10-01'),(1777,36,317,212,'2021-10-10'),(1778,50,242,236,'2021-10-10'),(1779,40,223,1,'2021-10-11'),(1780,38,263,1,'2021-10-11'),(1781,49,256,2,'2021-10-12'),(1782,39,280,15,'2021-10-13'),(1783,49,255,1,'2021-10-14'),(1784,39,280,1,'2021-10-14'),(1785,48,259,12,'2021-10-14'),(1786,48,264,10,'2021-10-14'),(1787,38,261,2,'2021-10-15'),(1788,48,267,1,'2021-10-15'),(1789,35,317,110,'2021-10-15'),(1790,40,220,1,'2021-10-15'),(1791,38,263,2,'2021-10-16'),(1792,38,260,1,'2021-10-17'),(1793,48,269,2,'2021-10-17'),(1794,48,268,5,'2021-10-17'),(1795,40,225,1,'2021-10-17'),(1796,38,260,1,'2021-10-18'),(1797,48,259,12,'2021-10-19'),(1798,48,264,10,'2021-10-19'),(1799,48,261,1,'2021-10-19'),(1800,39,280,2,'2021-10-19'),(1801,51,259,14,'2021-10-20'),(1802,38,260,1,'2021-10-20'),(1803,48,259,40,'2021-10-21'),(1804,48,257,5,'2021-10-21'),(1805,49,255,1,'2021-10-22'),(1806,49,256,2,'2021-10-22'),(1807,48,267,1,'2021-10-22'),(1808,40,223,1,'2021-10-23'),(1809,38,273,4,'2021-10-23'),(1810,38,273,3,'2021-10-24'),(1811,35,308,50,'2021-10-24'),(1812,48,257,3,'2021-10-25'),(1813,40,220,1,'2021-10-25'),(1814,38,262,3,'2021-10-25'),(1815,51,259,32,'2021-10-26'),(1816,51,264,10,'2021-10-26'),(1817,35,308,152,'2021-10-27'),(1818,38,262,1,'2021-10-27'),(1819,49,256,8,'2021-10-27'),(1820,35,311,205,'2021-10-28'),(1821,40,220,1,'2021-10-28'),(1822,39,280,15,'2021-10-28'),(1823,40,219,1,'2021-10-29'),(1824,51,278,1,'2021-10-29'),(1825,38,274,1,'2021-10-29'),(1826,38,272,1,'2021-10-29'),(1827,38,274,2,'2021-10-30'),(1828,38,274,1,'2021-10-31'),(1829,36,245,215,'2021-10-31'),(1830,47,344,170,'2021-11-11'),(1831,47,345,1020,'2021-11-11'),(1832,38,261,1,'2021-11-01'),(1833,51,263,2,'2021-11-01'),(1834,40,219,1,'2021-11-01'),(1835,40,225,1,'2021-11-01'),(1836,35,281,203,'2021-11-01'),(1837,50,247,51,'2021-11-01'),(1838,39,257,1,'2021-11-02'),(1839,48,267,1,'2021-11-02'),(1840,38,262,1,'2021-11-02'),(1841,38,260,1,'2021-11-02'),(1842,49,256,1,'2021-11-02'),(1843,48,275,19,'2021-11-03'),(1844,38,260,2,'2021-11-03'),(1845,51,264,16,'2021-11-04'),(1846,51,259,4,'2021-11-04'),(1847,51,261,1,'2021-11-04'),(1848,38,263,1,'2021-11-04'),(1849,40,220,2,'2021-11-04'),(1850,38,272,1,'2021-11-06'),(1851,51,259,1,'2021-11-06'),(1852,38,272,3,'2021-11-07'),(1853,48,269,2,'2021-11-07'),(1854,49,255,7,'2021-11-07'),(1855,49,256,5,'2021-11-07'),(1856,38,272,2,'2021-11-08'),(1857,47,347,560,'2021-11-01'),(1858,47,366,378,'2021-11-01'),(1859,47,346,300,'2021-11-01'),(1860,47,331,200,'2021-11-01'),(1861,47,365,600,'2021-11-01'),(1862,47,349,648,'2021-11-01'),(1863,47,367,400,'2021-11-01'),(1864,47,333,1100,'2021-11-01'),(1865,47,334,104,'2021-11-01'),(1866,38,270,2,'2021-11-09'),(1867,48,270,1,'2021-11-09'),(1868,40,220,1,'2021-11-10'),(1869,36,245,209,'2021-11-10'),(1870,38,272,2,'2021-11-10'),(1871,38,274,1,'2021-11-10'),(1872,38,272,2,'2021-11-11'),(1873,37,323,260,'2021-11-11'),(1874,51,259,1,'2021-11-11'),(1875,38,272,1,'2021-11-12'),(1876,48,261,1,'2021-11-13'),(1877,48,275,1,'2021-11-13'),(1878,48,278,1,'2021-11-13'),(1879,51,259,1,'2021-11-13'),(1880,49,256,2,'2021-11-13'),(1881,49,263,1,'2021-11-13'),(1882,38,272,3,'2021-11-14'),(1883,38,274,1,'2021-11-14'),(1884,38,263,1,'2021-11-14'),(1885,40,220,1,'2021-11-15'),(1886,51,259,102,'2021-11-15'),(1887,51,264,1,'2021-11-15'),(1888,49,256,7,'2021-11-15'),(1889,39,257,21,'2021-11-16'),(1890,38,274,1,'2021-11-16'),(1891,40,225,1,'2021-11-17'),(1892,51,261,1,'2021-11-17'),(1893,51,264,1,'2021-11-17'),(1894,40,220,1,'2021-11-18'),(1895,48,277,1,'2021-11-18'),(1896,51,264,1,'2021-11-18'),(1897,35,308,183,'2021-11-18'),(1898,35,246,101,'2021-11-18'),(1899,36,324,202,'2021-11-18'),(1900,38,270,2,'2021-11-18'),(1901,38,260,2,'2021-11-17'),(1902,38,263,1,'2021-11-19'),(1903,38,270,2,'2021-11-19'),(1904,51,262,1,'2021-11-20'),(1905,40,225,1,'2021-11-20'),(1906,38,270,3,'2021-11-20'),(1907,51,259,10,'2021-11-21'),(1908,38,272,1,'2021-11-21'),(1909,38,260,1,'2021-11-21'),(1910,48,269,1,'2021-11-21'),(1911,49,256,9,'2021-11-22'),(1912,38,260,1,'2021-11-22'),(1913,38,263,1,'2021-11-22'),(1914,40,220,1,'2021-11-22'),(1915,48,268,25,'2021-11-23'),(1916,38,260,1,'2021-11-23'),(1917,38,262,1,'2021-11-23'),(1918,38,274,1,'2021-11-23'),(1919,48,270,1,'2021-11-24'),(1920,48,269,1,'2021-11-24'),(1921,38,260,2,'2021-11-24'),(1922,40,221,1,'2021-11-25'),(1923,49,255,1,'2021-11-25'),(1924,38,260,1,'2021-11-25'),(1925,35,281,203,'2021-11-25'),(1926,40,220,1,'2021-11-26'),(1927,48,267,25,'2021-11-26'),(1928,38,261,1,'2021-11-26'),(1929,38,260,1,'2021-11-26'),(1930,38,261,3,'2021-11-27'),(1931,39,280,1,'2021-11-27'),(1932,39,256,1,'2021-11-27'),(1933,35,308,215,'2021-11-27'),(1934,51,264,1,'2021-11-27'),(1935,38,274,2,'2021-11-29'),(1936,49,256,1,'2021-11-29'),(1937,38,273,1,'2021-11-30'),(1938,38,263,1,'2021-11-30'),(1939,49,263,1,'2021-11-30'),(1940,47,329,200,'2021-12-05'),(1941,47,330,400,'2021-12-05'),(1942,47,331,50,'2021-12-05'),(1943,47,333,400,'2021-12-05'),(1944,47,334,325,'2021-12-05'),(1945,47,346,200,'2021-12-05'),(1946,47,347,400,'2021-12-05'),(1947,47,349,600,'2021-12-05'),(1948,47,367,200,'2021-12-05'),(1949,47,371,200,'2021-12-05'),(1950,47,372,600,'2021-12-05'),(1951,47,356,27,'2021-12-05'),(1952,47,387,5,'2021-12-05'),(1953,47,358,15,'2021-12-05'),(1954,47,357,15,'2021-12-05'),(1955,47,370,30,'2021-12-05'),(1956,47,361,20,'2021-12-05'),(1957,47,398,10,'2021-12-05'),(1958,47,399,10,'2021-12-05'),(1959,47,401,3,'2021-12-05'),(1960,47,397,5,'2021-12-05'),(1961,47,396,5,'2021-12-05'),(1962,47,395,5,'2021-12-05'),(1963,47,394,5,'2021-12-05'),(1964,47,390,200,'2021-12-05'),(1965,47,391,200,'2021-12-05'),(1966,47,392,100,'2021-12-05'),(1967,47,393,200,'2021-12-05'),(1968,47,400,20,'2021-12-05'),(1969,39,257,1,'2021-12-01'),(1970,39,280,1,'2021-12-01'),(1971,38,273,3,'2021-12-01'),(1972,50,243,120,'2021-12-01'),(1973,38,273,4,'2021-12-02'),(1974,44,301,138,'2021-12-03'),(1975,43,298,202,'2021-12-03'),(1976,44,313,50,'2021-11-13'),(1977,43,298,200,'2021-11-17'),(1978,45,298,140,'2021-12-05'),(1979,47,281,8,'2021-12-06'),(1980,38,273,1,'2021-12-03'),(1981,40,225,1,'2021-12-03'),(1982,38,273,2,'2021-12-04'),(1983,38,262,1,'2021-12-04'),(1984,38,270,1,'2021-12-04'),(1985,38,263,3,'2021-12-05'),(1986,38,270,2,'2021-12-05'),(1987,49,256,2,'2021-12-06'),(1988,40,225,1,'2021-12-06'),(1989,51,261,2,'2021-12-06'),(1990,51,259,46,'2021-12-06'),(1991,38,263,3,'2021-12-06'),(1992,49,256,11,'2021-12-07'),(1993,36,310,215,'2021-12-07'),(1994,39,257,1,'2021-12-07'),(1995,38,260,2,'2021-12-07'),(1996,44,313,68,'2021-12-10'),(1997,44,299,123,'2021-12-12'),(1998,35,317,80,'2021-12-08'),(1999,38,274,2,'2021-12-08'),(2000,38,272,1,'2021-12-08'),(2001,39,257,9,'2021-12-08'),(2002,51,263,1,'2021-12-09'),(2003,38,274,2,'2021-12-09'),(2004,39,256,1,'2021-12-10'),(2005,40,220,1,'2021-12-10'),(2006,38,272,2,'2021-12-10'),(2007,48,268,13,'2021-12-11'),(2008,48,267,21,'2021-12-11'),(2009,40,220,1,'2021-12-12'),(2010,38,272,2,'2021-12-12'),(2011,49,255,8,'2021-12-13'),(2012,40,221,1,'2021-12-13'),(2013,48,268,1,'2021-12-14'),(2014,49,256,10,'2021-12-14'),(2015,44,312,207,'2021-12-16'),(2016,43,298,200,'2021-12-18'),(2017,44,313,107,'2021-12-22'),(2018,49,255,1,'2021-12-14'),(2019,51,259,39,'2021-12-15'),(2020,51,264,1,'2021-12-15'),(2021,39,256,1,'2021-12-15'),(2022,39,280,1,'2021-12-15'),(2023,38,272,3,'2021-12-15'),(2024,40,239,1,'2021-12-16'),(2025,40,219,1,'2021-12-16'),(2026,40,220,1,'2021-12-16'),(2027,49,256,1,'2021-12-16'),(2028,48,268,19,'2021-12-16'),(2029,38,272,2,'2021-12-16'),(2030,47,317,210,'2021-12-16'),(2031,49,256,2,'2021-12-17'),(2032,51,259,1,'2021-12-17'),(2033,48,268,5,'2021-12-17'),(2034,38,263,2,'2021-12-17'),(2035,38,273,1,'2021-12-17'),(2036,38,262,1,'2021-12-17'),(2037,40,221,1,'2021-12-18'),(2038,40,220,1,'2021-12-18'),(2039,49,256,11,'2021-12-18'),(2040,51,264,1,'2021-12-18'),(2041,51,259,8,'2021-12-18'),(2042,38,263,2,'2021-12-18'),(2043,35,281,207,'2021-12-18'),(2044,39,280,1,'2021-12-19'),(2045,38,274,1,'2021-12-19'),(2046,38,270,1,'2021-12-19'),(2047,49,255,3,'2021-12-20'),(2048,51,264,20,'2021-12-20'),(2049,51,259,10,'2021-12-20'),(2050,48,275,21,'2021-12-20'),(2051,48,276,1,'2021-12-20'),(2052,38,263,4,'2021-12-20'),(2053,38,261,1,'2021-12-20'),(2054,40,219,1,'2021-12-21'),(2055,38,263,3,'2021-12-21'),(2056,51,259,1,'2021-12-22'),(2057,39,257,1,'2021-12-22'),(2058,35,317,204,'2021-12-23'),(2059,35,314,204,'2021-12-23'),(2060,40,225,1,'2021-12-23'),(2061,48,270,2,'2021-12-23'),(2062,48,269,1,'2021-12-23'),(2063,40,223,1,'2021-12-24'),(2064,38,263,3,'2021-12-24'),(2065,38,260,2,'2021-12-24'),(2066,38,261,2,'2021-12-24'),(2067,38,260,1,'2021-12-25'),(2068,38,261,1,'2021-12-25'),(2069,48,270,1,'2021-12-25'),(2070,49,255,2,'2021-12-25'),(2071,40,219,1,'2021-12-25');

--
-- Table structure for table `pol_gotoviy`
--

CREATE TABLE `pol_gotoviy` (
  `id` int(10) unsigned NOT NULL AUTO_INCREMENT,
  `name` varchar(150) NOT NULL,
  PRIMARY KEY (`id`)
) ENGINE=InnoDB AUTO_INCREMENT=402 DEFAULT CHARSET=utf8;

--
-- Dumping data for table `pol_gotoviy`
--

INSERT INTO `pol_gotoviy` VALUES (217,'ДИВАН...,,,'),(218,'Диван ВЕРОНА'),(219,'ДИВАН КАРОНА 3 ТАЛИК'),(220,'ДИВАН КАРОНА 4 ТАЛИК'),(221,'Диван ROSSO'),(222,'Диван ЛИОН'),(223,'ДИВАН МАДРИД 3 ТАЛИК'),(224,'ДИВАН МАДРИД 4 ТАЛИК'),(225,'ДИВАН МАДРИД УГОЛ'),(232,'ДИВАН МИЛАН УГОЛ'),(233,'ДИВАН СИДНЕЙ 3 ТАЛИК'),(234,'ДИВАН СИДНЕЙ 4 ТАЛИК'),(235,'ДИВАН СИДНЕЙ УГОЛ'),(236,'Диван СПАРК'),(237,'ДИВАН ТУРЕЦКИЙ УГОЛ'),(239,'Диван OSCAR'),(240,'Диван ЧЕСТЕР ТРОЙКА'),(241,'Кресло ВАЛИО'),(242,'КРЕСЛО ГОЛДЕН'),(243,'Кресло ГРАДО'),(244,'Кресло КАСТЕЛЛО'),(245,'КРЕСЛО 6/1'),(246,'КРЕСЛО СЕНАТ'),(247,'КРЕСЛО ГРАДО-ДИВАН'),(248,'КРЕСЛО.....'),(249,'КРЕСЛО.....'),(250,'Кухонный уголок'),(252,'Спальни 8069'),(253,'Спальни МАЯ'),(254,'Стол АЗИЯ шпон (275)'),(255,'СТОЛ ТЕСЛА МРАМОР ОЧИЛАДИГОН (155×200×90)'),(256,'СТОЛ ТЕСЛА МРАМОР'),(257,'СТОЛ КОМФОРТ (80×140×180)'),(258,'СТОЛ ЛМДФ......'),(259,'Стол ЛМДФ (140×80)'),(260,'Стол ЛМДФ (2.5-3-3.5×1.20)'),(261,'Стол ЛМДФ (275) '),(262,'Стол ЛМДФ (3×1.20)'),(263,'Стол ЛМДФ (5×1.20)'),(264,'Стол ЛМДФ  (140×180×80)'),(265,'Стол ойна 120'),(266,'Стол ойна 150'),(267,'Стол шпон (140×180×80)'),(268,'Стол шпон (140×80)'),(269,'Стол шпон (180)'),(270,'Стол шпон (275)'),(271,'Стол шпон (275-330)'),(272,'Стол шпон (275-350)'),(273,'СТОЛ ШПОН (3x120)'),(274,'Стол шпон (5 метр)'),(275,'СТОЛ ШПОН 120 ДИАГОНАЛЬ'),(276,'СТОЛ ШПОН 150 ДИАГОНАЛЬ'),(277,'СТОЛ ШПОН 180 ДИАГОНАЛЬ'),(278,'СТОЛ ШПОН 90 ДИАГОНАЛЬ'),(279,'Стол шпон ГОЛД (220×80)'),(280,'СТОЛ ЭЛЕГАНТ (80×140×180)'),(281,'Стул \"Х\"'),(282,'СТУЛ 3-D ЛОЛА'),(283,'СТУЛ 3-D НАКШ'),(284,'СТУЛ 3-D НИЛЮ'),(285,'Стул FED'),(286,'СТУЛ GOLD'),(287,'СТУЛ СОФИЯ'),(288,'СТУЛ АЗИЯ'),(289,'Стул БП \"J\"'),(290,'Стул БП АНАНАС'),(291,'СТУЛ БП АТИРГУЛ'),(292,'Стул БП МОЙЧЕЧАК'),(293,'Стул БП НАКШ'),(294,'Стул БП НИЛЮФАРГУЛ'),(295,'Стул БП УЗУН'),(296,'Стул БП ЯНГИГУЛ'),(297,'Стул ТАНГА-2'),(298,'Стул БУРГУТ'),(299,'Стул БУРГУТ-200'),(300,'Стул БУРГУТ КУВА'),(301,'Стул ТАНГА НАМАНГАН'),(302,'Стул ВИСОЛ'),(303,'Стул ВИСОЛ КУКОН'),(304,'Стул ЖОЗИБА ТОШКЕНТ'),(305,'Стул ИТАЛЬЯНСКИЙ'),(306,'Стул КАРОНА НАМАНГАН'),(307,'Стул КАРОНА'),(308,'Стул НАРВОН КАТТА'),(309,'Стул НАРВОН'),(310,'Стул НОТА'),(311,'Стул ПАРЛАМЕНТ ВИСОЛ'),(312,'Стул ПАРЛАМЕНТ-2'),(313,'Стул ПАРЛАМЕНТ-3'),(314,'СТУЛ ПАРЛАМЕНТ-4'),(315,'СТУЛ ПАРЛАМЕНТ-5'),(316,'СТУЛ ПАРЛАМЕНТ-7'),(317,'Стул ТАНГА'),(319,'Стул УЗБЕКИСТОН'),(320,'Стул ФАЙЗ'),(321,'СТУЛ ХУРРАМ 5'),(322,'Стул ХУРРАМ 60'),(323,'Стул ХУРРАМ 65'),(324,'Стул ХУРРАМ 7'),(325,'СТУЛ ХУРРАМ УЗУМ'),(326,'Стул ЮЛДУЗ'),(327,'ТУРКИЯ ДИВАН ТУРКИЯ'),(328,'ТУРКИЯ КРЕСЛО БУГАТТИ'),(329,'ТУРКИЯ КРЕСЛО ЗУМРА'),(330,'ТУРКИЯ КРЕСЛО МАСАЛ'),(331,'ТУРКИЯ КРЕСЛО ТРУВА'),(332,'ТУРКИЯ КРЕСЛО ТУАННА'),(333,'ТУРКИЯ КРЕСЛО ФЛОРА'),(334,'ТУРКИЯ КРЕСЛО ХИРА'),(335,'ТУРКИЯ КРЕСЛО ЭГЕ'),(336,'ТУРКИЯ СТОЛ MASSA 1.80'),(337,'ТУРКИЯ СТОЛ YOTTA 270'),(338,'ТУРКИЯ СТОЛ YOTTA 300'),(339,'ТУРКИЯ СТОЛ YOTTA 330'),(340,'ТУРКИЯ СТОЛ КЛАСС 1.50'),(341,'ТУРКИЯ СТОЛ КЛАСС 1.80'),(342,'ТУРКИЯ СТОЛ ТУМБАЛИК'),(343,'ТУРКИЯ СТОЛ ТУРКИЯ'),(344,'ТУРКИЯ СТОЛ AYDIN'),(345,'ТУРКИЯ СТУЛ AYDIN'),(346,'ТУРКИЯ КРЕСЛО ДЕСТИЛ'),(347,'ТУРКИЯ КРЕСЛО ПАРИС'),(348,'ТУРКИЯ КРЕСЛО ФААС'),(349,'ТУРКИЯ КРЕСЛО ЛУЗИ'),(350,'ТУРКИЯ КРЕСЛО ЭМИРГАН'),(351,'ТУРКИЯ КРЕСЛО ОРИОН'),(352,'СТУЛ ВИКТОРИЯ'),(353,'ТУРКИЯ СТОЛ СПРИНГ ОК ТЕМИР ТИЛЛА ОЁК'),(354,'ТУРКИЯ СТОЛ СПРИНГ ОК МРАМОР ТЕМИР ТИЛЛА ОЁК'),(355,'ТУРКИЯ СТОЛ ВИОЛА ШПОН ОЧИЛАДИГАН'),(356,'ТУРКИЯ СТОЛ ВИЗИОН ТИЛЛА 4 ТА ОЁК'),(357,'ТУРКИЯ СТОЛ МРАМОР ОЧИЛАДИГАН ОК INITIAL'),(358,'ТУРКИЯ СТОЛ МРАМОР ОЧИЛАДИГАН  КОРА INITIAL'),(359,'ТУРКИЯ СТОЛ МРАМОР ОК INITIAL'),(360,'ТУРКИЯ СТОЛ МРАМОР КОРА INITIAL'),(361,'ТУРКИЯ СТОЛ БУРСА КОРА МРАМОР АРИЯ'),(362,'ТУРКИЯ СТОЛ КЛАСС 1.80-2021'),(363,'ТУРКИЯ КРЕСЛО ВИВА'),(364,'ТУРКИЯ КРЕСЛО СУНА'),(365,'ТУРКИЯ КРЕСЛО АНКАРА'),(366,'ТУРКИЯ КРЕСЛО ЗУМРА ОК'),(367,'ТУРКИЯ КРЕСЛО КАПАЛАК'),(368,'ТУРКИЯ СТОЛ ВОЛЕТТА'),(369,'ТУРКИЯ СТОЛ АРТЕ ОРЕХ'),(370,'ТУРКИЯ СТОЛ БУРСА ОК МРАМОР АРИЯ'),(371,'ТУРКИЯ КРЕСЛО НИРВАНА'),(372,'ТУРКИЯ КРЕСЛО КЛАСС'),(373,'ТУРКИЯ СТОЛ ЛИЗБОН КРЕМ-КОПЛАМА'),(374,'ТУРКИЯ СТОЛ ЛИЗБОН АНТРЕСИД ЧЕВИЗ'),(375,'ТУРКИЯ СТОЛ БОДЕ КОПЛАМА'),(376,'ТУРКИЯ СТОЛ ОСЛО'),(377,'ТУРКИЯ СТОЛ ВИЗИОН-2 ОРЕХ'),(378,'ТУРКИЯ ЖУРНАЛ СТОЛ ЛИЗБОН КАТТАСИ'),(379,'ТУРКИЯ ЖУРНАЛ СТОЛ БАДЕ КАТТАСИ'),(380,'ТУРКИЯ ЖУРНАЛ СТОЛ ОСЛО КАТТАСИ'),(381,'ТУРКИЯ ЖУРНАЛ СТОЛ ВИЗИОН КАТТАСИ'),(382,'ТУРКИЯ ЖУРНАЛ СТОЛ ТИНА АНТРЕСИД КАТТАСИ'),(383,'ТУРКИЯ ЖУРНАЛ СТОЛ ТИНА КРЕМ КАТТАСИ'),(384,'ТУРКИЯ ЖУРНАЛ СТОЛ КИЧКИНА'),(385,'ТУРКИЯ КОМОД'),(386,'ТУРКИЯ ПОДТИВИ'),(387,'ТУРКИЯ СТОЛ ВИОЛА-160'),(388,'ТУРКИЯ СТОЛ ВИОЛА-180'),(389,'ТУРКИЯ СПАЛЬНЫЙ'),(390,'ТУРКИЯ КРЕСЛО ЛИОН'),(391,'ТУРКИЯ КРЕСЛО СУЛТАН'),(392,'ТУРКИЯ КРЕСЛО ЭРВА'),(393,'ТУРКИЯ КРЕСЛО ЛЕНО'),(394,'ТУРКИЯ КОМОД INTIAL'),(395,'ТУРКИЯ КОМОД VIZION'),(396,'ТУРКИЯ КОМОД IZMIR'),(397,'ТУРКИЯ ПОДТИВИ IZMIR'),(398,'ТУРКИЯ СТОЛ IZMIR'),(399,'ТУРКИЯ СТОЛ INJI'),(400,'ТУРКИЯ СТОЛ PRADO'),(401,'ТУРКИЯ ДИВАН ТУРКИЯ (3+1+1+ЖС)');

--
-- Table structure for table `pol_gotoviy_to_gotoviy`
--

CREATE TABLE `pol_gotoviy_to_gotoviy` (
  `id` int(10) unsigned NOT NULL AUTO_INCREMENT,
  `pol_gotoviy_id` int(10) unsigned NOT NULL,
  `gotoviy_id` int(10) unsigned NOT NULL,
  `brigada_id` int(10) unsigned NOT NULL,
  `amount` varchar(45) NOT NULL,
  `date` date NOT NULL,
  PRIMARY KEY (`id`),
  KEY `fk_pol_gotoviy_has_gotoviy_gotoviy1_idx` (`gotoviy_id`),
  KEY `fk_pol_gotoviy_has_gotoviy_pol_gotoviy1_idx` (`pol_gotoviy_id`),
  KEY `fk_pol_gotoviy_to_gotoviy_brigada1_idx` (`brigada_id`),
  CONSTRAINT `fk_pol_gotoviy_has_gotoviy_gotoviy1` FOREIGN KEY (`gotoviy_id`) REFERENCES `gotoviy` (`id`) ON DELETE NO ACTION ON UPDATE NO ACTION,
  CONSTRAINT `fk_pol_gotoviy_has_gotoviy_pol_gotoviy1` FOREIGN KEY (`pol_gotoviy_id`) REFERENCES `pol_gotoviy` (`id`) ON DELETE NO ACTION ON UPDATE NO ACTION,
  CONSTRAINT `fk_pol_gotoviy_to_gotoviy_brigada1` FOREIGN KEY (`brigada_id`) REFERENCES `brigada` (`id`) ON DELETE NO ACTION ON UPDATE NO ACTION
) ENGINE=InnoDB AUTO_INCREMENT=4751 DEFAULT CHARSET=utf8;

--
-- Dumping data for table `pol_gotoviy_to_gotoviy`
--

INSERT INTO `pol_gotoviy_to_gotoviy` VALUES (2016,218,431,46,'5','2021-01-01'),(2017,222,435,46,'2','2021-01-01'),(2018,237,444,46,'3','2021-01-01'),(2019,240,446,46,'3','2021-01-01'),(2020,327,611,46,'9','2021-01-01'),(2021,241,447,46,'8','2021-01-01'),(2022,243,450,46,'12','2021-01-01'),(2023,244,452,46,'10','2021-01-01'),(2024,244,453,46,'40','2021-01-01'),(2025,245,454,46,'1','2021-01-01'),(2026,245,455,46,'32','2021-01-01'),(2027,259,477,46,'37','2021-01-01'),(2028,259,478,46,'11','2021-01-01'),(2029,260,479,46,'8','2021-01-01'),(2030,260,480,46,'5','2021-01-01'),(2031,261,481,46,'12','2021-01-01'),(2032,261,482,46,'21','2021-01-01'),(2033,265,489,46,'1','2021-01-01'),(2034,268,493,46,'10','2021-01-01'),(2035,268,494,46,'16','2021-01-01'),(2036,270,497,46,'20','2021-01-01'),(2037,270,498,46,'14','2021-01-01'),(2038,272,501,46,'8','2021-01-01'),(2039,272,502,46,'6','2021-01-01'),(2040,275,508,46,'15','2021-01-01'),(2041,275,509,46,'17','2021-01-01'),(2042,277,512,46,'1','2021-01-01'),(2043,278,515,46,'1','2021-01-01'),(2044,273,503,46,'3','2021-01-01'),(2045,273,504,46,'4','2021-01-01'),(2046,257,473,46,'4','2021-01-01'),(2047,257,474,46,'6','2021-01-01'),(2048,280,518,46,'8','2021-01-01'),(2049,280,519,46,'9','2021-01-01'),(2050,281,520,46,'41','2021-01-01'),(2051,281,521,46,'43','2021-01-01'),(2052,282,522,46,'38','2021-01-01'),(2053,286,530,46,'36','2021-01-01'),(2054,286,531,46,'25','2021-01-01'),(2055,286,532,46,'25','2021-01-01'),(2056,291,542,46,'45','2021-01-01'),(2057,292,545,46,'12','2021-01-01'),(2058,293,547,46,'5','2021-01-01'),(2059,295,550,46,'12','2021-01-01'),(2060,321,599,46,'12','2021-01-01'),(2061,299,559,46,'72','2021-01-01'),(2062,298,556,46,'14','2021-01-01'),(2063,298,557,46,'40','2021-01-01'),(2064,303,566,46,'10','2021-01-01'),(2065,302,564,46,'54','2021-01-01'),(2066,302,565,46,'48','2021-01-01'),(2067,305,570,46,'43','2021-01-01'),(2068,305,571,46,'20','2021-01-01'),(2069,306,572,46,'53','2021-01-01'),(2070,307,573,46,'28','2021-01-01'),(2071,307,574,46,'41','2021-01-01'),(2072,308,575,46,'34','2021-01-01'),(2073,308,576,46,'10','2021-01-01'),(2074,309,577,46,'18','2021-01-01'),(2075,309,578,46,'40','2021-01-01'),(2076,310,579,46,'20','2021-01-01'),(2077,310,580,46,'46','2021-01-01'),(2078,311,581,46,'18','2021-01-01'),(2079,311,582,46,'59','2021-01-01'),(2080,312,583,46,'12','2021-01-01'),(2081,312,584,46,'49','2021-01-01'),(2082,313,586,46,'85','2021-01-01'),(2083,314,587,46,'28','2021-01-01'),(2084,316,591,46,'1','2021-01-01'),(2085,317,594,46,'83','2021-01-01'),(2086,317,593,46,'76','2021-01-01'),(2087,319,596,46,'5','2021-01-01'),(2088,320,597,46,'2','2021-01-01'),(2089,322,602,46,'10','2021-01-01'),(2090,323,603,46,'94','2021-01-01'),(2091,323,604,46,'69','2021-01-01'),(2092,324,605,46,'65','2021-01-01'),(2093,325,607,46,'103','2021-01-01'),(2094,325,608,46,'24','2021-01-01'),(2095,328,612,46,'51','2021-01-01'),(2096,334,618,46,'83','2021-01-01'),(2097,329,613,46,'26','2021-01-01'),(2098,335,619,46,'27','2021-01-01'),(2099,330,614,46,'8','2021-01-01'),(2100,331,615,46,'15','2021-01-01'),(2101,333,617,46,'88','2021-01-01'),(2102,332,616,46,'37','2021-01-01'),(2103,242,449,46,'6','2021-01-01'),(2104,343,627,46,'4','2021-01-01'),(2105,220,433,46,'1','2021-01-01'),(2106,225,438,46,'14','2021-01-01'),(2107,223,436,46,'22','2021-01-01'),(2108,340,624,46,'5','2021-01-01'),(2109,341,625,46,'2','2021-01-01'),(2110,342,626,46,'1','2021-01-01'),(2111,336,620,46,'2','2021-01-01'),(2112,338,622,46,'1','2021-01-01'),(2113,339,623,46,'3','2021-01-01'),(2114,287,533,46,'96','2021-01-01'),(2115,287,534,46,'48','2021-01-01'),(2116,287,535,46,'72','2021-01-01'),(2117,344,628,46,'68','2021-01-01'),(2118,345,629,46,'388','2021-01-01'),(2119,333,617,34,'28','2021-01-07'),(2120,328,612,34,'12','2021-01-08'),(2121,333,617,34,'12','2021-01-10'),(2122,334,618,33,'6','2021-01-10'),(2123,259,478,37,'12','2021-01-09'),(2124,324,605,35,'36','2021-01-11'),(2125,275,509,46,'1','2021-01-08'),(2126,299,559,40,'81','2021-01-12'),(2127,298,557,44,'48','2021-01-08'),(2128,298,557,44,'52','2021-01-10'),(2129,298,557,44,'57','2021-01-12'),(2130,312,584,42,'96','2021-01-13'),(2131,317,594,43,'60','2021-01-12'),(2132,333,617,34,'10','2021-01-12'),(2133,328,612,34,'8','2021-01-12'),(2134,324,605,31,'38','2021-01-12'),(2135,264,487,37,'10','2021-01-12'),(2136,259,477,37,'10','2021-01-12'),(2137,311,582,35,'16','2021-01-12'),(2138,310,580,35,'26','2021-01-12'),(2139,317,593,36,'36','2021-01-13'),(2140,273,503,37,'1','2021-01-13'),(2141,270,498,37,'1','2021-01-13'),(2142,314,587,31,'36','2021-01-13'),(2143,334,618,33,'6','2021-01-13'),(2144,328,612,34,'6','2021-01-13'),(2145,298,557,44,'41','2021-01-14'),(2146,323,603,35,'20','2021-01-14'),(2147,311,581,33,'48','2021-01-14'),(2148,220,433,39,'1','2021-01-15'),(2149,329,613,34,'2','2021-01-15'),(2150,333,617,34,'24','2021-01-15'),(2151,313,586,40,'50','2021-01-15'),(2152,309,577,45,'46','2021-01-13'),(2153,307,574,45,'36','2021-01-16'),(2154,317,594,43,'50','2021-01-15'),(2155,312,584,42,'36','2021-01-16'),(2156,220,433,39,'1','2021-01-16'),(2157,223,436,39,'1','2021-01-16'),(2158,334,618,33,'24','2021-01-16'),(2159,333,617,34,'12','2021-01-16'),(2160,329,613,34,'20','2021-01-16'),(2161,273,503,37,'2','2021-01-16'),(2162,272,501,37,'1','2021-01-16'),(2163,270,497,37,'1','2021-01-16'),(2164,261,481,37,'1','2021-01-16'),(2165,324,605,35,'42','2021-01-16'),(2166,244,452,46,'8','2021-01-08'),(2167,298,557,44,'50','2021-01-17'),(2168,317,594,43,'48','2021-01-18'),(2169,225,438,39,'2','2021-01-17'),(2170,330,614,33,'6','2021-01-17'),(2171,314,587,31,'40','2021-01-17'),(2172,324,606,31,'16','2021-01-17'),(2173,333,617,34,'18','2021-01-17'),(2174,272,502,37,'4','2021-01-17'),(2175,274,505,37,'1','2021-01-17'),(2176,281,520,36,'60','2021-01-17'),(2177,310,579,33,'36','2021-01-17'),(2178,346,630,33,'13','2021-01-17'),(2179,313,586,40,'50','2021-01-18'),(2180,331,615,34,'6','2021-01-18'),(2181,333,617,34,'12','2021-01-18'),(2182,287,535,32,'12','2021-01-18'),(2183,298,557,44,'50','2021-01-19'),(2184,313,586,40,'24','2021-01-19'),(2185,299,559,40,'24','2021-01-19'),(2186,307,574,41,'48','2021-01-19'),(2187,246,457,46,'1','2021-01-19'),(2188,333,617,34,'10','2021-01-19'),(2189,223,436,39,'2','2021-01-19'),(2190,346,630,33,'10','2021-01-19'),(2191,330,614,33,'3','2021-01-19'),(2192,324,605,32,'40','2021-01-19'),(2193,268,493,37,'1','2021-01-19'),(2194,269,496,37,'1','2021-01-19'),(2195,280,519,37,'1','2021-01-19'),(2196,314,587,35,'36','2021-01-19'),(2197,312,584,42,'48','2021-01-18'),(2198,299,559,42,'48','2021-01-20'),(2199,309,578,44,'70','2021-01-20'),(2200,269,495,46,'1','2021-01-01'),(2201,317,594,43,'44','2021-01-20'),(2202,273,503,46,'1','2021-01-01'),(2203,220,433,39,'1','2021-01-20'),(2204,329,613,34,'12','2021-01-20'),(2205,273,504,38,'2','2021-01-20'),(2206,302,564,46,'12','2021-01-20'),(2207,311,582,43,'50','2021-01-23'),(2208,299,559,40,'48','2021-01-21'),(2209,299,559,40,'36','2021-01-23'),(2210,333,617,34,'20','2021-01-21'),(2211,331,615,34,'2','2021-01-21'),(2212,243,450,34,'1','2021-01-21'),(2213,261,481,37,'1','2021-01-21'),(2214,273,503,38,'1','2021-01-21'),(2215,273,504,38,'1','2021-01-21'),(2216,280,518,38,'1','2021-01-21'),(2217,280,519,38,'2','2021-01-21'),(2218,317,593,35,'48','2021-01-21'),(2219,317,593,31,'50','2021-01-21'),(2220,222,435,39,'1','2021-01-22'),(2221,225,438,39,'1','2021-01-22'),(2222,261,482,37,'1','2021-01-22'),(2223,272,501,38,'1','2021-01-22'),(2224,280,518,38,'2','2021-01-22'),(2225,280,519,38,'1','2021-01-22'),(2226,257,473,38,'1','2021-01-22'),(2227,317,593,32,'36','2021-01-22'),(2228,346,630,33,'24','2021-01-22'),(2229,223,436,39,'1','2021-01-23'),(2230,225,438,39,'1','2021-01-23'),(2231,260,480,37,'3','2021-01-23'),(2232,260,479,37,'6','2021-01-23'),(2233,273,503,38,'2','2021-01-23'),(2234,273,504,38,'2','2021-01-23'),(2235,291,542,36,'36','2021-01-23'),(2236,311,581,33,'36','2021-01-23'),(2237,314,587,31,'36','2021-01-24'),(2238,330,614,33,'3','2021-01-24'),(2239,334,618,33,'6','2021-01-24'),(2240,243,450,34,'10','2021-01-24'),(2241,314,587,35,'14','2021-01-24'),(2242,324,605,35,'15','2021-01-24'),(2243,259,478,40,'16','2021-01-24'),(2244,259,477,37,'16','2021-01-24'),(2245,307,574,42,'36','2021-01-22'),(2246,307,574,41,'38','2021-01-21'),(2247,245,454,41,'44','2021-01-22'),(2248,307,573,41,'42','2021-01-25'),(2249,309,577,41,'48','2021-01-26'),(2250,311,582,43,'4','2021-01-25'),(2251,317,594,43,'43','2021-01-25'),(2252,334,618,33,'4','2021-01-25'),(2253,330,614,33,'12','2021-01-25'),(2254,333,617,34,'14','2021-01-25'),(2255,347,631,34,'6','2021-01-25'),(2256,287,533,35,'24','2021-01-26'),(2257,317,594,32,'24','2021-01-25'),(2258,272,501,38,'2','2021-01-25'),(2259,220,433,39,'1','2021-01-25'),(2260,313,586,40,'52','2021-01-26'),(2261,261,481,37,'1','2021-01-26'),(2262,260,480,37,'2','2021-01-26'),(2263,225,438,39,'1','2021-01-26'),(2264,223,436,39,'1','2021-01-26'),(2265,347,631,34,'12','2021-01-26'),(2266,272,501,38,'3','2021-01-26'),(2267,273,503,38,'3','2021-01-26'),(2268,245,454,41,'18','2021-01-27'),(2269,245,455,41,'33','2021-01-27'),(2270,312,584,42,'48','2021-01-27'),(2271,312,584,44,'48','2021-01-27'),(2272,281,521,41,'36','2021-01-28'),(2273,309,578,41,'36','2021-01-28'),(2274,281,521,43,'4','2021-01-27'),(2275,317,594,43,'48','2021-01-27'),(2276,291,542,36,'24','2021-01-27'),(2277,334,618,33,'6','2021-01-27'),(2278,346,630,33,'6','2021-01-27'),(2279,272,501,38,'2','2021-01-27'),(2280,268,493,38,'1','2021-01-27'),(2281,346,630,33,'20','2021-01-28'),(2282,287,535,32,'12','2021-01-28'),(2283,328,612,34,'8','2021-01-28'),(2284,333,617,34,'8','2021-01-28'),(2285,287,535,31,'36','2021-01-28'),(2286,268,493,38,'19','2021-01-28'),(2287,277,512,38,'1','2021-01-28'),(2288,276,510,38,'1','2021-01-28'),(2289,310,579,35,'36','2021-01-28'),(2290,261,482,37,'2','2021-01-28'),(2291,313,586,40,'48','2021-01-29'),(2292,312,584,44,'36','2021-01-28'),(2293,281,520,32,'36','2021-01-29'),(2294,220,433,39,'1','2021-01-29'),(2295,223,436,39,'1','2021-01-29'),(2296,334,618,33,'10','2021-01-29'),(2297,333,617,34,'20','2021-01-29'),(2298,260,480,37,'2','2021-01-29'),(2299,261,482,37,'2','2021-01-29'),(2300,333,617,46,'6','2021-01-01'),(2301,245,455,41,'32','2021-01-28'),(2303,225,438,39,'1','2021-01-30'),(2304,222,435,39,'1','2021-01-30'),(2305,346,630,33,'2','2021-01-30'),(2306,334,618,33,'2','2021-01-30'),(2307,328,612,34,'28','2021-01-30'),(2308,260,479,37,'4','2021-01-30'),(2309,261,481,37,'1','2021-01-30'),(2310,280,519,38,'1','2021-01-30'),(2311,268,494,38,'10','2021-01-30'),(2312,243,450,34,'2','2021-01-31'),(2313,333,617,34,'12','2021-01-31'),(2314,291,542,36,'24','2021-01-31'),(2315,261,482,37,'4','2021-01-31'),(2316,260,480,37,'1','2021-01-31'),(2317,280,518,38,'3','2021-01-31'),(2318,280,519,38,'1','2021-01-31'),(2319,273,503,38,'1','2021-01-31'),(2320,311,581,33,'40','2021-01-31'),(2321,298,557,44,'36','2021-01-31'),(2322,245,455,41,'33','2021-01-31'),(2323,309,578,41,'36','2021-01-31'),(2324,312,584,42,'43','2021-01-31'),(2325,298,557,42,'50','2021-01-31'),(2326,317,594,43,'49','2021-01-31'),(2327,245,455,45,'36','2021-01-31'),(2328,299,559,40,'47','2021-01-31'),(2329,291,542,46,'4','2021-02-02'),(2330,331,615,46,'6','2021-02-02'),(2331,317,594,46,'2','2021-02-02'),(2332,261,482,37,'4','2021-02-01'),(2333,347,631,34,'12','2021-02-01'),(2334,329,613,34,'8','2021-02-01'),(2335,220,433,39,'1','2021-02-01'),(2336,225,438,39,'1','2021-02-01'),(2337,280,519,38,'1','2021-02-01'),(2338,223,436,39,'2','2021-02-02'),(2339,332,616,34,'2','2021-02-02'),(2340,287,534,35,'36','2021-02-02'),(2341,317,593,31,'36','2021-02-02'),(2342,317,593,32,'36','2021-02-02'),(2343,268,494,38,'10','2021-02-02'),(2344,269,496,38,'1','2021-02-02'),(2345,317,594,43,'58','2021-02-03'),(2346,299,559,42,'36','2021-02-03'),(2347,298,557,44,'36','2021-02-02'),(2348,298,557,44,'28','2021-02-03'),(2349,299,559,40,'37','2021-02-03'),(2350,225,438,39,'2','2021-02-03'),(2351,328,612,34,'24','2021-02-03'),(2352,333,617,34,'6','2021-02-03'),(2353,280,518,38,'2','2021-02-03'),(2354,223,436,39,'3','2021-02-04'),(2355,280,518,38,'1','2021-02-04'),(2356,257,474,38,'1','2021-02-04'),(2357,270,497,38,'6','2021-02-04'),(2358,279,516,38,'1','2021-02-04'),(2359,261,482,37,'1','2021-02-04'),(2360,308,575,36,'36','2021-02-04'),(2361,317,593,31,'24','2021-02-04'),(2362,308,576,45,'48','2021-02-03'),(2363,317,593,31,'12','2021-02-05'),(2364,291,542,35,'36','2021-02-05'),(2365,270,498,38,'1','2021-02-05'),(2366,280,518,38,'1','2021-02-05'),(2367,260,480,37,'2','2021-02-06'),(2368,259,478,37,'2','2021-02-06'),(2369,264,488,37,'10','2021-02-06'),(2370,261,482,37,'1','2021-02-06'),(2371,333,617,34,'28','2021-02-06'),(2372,328,612,34,'3','2021-02-06'),(2373,310,579,33,'21','2021-02-06'),(2374,311,581,33,'14','2021-02-06'),(2375,220,433,39,'1','2021-02-06'),(2376,280,519,38,'1','2021-02-06'),(2377,222,435,39,'1','2021-02-07'),(2378,225,438,39,'3','2021-02-07'),(2379,287,533,32,'36','2021-02-07'),(2380,280,518,38,'1','2021-02-07'),(2381,280,519,38,'1','2021-02-07'),(2382,257,473,38,'1','2021-02-08'),(2383,280,519,38,'1','2021-02-08'),(2384,311,581,36,'24','2021-02-08'),(2385,308,575,36,'24','2021-02-08'),(2386,346,630,33,'78','2021-02-08'),(2387,314,587,31,'2','2021-02-08'),(2388,333,617,34,'30','2021-02-09'),(2389,317,593,36,'12','2021-02-09'),(2390,259,478,37,'23','2021-02-09'),(2391,280,519,38,'1','2021-02-09'),(2392,223,436,39,'1','2021-02-09'),(2393,347,631,34,'6','2021-02-10'),(2394,330,614,34,'6','2021-02-10'),(2395,261,481,37,'1','2021-02-10'),(2396,219,432,39,'1','2021-02-10'),(2397,250,464,39,'1','2021-02-10'),(2398,245,454,41,'6','2021-02-01'),(2399,309,578,41,'36','2021-02-01'),(2400,309,577,41,'72','2021-02-06'),(2401,309,578,41,'60','2021-02-06'),(2402,298,557,44,'36','2021-02-14'),(2403,299,559,40,'48','2021-02-11'),(2404,299,559,40,'50','2021-02-14'),(2405,308,576,45,'48','2021-02-06'),(2406,281,521,45,'4','2021-02-09'),(2407,308,576,45,'36','2021-02-09'),(2408,281,520,45,'48','2021-02-14'),(2409,280,518,38,'1','2021-02-10'),(2410,280,519,38,'1','2021-02-10'),(2411,257,474,38,'1','2021-02-10'),(2412,267,491,38,'1','2021-02-10'),(2413,267,492,38,'1','2021-02-10'),(2414,217,430,39,'2','2021-02-11'),(2415,352,638,35,'36','2021-02-11'),(2416,352,636,31,'36','2021-02-11'),(2417,287,534,32,'14','2021-02-11'),(2418,263,485,37,'3','2021-02-11'),(2419,261,481,37,'4','2021-02-11'),(2420,260,479,37,'1','2021-02-11'),(2421,260,480,37,'4','2021-02-11'),(2422,325,607,32,'20','2021-02-12'),(2423,311,581,33,'24','2021-02-12'),(2424,243,450,39,'4','2021-02-12'),(2425,275,509,38,'10','2021-02-12'),(2426,268,494,38,'7','2021-02-12'),(2427,346,630,33,'28','2021-02-12'),(2428,243,450,39,'4','2021-02-13'),(2429,243,451,39,'2','2021-02-13'),(2430,220,433,39,'1','2021-02-13'),(2431,280,519,38,'3','2021-02-13'),(2432,280,518,38,'2','2021-02-13'),(2433,243,450,39,'6','2021-02-14'),(2434,347,631,34,'36','2021-02-14'),(2435,270,498,38,'4','2021-02-14'),(2436,280,519,38,'2','2021-02-14'),(2437,267,491,38,'1','2021-02-14'),(2438,261,481,37,'4','2021-02-14'),(2439,264,487,37,'1','2021-02-14'),(2440,308,575,32,'12','2021-02-14'),(2441,223,436,39,'1','2021-02-15'),(2442,243,450,39,'1','2021-02-15'),(2443,346,630,33,'12','2021-02-15'),(2444,302,564,33,'36','2021-02-15'),(2445,267,492,37,'6','2021-02-15'),(2446,328,612,34,'6','2021-02-15'),(2447,330,614,34,'6','2021-02-15'),(2448,321,599,35,'48','2021-02-15'),(2449,291,542,36,'14','2021-02-16'),(2450,317,593,36,'36','2021-02-16'),(2451,330,614,34,'12','2021-02-16'),(2452,328,612,34,'6','2021-02-16'),(2453,280,518,38,'1','2021-02-16'),(2454,257,473,38,'1','2021-02-16'),(2455,269,495,38,'1','2021-02-16'),(2456,298,557,44,'36','2021-02-16'),(2457,245,455,45,'36','2021-02-16'),(2458,275,508,38,'10','2021-02-10'),(2459,299,559,40,'62','2021-02-17'),(2460,298,557,44,'36','2021-02-18'),(2461,299,559,40,'48','2021-02-19'),(2462,353,639,46,'20','2021-02-20'),(2463,354,640,46,'20','2021-02-20'),(2464,355,641,46,'20','2021-02-20'),(2465,356,642,46,'20','2021-02-20'),(2466,357,643,46,'20','2021-02-20'),(2467,358,644,46,'10','2021-02-20'),(2468,359,645,46,'20','2021-02-20'),(2469,360,646,46,'10','2021-02-20'),(2470,361,647,46,'30','2021-02-20'),(2471,362,648,46,'20','2021-02-20'),(2472,327,611,46,'31','2021-02-20'),(2473,272,502,38,'2','2021-02-17'),(2474,273,504,38,'1','2021-02-17'),(2475,279,517,38,'1','2021-02-17'),(2476,280,518,38,'2','2021-02-17'),(2477,347,631,34,'4','2021-02-17'),(2478,333,617,34,'48','2021-02-18'),(2479,346,630,33,'22','2021-02-18'),(2480,321,599,31,'48','2021-02-18'),(2481,331,615,34,'1','2021-02-19'),(2482,219,432,39,'1','2021-02-19'),(2483,346,630,33,'24','2021-02-19'),(2484,302,564,32,'24','2021-02-19'),(2485,298,557,44,'44','2021-02-20'),(2486,312,584,44,'48','2021-02-22'),(2487,312,584,44,'24','2021-02-24'),(2488,306,572,44,'12','2021-02-24'),(2489,314,587,41,'60','2021-02-18'),(2490,298,557,41,'48','2021-02-18'),(2491,314,587,41,'36','2021-02-24'),(2492,314,587,41,'36','2021-02-23'),(2493,299,559,40,'48','2021-02-22'),(2494,299,559,40,'50','2021-02-24'),(2495,245,454,45,'10','2021-02-19'),(2496,245,455,45,'36','2021-02-19'),(2497,281,521,45,'48','2021-02-22'),(2498,245,455,45,'48','2021-02-25'),(2499,298,557,44,'48','2021-02-26'),(2500,299,559,40,'50','2021-02-26'),(2501,333,617,34,'30','2021-02-20'),(2502,328,612,34,'12','2021-02-20'),(2503,349,633,33,'6','2021-02-20'),(2504,302,564,36,'24','2021-02-21'),(2505,347,631,34,'6','2021-02-21'),(2506,333,617,34,'6','2021-02-21'),(2507,218,431,39,'1','2021-02-21'),(2508,334,618,33,'6','2021-02-21'),(2509,311,581,33,'36','2021-02-21'),(2510,352,636,35,'36','2021-02-21'),(2511,259,477,37,'1','2021-02-18'),(2512,259,478,37,'1','2021-02-18'),(2513,264,487,37,'1','2021-02-18'),(2514,264,488,37,'3','2021-02-18'),(2515,279,516,38,'3','2021-02-18'),(2516,272,501,38,'2','2021-02-18'),(2517,274,505,38,'1','2021-02-18'),(2518,261,482,37,'1','2021-02-21'),(2519,263,486,37,'1','2021-02-21'),(2520,267,491,37,'3','2021-02-21'),(2521,347,631,34,'30','2021-02-23'),(2522,333,617,34,'6','2021-02-23'),(2523,261,481,37,'1','2021-02-23'),(2524,302,565,32,'36','2021-02-24'),(2525,347,631,34,'12','2021-02-24'),(2526,333,617,34,'12','2021-02-24'),(2527,220,433,39,'1','2021-02-24'),(2528,270,497,38,'1','2021-02-26'),(2529,352,638,35,'36','2021-02-26'),(2530,317,593,33,'24','2021-02-27'),(2531,269,495,38,'1','2021-02-27'),(2532,257,474,38,'2','2021-02-27'),(2533,280,519,38,'2','2021-02-27'),(2534,257,473,38,'2','2021-02-27'),(2535,280,518,38,'4','2021-02-27'),(2536,281,521,36,'8','2021-02-27'),(2537,328,612,34,'6','2021-02-28'),(2538,330,614,34,'6','2021-02-28'),(2539,333,617,34,'1','2021-02-28'),(2540,317,594,32,'24','2021-02-28'),(2541,280,518,38,'1','2021-02-28'),(2542,259,477,38,'1','2021-02-28'),(2543,299,559,40,'63','2021-02-28'),(2544,298,557,44,'48','2021-02-28'),(2545,310,580,43,'2','2021-02-28'),(2546,311,582,43,'84','2021-02-28'),(2547,317,594,43,'48','2021-02-28'),(2548,299,559,43,'12','2021-02-28'),(2549,314,587,41,'36','2021-02-27'),(2550,314,587,41,'36','2021-02-28'),(2551,282,522,46,'12','2021-02-22'),(2552,245,455,45,'48','2021-02-28'),(2553,310,580,45,'4','2021-02-28'),(2554,281,521,45,'58','2021-02-28'),(2555,302,565,32,'36','2021-03-01'),(2556,324,606,32,'16','2021-03-01'),(2557,219,432,39,'1','2021-03-01'),(2558,223,436,39,'1','2021-03-01'),(2559,347,631,34,'24','2021-03-01'),(2560,333,617,34,'3','2021-03-01'),(2561,259,478,38,'4','2021-03-01'),(2562,263,486,38,'1','2021-03-01'),(2563,219,432,39,'1','2021-03-02'),(2564,324,605,35,'40','2021-03-02'),(2565,281,520,36,'24','2021-03-02'),(2566,267,491,37,'4','2021-03-02'),(2567,328,612,34,'24','2021-03-02'),(2568,257,474,38,'2','2021-03-02'),(2569,333,617,34,'26','2021-03-03'),(2570,259,478,37,'8','2021-03-03'),(2571,270,498,38,'3','2021-03-03'),(2572,270,497,38,'1','2021-03-03'),(2573,257,473,38,'3','2021-03-03'),(2574,312,584,40,'56','2021-03-03'),(2575,333,617,34,'36','2021-03-04'),(2576,349,633,33,'25','2021-03-05'),(2577,311,581,33,'12','2021-03-05'),(2578,333,617,34,'4','2021-03-05'),(2579,329,613,34,'24','2021-03-05'),(2580,259,478,37,'12','2021-03-05'),(2581,267,492,37,'4','2021-03-05'),(2582,344,628,46,'180','2021-03-05'),(2583,345,629,46,'1080','2021-03-05'),(2584,346,630,33,'35','2021-03-06'),(2585,347,631,34,'24','2021-03-06'),(2586,324,605,32,'36','2021-03-06'),(2587,264,488,37,'10','2021-03-06'),(2588,270,497,38,'3','2021-03-06'),(2589,272,501,38,'5','2021-03-06'),(2590,324,605,35,'48','2021-03-06'),(2591,306,572,40,'50','2021-03-06'),(2592,299,559,40,'48','2021-03-08'),(2593,298,557,44,'50','2021-03-02'),(2594,298,557,44,'103','2021-03-07'),(2595,298,557,44,'48','2021-03-09'),(2596,298,557,44,'48','2021-03-11'),(2597,309,578,42,'50','2021-03-10'),(2598,306,572,42,'24','2021-03-11'),(2599,309,578,43,'30','2021-03-11'),(2600,287,534,31,'12','2021-03-07'),(2601,352,637,31,'24','2021-03-07'),(2602,324,606,31,'2','2021-03-07'),(2603,333,617,34,'36','2021-03-07'),(2604,243,450,47,'6','2021-03-07'),(2605,257,473,38,'3','2021-03-07'),(2606,243,451,39,'4','2021-03-07'),(2607,347,631,34,'6','2021-03-08'),(2608,243,450,47,'4','2021-03-08'),(2609,280,519,38,'1','2021-03-08'),(2610,260,479,37,'3','2021-03-08'),(2611,261,481,37,'4','2021-03-08'),(2612,291,542,36,'12','2021-03-08'),(2613,349,633,33,'12','2021-03-09'),(2614,333,617,34,'34','2021-03-09'),(2615,280,519,38,'2','2021-03-09'),(2616,268,494,38,'1','2021-03-09'),(2617,259,477,37,'26','2021-03-09'),(2618,299,559,40,'49','2021-03-10'),(2619,298,557,40,'48','2021-03-12'),(2620,312,583,41,'36','2021-03-03'),(2621,312,584,41,'36','2021-03-05'),(2622,307,574,41,'48','2021-03-08'),(2623,307,574,41,'60','2021-03-12'),(2624,245,454,41,'31','2021-03-13'),(2625,329,613,34,'12','2021-03-10'),(2626,220,433,39,'1','2021-03-10'),(2627,268,493,38,'6','2021-03-10'),(2628,257,473,38,'1','2021-03-10'),(2629,280,518,38,'1','2021-03-10'),(2630,333,617,34,'12','2021-03-11'),(2631,329,613,34,'6','2021-03-11'),(2632,324,605,31,'24','2021-03-11'),(2633,243,450,47,'2','2021-03-11'),(2634,243,451,47,'4','2021-03-11'),(2635,321,599,35,'2','2021-03-11'),(2636,270,498,38,'4','2021-03-11'),(2637,281,521,36,'4','2021-03-11'),(2638,307,573,31,'12','2021-03-12'),(2639,352,636,35,'12','2021-03-12'),(2640,352,638,35,'24','2021-03-12'),(2641,347,631,34,'12','2021-03-12'),(2642,268,493,38,'14','2021-03-12'),(2643,270,498,38,'2','2021-03-12'),(2644,259,478,37,'7','2021-03-12'),(2645,330,614,33,'36','2021-03-12'),(2646,298,557,44,'48','2021-03-13'),(2647,298,557,44,'48','2021-03-16'),(2648,298,557,44,'52','2021-03-17'),(2649,311,582,43,'36','2021-03-11'),(2650,311,582,43,'36','2021-03-14'),(2651,298,557,40,'36','2021-03-14'),(2652,306,572,40,'36','2021-03-16'),(2653,309,578,46,'8','2021-03-15'),(2654,245,455,41,'24','2021-03-15'),(2655,307,574,41,'20','2021-03-17'),(2656,307,573,41,'56','2021-03-17'),(2657,306,572,44,'48','2021-03-19'),(2658,311,582,43,'36','2021-03-17'),(2659,311,582,43,'18','2021-03-19'),(2660,310,580,43,'12','2021-03-19'),(2661,243,451,47,'6','2021-03-13'),(2662,220,433,39,'1','2021-03-13'),(2663,311,581,36,'22','2021-03-13'),(2664,311,581,33,'22','2021-03-13'),(2665,328,612,34,'2','2021-03-13'),(2666,281,520,33,'36','2021-03-14'),(2667,223,436,39,'1','2021-03-14'),(2668,349,633,33,'42','2021-03-14'),(2669,346,630,33,'2','2021-03-14'),(2670,260,479,37,'5','2021-03-14'),(2671,243,450,47,'4','2021-03-15'),(2672,291,542,36,'36','2021-03-15'),(2673,259,478,37,'12','2021-03-15'),(2674,333,617,34,'53','2021-03-15'),(2675,270,497,38,'2','2021-03-15'),(2676,352,636,35,'36','2021-03-16'),(2677,333,617,34,'8','2021-03-16'),(2678,259,478,37,'20','2021-03-16'),(2679,328,612,34,'26','2021-03-17'),(2680,349,633,33,'36','2021-03-17'),(2681,225,438,39,'1','2021-03-17'),(2682,272,502,38,'6','2021-03-17'),(2683,279,516,38,'4','2021-03-17'),(2684,268,494,38,'3','2021-03-17'),(2685,280,518,38,'1','2021-03-17'),(2686,333,617,34,'18','2021-03-18'),(2687,365,651,33,'12','2021-03-18'),(2688,311,581,33,'2','2021-03-18'),(2689,352,637,31,'36','2021-03-18'),(2690,261,481,37,'1','2021-03-18'),(2691,261,482,37,'1','2021-03-18'),(2692,310,580,43,'48','2021-03-26'),(2693,245,454,45,'18','2021-03-18'),(2694,245,455,45,'2','2021-03-18'),(2695,281,521,45,'24','2021-03-18'),(2696,245,455,45,'20','2021-03-20'),(2697,281,521,45,'22','2021-03-20'),(2698,245,455,45,'48','2021-03-24'),(2699,308,576,45,'48','2021-03-27'),(2700,309,578,42,'240','2021-03-20'),(2701,309,577,42,'72','2021-03-25'),(2702,312,584,42,'36','2021-03-27'),(2703,312,584,44,'50','2021-03-27'),(2704,310,580,43,'36','2021-03-27'),(2705,291,542,36,'36','2021-03-20'),(2706,257,473,38,'4','2021-03-20'),(2707,257,474,38,'8','2021-03-20'),(2708,314,587,31,'60','2021-03-21'),(2709,367,653,47,'12','2021-03-21'),(2710,243,450,47,'4','2021-03-23'),(2711,273,504,38,'4','2021-03-24'),(2712,268,494,38,'12','2021-03-24'),(2713,259,477,37,'2','2021-03-24'),(2714,367,653,47,'12','2021-03-24'),(2715,365,651,33,'30','2021-03-25'),(2716,349,633,33,'14','2021-03-25'),(2717,280,518,38,'1','2021-03-25'),(2718,243,450,47,'2','2021-03-25'),(2719,273,503,38,'5','2021-03-26'),(2720,260,480,37,'3','2021-03-26'),(2721,261,482,37,'7','2021-03-26'),(2722,259,477,37,'1','2021-03-26'),(2723,324,605,32,'26','2021-03-26'),(2724,243,450,47,'4','2021-03-26'),(2725,346,630,33,'62','2021-02-26'),(2726,310,579,36,'48','2021-03-27'),(2727,246,457,31,'50','2021-03-27'),(2728,298,557,44,'50','2021-03-29'),(2729,312,584,42,'36','2021-03-28'),(2730,298,557,44,'50','2021-03-31'),(2731,298,557,44,'50','2021-04-01'),(2732,298,557,40,'24','2021-03-31'),(2733,313,586,40,'24','2021-03-31'),(2734,309,578,42,'8','2021-03-30'),(2735,312,584,42,'34','2021-03-31'),(2736,298,557,42,'36','2021-03-31'),(2737,245,454,45,'10','2021-03-29'),(2738,298,556,45,'20','2021-03-29'),(2739,281,521,45,'3','2021-03-31'),(2740,308,576,45,'45','2021-03-31'),(2741,365,651,33,'22','2021-03-28'),(2742,346,630,33,'6','2021-03-28'),(2743,259,477,37,'1','2021-03-28'),(2744,302,565,35,'12','2021-03-28'),(2745,333,617,34,'8','2021-03-28'),(2746,270,498,38,'5','2021-03-28'),(2747,273,504,38,'2','2021-03-28'),(2748,243,451,39,'4','2021-03-20'),(2749,220,433,39,'1','2021-03-20'),(2750,243,450,39,'1','2021-03-24'),(2751,279,516,38,'1','2021-03-29'),(2752,279,517,38,'4','2021-03-29'),(2753,220,433,39,'1','2021-03-29'),(2754,273,504,38,'2','2021-03-29'),(2755,347,631,34,'32','2021-03-29'),(2756,333,617,34,'3','2021-03-29'),(2757,328,612,34,'6','2021-03-29'),(2758,308,575,32,'36','2021-03-29'),(2759,259,477,37,'14','2021-03-30'),(2760,259,478,37,'25','2021-03-30'),(2761,260,479,37,'6','2021-03-30'),(2762,314,587,31,'60','2021-03-30'),(2763,246,457,31,'12','2021-03-30'),(2764,348,632,33,'18','2021-03-30'),(2765,330,614,33,'6','2021-03-30'),(2766,365,651,33,'36','2021-03-30'),(2767,243,450,47,'2','2021-03-31'),(2768,220,433,39,'1','2021-03-31'),(2769,274,507,38,'1','2021-03-31'),(2770,328,612,34,'6','2021-03-31'),(2771,333,617,34,'18','2021-03-31'),(2772,323,603,35,'38','2021-03-31'),(2773,306,572,43,'36','2021-03-30'),(2774,298,557,42,'36','2021-04-02'),(2775,298,557,44,'50','2021-04-03'),(2776,317,594,43,'8','2021-04-02'),(2777,310,579,43,'36','2021-04-02'),(2778,313,586,40,'36','2021-04-02'),(2779,313,586,44,'48','2021-04-04'),(2780,306,572,42,'36','2021-04-04'),(2781,324,605,32,'20','2021-04-01'),(2782,347,631,34,'4','2021-04-01'),(2783,275,508,38,'1','2021-04-01'),(2784,220,433,39,'1','2021-04-02'),(2785,323,603,35,'48','2021-04-02'),(2786,324,605,35,'2','2021-04-02'),(2787,347,631,34,'24','2021-04-02'),(2788,333,617,34,'12','2021-04-02'),(2789,243,450,47,'2','2021-04-03'),(2790,367,653,47,'24','2021-04-03'),(2791,349,633,33,'14','2021-04-03'),(2792,346,630,33,'24','2021-04-03'),(2793,274,505,38,'1','2021-04-03'),(2794,220,433,39,'1','2021-04-04'),(2795,314,587,31,'40','2021-04-04'),(2796,347,631,34,'24','2021-04-04'),(2797,348,632,34,'6','2021-04-04'),(2798,365,651,33,'12','2021-04-04'),(2799,348,632,39,'12','2021-04-05'),(2800,323,604,35,'36','2021-04-05'),(2801,352,638,35,'16','2021-04-05'),(2802,349,633,47,'6','2021-04-05'),(2803,351,635,33,'6','2021-04-05'),(2804,220,433,39,'1','2021-04-06'),(2805,348,632,39,'12','2021-04-06'),(2806,246,457,31,'50','2021-04-06'),(2807,321,600,31,'10','2021-04-06'),(2808,333,617,34,'10','2021-04-06'),(2809,261,482,37,'1','2021-04-06'),(2810,365,651,33,'12','2021-04-06'),(2811,350,634,33,'6','2021-04-07'),(2812,261,482,37,'1','2021-04-07'),(2813,276,511,37,'1','2021-04-07'),(2814,264,488,37,'1','2021-04-07'),(2815,349,633,33,'12','2021-04-07'),(2816,245,454,45,'4','2021-04-05'),(2817,245,455,45,'32','2021-04-05'),(2818,309,577,45,'8','2021-04-05'),(2819,281,521,45,'48','2021-04-08'),(2820,299,559,42,'50','2021-04-07'),(2821,299,559,44,'50','2021-04-07'),(2822,313,586,40,'36','2021-04-06'),(2823,299,559,40,'36','2021-04-09'),(2824,307,574,41,'60','2021-04-10'),(2825,281,521,45,'48','2021-04-10'),(2826,281,521,42,'12','2021-04-11'),(2827,308,575,42,'48','2021-04-11'),(2828,299,559,42,'50','2021-04-12'),(2829,299,559,40,'36','2021-04-12'),(2830,281,520,45,'48','2021-04-12'),(2831,308,575,42,'50','2021-04-14'),(2832,324,605,35,'48','2021-04-08'),(2833,321,599,35,'12','2021-04-08'),(2834,329,613,34,'12','2021-04-08'),(2835,366,652,34,'12','2021-04-08'),(2836,365,651,33,'8','2021-04-08'),(2837,225,438,39,'1','2021-04-09'),(2838,328,612,34,'24','2021-04-09'),(2839,350,634,47,'6','2021-04-09'),(2840,259,478,37,'1','2021-04-09'),(2841,346,630,33,'12','2021-04-09'),(2842,349,633,33,'6','2021-04-09'),(2843,347,631,34,'18','2021-04-10'),(2844,333,617,34,'8','2021-04-10'),(2845,269,495,37,'2','2021-04-10'),(2846,365,651,33,'6','2021-04-10'),(2847,220,433,39,'1','2021-04-11'),(2848,348,632,39,'24','2021-04-11'),(2849,246,456,31,'29','2021-04-11'),(2850,314,587,31,'36','2021-04-11'),(2851,323,604,35,'48','2021-04-11'),(2852,330,614,33,'6','2021-04-11'),(2853,365,651,33,'12','2021-04-11'),(2854,347,631,34,'8','2021-04-12'),(2855,268,493,37,'7','2021-04-12'),(2856,263,486,37,'1','2021-04-12'),(2857,220,433,39,'1','2021-04-13'),(2858,328,612,34,'10','2021-04-13'),(2859,272,501,37,'3','2021-04-13'),(2860,259,477,37,'36','2021-04-13'),(2861,324,605,32,'24','2021-04-13'),(2862,351,635,33,'6','2021-04-13'),(2863,365,651,33,'6','2021-04-13'),(2864,348,632,39,'24','2021-04-14'),(2865,328,612,34,'1','2021-04-14'),(2866,330,614,34,'18','2021-04-14'),(2867,219,432,39,'1','2021-04-15'),(2868,367,653,47,'24','2021-04-15'),(2869,350,634,47,'12','2021-04-15'),(2870,349,633,33,'2','2021-04-15'),(2871,346,630,33,'4','2021-04-15'),(2872,351,635,33,'6','2021-04-15'),(2873,268,493,37,'1','2021-04-15'),(2874,264,488,37,'1','2021-04-15'),(2875,366,652,34,'24','2021-04-15'),(2876,365,651,33,'6','2021-04-16'),(2877,346,630,33,'6','2021-04-16'),(2878,348,632,39,'12','2021-04-16'),(2879,329,613,34,'12','2021-04-16'),(2880,313,586,40,'36','2021-04-15'),(2881,299,559,40,'36','2021-04-19'),(2882,281,520,45,'48','2021-04-19'),(2883,245,454,45,'12','2021-04-19'),(2884,245,455,45,'24','2021-04-19'),(2885,299,559,44,'50','2021-04-09'),(2886,313,586,44,'48','2021-04-11'),(2887,349,633,33,'12','2021-04-17'),(2888,346,630,33,'6','2021-04-17'),(2889,243,450,47,'2','2021-04-17'),(2890,348,632,39,'4','2021-04-17'),(2891,323,603,35,'36','2021-04-17'),(2892,324,605,35,'30','2021-04-17'),(2893,333,617,34,'6','2021-04-17'),(2894,330,614,34,'12','2021-04-17'),(2895,261,482,37,'4','2021-04-17'),(2896,260,480,37,'3','2021-04-17'),(2897,220,433,39,'1','2021-04-18'),(2898,328,612,34,'6','2021-04-18'),(2899,347,631,34,'3','2021-04-18'),(2900,321,599,32,'36','2021-04-18'),(2901,346,630,33,'3','2021-04-18'),(2902,351,635,33,'6','2021-04-18'),(2903,365,651,33,'20','2021-04-19'),(2904,220,433,39,'1','2021-04-19'),(2905,321,599,31,'48','2021-04-19'),(2906,275,509,37,'8','2021-04-19'),(2907,260,480,37,'6','2021-04-19'),(2908,307,573,41,'42','2021-04-13'),(2909,307,574,41,'48','2021-04-15'),(2910,307,573,41,'44','2021-04-19'),(2911,307,574,41,'60','2021-04-25'),(2912,245,455,45,'2','2021-04-26'),(2913,308,576,45,'60','2021-04-26'),(2914,281,520,45,'60','2021-04-29'),(2915,307,574,41,'60','2021-04-28'),(2916,333,617,34,'50','2021-04-20'),(2917,323,604,35,'36','2021-04-20'),(2918,219,432,39,'2','2021-04-20'),(2919,329,613,34,'12','2021-04-21'),(2920,328,612,34,'24','2021-04-21'),(2921,333,617,34,'12','2021-04-21'),(2922,323,603,32,'36','2021-04-22'),(2923,349,633,33,'8','2021-04-22'),(2924,330,614,33,'2','2021-04-22'),(2925,346,630,33,'1','2021-04-22'),(2926,323,604,35,'24','2021-04-22'),(2927,275,508,37,'8','2021-04-22'),(2928,272,502,38,'5','2021-04-22'),(2929,350,634,47,'24','2021-04-23'),(2930,280,518,38,'1','2021-04-23'),(2931,366,652,34,'10','2021-04-24'),(2932,321,599,31,'34','2021-04-24'),(2933,243,450,47,'4','2021-04-25'),(2934,321,599,32,'36','2021-04-25'),(2935,272,501,38,'3','2021-04-25'),(2936,274,505,38,'1','2021-04-25'),(2937,268,493,38,'1','2021-04-25'),(2938,351,635,33,'12','2021-04-25'),(2939,365,651,33,'4','2021-04-25'),(2940,346,630,33,'6','2021-04-25'),(2941,325,608,32,'2','2021-04-26'),(2942,351,635,33,'8','2021-04-26'),(2943,257,474,38,'1','2021-04-26'),(2944,267,492,38,'10','2021-04-26'),(2945,324,605,35,'44','2021-04-26'),(2946,243,451,47,'2','2021-04-27'),(2947,243,450,47,'1','2021-04-27'),(2948,257,474,38,'1','2021-04-27'),(2949,333,617,34,'56','2021-04-27'),(2950,351,635,33,'16','2021-04-27'),(2951,330,614,33,'6','2021-04-27'),(2952,260,479,37,'3','2021-04-27'),(2953,276,511,37,'1','2021-04-28'),(2954,324,605,35,'46','2021-04-28'),(2955,330,614,33,'6','2021-04-28'),(2956,324,605,31,'36','2021-04-28'),(2957,243,450,47,'4','2021-04-29'),(2958,328,612,34,'14','2021-04-29'),(2959,367,653,47,'24','2021-04-29'),(2960,330,614,33,'12','2021-04-29'),(2961,324,606,32,'30','2021-04-29'),(2962,323,604,35,'12','2021-04-29'),(2963,261,482,37,'4','2021-04-29'),(2964,275,508,37,'5','2021-04-29'),(2965,307,573,41,'20','2021-04-30'),(2966,330,614,33,'14','2021-04-30'),(2967,351,635,33,'12','2021-04-30'),(2968,333,617,34,'44','2021-04-30'),(2969,261,481,37,'4','2021-04-30'),(2970,297,555,43,'32','2021-04-30'),(2971,245,455,45,'50','2021-05-02'),(2972,324,605,35,'36','2021-05-01'),(2973,261,482,37,'6','2021-05-01'),(2974,330,614,33,'46','2021-05-01'),(2975,272,501,38,'6','2021-05-01'),(2976,270,497,38,'1','2021-05-01'),(2977,297,554,32,'34','2021-05-02'),(2978,323,604,35,'24','2021-05-02'),(2979,323,603,31,'36','2021-05-02'),(2980,297,555,43,'48','2021-05-02'),(2981,311,582,43,'24','2021-05-04'),(2982,245,455,45,'50','2021-05-05'),(2983,314,587,41,'52','2021-05-05'),(2984,367,653,47,'12','2021-05-03'),(2985,243,451,47,'6','2021-05-03'),(2986,243,450,47,'4','2021-05-03'),(2987,333,617,34,'46','2021-05-03'),(2988,346,630,33,'16','2021-05-03'),(2989,277,512,37,'1','2021-05-03'),(2990,365,651,33,'4','2021-05-04'),(2991,348,632,34,'24','2021-05-05'),(2992,257,473,38,'24','2021-05-05'),(2993,278,514,38,'9','2021-05-05'),(2994,346,630,33,'6','2021-05-05'),(2995,245,455,45,'50','2021-05-07'),(2996,314,587,41,'50','2021-05-07'),(2997,353,639,46,'13','2021-05-06'),(2998,356,642,46,'20','2021-05-06'),(2999,360,646,46,'2','2021-05-06'),(3000,361,647,46,'29','2021-05-06'),(3001,368,654,46,'10','2021-05-06'),(3002,369,655,46,'5','2021-05-06'),(3003,370,656,46,'20','2021-05-06'),(3004,301,563,44,'40','2021-05-05'),(3005,311,582,43,'36','2021-05-07'),(3006,317,594,43,'48','2021-05-10'),(3007,307,573,41,'38','2021-05-09'),(3008,307,573,41,'8','2021-05-10'),(3009,245,454,45,'8','2021-05-09'),(3010,245,455,45,'32','2021-05-09'),(3011,351,635,33,'12','2021-05-06'),(3012,366,652,34,'14','2021-05-06'),(3013,257,474,38,'11','2021-05-06'),(3014,297,554,35,'60','2021-05-06'),(3015,287,533,35,'8','2021-05-06'),(3016,346,630,33,'34','2021-05-07'),(3017,280,519,38,'5','2021-05-07'),(3018,267,492,38,'1','2021-05-07'),(3019,259,478,37,'2','2021-05-07'),(3020,311,581,32,'10','2021-05-07'),(3021,350,634,47,'12','2021-05-07'),(3022,365,651,33,'10','2021-05-08'),(3023,367,653,47,'15','2021-05-08'),(3024,272,502,38,'1','2021-05-08'),(3025,324,605,32,'12','2021-05-08'),(3026,321,599,32,'36','2021-05-08'),(3027,365,651,33,'22','2021-05-09'),(3028,349,633,33,'20','2021-05-09'),(3029,346,630,33,'24','2021-05-09'),(3030,275,508,37,'4','2021-05-09'),(3031,324,605,37,'8','2021-05-09'),(3032,333,617,34,'20','2021-05-09'),(3033,348,632,34,'26','2021-05-09'),(3034,298,557,40,'36','2021-05-16'),(3035,298,557,40,'12','2021-05-18'),(3036,313,586,40,'26','2021-05-08'),(3037,313,586,40,'36','2021-05-10'),(3038,298,557,40,'10','2021-05-08'),(3039,298,557,44,'24','2021-05-17'),(3040,298,557,44,'24','2021-05-18'),(3041,298,557,44,'24','2021-05-19'),(3042,317,594,43,'30','2021-05-14'),(3043,311,582,43,'10','2021-05-16'),(3044,317,594,40,'48','2021-05-16'),(3045,297,555,43,'20','2021-05-18'),(3046,317,594,43,'4','2021-05-18'),(3047,317,594,43,'36','2021-05-20'),(3048,298,557,40,'38','2021-05-20'),(3049,308,576,42,'50','2021-04-18'),(3050,313,586,42,'48','2021-04-18'),(3051,298,557,42,'12','2021-05-20'),(3052,308,576,42,'26','2021-05-20'),(3053,298,557,44,'24','2021-05-20'),(3054,298,557,44,'24','2021-05-21'),(3055,298,557,44,'31','2021-05-23'),(3056,298,557,44,'24','2021-05-24'),(3057,314,587,41,'10','2021-05-14'),(3058,298,557,41,'12','2021-05-17'),(3059,314,587,41,'18','2021-05-23'),(3060,317,594,43,'64','2021-05-24'),(3061,298,557,42,'36','2021-05-22'),(3062,312,584,42,'36','2021-05-24'),(3063,313,586,40,'37','2021-05-23'),(3064,298,557,44,'24','2021-05-25'),(3065,281,520,45,'60','2021-05-25'),(3066,267,491,38,'11','2021-05-10'),(3067,348,632,34,'36','2021-05-10'),(3068,243,451,47,'1','2021-05-10'),(3069,257,473,38,'9','2021-05-11'),(3070,329,613,34,'26','2021-05-11'),(3071,346,630,34,'16','2021-05-11'),(3072,367,653,47,'8','2021-05-12'),(3073,263,486,38,'1','2021-05-11'),(3074,321,600,35,'24','2021-05-17'),(3075,333,617,34,'50','2021-05-17'),(3076,329,613,34,'12','2021-05-17'),(3077,280,518,38,'24','2021-05-19'),(3078,346,630,33,'10','2021-05-19'),(3079,302,564,35,'36','2021-05-19'),(3080,333,617,34,'36','2021-05-19'),(3081,243,450,47,'12','2021-05-19'),(3082,311,581,31,'40','2021-05-20'),(3083,333,617,34,'48','2021-05-20'),(3084,259,477,38,'1','2021-05-20'),(3085,346,630,33,'4','2021-05-20'),(3086,317,593,32,'28','2021-05-20'),(3087,225,438,39,'1','2021-05-21'),(3088,348,632,34,'22','2021-05-21'),(3089,346,630,33,'18','2021-05-21'),(3090,365,651,33,'4','2021-05-21'),(3091,333,617,34,'6','2021-05-22'),(3092,311,581,31,'36','2021-05-22'),(3093,317,593,32,'36','2021-05-22'),(3094,302,564,35,'36','2021-05-22'),(3095,225,438,39,'1','2021-05-22'),(3096,259,478,38,'9','2021-05-22'),(3097,280,519,38,'1','2021-05-22'),(3098,351,635,33,'8','2021-05-22'),(3099,346,630,33,'22','2021-05-22'),(3100,280,519,38,'21','2021-05-23'),(3101,280,518,38,'1','2021-05-23'),(3102,346,630,33,'10','2021-05-23'),(3103,334,618,33,'2','2021-05-23'),(3104,365,651,33,'30','2021-05-23'),(3105,225,438,39,'1','2021-05-24'),(3106,302,565,35,'36','2021-05-24'),(3107,246,457,35,'3','2021-05-24'),(3108,367,653,47,'24','2021-05-24'),(3109,328,612,47,'1','2021-05-24'),(3110,259,477,38,'1','2021-05-24'),(3111,270,498,38,'1','2021-05-24'),(3112,267,491,38,'1','2021-05-24'),(3113,243,450,47,'4','2021-05-25'),(3114,277,513,38,'1','2021-05-25'),(3115,333,617,33,'24','2021-05-25'),(3116,351,635,33,'4','2021-05-25'),(3117,317,593,32,'36','2021-05-25'),(3118,312,584,42,'24','2021-05-25'),(3119,312,584,42,'24','2021-05-26'),(3120,313,586,40,'24','2021-05-25'),(3121,317,594,43,'36','2021-05-26'),(3122,323,603,46,'12','2021-05-26'),(3123,298,557,44,'24','2021-05-26'),(3124,298,557,44,'24','2021-05-27'),(3125,298,557,44,'11','2021-05-28'),(3126,313,586,44,'12','2021-05-28'),(3127,299,559,44,'24','2021-05-29'),(3128,299,559,44,'24','2021-05-30'),(3129,313,586,40,'24','2021-05-27'),(3130,299,559,40,'24','2021-05-31'),(3131,245,455,45,'6','2021-05-27'),(3132,281,521,45,'47','2021-05-27'),(3133,310,579,45,'48','2021-05-30'),(3134,312,584,42,'24','2021-05-27'),(3135,312,584,42,'24','2021-05-28'),(3136,312,584,42,'11','2021-05-29'),(3137,299,559,42,'12','2021-05-29'),(3138,299,559,42,'36','2021-05-31'),(3139,310,580,45,'50','2021-05-31'),(3140,225,438,39,'1','2021-05-27'),(3141,317,593,35,'36','2021-05-27'),(3142,261,482,38,'4','2021-05-27'),(3143,264,488,38,'1','2021-05-27'),(3144,260,479,38,'2','2021-05-27'),(3145,225,438,39,'2','2021-05-28'),(3146,324,605,35,'16','2021-05-28'),(3147,243,450,47,'4','2021-05-28'),(3148,272,501,38,'7','2021-05-28'),(3149,270,497,38,'5','2021-05-28'),(3150,348,632,33,'4','2021-05-28'),(3151,365,651,33,'8','2021-05-28'),(3152,333,617,34,'2','2021-05-28'),(3153,220,433,39,'1','2021-05-29'),(3154,311,581,35,'36','2021-05-29'),(3155,302,565,31,'36','2021-05-29'),(3156,246,457,31,'10','2021-05-29'),(3157,365,651,33,'26','2021-05-29'),(3158,330,614,33,'24','2021-05-29'),(3159,346,630,33,'17','2021-05-29'),(3160,263,485,37,'2','2021-05-29'),(3161,243,450,47,'4','2021-05-26'),(3162,270,498,38,'1','2021-05-26'),(3163,317,594,31,'18','2021-05-26'),(3164,225,438,39,'1','2021-05-26'),(3165,302,564,35,'36','2021-05-26'),(3166,328,612,34,'16','2021-05-30'),(3167,279,516,38,'1','2021-05-30'),(3168,267,491,38,'2','2021-05-30'),(3169,295,550,46,'12','2021-05-31'),(3170,225,438,39,'2','2021-05-31'),(3171,365,651,33,'7','2021-05-31'),(3172,281,521,42,'24','2021-06-02'),(3173,299,559,42,'14','2021-06-02'),(3174,308,576,42,'38','2021-06-04'),(3175,313,586,40,'36','2021-06-03'),(3176,298,557,40,'12','2021-06-04'),(3177,317,594,43,'36','2021-06-03'),(3178,281,520,45,'50','2021-06-04'),(3179,298,557,44,'29','2021-06-06'),(3180,298,557,44,'26','2021-06-07'),(3181,298,557,44,'24','2021-06-08'),(3182,308,576,42,'38','2021-06-05'),(3183,308,576,42,'36','2021-06-08'),(3184,308,576,42,'34','2021-06-09'),(3185,317,594,43,'24','2021-06-05'),(3186,317,594,43,'24','2021-06-08'),(3187,308,575,45,'62','2021-06-07'),(3188,317,594,43,'36','2021-06-10'),(3189,298,557,40,'24','2021-06-07'),(3190,299,559,40,'24','2021-06-09'),(3191,298,557,44,'24','2021-06-09'),(3192,298,557,44,'24','2021-06-10'),(3193,298,557,42,'12','2021-06-10'),(3194,245,454,45,'4','2021-06-09'),(3195,310,579,45,'32','2021-06-09'),(3196,309,578,45,'50','2021-06-10'),(3197,317,594,43,'36','2021-06-12'),(3198,317,594,43,'36','2021-06-15'),(3199,311,582,43,'12','2021-06-16'),(3200,298,557,44,'24','2021-06-11'),(3201,298,557,44,'24','2021-06-12'),(3202,298,557,44,'29','2021-06-16'),(3203,299,559,42,'24','2021-06-12'),(3204,299,559,42,'24','2021-06-13'),(3205,299,559,42,'24','2021-06-15'),(3206,373,659,46,'25','2021-06-02'),(3207,374,660,46,'25','2021-06-02'),(3208,375,661,46,'40','2021-06-02'),(3209,376,662,46,'20','2021-06-02'),(3210,377,663,46,'40','2021-06-02'),(3211,378,664,46,'10','2021-06-02'),(3212,379,665,46,'10','2021-06-02'),(3213,380,666,46,'10','2021-06-02'),(3214,381,667,46,'10','2021-06-02'),(3215,382,668,46,'5','2021-06-02'),(3216,383,669,46,'5','2021-06-02'),(3217,384,670,46,'25','2021-06-02'),(3218,309,578,45,'50','2021-06-13'),(3219,309,578,45,'50','2021-06-16'),(3220,309,578,45,'48','2021-06-17'),(3221,317,594,43,'29','2021-06-18'),(3222,299,559,40,'24','2021-06-11'),(3223,299,559,40,'25','2021-06-13'),(3224,299,559,40,'24','2021-06-17'),(3225,298,557,44,'24','2021-06-18'),(3226,312,584,42,'24','2021-06-18'),(3227,312,584,42,'24','2021-06-19'),(3228,298,557,44,'24','2021-06-19'),(3229,317,594,43,'24','2021-06-19'),(3230,344,628,46,'125','2021-06-02'),(3231,345,629,46,'750','2021-06-02'),(3232,330,614,33,'36','2021-06-01'),(3233,225,438,39,'1','2021-06-01'),(3234,333,617,34,'24','2021-06-01'),(3235,268,493,38,'20','2021-06-01'),(3236,321,599,35,'8','2021-06-02'),(3237,246,457,35,'10','2021-06-02'),(3238,333,617,34,'24','2021-06-02'),(3239,371,657,35,'24','2021-06-03'),(3240,348,632,34,'6','2021-06-03'),(3241,317,593,32,'24','2021-06-03'),(3242,259,477,37,'35','2021-06-03'),(3243,264,487,37,'5','2021-06-03'),(3244,302,565,31,'2','2021-06-04'),(3245,352,637,31,'16','2021-06-04'),(3246,225,438,39,'2','2021-06-04'),(3247,352,636,32,'2','2021-06-04'),(3248,302,564,35,'24','2021-06-04'),(3249,346,630,33,'20','2021-06-04'),(3250,365,651,33,'24','2021-06-04'),(3251,367,653,47,'20','2021-06-04'),(3252,333,617,34,'8','2021-06-05'),(3253,259,477,37,'1','2021-06-05'),(3254,261,481,37,'1','2021-06-05'),(3255,267,492,37,'1','2021-06-05'),(3256,334,618,31,'30','2021-06-06'),(3257,328,612,34,'20','2021-06-06'),(3258,333,617,34,'2','2021-06-06'),(3259,274,507,37,'4','2021-06-06'),(3260,324,605,35,'24','2021-06-06'),(3261,346,630,33,'4','2021-06-06'),(3262,365,651,33,'4','2021-06-06'),(3263,367,653,47,'10','2021-06-07'),(3264,324,605,32,'24','2021-06-07'),(3265,333,617,34,'12','2021-06-07'),(3266,365,651,33,'16','2021-06-07'),(3267,267,491,37,'1','2021-06-07'),(3268,371,657,35,'24','2021-06-08'),(3269,365,651,33,'8','2021-06-08'),(3270,333,617,34,'34','2021-06-08'),(3271,243,451,47,'2','2021-06-08'),(3272,333,617,34,'18','2021-06-09'),(3273,246,457,32,'31','2021-06-09'),(3274,350,634,47,'8','2021-06-09'),(3275,351,635,33,'54','2021-06-09'),(3276,365,651,33,'12','2021-06-10'),(3277,223,436,39,'3','2021-06-10'),(3278,275,509,37,'10','2021-06-10'),(3279,328,612,34,'8','2021-06-10'),(3280,287,533,46,'12','2021-06-21'),(3281,273,503,46,'1','2021-06-21'),(3282,298,557,44,'24','2021-06-21'),(3283,298,557,44,'40','2021-06-22'),(3284,314,587,41,'24','2021-06-01'),(3285,314,587,41,'36','2021-06-21'),(3286,312,583,45,'26','2021-06-19'),(3287,281,520,45,'38','2021-06-21'),(3288,245,454,45,'4','2021-06-21'),(3289,333,617,34,'8','2021-06-11'),(3290,324,605,35,'24','2021-06-11'),(3291,346,630,33,'24','2021-06-11'),(3292,246,457,32,'25','2021-06-11'),(3293,259,478,37,'5','2021-06-12'),(3294,270,497,37,'1','2021-06-12'),(3295,329,613,34,'24','2021-06-12'),(3296,365,651,33,'24','2021-06-12'),(3297,243,450,47,'1','2021-06-12'),(3298,260,479,37,'3','2021-06-13'),(3299,366,652,34,'24','2021-06-13'),(3300,365,651,33,'12','2021-06-13'),(3301,367,653,47,'6','2021-06-13'),(3302,346,630,33,'18','2021-06-14'),(3303,259,478,37,'25','2021-06-14'),(3304,348,632,34,'2','2021-06-14'),(3305,333,617,34,'21','2021-06-15'),(3306,334,618,31,'42','2021-06-15'),(3307,371,657,35,'48','2021-06-15'),(3308,324,605,32,'36','2021-06-15'),(3309,243,450,47,'7','2021-06-15'),(3310,365,651,33,'8','2021-06-16'),(3311,225,438,39,'2','2021-06-17'),(3312,365,651,33,'42','2021-06-17'),(3313,256,472,48,'4','2021-06-05'),(3314,256,471,48,'4','2021-06-05'),(3315,312,584,44,'24','2021-06-23'),(3316,298,557,44,'24','2021-06-24'),(3317,298,557,44,'24','2021-06-25'),(3318,298,557,44,'24','2021-06-26'),(3319,298,557,44,'24','2021-06-27'),(3320,313,586,40,'24','2021-06-18'),(3321,313,586,40,'24','2021-06-19'),(3322,299,559,40,'24','2021-06-20'),(3323,299,559,40,'24','2021-06-21'),(3324,313,586,40,'24','2021-06-23'),(3325,313,586,40,'24','2021-06-25'),(3326,313,586,40,'24','2021-06-26'),(3327,310,580,41,'50','2021-06-24'),(3328,310,579,41,'50','2021-06-27'),(3329,281,521,45,'50','2021-06-25'),(3330,281,521,45,'50','2021-06-27'),(3331,298,557,44,'48','2021-06-28'),(3332,298,557,44,'24','2021-06-29'),(3333,298,557,44,'32','2021-06-30'),(3334,311,582,43,'36','2021-06-28'),(3335,313,586,40,'24','2021-06-27'),(3336,313,586,40,'10','2021-06-29'),(3337,299,559,40,'14','2021-06-29'),(3338,281,521,45,'50','2021-06-29'),(3339,281,521,45,'36','2021-06-23'),(3340,310,580,41,'50','2021-06-29'),(3341,311,582,43,'36','2021-06-30'),(3342,365,651,33,'8','2021-06-18'),(3343,262,483,37,'1','2021-06-18'),(3344,257,473,37,'1','2021-06-18'),(3345,270,497,37,'1','2021-06-18'),(3346,223,436,39,'2','2021-06-19'),(3347,346,630,33,'24','2021-06-19'),(3348,333,617,34,'54','2021-06-19'),(3349,259,477,37,'6','2021-06-19'),(3350,225,438,39,'1','2021-06-20'),(3351,217,430,39,'1','2021-06-20'),(3352,333,617,34,'8','2021-06-20'),(3353,328,612,34,'1','2021-06-20'),(3354,330,614,33,'6','2021-06-20'),(3355,346,630,33,'6','2021-06-21'),(3356,346,630,33,'18','2021-06-22'),(3357,317,593,32,'40','2021-06-22'),(3358,243,450,47,'3','2021-06-22'),(3359,328,612,34,'6','2021-06-23'),(3360,333,617,34,'8','2021-06-23'),(3361,259,477,37,'30','2021-06-23'),(3362,261,481,37,'1','2021-06-23'),(3363,217,430,39,'1','2021-06-23'),(3364,259,478,37,'24','2021-06-24'),(3365,223,436,39,'2','2021-06-24'),(3366,332,616,31,'36','2021-06-24'),(3367,334,618,31,'36','2021-06-24'),(3368,268,494,38,'20','2021-06-24'),(3369,274,505,38,'1','2021-06-24'),(3370,346,630,33,'36','2021-06-24'),(3371,310,579,35,'6','2021-06-24'),(3372,365,651,33,'6','2021-06-25'),(3373,366,652,34,'12','2021-06-25'),(3374,329,613,34,'12','2021-06-25'),(3375,317,593,35,'14','2021-06-25'),(3376,350,634,47,'8','2021-06-25'),(3377,367,653,47,'8','2021-06-25'),(3378,246,457,32,'31','2021-06-26'),(3379,246,457,31,'21','2021-06-26'),(3380,333,617,34,'36','2021-06-26'),(3381,350,634,47,'7','2021-06-26'),(3382,243,450,47,'1','2021-06-26'),(3383,273,503,38,'2','2021-06-26'),(3384,346,630,33,'24','2021-06-27'),(3385,329,613,34,'6','2021-06-27'),(3386,323,604,35,'2','2021-06-28'),(3387,259,477,37,'25','2021-06-28'),(3388,260,479,37,'3','2021-06-28'),(3389,312,584,42,'24','2021-06-28'),(3390,312,584,42,'24','2021-06-29'),(3391,312,584,42,'26','2021-06-30'),(3392,299,559,40,'24','2021-06-30'),(3393,346,630,33,'19','2021-06-29'),(3394,330,614,33,'10','2021-06-29'),(3395,348,632,34,'24','2021-06-29'),(3396,256,472,48,'5','2021-06-29'),(3397,256,471,48,'5','2021-06-29'),(3398,365,651,33,'8','2021-06-30'),(3399,259,477,37,'1','2021-06-30'),(3400,261,481,37,'4','2021-06-30'),(3401,281,520,45,'12','2021-07-01'),(3402,281,521,45,'5','2021-07-01'),(3403,245,454,45,'8','2021-07-01'),(3404,312,583,45,'22','2021-07-01'),(3405,308,576,45,'50','2021-07-05'),(3406,308,576,45,'50','2021-07-07'),(3407,311,582,43,'36','2021-07-03'),(3408,311,582,43,'31','2021-07-07'),(3409,317,594,43,'30','2021-07-07'),(3410,317,594,43,'24','2021-07-08'),(3411,299,559,40,'24','2021-07-02'),(3412,299,559,40,'24','2021-07-03'),(3413,299,559,40,'24','2021-07-04'),(3414,299,559,40,'24','2021-07-08'),(3415,299,559,40,'24','2021-07-05'),(3416,313,586,40,'24','2021-07-09'),(3417,313,586,40,'24','2021-07-11'),(3418,313,586,40,'24','2021-07-13'),(3419,298,557,44,'24','2021-07-07'),(3420,298,557,44,'24','2021-07-08'),(3421,298,557,44,'24','2021-07-11'),(3422,298,557,44,'24','2021-07-12'),(3423,298,557,44,'30','2021-07-13'),(3424,298,556,41,'36','2021-07-10'),(3425,313,586,40,'24','2021-07-15'),(3426,314,587,41,'34','2021-07-15'),(3427,310,579,41,'50','2021-07-02'),(3428,310,579,41,'15','2021-07-05'),(3429,310,580,41,'50','2021-07-05'),(3430,313,586,40,'24','2021-07-16'),(3431,313,586,40,'24','2021-07-17'),(3432,317,594,40,'18','2021-07-18'),(3433,385,671,46,'20','2021-07-29'),(3434,386,672,46,'15','2021-07-29'),(3435,368,654,46,'40','2021-07-29'),(3436,356,642,46,'40','2021-07-29'),(3437,387,673,46,'30','2021-07-29'),(3438,388,674,46,'30','2021-07-29'),(3439,358,644,46,'9','2021-07-29'),(3440,357,643,46,'3','2021-07-29'),(3441,389,675,46,'2','2021-07-29'),(3442,344,628,46,'171','2021-07-29'),(3443,345,629,46,'1026','2021-07-29'),(3444,324,605,32,'36','2021-07-01'),(3445,334,618,31,'18','2021-07-01'),(3446,334,618,31,'6','2021-07-02'),(3447,365,651,33,'24','2021-07-02'),(3448,270,497,38,'5','2021-07-02'),(3449,217,430,39,'16','2021-07-03'),(3450,270,497,38,'4','2021-07-03'),(3451,270,497,38,'2','2021-07-04'),(3452,272,501,38,'1','2021-07-04'),(3453,317,593,35,'36','2021-07-04'),(3454,261,481,37,'2','2021-07-05'),(3455,263,485,37,'1','2021-07-05'),(3456,365,651,33,'18','2021-07-05'),(3457,268,493,38,'1','2021-07-05'),(3458,260,479,37,'3','2021-07-06'),(3459,365,651,33,'8','2021-07-06'),(3460,329,613,34,'24','2021-07-06'),(3461,329,613,34,'14','2021-07-07'),(3462,260,479,37,'3','2021-07-07'),(3463,351,635,33,'12','2021-07-07'),(3464,328,612,34,'8','2021-07-08'),(3465,330,614,33,'12','2021-07-09'),(3466,333,617,34,'16','2021-07-09'),(3467,259,478,37,'32','2021-07-09'),(3468,365,651,33,'8','2021-07-10'),(3469,243,450,34,'14','2021-07-10'),(3470,275,508,38,'2','2021-07-10'),(3471,330,614,33,'11','2021-07-11'),(3472,328,612,34,'30','2021-07-11'),(3473,311,581,31,'12','2021-07-11'),(3474,351,635,33,'6','2021-07-12'),(3475,333,617,34,'20','2021-07-12'),(3476,317,593,31,'20','2021-07-12'),(3477,330,614,34,'4','2021-07-12'),(3478,324,605,32,'10','2021-07-13'),(3479,350,634,33,'8','2021-07-13'),(3480,333,617,34,'18','2021-07-13'),(3481,317,593,35,'36','2021-07-13'),(3482,259,478,37,'18','2021-07-13'),(3483,273,503,38,'1','2021-07-13'),(3484,307,573,41,'28','2021-07-23'),(3485,314,587,41,'36','2021-07-24'),(3486,307,574,41,'48','2021-07-27'),(3487,307,574,41,'36','2021-07-29'),(3488,365,651,33,'20','2021-07-14'),(3489,333,617,34,'10','2021-07-14'),(3490,243,451,47,'50','2021-07-14'),(3491,273,503,38,'2','2021-07-14'),(3492,270,497,38,'6','2021-07-14'),(3493,261,482,37,'1','2021-07-14'),(3494,365,651,33,'28','2021-07-15'),(3495,346,630,33,'10','2021-07-15'),(3496,333,617,34,'8','2021-07-15'),(3497,243,450,47,'1','2021-07-15'),(3498,351,635,33,'6','2021-07-16'),(3499,363,649,47,'12','2021-07-16'),(3500,268,494,37,'2','2021-07-16'),(3501,330,614,34,'24','2021-07-17'),(3502,261,481,37,'7','2021-07-17'),(3503,276,510,37,'5','2021-07-17'),(3504,259,477,37,'3','2021-07-17'),(3505,324,605,35,'36','2021-07-17'),(3506,246,457,31,'50','2021-07-18'),(3507,246,457,32,'56','2021-07-18'),(3508,246,457,35,'50','2021-07-18'),(3509,349,633,33,'4','2021-07-18'),(3510,346,630,33,'4','2021-07-18'),(3511,351,635,33,'2','2021-07-18'),(3512,263,486,37,'1','2021-07-18'),(3513,257,474,37,'1','2021-07-18'),(3514,261,481,37,'1','2021-07-18'),(3515,269,495,37,'1','2021-07-18'),(3516,363,649,47,'12','2021-07-23'),(3517,333,617,34,'36','2021-07-23'),(3518,317,593,35,'24','2021-07-23'),(3519,334,618,33,'8','2021-07-23'),(3520,256,471,48,'4','2021-07-24'),(3521,256,472,48,'3','2021-07-24'),(3522,256,471,48,'1','2021-07-19'),(3523,256,471,48,'1','2021-07-14'),(3524,334,618,33,'6','2021-07-25'),(3525,324,605,32,'22','2021-07-25'),(3526,261,481,38,'1','2021-07-25'),(3527,333,617,34,'24','2021-07-26'),(3528,317,594,31,'60','2021-07-26'),(3529,363,649,47,'6','2021-07-26'),(3530,350,634,47,'6','2021-07-27'),(3531,317,593,35,'36','2021-07-27'),(3532,333,617,34,'24','2021-07-27'),(3533,333,617,34,'30','2021-07-28'),(3534,267,492,38,'1','2021-07-28'),(3535,220,433,39,'1','2021-07-28'),(3536,264,487,37,'1','2021-07-28'),(3537,259,477,37,'1','2021-07-28'),(3538,334,618,40,'23','2021-07-28'),(3539,243,451,47,'4','2021-07-28'),(3540,363,649,47,'6','2021-07-29'),(3541,261,482,37,'4','2021-07-29'),(3542,346,630,37,'14','2021-07-29'),(3543,317,593,32,'4','2021-07-29'),(3544,328,612,34,'12','2021-07-30'),(3545,366,652,34,'24','2021-07-30'),(3546,351,635,33,'12','2021-07-31'),(3547,220,433,39,'1','2021-07-31'),(3548,366,652,34,'10','2021-07-31'),(3549,333,617,34,'32','2021-07-31'),(3550,259,477,37,'17','2021-07-31'),(3551,259,478,37,'6','2021-07-31'),(3552,264,487,37,'4','2021-07-31'),(3553,264,488,37,'4','2021-07-31'),(3554,299,559,42,'100','2021-07-31'),(3555,317,594,43,'109','2021-07-31'),(3556,307,574,41,'36','2021-08-01'),(3557,307,573,41,'37','2021-08-04'),(3558,314,587,41,'36','2021-08-06'),(3559,314,587,41,'36','2021-08-12'),(3560,314,587,41,'36','2021-08-09'),(3561,314,587,41,'36','2021-08-14'),(3562,317,594,43,'114','2021-08-07'),(3563,312,584,42,'108','2021-08-14'),(3564,309,578,45,'50','2021-08-01'),(3565,309,577,45,'50','2021-08-03'),(3566,309,578,45,'50','2021-08-04'),(3567,245,455,45,'16','2021-08-05'),(3568,309,577,45,'25','2021-08-07'),(3569,245,455,45,'40','2021-08-09'),(3570,245,455,45,'40','2021-08-10'),(3571,309,577,45,'20','2021-08-12'),(3572,312,583,40,'4','2021-08-12'),(3573,245,455,45,'50','2021-08-14'),(3574,245,455,45,'40','2021-08-16'),(3575,298,557,44,'319','2021-07-31'),(3576,298,557,44,'108','2021-08-17'),(3577,245,455,45,'48','2021-08-18'),(3578,260,480,46,'1','2021-08-18'),(3579,264,487,37,'1','2021-08-01'),(3580,260,480,37,'1','2021-08-01'),(3581,260,480,38,'4','2021-08-01'),(3582,256,471,48,'1','2021-08-01'),(3583,243,450,47,'16','2021-08-02'),(3584,260,480,38,'2','2021-08-03'),(3585,280,519,38,'1','2021-08-03'),(3586,274,505,38,'1','2021-08-03'),(3587,351,635,33,'12','2021-08-03'),(3588,259,478,37,'16','2021-08-04'),(3589,346,630,33,'21','2021-08-04'),(3590,220,433,39,'1','2021-08-05'),(3591,330,614,34,'24','2021-08-05'),(3592,280,518,38,'1','2021-08-05'),(3593,350,634,33,'6','2021-08-05'),(3594,346,630,33,'6','2021-08-05'),(3595,268,493,38,'20','2021-08-06'),(3596,263,485,37,'1','2021-08-06'),(3597,277,512,37,'1','2021-08-06'),(3598,261,481,37,'1','2021-08-06'),(3599,259,478,37,'8','2021-08-06'),(3600,220,433,39,'1','2021-08-06'),(3601,333,617,34,'6','2021-08-06'),(3602,317,593,32,'36','2021-08-06'),(3603,256,471,48,'1','2021-08-06'),(3604,247,458,47,'18','2021-08-07'),(3605,366,652,34,'24','2021-08-07'),(3606,270,493,38,'10','2021-08-07'),(3607,346,630,33,'6','2021-08-07'),(3608,259,477,37,'15','2021-08-07'),(3609,259,478,37,'11','2021-08-07'),(3610,260,479,37,'3','2021-08-07'),(3611,220,433,39,'1','2021-08-08'),(3612,329,613,34,'12','2021-08-08'),(3613,268,493,38,'10','2021-08-08'),(3614,363,649,47,'2','2021-08-08'),(3615,346,630,33,'12','2021-08-08'),(3616,243,450,47,'6','2021-08-09'),(3617,220,433,39,'1','2021-08-09'),(3618,324,605,32,'24','2021-08-09'),(3619,268,493,38,'10','2021-08-09'),(3620,267,491,46,'1','2021-08-09'),(3621,270,497,38,'1','2021-08-09'),(3622,346,630,33,'15','2021-08-09'),(3623,245,454,45,'42','2021-08-21'),(3624,298,557,40,'120','2021-08-20'),(3625,299,559,40,'6','2021-08-20'),(3626,313,586,40,'188','2021-08-20'),(3627,333,617,34,'24','2021-08-10'),(3628,264,487,37,'1','2021-08-10'),(3629,280,518,38,'1','2021-08-10'),(3630,346,630,33,'35','2021-08-10'),(3631,365,651,33,'4','2021-08-10'),(3632,366,652,34,'10','2021-08-11'),(3633,334,618,33,'6','2021-08-11'),(3634,261,482,38,'4','2021-08-11'),(3635,317,593,36,'36','2021-08-11'),(3636,363,649,47,'10','2021-08-12'),(3637,317,593,32,'70','2021-08-12'),(3638,317,593,31,'34','2021-08-12'),(3639,333,617,34,'16','2021-08-12'),(3640,346,630,33,'12','2021-08-12'),(3641,261,482,38,'7','2021-08-12'),(3642,261,481,38,'4','2021-08-12'),(3643,270,497,38,'1','2021-08-12'),(3644,223,436,39,'1','2021-08-11'),(3645,352,638,31,'12','2021-08-13'),(3646,311,581,36,'36','2021-08-13'),(3647,256,471,48,'1','2021-08-13'),(3648,218,431,39,'1','2021-08-14'),(3649,329,613,34,'20','2021-08-14'),(3650,261,482,37,'1','2021-08-14'),(3651,264,488,37,'1','2021-08-14'),(3652,256,471,48,'1','2021-08-14'),(3653,317,593,31,'36','2021-08-15'),(3654,321,599,31,'24','2021-08-15'),(3655,346,630,33,'24','2021-08-15'),(3656,317,594,36,'20','2021-08-15'),(3657,298,557,40,'24','2021-08-24'),(3658,309,578,45,'50','2021-08-23'),(3659,309,578,45,'50','2021-08-25'),(3660,309,578,45,'50','2021-08-26'),(3661,363,649,47,'10','2021-08-16'),(3662,278,514,37,'60','2021-08-16'),(3663,346,630,33,'24','2021-08-16'),(3664,261,481,38,'6','2021-08-16'),(3665,272,501,38,'6','2021-08-16'),(3666,328,612,34,'42','2021-08-16'),(3667,333,617,34,'36','2021-08-17'),(3668,256,471,48,'3','2021-08-17'),(3669,346,630,33,'18','2021-08-17'),(3670,278,515,37,'4','2021-08-18'),(3671,371,657,34,'8','2021-08-18'),(3672,220,433,39,'1','2021-08-18'),(3673,351,635,33,'12','2021-08-18'),(3674,346,630,33,'6','2021-08-18'),(3675,270,498,38,'5','2021-08-18'),(3676,272,502,38,'3','2021-08-18'),(3677,256,471,48,'5','2021-08-18'),(3678,365,651,33,'4','2021-08-19'),(3679,351,635,33,'12','2021-08-19'),(3680,348,632,34,'12','2021-08-19'),(3681,298,557,40,'24','2021-08-25'),(3682,298,557,40,'24','2021-08-26'),(3683,298,557,40,'24','2021-08-27'),(3684,351,635,33,'14','2021-08-20'),(3685,346,630,33,'6','2021-08-20'),(3686,317,593,36,'20','2021-08-20'),(3687,256,471,48,'14','2021-08-20'),(3688,333,617,34,'16','2021-08-20'),(3689,261,482,38,'5','2021-08-21'),(3690,351,635,33,'12','2021-08-21'),(3691,309,578,45,'50','2021-08-29'),(3692,309,578,45,'40','2021-08-31'),(3693,260,479,37,'8','2021-08-22'),(3694,263,486,37,'2','2021-08-22'),(3695,259,478,37,'2','2021-08-22'),(3696,334,618,31,'9','2021-08-22'),(3697,351,635,33,'18','2021-08-22'),(3698,333,617,34,'7','2021-08-22'),(3699,298,557,40,'24','2021-08-29'),(3700,311,582,32,'8','2021-08-23'),(3701,263,485,37,'1','2021-08-23'),(3702,280,518,38,'3','2021-08-23'),(3703,246,457,31,'50','2021-08-23'),(3704,350,634,47,'24','2021-08-23'),(3705,348,632,34,'6','2021-08-23'),(3706,333,617,34,'8','2021-08-23'),(3707,280,518,38,'7','2021-08-24'),(3708,351,635,33,'6','2021-08-24'),(3709,333,617,34,'48','2021-08-24'),(3710,363,649,47,'26','2021-08-25'),(3711,350,634,47,'12','2021-08-25'),(3712,324,605,32,'28','2021-08-25'),(3713,348,632,34,'12','2021-08-25'),(3714,346,630,33,'6','2021-08-25'),(3715,351,635,33,'6','2021-08-25'),(3716,333,617,34,'8','2021-08-25'),(3717,308,576,32,'12','2021-08-26'),(3718,317,593,31,'16','2021-08-26'),(3719,272,501,38,'1','2021-08-26'),(3720,311,581,36,'2','2021-08-26'),(3721,256,471,48,'10','2021-08-27'),(3722,366,652,34,'8','2021-08-27'),(3723,346,630,33,'24','2021-08-27'),(3724,350,634,47,'6','2021-08-27'),(3725,346,630,33,'12','2021-08-28'),(3726,351,635,33,'6','2021-08-28'),(3727,330,614,34,'1','2021-08-28'),(3728,333,617,34,'24','2021-08-28'),(3729,275,509,38,'1','2021-08-28'),(3730,323,603,31,'14','2021-08-28'),(3731,256,471,48,'1','2021-08-29'),(3732,256,472,48,'2','2021-08-29'),(3733,333,617,34,'6','2021-08-29'),(3734,328,612,34,'6','2021-08-29'),(3735,352,637,31,'12','2021-08-29'),(3736,346,630,33,'18','2021-08-29'),(3737,259,478,37,'68','2021-08-29'),(3738,264,488,37,'1','2021-08-29'),(3739,308,576,32,'4','2021-08-29'),(3740,298,557,40,'24','2021-08-30'),(3741,298,557,40,'24','2021-08-31'),(3742,259,478,38,'50','2021-08-30'),(3743,317,593,31,'22','2021-08-30'),(3744,302,564,31,'12','2021-08-30'),(3745,220,433,39,'2','2021-08-30'),(3746,219,432,39,'1','2021-08-30'),(3747,225,438,39,'1','2021-08-30'),(3748,333,617,34,'24','2021-08-30'),(3749,281,521,45,'6','2021-09-04'),(3750,298,556,45,'20','2021-09-04'),(3751,308,575,45,'24','2021-09-04'),(3752,281,521,45,'21','2021-09-06'),(3753,308,576,45,'23','2021-09-06'),(3754,309,578,45,'4','2021-09-06'),(3755,312,584,40,'24','2021-09-02'),(3756,312,584,40,'24','2021-09-04'),(3757,298,557,40,'4','2021-09-06'),(3758,312,584,40,'20','2021-09-06'),(3759,298,557,40,'24','2021-09-08'),(3760,298,557,40,'24','2021-09-09'),(3761,298,557,40,'24','2021-09-10'),(3762,245,455,45,'8','2021-09-08'),(3763,281,520,45,'43','2021-09-08'),(3764,308,575,45,'2','2021-09-08'),(3765,245,455,45,'20','2021-09-10'),(3766,281,521,45,'16','2021-09-10'),(3767,308,576,45,'12','2021-09-10'),(3768,298,557,40,'12','2021-09-12'),(3769,317,594,40,'14','2021-09-12'),(3770,281,520,45,'12','2021-09-13'),(3771,308,575,45,'12','2021-09-13'),(3772,310,580,45,'24','2021-09-13'),(3773,308,576,45,'22','2021-09-14'),(3774,245,454,45,'2','2021-09-16'),(3775,281,520,45,'50','2021-09-16'),(3776,309,577,45,'1','2021-09-16'),(3777,309,578,45,'6','2021-09-16'),(3778,281,520,45,'50','2021-09-18'),(3779,245,454,45,'6','2021-09-20'),(3780,281,520,45,'17','2021-09-20'),(3781,308,575,45,'24','2021-09-20'),(3782,317,594,40,'24','2021-09-16'),(3783,298,557,40,'24','2021-09-17'),(3784,298,557,40,'24','2021-09-18'),(3785,298,557,40,'24','2021-09-19'),(3786,298,557,40,'24','2021-09-20'),(3787,317,594,43,'18','2021-09-19'),(3788,344,628,46,'170','2021-09-20'),(3789,345,629,46,'1020','2021-09-20'),(3790,308,576,45,'50','2021-09-23'),(3791,245,455,45,'4','2021-09-25'),(3792,308,576,45,'50','2021-09-25'),(3793,311,582,43,'16','2021-09-24'),(3794,317,594,43,'12','2021-09-24'),(3795,317,594,43,'16','2021-09-26'),(3796,321,600,31,'24','2021-09-01'),(3797,278,515,37,'1','2021-09-01'),(3798,264,487,37,'1','2021-09-01'),(3799,275,508,37,'1','2021-09-01'),(3800,261,482,37,'4','2021-09-01'),(3801,263,486,37,'1','2021-09-01'),(3802,348,632,34,'6','2021-09-01'),(3803,346,630,33,'6','2021-09-03'),(3804,333,617,34,'1','2021-09-03'),(3805,348,632,34,'6','2021-09-03'),(3806,351,635,33,'12','2021-09-04'),(3807,263,486,37,'1','2021-09-04'),(3808,259,477,37,'10','2021-09-04'),(3809,264,487,37,'1','2021-09-04'),(3810,352,636,32,'12','2021-09-04'),(3811,256,471,48,'1','2021-09-04'),(3812,364,650,47,'6','2021-09-04'),(3813,223,436,39,'2','2021-09-04'),(3814,298,557,44,'12','2021-09-23'),(3815,298,557,44,'12','2021-09-25'),(3816,298,557,44,'12','2021-09-27'),(3817,298,557,40,'24','2021-09-22'),(3818,298,557,40,'24','2021-09-24'),(3819,299,559,40,'24','2021-09-26'),(3820,363,649,47,'4','2021-09-05'),(3821,351,635,33,'4','2021-09-05'),(3822,223,436,39,'2','2021-09-05'),(3823,278,515,37,'2','2021-09-05'),(3824,333,617,34,'24','2021-09-05'),(3825,350,634,47,'12','2021-09-06'),(3826,346,630,33,'4','2021-09-06'),(3827,321,599,32,'24','2021-09-07'),(3828,350,634,47,'19','2021-09-07'),(3829,223,436,39,'1','2021-09-07'),(3830,257,474,37,'1','2021-09-07'),(3831,270,497,37,'1','2021-09-07'),(3832,333,617,34,'16','2021-09-07'),(3833,364,650,47,'6','2021-09-08'),(3834,346,630,33,'22','2021-09-08'),(3835,311,581,32,'20','2021-09-09'),(3836,218,431,39,'1','2021-09-09'),(3837,364,650,47,'2','2021-09-09'),(3838,351,635,33,'4','2021-09-10'),(3839,264,488,38,'7','2021-09-10'),(3840,223,436,39,'1','2021-09-10'),(3841,333,617,34,'36','2021-09-10'),(3842,264,487,38,'5','2021-09-11'),(3843,259,477,38,'5','2021-09-11'),(3844,351,635,33,'30','2021-09-11'),(3845,223,436,39,'1','2021-09-11'),(3846,348,632,34,'6','2021-09-11'),(3847,317,593,32,'40','2021-09-12'),(3848,259,478,38,'1','2021-09-12'),(3849,220,433,39,'1','2021-09-12'),(3850,364,650,47,'12','2021-09-12'),(3851,351,635,33,'8','2021-09-13'),(3852,219,432,39,'1','2021-09-13'),(3853,329,613,34,'20','2021-09-13'),(3854,346,630,33,'8','2021-09-14'),(3855,225,438,39,'1','2021-09-14'),(3856,333,617,34,'58','2021-09-14'),(3857,261,481,38,'5','2021-09-15'),(3858,259,477,38,'1','2021-09-15'),(3859,351,635,33,'42','2021-09-16'),(3860,275,508,38,'1','2021-09-16'),(3861,225,438,39,'3','2021-09-16'),(3862,346,630,33,'18','2021-09-17'),(3863,259,477,38,'34','2021-09-17'),(3864,329,613,34,'24','2021-09-17'),(3865,317,593,32,'40','2021-09-18'),(3866,346,630,33,'11','2021-09-18'),(3867,275,509,38,'1','2021-09-18'),(3868,223,436,39,'2','2021-09-18'),(3869,329,613,34,'4','2021-09-18'),(3870,259,478,38,'1','2021-09-19'),(3871,264,488,38,'1','2021-09-19'),(3872,261,481,38,'2','2021-09-19'),(3873,223,436,39,'2','2021-09-19'),(3874,256,472,48,'1','2021-09-20'),(3875,256,471,48,'6','2021-09-20'),(3876,275,508,38,'1','2021-09-20'),(3877,269,495,38,'1','2021-09-20'),(3878,267,491,38,'1','2021-09-20'),(3879,225,438,39,'2','2021-09-20'),(3880,333,617,34,'14','2021-09-20'),(3881,261,481,38,'2','2021-09-20'),(3882,259,478,38,'12','2021-09-21'),(3883,225,438,39,'2','2021-09-21'),(3884,260,480,38,'3','2021-09-22'),(3885,225,438,39,'3','2021-09-22'),(3886,223,436,39,'1','2021-09-22'),(3887,346,630,33,'2','2021-09-22'),(3888,350,634,33,'1','2021-09-22'),(3889,317,593,32,'24','2021-09-22'),(3890,330,614,34,'2','2021-09-22'),(3891,348,632,34,'2','2021-09-22'),(3892,363,649,47,'6','2021-09-23'),(3893,259,478,38,'4','2021-09-23'),(3894,346,630,33,'30','2021-09-23'),(3895,256,471,48,'5','2021-09-24'),(3896,243,451,47,'2','2021-09-24'),(3897,351,635,33,'2','2021-09-24'),(3898,346,630,33,'15','2021-09-24'),(3899,259,478,38,'20','2021-09-25'),(3900,270,497,38,'1','2021-09-25'),(3901,280,518,38,'2','2021-09-25'),(3902,324,605,32,'24','2021-09-25'),(3903,243,451,47,'4','2021-09-25'),(3904,346,630,33,'2','2021-09-25'),(3905,256,471,48,'1','2021-09-25'),(3906,308,576,45,'40','2021-09-27'),(3907,309,578,45,'18','2021-09-27'),(3908,310,580,41,'50','2021-09-24'),(3909,310,580,41,'36','2021-09-27'),(3910,245,455,41,'30','2021-09-28'),(3911,281,521,41,'6','2021-09-30'),(3912,310,580,41,'38','2021-09-30'),(3913,298,557,41,'22','2021-09-30'),(3914,317,594,43,'24','2021-09-30'),(3915,298,557,44,'12','2021-09-29'),(3916,298,557,40,'24','2021-09-27'),(3917,298,557,40,'24','2021-09-28'),(3918,298,557,40,'24','2021-09-30'),(3919,333,617,34,'27','2021-09-26'),(3920,349,633,33,'24','2021-09-26'),(3921,351,635,33,'10','2021-09-26'),(3922,263,485,37,'2','2021-09-26'),(3923,223,436,39,'2','2021-09-26'),(3924,223,436,39,'4','2021-09-27'),(3925,218,431,39,'1','2021-09-27'),(3926,280,518,38,'1','2021-09-27'),(3927,259,478,38,'17','2021-09-27'),(3928,259,477,37,'52','2021-09-27'),(3929,346,630,33,'15','2021-09-28'),(3930,243,450,47,'10','2021-09-28'),(3931,321,599,32,'14','2021-09-28'),(3932,270,497,38,'3','2021-09-28'),(3933,261,481,38,'2','2021-09-28'),(3934,260,480,38,'6','2021-09-29'),(3935,280,519,38,'1','2021-09-29'),(3936,268,493,38,'1','2021-09-29'),(3937,346,630,33,'18','2021-09-29'),(3938,259,478,37,'6','2021-09-29'),(3939,371,657,34,'18','2021-09-30'),(3940,348,632,34,'24','2021-09-30'),(3941,260,479,37,'3','2021-09-30'),(3942,261,481,38,'5','2021-09-30'),(3943,272,502,38,'1','2021-09-30'),(3944,331,615,47,'12','2021-09-30'),(3945,220,433,39,'1','2021-09-30'),(3946,223,436,39,'1','2021-09-30'),(3947,217,430,39,'1','2021-09-30'),(3948,351,635,33,'12','2021-09-30'),(3949,346,630,33,'28','2021-09-30'),(3950,281,520,42,'39','2021-09-28'),(3951,298,557,42,'130','2021-09-24'),(3952,308,575,42,'120','2021-09-30'),(3953,298,557,44,'12','2021-10-01'),(3954,298,557,44,'16','2021-10-04'),(3955,298,557,44,'12','2021-10-05'),(3956,298,557,44,'11','2021-10-06'),(3957,298,557,44,'25','2021-10-08'),(3958,299,559,40,'33','2021-10-07'),(3959,299,559,40,'25','2021-10-05'),(3960,299,559,40,'25','2021-10-03'),(3961,299,559,40,'25','2021-10-02'),(3962,299,559,40,'25','2021-10-01'),(3963,317,594,43,'12','2021-10-02'),(3964,317,594,43,'12','2021-10-04'),(3965,317,594,43,'20','2021-10-07'),(3966,299,559,40,'33','2021-10-09'),(3967,308,576,42,'12','2021-10-01'),(3968,309,578,42,'12','2021-10-01'),(3969,281,520,42,'10','2021-10-02'),(3970,281,521,42,'36','2021-10-03'),(3971,281,520,42,'36','2021-10-04'),(3972,309,577,42,'14','2021-10-05'),(3973,281,520,42,'36','2021-10-07'),(3974,281,520,42,'24','2021-10-08'),(3975,281,521,42,'16','2021-10-08'),(3976,309,578,41,'60','2021-10-03'),(3977,309,577,41,'59','2021-10-07'),(3978,245,455,41,'40','2021-10-10'),(3979,260,479,37,'3','2021-10-01'),(3980,261,481,37,'2','2021-10-01'),(3981,256,471,37,'5','2021-10-01'),(3982,366,652,37,'8','2021-10-01'),(3983,333,617,37,'7','2021-10-01'),(3984,364,650,47,'12','2021-10-01'),(3985,334,618,33,'8','2021-10-01'),(3986,346,630,33,'6','2021-10-01'),(3987,346,630,33,'8','2021-10-02'),(3988,351,635,33,'12','2021-10-02'),(3989,365,651,33,'30','2021-10-03'),(3990,334,618,33,'18','2021-10-03'),(3991,350,634,47,'10','2021-10-03'),(3992,333,617,34,'110','2021-10-03'),(3993,366,652,34,'8','2021-10-03'),(3994,261,481,37,'4','2021-10-03'),(3995,256,471,48,'9','2021-10-03'),(3996,256,472,48,'3','2021-10-03'),(3997,263,485,37,'1','2021-10-04'),(3998,260,479,37,'2','2021-10-04'),(3999,329,613,34,'1','2021-10-04'),(4000,333,617,34,'1','2021-10-04'),(4001,351,635,33,'7','2021-10-04'),(4002,333,617,33,'5','2021-10-04'),(4003,257,473,38,'10','2021-10-04'),(4004,260,479,37,'6','2021-10-05'),(4005,243,451,47,'20','2021-10-05'),(4006,329,613,34,'6','2021-10-05'),(4007,351,635,33,'7','2021-10-05'),(4008,346,630,33,'6','2021-10-05'),(4009,334,618,33,'2','2021-10-05'),(4010,272,502,38,'3','2021-10-05'),(4011,270,498,38,'1','2021-10-05'),(4012,275,509,38,'1','2021-10-05'),(4013,333,617,33,'6','2021-10-06'),(4014,346,630,33,'6','2021-10-06'),(4015,334,618,33,'16','2021-10-06'),(4016,243,450,47,'2','2021-10-07'),(4017,371,657,47,'6','2021-10-07'),(4018,259,478,37,'20','2021-10-07'),(4019,264,488,37,'3','2021-10-07'),(4020,261,482,37,'2','2021-10-07'),(4021,264,487,37,'1','2021-10-07'),(4022,280,518,38,'5','2021-10-07'),(4023,257,473,38,'1','2021-10-07'),(4024,268,494,38,'10','2021-10-07'),(4025,243,450,47,'2','2021-10-08'),(4026,363,649,47,'6','2021-10-08'),(4027,324,605,31,'16','2021-10-08'),(4028,267,491,38,'3','2021-10-09'),(4029,267,492,38,'2','2021-10-09'),(4030,311,581,31,'14','2021-10-09'),(4031,299,559,40,'34','2021-10-10'),(4032,309,578,42,'36','2021-10-10'),(4033,317,594,43,'24','2021-10-10'),(4034,311,582,43,'12','2021-10-12'),(4035,317,594,43,'22','2021-10-12'),(4036,317,594,43,'23','2021-10-14'),(4037,299,559,42,'28','2021-10-11'),(4038,309,578,42,'12','2021-10-11'),(4039,298,557,42,'30','2021-10-12'),(4040,298,557,42,'30','2021-10-15'),(4041,298,557,44,'25','2021-10-10'),(4042,298,557,44,'25','2021-10-12'),(4043,298,557,44,'28','2021-10-15'),(4044,298,557,44,'24','2021-10-17'),(4045,298,557,44,'24','2021-10-19'),(4046,297,554,43,'12','2021-10-16'),(4047,317,594,43,'24','2021-10-16'),(4048,317,594,43,'36','2021-10-18'),(4049,311,582,43,'9','2021-10-20'),(4050,317,594,43,'33','2021-10-20'),(4051,298,557,42,'25','2021-10-16'),(4052,298,557,42,'24','2021-10-17'),(4053,298,557,42,'36','2021-10-19'),(4054,298,557,42,'28','2021-10-20'),(4055,298,557,44,'24','2021-10-20'),(4056,298,557,44,'24','2021-10-22'),(4057,298,557,44,'24','2021-10-24'),(4058,298,557,44,'26','2021-10-26'),(4059,298,557,44,'24','2021-10-27'),(4060,328,612,46,'18','2021-10-22'),(4061,307,574,46,'14','2021-10-01'),(4062,317,593,33,'14','2021-10-10'),(4063,365,651,33,'46','2021-10-10'),(4064,333,617,34,'250','2021-10-11'),(4065,328,612,34,'2','2021-10-11'),(4066,350,634,47,'8','2021-10-11'),(4067,223,436,39,'1','2021-10-11'),(4068,346,630,33,'18','2021-10-12'),(4069,349,633,33,'2','2021-10-12'),(4070,351,635,33,'2','2021-10-12'),(4071,365,651,33,'1','2021-10-12'),(4072,332,616,34,'8','2021-10-12'),(4073,333,617,34,'8','2021-10-12'),(4074,256,471,48,'2','2021-10-12'),(4075,350,634,47,'2','2021-10-12'),(4076,333,617,34,'14','2021-10-13'),(4077,243,450,47,'10','2021-10-13'),(4078,352,636,31,'12','2021-10-13'),(4079,255,469,48,'1','2021-10-14'),(4080,347,631,34,'10','2021-10-14'),(4081,363,649,47,'12','2021-10-14'),(4082,346,630,33,'18','2021-10-14'),(4083,365,651,33,'18','2021-10-14'),(4084,334,618,33,'6','2021-10-14'),(4085,310,580,41,'36','2021-10-12'),(4086,314,587,41,'24','2021-10-14'),(4087,314,587,41,'24','2021-10-17'),(4088,307,574,41,'36','2021-10-19'),(4089,307,573,41,'40','2021-10-22'),(4090,307,574,41,'48','2021-10-26'),(4091,307,574,41,'36','2021-10-29'),(4092,299,559,42,'50','2021-10-27'),(4093,299,559,42,'24','2021-10-29'),(4094,328,612,34,'23','2021-10-15'),(4095,263,486,37,'1','2021-10-15'),(4096,264,488,37,'10','2021-10-15'),(4097,346,630,33,'4','2021-10-15'),(4098,365,651,33,'4','2021-10-15'),(4099,220,433,39,'1','2021-10-15'),(4100,329,613,34,'6','2021-10-16'),(4101,333,617,34,'6','2021-10-16'),(4102,263,485,37,'1','2021-10-16'),(4103,259,477,37,'12','2021-10-16'),(4104,365,651,33,'12','2021-10-16'),(4105,346,630,33,'24','2021-10-17'),(4106,225,438,39,'1','2021-10-17'),(4107,317,593,32,'40','2021-10-18'),(4108,261,481,37,'2','2021-10-18'),(4109,263,485,37,'1','2021-10-18'),(4110,364,650,47,'24','2021-10-18'),(4111,349,633,33,'18','2021-10-18'),(4112,261,481,37,'1','2021-10-19'),(4113,259,477,37,'1','2021-10-19'),(4114,367,653,47,'36','2021-10-19'),(4115,334,618,33,'18','2021-10-19'),(4116,346,630,33,'18','2021-10-19'),(4117,268,494,37,'5','2021-10-20'),(4118,269,496,37,'2','2021-10-20'),(4119,267,491,37,'1','2021-10-20'),(4120,346,630,33,'2','2021-10-20'),(4121,365,651,33,'19','2021-10-20'),(4122,333,617,34,'69','2021-10-21'),(4123,263,485,37,'1','2021-10-21'),(4124,280,518,37,'2','2021-10-21'),(4125,363,649,47,'6','2021-10-21'),(4126,349,633,33,'12','2021-10-21'),(4127,298,557,44,'24','2021-10-29'),(4128,255,470,48,'1','2021-10-22'),(4129,256,471,48,'1','2021-10-22'),(4130,256,472,48,'1','2021-10-22'),(4131,257,473,37,'2','2021-10-22'),(4132,351,635,33,'12','2021-10-22'),(4133,324,605,32,'24','2021-10-23'),(4134,333,617,34,'8','2021-10-23'),(4135,348,632,34,'4','2021-10-23'),(4136,223,436,39,'1','2021-10-23'),(4137,259,478,37,'13','2021-10-23'),(4138,349,633,33,'12','2021-10-23'),(4139,366,652,34,'18','2021-10-24'),(4140,333,617,34,'6','2021-10-24'),(4141,371,657,34,'8','2021-10-24'),(4142,363,649,47,'14','2021-10-24'),(4143,280,518,37,'1','2021-10-24'),(4144,267,492,37,'1','2021-10-24'),(4145,346,630,33,'16','2021-10-24'),(4146,366,652,34,'8','2021-10-25'),(4147,333,617,34,'14','2021-10-25'),(4148,328,612,34,'6','2021-10-25'),(4149,220,433,39,'1','2021-10-25'),(4150,334,618,33,'10','2021-10-25'),(4151,365,651,33,'2','2021-10-25'),(4152,328,612,34,'8','2021-10-26'),(4153,367,653,47,'24','2021-10-26'),(4154,346,630,33,'16','2021-10-26'),(4155,256,471,48,'8','2021-10-27'),(4156,259,477,37,'20','2021-10-27'),(4157,264,487,37,'10','2021-10-27'),(4158,317,593,32,'44','2021-10-27'),(4159,349,633,33,'30','2021-10-27'),(4160,314,587,41,'30','2021-10-30'),(4161,311,582,43,'23','2021-10-25'),(4162,317,594,43,'32','2021-10-28'),(4163,311,582,43,'33','2021-10-31'),(4164,333,617,34,'44','2021-10-28'),(4165,363,649,47,'8','2021-10-28'),(4166,220,433,39,'1','2021-10-28'),(4167,346,630,33,'29','2021-10-28'),(4168,299,559,40,'24','2021-10-27'),(4169,299,559,40,'24','2021-10-29'),(4170,299,559,40,'24','2021-10-31'),(4171,299,559,42,'24','2021-10-31'),(4172,365,651,33,'14','2021-10-29'),(4173,347,631,34,'48','2021-10-29'),(4174,219,432,39,'1','2021-10-29'),(4175,259,478,37,'20','2021-10-29'),(4176,257,473,37,'6','2021-10-29'),(4177,299,559,45,'36','2021-10-23'),(4178,310,580,45,'6','2021-10-23'),(4179,309,578,45,'24','2021-10-24'),(4180,308,576,45,'50','2021-10-26'),(4181,309,578,45,'54','2021-10-28'),(4182,245,454,45,'6','2021-10-30'),(4183,308,575,45,'18','2021-10-30'),(4184,309,577,45,'20','2021-10-30'),(4185,328,612,34,'6','2021-10-30'),(4186,333,617,34,'30','2021-10-30'),(4187,334,618,33,'10','2021-10-30'),(4188,346,630,33,'4','2021-10-30'),(4190,317,593,32,'40','2021-10-30'),(4191,324,605,35,'36','2021-10-30'),(4192,317,593,31,'20','2021-10-30'),(4193,347,631,34,'30','2021-10-31'),(4194,329,613,34,'10','2021-10-31'),(4195,330,614,34,'10','2021-10-31'),(4196,245,455,45,'46','2021-11-02'),(4197,298,557,44,'24','2021-11-01'),(4198,299,559,42,'24','2021-11-02'),(4199,311,582,43,'36','2021-11-03'),(4200,311,582,43,'36','2021-11-06'),(4201,309,578,41,'60','2021-11-05'),(4202,299,559,42,'24','2021-11-03'),(4203,301,563,42,'24','2021-11-05'),(4204,298,557,42,'36','2021-11-06'),(4205,299,559,40,'28','2021-11-02'),(4206,299,559,40,'25','2021-11-04'),(4207,298,557,40,'24','2021-11-06'),(4208,310,579,41,'14','2021-11-09'),(4209,314,587,41,'12','2021-11-09'),(4210,298,557,42,'40','2021-11-08'),(4211,298,557,40,'36','2021-11-08'),(4212,298,557,40,'24','2021-11-10'),(4213,281,521,43,'30','2021-11-08'),(4214,308,576,43,'6','2021-11-08'),(4215,298,557,42,'26','2021-11-10'),(4216,344,628,46,'170','2021-11-11'),(4217,345,629,46,'1020','2021-11-11'),(4218,281,520,43,'36','2021-11-11'),(4219,298,557,40,'12','2021-11-12'),(4220,317,563,40,'12','2021-11-12'),(4221,245,455,45,'50','2021-11-04'),(4222,245,455,45,'50','2021-11-06'),(4223,245,455,45,'50','2021-11-10'),(4224,245,455,45,'50','2021-11-08'),(4225,245,455,45,'50','2021-11-12'),(4226,346,630,33,'52','2021-11-01'),(4227,365,651,33,'18','2021-11-01'),(4228,225,438,39,'1','2021-11-01'),(4229,219,432,39,'1','2021-11-01'),(4230,259,477,37,'16','2021-11-01'),(4231,259,478,37,'16','2021-11-01'),(4232,273,503,37,'1','2021-11-02'),(4233,267,492,37,'2','2021-11-02'),(4234,267,491,37,'1','2021-11-02'),(4235,280,518,37,'4','2021-11-02'),(4236,278,514,37,'1','2021-11-02'),(4237,317,593,35,'40','2021-11-02'),(4238,256,472,48,'1','2021-11-02'),(4239,346,630,33,'36','2021-11-02'),(4240,365,651,33,'6','2021-11-02'),(4241,334,618,33,'8','2021-11-03'),(4242,346,630,33,'2','2021-11-03'),(4243,364,650,47,'6','2021-11-03'),(4244,333,617,34,'60','2021-11-03'),(4245,365,651,33,'30','2021-11-04'),(4246,346,630,33,'18','2021-11-04'),(4247,334,618,33,'6','2021-11-04'),(4248,317,593,32,'46','2021-11-04'),(4249,257,474,37,'1','2021-11-04'),(4250,267,491,37,'1','2021-11-04'),(4251,329,613,44,'24','2021-11-04'),(4252,366,652,44,'8','2021-11-04'),(4253,333,617,34,'24','2021-11-04'),(4254,220,433,39,'2','2021-11-04'),(4255,367,653,47,'6','2021-11-04'),(4256,366,652,44,'24','2021-11-05'),(4257,333,617,34,'24','2021-11-05'),(4258,367,653,47,'6','2021-11-05'),(4259,347,631,34,'24','2021-11-06'),(4260,329,613,44,'18','2021-11-06'),(4261,324,605,35,'36','2021-11-06'),(4262,273,503,38,'2','2021-11-06'),(4263,274,505,38,'2','2021-11-06'),(4264,317,593,31,'24','2021-11-06'),(4265,256,471,48,'5','2021-11-07'),(4266,255,469,48,'7','2021-11-07'),(4267,347,631,34,'24','2021-11-07'),(4268,273,503,38,'4','2021-11-07'),(4269,346,630,33,'32','2021-11-07'),(4270,259,478,37,'20','2021-11-07'),(4271,264,488,37,'1','2021-11-07'),(4272,333,617,34,'24','2021-11-08'),(4273,366,652,44,'30','2021-11-08'),(4274,363,649,47,'8','2021-11-08'),(4275,274,505,38,'2','2021-11-08'),(4276,272,501,38,'1','2021-11-08'),(4277,268,494,38,'1','2021-11-08'),(4278,302,564,31,'24','2021-11-08'),(4279,264,487,37,'11','2021-11-08'),(4280,346,630,33,'12','2021-11-08'),(4281,308,575,41,'10','2021-11-13'),(4282,317,594,43,'14','2021-11-12'),(4283,301,563,42,'36','2021-11-12'),(4284,347,631,34,'6','2021-11-09'),(4285,329,613,44,'6','2021-11-09'),(4286,367,653,47,'12','2021-11-09'),(4287,346,630,33,'14','2021-11-09'),(4288,324,605,32,'32','2021-11-09'),(4289,259,477,37,'4','2021-11-09'),(4290,347,631,34,'42','2021-11-10'),(4291,247,458,47,'12','2021-11-10'),(4292,367,653,47,'4','2021-11-10'),(4293,220,433,39,'1','2021-11-10'),(4294,269,495,38,'1','2021-11-10'),(4295,334,618,33,'6','2021-11-10'),(4296,365,651,33,'4','2021-11-10'),(4297,349,633,33,'18','2021-11-10'),(4298,259,478,37,'1','2021-11-10'),(4299,245,455,45,'50','2021-11-14'),(4300,245,455,45,'4','2021-11-16'),(4301,308,576,45,'46','2021-11-16'),(4302,245,455,45,'2','2021-11-18'),(4303,308,576,45,'51','2021-11-18'),(4304,314,587,41,'44','2021-11-16'),(4305,314,587,41,'2','2021-11-19'),(4306,301,562,41,'24','2021-11-19'),(4307,281,521,43,'36','2021-11-15'),(4308,281,521,43,'24','2021-11-17'),(4309,311,582,43,'17','2021-11-17'),(4310,281,520,43,'36','2021-11-18'),(4311,281,521,43,'29','2021-11-18'),(4312,301,563,40,'24','2021-11-14'),(4313,301,563,40,'6','2021-11-16'),(4314,301,563,40,'4','2021-11-19'),(4315,313,586,40,'50','2021-11-19'),(4316,329,613,44,'48','2021-11-11'),(4317,323,603,35,'40','2021-11-11'),(4318,311,581,31,'40','2021-11-11'),(4319,365,651,33,'10','2021-11-11'),(4320,363,649,47,'16','2021-11-12'),(4321,329,613,44,'12','2021-11-12'),(4322,366,652,44,'12','2021-11-12'),(4323,346,630,33,'10','2021-11-12'),(4324,365,651,33,'5','2021-11-12'),(4325,267,491,38,'1','2021-11-12'),(4326,333,617,34,'52','2021-11-12'),(4327,274,505,38,'1','2021-11-13'),(4328,270,497,38,'1','2021-11-13'),(4329,262,483,38,'1','2021-11-13'),(4330,261,481,38,'1','2021-11-13'),(4331,333,617,34,'17','2021-11-13'),(4332,259,478,37,'24','2021-11-13'),(4333,264,488,37,'5','2021-11-13'),(4334,349,633,33,'18','2021-11-13'),(4335,346,630,33,'9','2021-11-13'),(4336,256,472,48,'1','2021-11-13'),(4337,256,471,48,'1','2021-11-13'),(4338,263,486,48,'1','2021-11-13'),(4339,366,652,44,'6','2021-11-13'),(4340,243,450,47,'4','2021-11-13'),(4341,367,653,47,'14','2021-11-13'),(4342,298,557,44,'36','2021-11-03'),(4343,298,557,44,'40','2021-11-05'),(4344,298,557,44,'12','2021-11-18'),(4345,298,557,44,'24','2021-11-20'),(4346,366,652,44,'12','2021-11-14'),(4347,247,458,47,'4','2021-11-14'),(4348,323,603,35,'36','2021-11-14'),(4349,334,618,33,'4','2021-11-14'),(4350,365,651,33,'12','2021-11-14'),(4351,349,633,33,'6','2021-11-14'),(4352,333,617,34,'24','2021-11-14'),(4353,280,519,38,'3','2021-11-14'),(4354,366,652,44,'12','2021-11-15'),(4355,365,651,33,'14','2021-11-15'),(4356,349,633,33,'12','2021-11-15'),(4357,220,433,39,'1','2021-11-15'),(4358,348,632,34,'6','2021-11-15'),(4359,330,614,34,'8','2021-11-15'),(4360,333,617,34,'12','2021-11-15'),(4361,256,471,48,'7','2021-11-15'),(4362,366,652,44,'12','2021-11-16'),(4363,349,633,33,'18','2021-11-16'),(4364,263,485,38,'2','2021-11-16'),(4365,259,477,38,'1','2021-11-16'),(4366,274,505,38,'1','2021-11-16'),(4367,278,514,38,'1','2021-11-16'),(4368,298,557,40,'24','2021-11-20'),(4369,298,557,40,'26','2021-11-22'),(4370,308,575,40,'24','2021-11-24'),(4371,298,557,44,'24','2021-11-22'),(4372,301,563,42,'36','2021-11-15'),(4373,301,563,42,'24','2021-11-16'),(4374,298,557,42,'12','2021-11-17'),(4375,301,563,42,'10','2021-11-17'),(4376,298,557,42,'24','2021-11-18'),(4377,298,557,42,'22','2021-11-20'),(4378,298,557,42,'32','2021-11-21'),(4379,308,576,42,'24','2021-11-23'),(4380,245,454,45,'12','2021-11-21'),(4381,308,575,45,'30','2021-11-21'),(4382,245,455,45,'14','2021-11-23'),(4383,308,576,45,'10','2021-11-23'),(4384,245,455,45,'6','2021-11-24'),(4385,308,576,45,'24','2021-11-24'),(4386,308,576,45,'30','2021-11-25'),(4387,225,438,39,'1','2021-11-17'),(4388,323,604,32,'24','2021-11-17'),(4389,333,617,34,'28','2021-11-17'),(4390,263,486,38,'1','2021-11-17'),(4391,264,488,38,'1','2021-11-17'),(4392,273,504,38,'3','2021-11-17'),(4393,365,651,33,'10','2021-11-17'),(4394,261,481,38,'1','2021-11-18'),(4395,220,433,39,'1','2021-11-18'),(4396,324,605,32,'36','2021-11-19'),(4397,274,505,38,'1','2021-11-19'),(4398,261,481,38,'1','2021-11-19'),(4399,264,487,38,'1','2021-11-19'),(4400,346,630,33,'10','2021-11-19'),(4401,351,635,33,'4','2021-11-19'),(4402,308,575,45,'32','2021-11-26'),(4403,308,576,45,'34','2021-11-28'),(4404,281,521,45,'14','2021-11-28'),(4405,225,438,39,'1','2021-11-20'),(4406,260,480,37,'3','2021-11-20'),(4407,333,617,34,'2','2021-11-20'),(4408,347,631,34,'2','2021-11-20'),(4409,323,604,31,'36','2021-11-21'),(4410,259,477,37,'20','2021-11-21'),(4411,302,565,32,'28','2021-11-21'),(4412,280,518,38,'15','2021-11-21'),(4413,259,478,37,'10','2021-11-22'),(4414,264,487,37,'1','2021-11-22'),(4415,365,651,33,'30','2021-11-22'),(4416,346,630,33,'10','2021-11-22'),(4417,324,605,35,'31','2021-11-22'),(4418,256,471,48,'9','2021-11-22'),(4419,220,433,39,'1','2021-11-22'),(4420,302,564,32,'24','2021-11-23'),(4421,269,496,38,'1','2021-11-23'),(4422,272,501,38,'1','2021-11-23'),(4423,365,651,33,'36','2021-11-23'),(4424,331,615,34,'32','2021-11-23'),(4425,246,457,47,'100','2021-11-23'),(4426,346,630,33,'9','2021-11-24'),(4427,351,635,33,'4','2021-11-24'),(4428,243,451,47,'1','2021-11-24'),(4429,263,486,37,'1','2021-11-24'),(4430,262,484,37,'1','2021-11-24'),(4431,269,496,38,'1','2021-11-24'),(4432,365,651,33,'18','2021-11-25'),(4433,349,633,33,'24','2021-11-25'),(4434,221,434,39,'1','2021-11-25'),(4435,366,652,34,'6','2021-11-25'),(4436,363,649,47,'10','2021-11-25'),(4437,280,519,38,'12','2021-11-25'),(4438,302,564,32,'36','2021-11-26'),(4439,220,433,39,'1','2021-11-26'),(4440,323,604,31,'36','2021-11-26'),(4441,274,505,38,'1','2021-11-26'),(4442,270,497,38,'1','2021-11-26'),(4443,333,617,34,'34','2021-11-26'),(4444,349,633,33,'18','2021-11-26'),(4445,365,651,33,'12','2021-11-26'),(4446,333,617,34,'12','2021-11-27'),(4447,366,652,34,'8','2021-11-27'),(4448,257,474,38,'1','2021-11-27'),(4449,323,603,35,'48','2021-11-27'),(4450,324,605,35,'5','2021-11-27'),(4451,310,579,35,'6','2021-11-27'),(4452,333,617,34,'30','2021-11-28'),(4453,324,605,31,'36','2021-11-28'),(4454,275,509,37,'5','2021-11-28'),(4455,264,487,37,'1','2021-11-28'),(4456,280,518,37,'1','2021-11-28'),(4457,349,633,33,'44','2021-11-28'),(4458,365,651,33,'6','2021-11-28'),(4459,307,574,41,'10','2021-11-20'),(4460,314,587,41,'53','2021-11-26'),(4461,307,573,41,'18','2021-11-26'),(4462,307,574,41,'50','2021-11-28'),(4463,302,565,32,'36','2021-11-29'),(4464,324,605,35,'36','2021-11-29'),(4465,259,477,37,'40','2021-11-29'),(4466,367,653,47,'30','2021-11-29'),(4467,365,651,33,'15','2021-11-29'),(4468,256,471,38,'1','2021-11-29'),(4469,275,508,37,'10','2021-11-29'),(4470,277,512,37,'1','2021-11-29'),(4471,256,471,48,'1','2021-11-29'),(4472,333,617,34,'34','2021-11-30'),(4473,365,651,33,'18','2021-11-30'),(4474,346,630,33,'2','2021-11-30'),(4475,324,605,35,'48','2021-11-30'),(4476,263,485,48,'1','2021-11-30'),(4477,311,581,43,'12','2021-11-20'),(4478,311,582,43,'20','2021-11-20'),(4479,317,593,43,'18','2021-11-25'),(4480,311,582,43,'37','2021-11-27'),(4481,281,520,43,'64','2021-11-30'),(4482,301,563,42,'38','2021-12-04'),(4483,281,521,43,'48','2021-12-03'),(4484,281,521,43,'48','2021-12-05'),(4485,356,642,46,'27','2021-12-05'),(4486,387,673,46,'5','2021-12-05'),(4487,358,644,46,'15','2021-12-05'),(4488,357,643,46,'15','2021-12-05'),(4489,370,656,46,'30','2021-12-05'),(4490,361,647,46,'20','2021-12-05'),(4491,394,686,46,'5','2021-12-05'),(4492,395,687,46,'5','2021-12-05'),(4493,396,688,46,'5','2021-12-05'),(4494,397,689,46,'5','2021-12-05'),(4495,401,693,46,'3','2021-12-05'),(4496,398,690,46,'10','2021-12-05'),(4497,399,691,46,'10','2021-12-05'),(4498,400,692,46,'20','2021-12-05'),(4499,298,557,44,'36','2021-12-04'),(4500,323,603,31,'36','2021-12-01'),(4501,274,507,38,'1','2021-12-01'),(4502,333,617,34,'10','2021-12-01'),(4503,274,505,38,'1','2021-12-02'),(4504,365,651,33,'30','2021-12-02'),(4505,311,581,32,'48','2021-12-02'),(4506,367,653,47,'2','2021-12-02'),(4507,245,454,43,'2','2021-12-06'),(4508,281,520,43,'35','2021-12-06'),(4509,347,631,34,'20','2021-12-03'),(4510,257,474,38,'1','2021-12-03'),(4511,280,518,38,'1','2021-12-03'),(4512,259,477,38,'1','2021-12-03'),(4513,225,438,39,'1','2021-12-03'),(4514,349,633,33,'12','2021-12-04'),(4515,346,630,33,'4','2021-12-04'),(4516,263,485,37,'1','2021-12-04'),(4517,260,479,37,'2','2021-12-04'),(4518,261,481,37,'1','2021-12-04'),(4519,366,652,34,'8','2021-12-04'),(4520,349,633,33,'12','2021-12-05'),(4521,365,651,33,'6','2021-12-05'),(4522,268,494,38,'1','2021-12-05'),(4523,323,604,32,'20','2021-12-05'),(4524,287,535,47,'2','2021-12-05'),(4525,333,617,34,'66','2021-12-05'),(4526,298,557,44,'36','2021-12-07'),(4527,301,563,42,'100','2021-12-07'),(4528,298,557,42,'48','2021-12-08'),(4529,309,578,45,'60','2021-12-08'),(4530,298,557,40,'24','2021-12-08'),(4531,308,575,43,'50','2021-12-08'),(4533,256,471,48,'2','2021-12-06'),(4534,225,438,39,'1','2021-12-06'),(4535,333,617,34,'30','2021-12-06'),(4536,367,653,47,'4','2021-12-06'),(4537,352,637,31,'12','2021-12-07'),(4538,365,651,33,'18','2021-12-07'),(4539,333,617,34,'18','2021-12-07'),(4540,260,479,37,'3','2021-12-07'),(4541,273,503,38,'1','2021-12-07'),(4542,298,557,44,'38','2021-12-09'),(4543,298,557,40,'24','2021-12-09'),(4544,309,578,45,'58','2021-12-10'),(4545,307,573,41,'50','2021-12-02'),(4546,307,574,41,'36','2021-12-04'),(4547,307,573,41,'32','2021-12-08'),(4548,307,573,41,'24','2021-12-10'),(4549,308,576,42,'36','2021-12-10'),(4550,308,575,42,'60','2021-12-11'),(4551,313,586,40,'36','2021-12-11'),(4552,363,649,47,'6','2021-12-08'),(4553,333,617,34,'24','2021-12-08'),(4554,260,479,37,'3','2021-12-08'),(4555,257,473,38,'20','2021-12-08'),(4556,349,633,33,'12','2021-12-08'),(4557,317,594,43,'48','2021-12-11'),(4558,317,594,43,'31','2021-12-13'),(4559,313,586,40,'32','2021-12-13'),(4560,308,576,42,'70','2021-12-13'),(4561,298,557,42,'12','2021-12-14'),(4562,299,559,42,'20','2021-12-14'),(4563,321,599,31,'12','2021-12-09'),(4564,259,478,37,'15','2021-12-09'),(4565,268,494,38,'9','2021-12-09'),(4566,346,630,33,'33','2021-12-10'),(4567,331,615,34,'8','2021-12-10'),(4568,220,433,39,'1','2021-12-10'),(4569,274,505,38,'4','2021-12-10'),(4570,261,482,37,'2','2021-12-10'),(4571,243,450,47,'4','2021-12-10'),(4572,247,458,47,'2','2021-12-10'),(4573,256,471,38,'1','2021-12-11'),(4574,321,599,31,'24','2021-12-11'),(4575,333,617,34,'12','2021-12-11'),(4576,365,651,33,'42','2021-12-11'),(4577,245,455,45,'58','2021-12-12'),(4578,245,454,45,'26','2021-12-14'),(4579,309,577,45,'24','2021-12-14'),(4580,298,557,44,'36','2021-12-12'),(4581,298,557,44,'36','2021-12-14'),(4582,299,559,40,'36','2021-12-15'),(4583,298,557,42,'24','2021-12-15'),(4584,273,503,38,'1','2021-12-12'),(4585,268,493,38,'1','2021-12-12'),(4586,366,652,34,'20','2021-12-12'),(4587,329,613,34,'6','2021-12-12'),(4588,349,633,33,'33','2021-12-12'),(4589,367,653,47,'12','2021-12-12'),(4590,220,433,39,'1','2021-12-12'),(4591,263,486,37,'6','2021-12-13'),(4592,260,480,37,'3','2021-12-13'),(4593,262,484,37,'2','2021-12-13'),(4594,255,469,48,'8','2021-12-13'),(4595,242,449,35,'250','2021-12-13'),(4596,365,651,33,'16','2021-12-13'),(4597,349,633,33,'9','2021-12-13'),(4598,221,434,39,'1','2021-12-13'),(4599,321,600,35,'36','2021-12-14'),(4600,268,493,38,'19','2021-12-14'),(4601,365,651,33,'16','2021-12-14'),(4602,346,630,33,'6','2021-12-14'),(4603,349,633,33,'6','2021-12-14'),(4604,256,471,48,'7','2021-12-14'),(4605,256,472,48,'3','2021-12-14'),(4606,255,469,48,'1','2021-12-14'),(4607,333,617,34,'32','2021-12-14'),(4608,328,612,34,'6','2021-12-14'),(4609,366,652,34,'4','2021-12-14'),(4610,299,559,40,'36','2021-12-17'),(4611,299,559,40,'31','2021-12-19'),(4612,298,557,40,'36','2021-12-21'),(4613,317,594,43,'36','2021-12-17'),(4614,317,594,43,'48','2021-12-20'),(4615,317,594,43,'36','2021-12-22'),(4616,298,557,44,'30','2021-12-17'),(4617,298,557,44,'36','2021-12-20'),(4618,298,557,44,'36','2021-12-22'),(4619,365,651,33,'16','2021-12-15'),(4620,349,633,33,'12','2021-12-15'),(4621,351,635,33,'6','2021-12-15'),(4622,270,497,38,'3','2021-12-15'),(4623,260,479,37,'2','2021-12-15'),(4624,261,481,37,'3','2021-12-15'),(4625,333,617,34,'24','2021-12-15'),(4626,239,445,39,'1','2021-12-16'),(4627,219,432,39,'1','2021-12-16'),(4628,220,433,39,'1','2021-12-16'),(4629,243,450,47,'2','2021-12-16'),(4630,346,630,33,'30','2021-12-16'),(4631,365,651,33,'12','2021-12-16'),(4632,256,471,48,'1','2021-12-16'),(4633,268,493,38,'1','2021-12-16'),(4634,321,600,35,'36','2021-12-16'),(4635,298,557,40,'36','2021-12-23'),(4636,312,583,42,'35','2021-12-17'),(4637,312,584,42,'15','2021-12-17'),(4638,312,584,42,'50','2021-12-19'),(4639,312,584,42,'50','2021-12-20'),(4640,312,584,42,'58','2021-12-22'),(4641,298,556,42,'12','2021-12-23'),(4642,298,557,42,'36','2021-12-23'),(4643,310,579,41,'50','2021-12-13'),(4644,310,580,41,'50','2021-12-14'),(4645,310,580,41,'50','2021-12-15'),(4646,310,579,41,'50','2021-12-18'),(4647,310,580,41,'19','2021-12-19'),(4648,306,572,41,'50','2021-12-22'),(4649,306,572,41,'50','2021-12-24'),(4650,314,587,41,'40','2021-12-24'),(4651,298,557,40,'36','2021-12-23'),(4652,317,594,43,'48','2021-12-24'),(4653,313,586,40,'36','2021-12-25'),(4654,367,653,33,'6','2021-12-17'),(4655,371,657,35,'44','2021-12-17'),(4656,256,471,48,'2','2021-12-17'),(4657,321,599,32,'5','2021-12-17'),(4658,280,519,38,'1','2021-12-17'),(4659,365,651,33,'30','2021-12-17'),(4660,299,559,42,'50','2021-12-25'),(4661,299,559,42,'50','2021-12-26'),(4662,364,650,47,'24','2021-12-18'),(4663,221,434,39,'1','2021-12-18'),(4664,220,433,39,'1','2021-12-18'),(4665,366,652,35,'18','2021-12-18'),(4666,256,471,48,'11','2021-12-18'),(4667,259,477,37,'30','2021-12-18'),(4668,347,631,34,'100','2021-12-18'),(4669,272,502,38,'5','2021-12-18'),(4670,346,630,33,'6','2021-12-18'),(4671,243,450,47,'2','2021-12-19'),(4672,329,613,35,'60','2021-12-19'),(4673,243,450,31,'24','2021-12-19'),(4674,259,477,37,'6','2021-12-19'),(4675,264,488,37,'1','2021-12-19'),(4676,262,484,37,'1','2021-12-19'),(4677,333,617,34,'36','2021-12-19'),(4678,302,564,32,'8','2021-12-19'),(4679,331,615,47,'6','2021-12-20'),(4680,255,470,48,'3','2021-12-20'),(4681,334,618,31,'8','2021-12-20'),(4682,259,478,37,'8','2021-12-20'),(4683,264,488,37,'1','2021-12-20'),(4684,365,651,33,'30','2021-12-20'),(4685,346,630,33,'24','2021-12-20'),(4686,349,633,33,'12','2021-12-20'),(4687,298,557,42,'12','2021-12-28'),(4688,299,559,42,'38','2021-12-28'),(4689,313,586,40,'36','2021-12-27'),(4690,298,557,44,'54','2021-12-27'),(4691,330,614,35,'8','2021-12-21'),(4692,366,652,35,'24','2021-12-21'),(4693,243,451,47,'4','2021-12-21'),(4694,334,618,31,'10','2021-12-21'),(4695,333,617,34,'54','2021-12-21'),(4696,219,432,39,'1','2021-12-21'),(4697,273,503,38,'1','2021-12-21'),(4698,268,493,38,'10','2021-12-21'),(4699,365,651,33,'30','2021-12-21'),(4700,346,630,33,'16','2021-12-21'),(4701,349,633,33,'3','2021-12-21'),(4702,272,501,38,'5','2021-12-22'),(4703,270,497,38,'1','2021-12-22'),(4704,274,507,38,'1','2021-12-22'),(4705,371,657,35,'12','2021-12-22'),(4706,349,633,33,'28','2021-12-22'),(4707,364,650,47,'2','2021-12-22'),(4708,243,450,47,'2','2021-12-22'),(4709,334,618,31,'24','2021-12-22'),(4710,259,477,37,'1','2021-12-22'),(4711,262,483,37,'1','2021-12-22'),(4712,334,618,31,'44','2021-12-23'),(4713,366,652,35,'42','2021-12-23'),(4714,257,474,38,'1','2021-12-23'),(4715,333,617,34,'81','2021-12-23'),(4716,367,653,47,'30','2021-12-23'),(4717,225,438,39,'1','2021-12-23'),(4718,317,593,32,'50','2021-12-23'),(4719,365,651,33,'12','2021-12-23'),(4720,349,633,33,'28','2021-12-23'),(4721,367,653,47,'2','2021-12-24'),(4722,223,436,39,'1','2021-12-24'),(4723,330,614,35,'6','2021-12-24'),(4724,261,481,38,'1','2021-12-24'),(4725,270,498,38,'1','2021-12-24'),(4726,270,497,38,'1','2021-12-24'),(4727,269,495,38,'1','2021-12-24'),(4728,263,485,37,'1','2021-12-24'),(4729,276,510,37,'1','2021-12-24'),(4730,349,633,33,'46','2021-12-24'),(4731,330,614,34,'24','2021-12-24'),(4732,365,651,33,'18','2021-12-25'),(4733,346,630,33,'16','2021-12-25'),(4734,264,487,37,'10','2021-12-25'),(4735,280,519,37,'1','2021-12-25'),(4736,334,618,31,'6','2021-12-25'),(4737,260,480,38,'1','2021-12-25'),(4738,255,469,48,'1','2021-12-25'),(4739,255,470,48,'1','2021-12-25'),(4740,219,432,39,'1','2021-12-25'),(4741,333,617,34,'44','2021-12-25'),(4742,313,586,40,'36','2021-12-28'),(4743,309,578,45,'56','2021-12-16'),(4744,245,455,45,'50','2021-12-18'),(4745,245,455,45,'50','2021-12-20'),(4746,245,454,45,'48','2021-12-22'),(4747,281,520,45,'50','2021-12-24'),(4748,281,521,45,'60','2021-12-26'),(4749,281,520,45,'60','2021-12-28'),(4750,299,559,42,'50','2021-12-28');

--
