-- Table structure for table `rasxod_siryo`
--

CREATE TABLE `rasxod_siryo` (
  `id_rasxod_siryo` int(11) NOT NULL AUTO_INCREMENT,
  `id_client` int(11) NOT NULL DEFAULT '0',
  `id_siryo` int(11) NOT NULL DEFAULT '0',
  `amount_rasxod_siryo` decimal(20,6) NOT NULL DEFAULT '0.000000',
  `time_rasxod_siryo` int(11) NOT NULL DEFAULT '0',
  `description_rasxod_siryo` varchar(200) CHARACTER SET utf8 COLLATE utf8_unicode_ci NOT NULL,
  PRIMARY KEY (`id_rasxod_siryo`)
) ENGINE=MyISAM AUTO_INCREMENT=2218 DEFAULT CHARSET=latin1;

--
-- Dumping data for table `rasxod_siryo`
--

INSERT INTO `rasxod_siryo` VALUES (1,1,4,4.000000,1577991600,'brak'),(2,1,11,2.000000,1577991600,'brak'),(3,1,69,1.000000,1577991600,'brak'),(4,1,28,1.000000,1577991600,'brak'),(5,1,74,6.000000,1578337200,'brak'),(6,1,13,1.000000,1578423600,'Tinting Gench kraska tayorlashga'),(7,1,41,1.000000,1578596400,'Tinting Gench kraska tayorlashga'),(8,1,39,1.000000,1579028400,'Tinting Gench kraska tayorlashga'),(9,1,72,3.000000,1579114800,'Brak Musor'),(10,1,13,1.000000,1579719600,'Tinting Gench kraska tayorlashga'),(11,1,8,1.000000,1580065200,'Tilla Tayorladik'),(12,1,18,1.000000,1580670000,'Tinting Gench kraska tayorlashga'),(13,1,13,1.000000,1580670000,'Tinting Gench kraska tayorlashga'),(14,1,15,1.440000,1580756400,''),(15,1,38,1.000000,1580842800,''),(16,1,26,1.000000,1580842800,''),(17,1,74,36.760000,1580929200,'brak'),(18,1,41,1.000000,1580929200,'Tinting Gench kraska tayorlashga'),(19,1,13,1.000000,1581274800,'Tinting Gench kraska tayorlashga'),(20,1,18,1.000000,1581361200,'Tinting Gench kraska tayorlashga'),(21,1,15,13.200000,1581620400,'Brak Musor'),(22,1,72,9.000000,1581706800,'Brak Musor'),(23,1,13,1.000000,1582052400,'Tinting Gench kraska tayorlashga'),(24,1,73,35.000000,1582225200,'Baxtiyorga Skidka qilindi'),(25,1,72,13.000000,1582311600,'Qogoz Notigri ekan'),(26,1,41,5.000000,1582743600,'Tinting Gench kraska tayorlashga'),(27,1,13,1.000000,1583089200,'Tinting Gench kraska tayorlashga'),(28,1,15,2.000000,1583434800,''),(29,1,91,37.000000,1583434800,'Kara teshvordi'),(30,1,41,3.000000,1583694000,'Tinting Gench kraska tayorlashga'),(31,1,184,1.000000,1583866800,'Tinting Gench kraska tayorlashga'),(32,1,74,6.000000,1583953200,''),(33,1,203,4.000000,1584039600,'Divan Ofisga olindi'),(34,1,204,3.000000,1584039600,'Divan Ofisga olindi'),(35,1,324,2.000000,1584039600,'Divan Ofisga olindi'),(36,1,18,1.000000,1584039600,'Tinting Gench kraska tayorlashga Sotishga'),(37,1,74,1.000000,1584039600,'brak'),(38,1,54,11.000000,1584298800,'Brak Musor Qotib qolgan'),(39,1,41,1.000000,1584471600,'Tinting Gench kraska tayorlashga'),(40,1,208,1.000000,1584471600,'Tinting Gench kraska tayorlashga'),(41,1,2,12.000000,1584644400,'Brak Musor Qotib qolgan Ravshanaka Aytila tashavor deb'),(42,1,275,1.000000,1584903600,'brak'),(43,1,275,1.000000,1585076400,'Tinting Gench kraska tayorlashga'),(44,1,29,1.000000,1585076400,''),(45,1,2,1.000000,1587409200,'Brak Musor Moshinada kelgan'),(46,1,13,1.000000,1587409200,'Tinting Gench kraska tayorlashga'),(47,1,13,1.000000,1587927600,'Tinting Gench kraska tayorlashga'),(48,1,73,227.260000,1588014000,'Ravshanaka Ayirib Ruxsat berdila Skaladda Kam Chiqdi'),(49,1,13,1.000000,1588186800,'Tinting Gench kraska tayorlashga'),(50,1,21,4.000000,1587409200,'Ykda Kam Keldi Spiskada Farq'),(51,1,23,1.000000,1588186800,'Moshinada Tukilib Ketibga'),(52,1,41,1.000000,1588273200,'Tinting Gench kraska tayorlashga'),(53,1,74,17.000000,1588532400,'brak'),(54,1,16,1.000000,1588273200,'Moshinada Tukilib Ketibga'),(55,1,11,1.000000,1588273200,'Moshinada Tukilib Ketibga'),(56,1,41,1.000000,1588618800,'Tinting Gench kraska tayorlashga'),(57,1,13,1.000000,1588705200,'Tinting Gench kraska tayorlashga'),(58,1,13,1.000000,1588791600,'Tinting Gench kraska tayorlashga'),(59,1,72,2.000000,1589137200,'Brak Musor'),(60,1,41,1.000000,1589137200,'Tinting Gench kraska tayorlashga'),(61,1,13,1.000000,1589223600,'Tinting Gench kraska tayorlashga'),(62,1,13,1.000000,1589223600,'Tinting Gench kraska tayorlashga'),(63,1,69,1.000000,1589223600,'Moshinada Tukilib Ketibga'),(64,1,4,2.000000,1589223600,'Moshinada Tukilib Ketibga'),(65,1,41,1.000000,1589223600,'Tinting Gench kraska tayorlashga'),(66,1,72,2.640000,1589482800,'brak'),(67,1,41,1.000000,1589482800,'Tinting Gench kraska tayorlashga'),(68,1,9,3.000000,1589569200,'20.Lak 15.05.20 Shu moshinada Tukilga'),(69,1,13,1.000000,1589569200,'20.Lak 15.05.20 Shu moshinada Tukilga'),(70,1,1,1.000000,1589569200,'20.Lak 15.05.20 Shu moshinada Tukilga'),(71,1,5,1.000000,1589569200,'20.Lak 15.05.20 Shu moshinada Tukilga'),(72,1,21,1.000000,1589569200,'20.Lak 15.05.20 Shu moshinada Tukilga'),(73,1,2,14.000000,1589569200,'20.Lak 15.05.20 Shu moshinada Tukilga'),(74,1,214,6.000000,1589569200,'20.Lak 15.05.20 Shu moshinada Tukilga'),(75,1,40,1.000000,1589569200,'Tinting Gench kraska tayorlashga'),(76,1,208,1.000000,1589569200,'Tinting Gench kraska tayorlashga'),(77,1,6,1.000000,1589742000,'Brak Musor'),(78,1,72,7.350000,1589828400,'brak'),(79,1,74,12.000000,1589828400,'brak'),(80,1,208,2.000000,1589914800,'Tinting Gench kraska tayorlashga'),(81,1,13,1.000000,1589914800,'Tinting Gench kraska tayorlashga'),(82,1,46,1.000000,1589914800,'21.Lak Mir Colors 2020 Moshinada Tukilgan'),(83,1,4,2.000000,1589914800,'21.Lak Mir Colors 2020 Moshinada Tukilgan'),(84,1,13,1.000000,1589914800,'Tinting Gench kraska tayorlashga'),(85,1,40,1.000000,1590001200,'Tinting Gench kraska tayorlashga'),(86,1,40,1.000000,1590174000,'Tinting Gench kraska tayorlashga'),(87,1,13,1.000000,1590606000,'Tinting Gench kraska tayorlashga'),(88,1,41,2.000000,1590692400,'Tinting Gench kraska tayorlashga'),(89,1,13,1.000000,1591038000,'Tinting Gench kraska tayorlashga'),(90,1,18,1.000000,1591038000,'Tinting Gench kraska tayorlashga'),(91,1,74,30.100000,1591124400,'Brak Musor'),(92,1,13,1.000000,1591124400,'Tinting Gench kraska tayorlashga'),(93,1,41,1.000000,1591124400,'Tinting Gench kraska tayorlashga'),(94,1,208,1.000000,1591297200,'Tinting Gench kraska tayorlashga'),(95,1,15,9.530000,1591383600,'Brak Musor'),(97,1,208,1.000000,1591556400,'Tinting Gench kraska tayorlashga'),(98,1,72,7.140000,1591729200,'Brak Musor'),(99,1,41,1.000000,1591729200,'Tinting Gench kraska tayorlashga'),(100,1,208,1.000000,1591815600,'Tinting Gench kraska tayorlashga'),(101,1,15,1.000000,1591988400,'Brak Musor'),(102,1,13,1.000000,1592506800,'Tinting Gench kraska tayorlashga'),(103,1,318,1.000000,1592506800,'Tinting Gench kraska tayorlashga'),(104,1,21,1.000000,1592593200,'Tinting Gench kraska tayorlashga'),(105,1,13,1.000000,1592852400,'Tinting Gench kraska tayorlashga'),(106,1,318,1.000000,1592852400,'Tinting Gench kraska tayorlashga'),(107,1,72,4.000000,1592852400,'Brak Musor'),(108,1,18,1.000000,1593111600,'Tinting Gench kraska tayorlashga'),(109,1,34,1.000000,1593370800,'Ochib quydik Bu Bochka Teshilib Tukilgan 144.5kg'),(110,1,20,1.000000,1593630000,'Tinting Gench kraska tayorlashga'),(111,1,13,1.000000,1593802800,'Tinting Gench kraska tayorlashga'),(112,1,41,1.000000,1594148400,'Tinting Gench kraska tayorlashga'),(113,1,13,1.000000,1594234800,'Tinting Gench kraska tayorlashga'),(114,1,50,1.000000,1594062000,'25.Lak Mir Color 2020 Kontenirda Tukilgan '),(115,1,13,1.000000,1594666800,'Tinting Gench kraska tayorlashga'),(116,1,13,1.000000,1594666800,'Tinting Gench kraska tayorlashga'),(117,1,215,1.000000,1594666800,'brak'),(118,1,34,1.000000,1594666800,'Quyib Sotishga'),(120,1,184,1.000000,1594753200,'Tinting Gench kraska tayorlashga'),(121,1,41,1.000000,1594839600,'Tinting Gench kraska tayorlashga'),(122,1,34,1.000000,1595271600,'Quyib Sotishga'),(123,1,13,1.000000,1595271600,'Tinting Gench kraska tayorlashga'),(124,1,13,2.000000,1595358000,'Tinting Gench kraska tayorlashga'),(125,1,1,1.000000,1595358000,'32.Lak Mir Colors 2020 Moshinada tukilgan'),(126,1,24,1.000000,1595358000,'32.Lak Mir Colors 2020 Moshinada tukilgan'),(127,1,30,2.000000,1595358000,'32.Lak Mir Colors 2020 Moshinada tukilgan'),(128,1,4,1.000000,1595358000,'32.Lak Mir Colors 2020 Moshinada tukilgan'),(129,1,13,1.000000,1595530800,'Tinting Gench kraska tayorlashga'),(130,1,41,2.000000,1595790000,'Tinting Gench kraska tayorlashga'),(131,1,18,1.000000,1595790000,'Tinting Gench kraska tayorlashga'),(132,1,13,1.000000,1595790000,'Tinting Gench kraska tayorlashga'),(133,1,13,1.000000,1595876400,'Tinting Gench kraska tayorlashga'),(134,1,13,1.000000,1595962800,'Tinting Gench kraska tayorlashga'),(135,1,41,1.000000,1596049200,'Tinting Gench kraska tayorlashga'),(136,1,72,2.000000,1596049200,'brak'),(137,1,43,1.000000,1596049200,'37.Lak Mir Colors 2020 Moshinada Tukilgan Bush'),(138,1,41,1.000000,1596394800,'Tinting Gench kraska tayorlashga'),(139,1,2,4.000000,1596394800,'32.Lak Mir Colors 2020 Moshinada tukilgan'),(140,1,2,1.000000,1596481200,'Brak Musor'),(141,1,13,1.000000,1596740400,'Tinting Gench kraska tayorlashga'),(142,1,41,1.000000,1596740400,'Tinting Gench kraska tayorlashga'),(143,1,40,1.000000,1596740400,'Tinting Gench kraska tayorlashga'),(144,1,13,1.000000,1596999600,'Tinting Gench kraska tayorlashga'),(145,1,41,1.000000,1597086000,'Tinting Gench kraska tayorlashga'),(146,1,32,1.000000,1597086000,'Quyib Sotishga'),(147,1,34,1.000000,1597086000,'Quyib Sotishga'),(148,1,40,1.000000,1597172400,'Tinting Gench kraska tayorlashga'),(149,1,13,1.000000,1597258800,'Tinting Gench kraska tayorlashga'),(150,1,40,1.000000,1597345200,'Tinting Gench kraska tayorlashga'),(151,1,208,1.000000,1597345200,'Tinting kraska tayorlashga'),(152,1,40,1.000000,1597431600,'Tinting Gench kraska tayorlashga'),(153,1,3,1.000000,1597690800,'Rlient qaytarib olganimiz shu tukilib letdi'),(154,1,13,1.000000,1597690800,'Tinting Gench kraska tayorlashga'),(155,1,32,1.000000,1597690800,'Quyib Sotishga'),(156,1,91,2.000000,1597777200,'brak'),(157,1,18,1.000000,1597777200,'Tinting Gench kraska tayorlashga'),(158,1,13,1.000000,1598122800,'tiintin Rang Tayorlashga'),(159,1,137,5.000000,1598209200,'Brak Musor'),(160,1,40,1.000000,1598209200,'Tinting Gench kraska tayorlashga'),(161,1,32,1.000000,1598295600,'Quyib Sotishga Bu Bochka tukilgan ichida kam 170kg'),(162,1,39,1.000000,1598382000,'Tinting Gench kraska tayorlashga'),(163,1,34,1.000000,1598554800,'Quyib Sotishga'),(164,1,39,1.000000,1598814000,'Tinting Gench kraska tayorlashga'),(165,1,32,1.000000,1598986800,'Quyib Sotishga'),(166,1,208,1.000000,1598986800,'Tinting Gench kraska tayorlashga'),(167,1,40,2.000000,1599073200,'Tinting Gench kraska tayorlashga'),(168,1,40,1.000000,1599073200,'Tinting Gench kraska tayorlashga'),(169,1,40,1.000000,1599159600,'Tinting Gench kraska tayorlashga'),(170,1,32,1.000000,1599246000,'Quyib Sotishga Tukilgan Buchka 178kg'),(171,1,40,4.000000,1599418800,'Tinting Gench kraska tayorlashga'),(172,1,34,1.000000,1599418800,'Quyib Sotishga'),(173,1,34,1.000000,1599418800,'Quyib Sotishga'),(174,1,13,1.000000,1599505200,'Tinting Gench kraska tayorlashga'),(175,1,32,1.000000,1599505200,'Quyib Sotishga 179kg chiqdi'),(176,1,208,1.000000,1599591600,'Tinting Gench kraska tayorlashga'),(177,1,32,1.000000,1599591600,'Quyib Sotishga'),(178,1,208,1.000000,1599678000,'Tinting Gench kraska tayorlashga'),(179,1,34,1.000000,1600196400,'Quyib Sotishga 177.5kg Chiqdi'),(180,1,90,28.460000,1600282800,'brak'),(181,1,208,1.000000,1600282800,'Tinting Gench kraska tayorlashga'),(182,1,69,1.000000,1600282800,'Brak Musor Moshinada kelgan'),(183,1,4,2.000000,1600282800,'Brak Musor Moshinada kelgan'),(184,1,11,1.000000,1600282800,'Brak Musor Moshinada kelgan'),(185,1,2,1.000000,1600282800,'Brak Musor Moshinada kelgan'),(186,1,92,1.000000,1600282800,'Brak Musor Moshinada kelgan'),(187,1,9,1.000000,1600282800,'Tinting Gench kraska tayorlashga'),(188,1,13,1.000000,1600282800,'Tinting Gench kraska tayorlashga'),(189,1,18,1.000000,1600369200,'Tinting Gench kraska tayorlashga'),(190,1,13,1.000000,1600282800,'Tinting Gench kraska tayorlashga'),(191,1,32,1.000000,1600455600,'Quyib Sotishga 178.3kg Chiqdi'),(192,1,39,1.000000,1600455600,'Tinting Gench kraska tayorlashga'),(193,1,32,1.000000,1600628400,'Quyib Sotishga'),(194,1,34,1.000000,1600714800,'Quyib Sotishga 178.9 kg'),(195,1,40,1.000000,1600714800,'Tinting Gench kraska tayorlashga'),(196,1,208,1.000000,1600801200,'Tinting Gench kraska tayorlashga'),(197,1,40,1.000000,1600887600,'Tinting Gench kraska tayorlashga'),(198,1,40,1.000000,1600974000,'Tinting Gench kraska tayorlashga'),(199,1,40,1.000000,1601060400,'Tinting Gench kraska tayorlashga'),(200,1,13,1.000000,1601060400,'Tinting Gench kraska tayorlashga'),(201,1,342,38.000000,1601233200,'Reklamaga Berildi'),(202,1,344,4.000000,1601233200,'Reklamaga Berildi'),(203,1,340,5.000000,1601233200,'Reklamaga Berildi'),(204,1,40,1.000000,1601319600,'Tinting Gench kraska tayorlashga'),(205,1,21,1.000000,1601319600,'Tinting Gench kraska tayorlashga'),(206,1,65,1.000000,1601319600,'Tinting Gench kraska tayorlashga'),(215,1,13,2.000000,1601665200,'Tinting Gench kraska tayorlashga'),(208,1,11,2.000000,1601319600,'51.Lak LLC Markazqurilishtaminot 2020 Brak'),(209,1,7,1.000000,1601319600,'51.Lak LLC Markazqurilishtaminot 2020 Brak'),(210,1,32,1.000000,1601492400,'Quyib Sotishga'),(211,1,74,4.500000,1601578800,'brak'),(212,1,37,1.000000,1601578800,'52.Lak Mir Colors 2020 Kantenir Brak tukilgan'),(213,1,11,1.000000,1601578800,'52.Lak Mir Colors 2020 Kantenir Brak tukilgan'),(214,1,40,1.000000,1601492400,'Tinting Gench kraska tayorlashga'),(216,1,32,1.000000,1601665200,'Quyib Sotishga 178 kg Chiqdi'),(217,1,72,3.280000,1601665200,'brak'),(218,1,72,6.000000,1601838000,'Brak Musor'),(219,1,40,1.000000,1601924400,'Tinting Gench kraska tayorlashga'),(220,1,208,1.000000,1601924400,'Tinting Gench kraska tayorlashga'),(221,1,23,1.000000,1602010800,'54.Lak Mir Colors 2020 Brak Moshinada tukilgan'),(222,1,11,2.000000,1602010800,'54.Lak Mir Colors 2020 Brak Moshinada tukilgan'),(223,1,43,2.000000,1602010800,'54.Lak Mir Colors 2020 Brak Moshinada tukilgan'),(224,1,16,1.000000,1602010800,'54.Lak Mir Colors 2020 Brak Moshinada tukilgan'),(225,1,214,1.000000,1602010800,'54.Lak Mir Colors 2020 Brak Moshinada tukilgan'),(226,1,40,1.000000,1602097200,'Tinting Gench kraska tayorlashga'),(227,1,13,1.000000,1602097200,'Tinting Gench kraska tayorlashga'),(228,1,34,1.000000,1602097200,'Quyib Sotishga 179.5 kg'),(229,1,32,1.000000,1602097200,'Quyib Sotishga 178kg chiqdi'),(230,1,80,1.000000,1602356400,'54.Lak Mir Colors 2020 Brak Moshinada tukilgan'),(231,1,11,5.000000,1602356400,'54.Lak Mir Colors 2020 Brak Moshinada tukilgan'),(232,1,123,6.000000,1602356400,'Quyib Sotishga Moshinada Teshilib kelgan tn150 12kg'),(233,1,208,1.000000,1602442800,'Tinting Gench kraska tayorlashga'),(234,1,13,1.000000,1602529200,'Tinting Gench kraska tayorlashga'),(235,1,13,1.000000,1602788400,'Tinting Gench kraska tayorlashga'),(236,1,32,1.000000,1602442800,'Quyib Sotishga 176kg Chiqdi'),(237,1,13,1.000000,1603047600,'Tinting Gench kraska tayorlashga'),(238,1,13,1.000000,1603047600,'Tinting Gench kraska tayorlashga'),(239,1,11,6.000000,1602183600,'55.Lak Mir Colors 2020 Moshinada Tukilgan'),(240,1,3,1.000000,1602270000,'57.Lak Mir Colors 2020 Spiskada Kam Kelgan'),(241,1,72,5.890000,1603134000,'brak'),(242,1,32,2.000000,1603220400,'Quyib Sotishga'),(243,1,34,1.000000,1603220400,'Quyib Sotishga 179kg chiqdi'),(244,1,65,1.000000,1603306800,'Tinting Gench kraska tayorlashga'),(245,1,46,3.000000,1603306800,'61.Lak Mir Colors 2020 Kantenir Moshinada tukilgan'),(246,1,2,1.000000,1603306800,'61.Lak Mir Colors 2020 Kantenir Moshinada tukilgan'),(247,1,214,1.000000,1603306800,'61.Lak Mir Colors 2020 Kantenir Moshinada tukilgan'),(248,1,11,1.000000,1603306800,'61.Lak Mir Colors 2020 Kantenir Moshinada tukilgan'),(249,1,4,2.000000,1603306800,'61.Lak Mir Colors 2020 Kantenir Moshinada tukilgan'),(250,1,123,1.000000,1603479600,'Moshinada Tukilib Ketibga'),(251,1,4,1.000000,1603479600,'Moshinada Tukilib Ketibga'),(252,1,32,1.000000,1603652400,'Quyib Sotishga 178.5 kg Chiqdi'),(253,1,208,1.000000,1603652400,'Tinting kraska tayorlashga'),(254,1,40,1.000000,1603738800,'Tinting Gench kraska tayorlashga'),(255,1,15,4.000000,1603825200,'brak'),(256,1,208,1.000000,1603825200,'Tinting Gench kraska tayorlashga'),(257,1,32,1.000000,1603825200,'Quyib Sotishga'),(258,1,208,1.000000,1603911600,'Tinting Gench kraska tayorlashga'),(259,1,32,2.000000,1603998000,'Quyib Sotishga 359kg Chiqdi 2ta Bochka'),(260,1,72,2.000000,1604084400,'Brak Musor'),(261,1,40,1.000000,1604343600,'Tinting Gench kraska tayorlashga'),(262,1,40,5.000000,1604343600,'Tinting Gench kraska tayorlashga'),(263,1,34,1.000000,1604430000,'Quyib Sotishga 179.8kg Chiqdi'),(264,1,13,1.000000,1604430000,'Tinting Gench kraska tayorlashga'),(265,1,13,1.000000,1604516400,'Tinting Gench kraska tayorlashga'),(266,1,13,1.000000,1604602800,'Tinting Gench kraska tayorlashga'),(267,1,32,1.000000,1604602800,'Quyib Sotishga'),(268,1,346,3.800000,1604602800,'ishlattik'),(269,1,40,1.000000,1604689200,'Tinting Gench kraska tayorlashga'),(270,1,40,1.000000,1604689200,'Tinting Gench kraska tayorlashga'),(271,1,13,1.000000,1604862000,'Tinting Gench kraska tayorlashga'),(272,1,18,1.000000,1604948400,'Tinting Gench kraska tayorlashga'),(273,1,72,0.510000,1605034800,''),(274,1,40,1.000000,1605034800,'Tinting Gench kraska tayorlashga'),(275,1,32,2.000000,1605121200,'Quyib Sotishga'),(276,1,13,1.000000,1605121200,'Tinting Gench kraska tayorlashga'),(277,1,40,2.000000,1605294000,'Tinting Gench kraska tayorlashga'),(278,1,32,1.000000,1605726000,'Quyib Sotishga'),(279,1,358,4.000000,1605812400,'Sotishga Metirlab'),(280,1,359,1.000000,1605812400,'Sotishga Metirlab'),(281,1,358,6.000000,1605812400,'Skladda Kam'),(282,1,13,1.000000,1605898800,'Tinting Gench kraska tayorlashga'),(283,1,13,1.000000,1606071600,'Tinting Gench kraska tayorlashga'),(284,1,34,1.000000,1606071600,'Quyib Sotishga'),(285,1,32,1.000000,1606158000,'Quyib Sotishga 179kg chiqdi'),(286,1,40,1.000000,1606244400,'Tinting Gench kraska tayorlashga'),(287,1,72,2.000000,1606503600,'Brak Musor'),(288,1,359,1.000000,1606676400,'Sotishga Metirlab'),(289,1,21,1.000000,1606676400,'Tinting Gench kraska tayorlashga'),(290,1,13,1.000000,1606676400,'Tinting Gench kraska tayorlashga'),(291,1,32,1.000000,1606762800,'Quyib Sotishga 179.2kg chiqdi'),(292,1,13,1.000000,1606762800,'Tinting Gench kraska tayorlashga'),(293,1,40,1.000000,1606762800,'Tinting Gench kraska tayorlashga'),(294,1,13,1.000000,1606935600,'Tinting Gench kraska tayorlashga'),(295,1,91,13.730000,1607108400,'Brak Musor'),(296,1,72,60.000000,1607108400,'Shpon Razmeri qogoz bn 60m2 farq qildi 1 ta paletdan'),(297,1,13,1.000000,1607108400,'Tinting Gench kraska tayorlashga'),(298,1,40,1.000000,1607108400,'Tinting Gench kraska tayorlashga'),(299,1,32,2.000000,1607108400,'Quyib Sotishga'),(300,1,96,1.000000,1607281200,'Brak Musor'),(301,1,214,2.000000,1607281200,'Brak Musor'),(302,1,72,3.000000,1607540400,'Brak Musor'),(303,1,120,1.000000,1607540400,'Brak Musor'),(304,1,32,1.000000,1607540400,'Quyib Sotishga 155.5 kg Buchka furada tukilib kelgan'),(305,1,13,1.000000,1607626800,'Tinting Gench kraska tayorlashga'),(306,1,40,1.000000,1607713200,'Tinting Gench kraska tayorlashga'),(307,1,40,1.000000,1607972400,'Tinting Gench kraska tayorlashga'),(308,1,359,1.000000,1607972400,'Sotishga Metirlab'),(309,1,208,1.000000,1607972400,'Tinting Gench kraska tayorlashga'),(310,1,13,1.000000,1608058800,'Tinting Gench kraska tayorlashga'),(311,1,358,1.000000,1608145200,'Sotishga Metirlab'),(312,1,378,1.000000,1608145200,'Sotishga Metirlab'),(313,1,208,1.000000,1608231600,'Tinting Gench kraska tayorlashga'),(314,1,32,1.000000,1608318000,'Quyib Sotishga'),(315,1,32,1.000000,1608318000,'Quyib Sotishga 170.7kg moshinada oqgan'),(316,1,97,2.850000,1608318000,''),(317,1,34,1.000000,1608318000,'Quyib Sotishga'),(318,1,13,1.000000,1608663600,'Tinting Gench kraska tayorlashga'),(319,1,20,1.000000,1608663600,'Tinting Gench kraska tayorlashga'),(321,1,184,16.000000,1608663600,'80.Lak mir colors 22.12.20 Moshinada tukilga musor brak'),(322,1,13,1.000000,1608750000,'Tinting Gench kraska tayorlashga'),(323,1,40,1.000000,1608750000,'Tinting Gench kraska tayorlashga'),(324,1,32,1.000000,1608750000,'Quyib Sotishga 177.2kg chiqdi'),(325,1,369,1.000000,1608750000,'Quyib Sotishga 179.4kg chiqdi'),(326,1,32,1.000000,1608836400,'Quyib Sotishga 179.2 Chiqdi'),(327,1,15,3.000000,1608836400,''),(328,1,34,1.000000,1608922800,'Quyib Sotishga 181 Chiqdi'),(329,1,13,1.000000,1608922800,'Tinting Kraska Tayorlashga'),(330,1,13,1.000000,1608922800,'Tinting Kraska Tayorlashga'),(331,1,32,1.000000,1608922800,'Quyib Sotishga 178.6 Chiqdi'),(332,1,375,1.000000,1609095600,'Tinting Kraska Tayorlashga'),(333,1,376,1.000000,1609182000,'Tinting Kraska Tayorlashga'),(334,1,13,1.000000,1609182000,'Tinting Kraska Tayorlashga'),(335,1,369,1.000000,1609873200,'Quyib Sotishga 179.6 Chiqdi'),(336,1,32,1.000000,1609873200,'Quyib Sotishga '),(337,1,13,1.000000,1609959600,'Tinting Kraska Tayorlashga'),(338,1,40,1.000000,1610046000,'Tinting Kraska Tayorlashga'),(339,1,13,1.000000,1610132400,'Tinting Kraska Tayorlashga'),(340,1,359,1.000000,1610305200,'Metirlab Sotishga'),(341,1,32,1.000000,1610305200,'Quyib Sotishga 179.2 Chiqdi'),(342,1,34,1.000000,1610305200,'Quyib Sotishga 112.36 Chiqdi Moshinada teshilib oqan'),(343,1,40,1.000000,1610391600,'Tinting Kraska Tayorlashga'),(344,1,13,1.000000,1610478000,'Tinting Kraska Tayorlashga'),(345,1,15,10.000000,1610478000,'Brak'),(346,1,37,1.000000,1610478000,'1.Lak Mir Colors 2021 Brak '),(347,1,369,1.000000,1610650800,'Quyib Sotishga '),(348,1,41,1.000000,1610910000,'Tinting Kraska Tayorlashga'),(349,1,41,1.000000,1610910000,'Tinting Kraska Tayorlashga'),(350,1,72,1.440000,1610910000,'Brak'),(351,1,13,1.000000,1610996400,'Tinting Kraska Tayorlashga'),(352,1,359,1.000000,1611082800,'Metirlab Sotishga'),(353,1,369,1.000000,1611082800,'Quyib Sotishga 178.3 Chiqdi'),(354,1,369,1.000000,1611169200,'Quyib Sotishga 179.88 Chiqdi'),(355,1,40,1.000000,1611255600,'Tinting Kraska Tayorlashga'),(356,1,13,1.000000,1611601200,'Tinting Kraska Tayorlashga'),(357,1,369,1.000000,1611687600,'Quyib Sotishga 183.3 Chiqdi'),(358,1,346,0.860000,1611687600,''),(359,1,72,5.850000,1611774000,'Brak Musor'),(360,1,41,1.000000,1611860400,'Tinting Gench kraska tayorlashga'),(361,1,13,1.000000,1611860400,'Tinting Gench kraska tayorlashga'),(362,1,369,1.000000,1611860400,'Quyib Sotishga 179.5kg Chiqdi'),(363,1,358,1.000000,1612206000,'Metirlab Sotishga'),(364,1,13,1.000000,1612292400,'Tinting Gench kraska tayorlashga'),(365,1,369,1.000000,1612378800,'Quyib Sotishga 179.5kg Chiqdi'),(366,1,34,1.000000,1612378800,'Quyib Sotishga 177 kg moshinada oqgan'),(367,1,41,1.000000,1612378800,'Tinting Gench kraska tayorlashga'),(368,1,208,1.000000,1612724400,'Tinting Kraska Tayorlashga'),(369,1,208,1.000000,1612724400,'Tinting Gench kraska tayorlashga'),(370,1,369,1.000000,1612810800,'Quyib Sotishga 179.4 kg chiqdi'),(371,1,41,1.000000,1612983600,'Tinting Kraska Tayorlashga'),(372,1,13,1.000000,1612983600,'Tinting Kraska Tayorlashga'),(373,1,359,1.000000,1613329200,'Metirlab Sotishga'),(374,1,208,1.000000,1613329200,'Tinting Kraska Tayorlashga'),(375,1,40,1.000000,1613329200,'Tinting Kraska Tayorlashga'),(376,1,436,1.000000,1613415600,'Metirlab Sotishga'),(377,1,18,1.000000,1613415600,'Tinting Kraska Tayorlashga'),(378,1,369,1.000000,1613502000,'Quyib Sotishga 179.7 Chiqdi'),(379,1,34,1.000000,1613502000,''),(380,1,208,1.000000,1613588400,'Tinting Kraska Tayorlashga'),(381,1,375,1.000000,1613588400,'Tinting Gench kraska tayorlashga'),(382,1,376,1.000000,1613588400,'Tinting Gench kraska tayorlashga'),(383,1,208,1.000000,1613674800,'Tinting Kraska Tayorlashga'),(384,1,9,1.000000,1613674800,'6.Lak Mir Colors 2021 IYF2020000000010 Oqib bush keldi'),(385,1,1,1.000000,1613761200,'Ichi qotib qolgan shunday keldi'),(386,1,369,1.000000,1613934000,'Quyib Sotishga 181 Chiqdi'),(387,1,208,1.000000,1614106800,'Tinting Gench kraska tayorlashga'),(388,1,72,4.750000,1614279600,'Brak'),(389,1,74,6.730000,1614279600,'Brak'),(390,1,369,1.000000,1614538800,'Quyib Sotishga 179 Chiqdi'),(391,1,375,1.000000,1614538800,'Quyib Sotishga '),(392,1,208,1.000000,1614625200,'Tinting Kraska Tayorlashga'),(393,1,41,1.000000,1614884400,'Tinting Kraska Tayorlashga'),(394,1,369,1.000000,1614970800,'Quyib Sotishga 178.2 Chiqdi'),(395,1,34,1.000000,1614970800,'Quyib Sotishga 179.7 Chiqdi'),(396,1,40,1.000000,1614970800,'Tinting Kraska Tayorlashga'),(397,1,358,1.000000,1615143600,'Metirlab Sotishga'),(398,1,208,1.000000,1615316400,'Tinting Kraska Tayorlashga'),(399,1,377,1.000000,1615402800,'Quyib Sotishga'),(400,1,376,1.000000,1615402800,'Quyib Sotishga'),(401,1,32,1.000000,1615402800,'Quyib Sotishga 184.68 kg '),(402,1,40,1.000000,1615402800,'Tinting Kraska Tayorlashga'),(403,1,32,1.000000,1615489200,'Quyib Sotishga 181.5 Chiqdi'),(404,1,214,1.000000,1615489200,'Brak'),(405,1,15,5.000000,1615834800,'Brak'),(406,1,74,4.970000,1615834800,'Brak'),(407,1,208,1.000000,1615834800,'Tinting Gench kraska tayorlashga'),(408,1,2,10.000000,1616007600,'Moshinada Teshilgan 19.Lak Mir Colors 2021 IYF2021000000015'),(409,1,359,1.000000,1616094000,'Metirlab Sotishga'),(410,1,72,3.000000,1616180400,'Brak'),(411,1,11,1.000000,1616180400,'Brak 20.Lak Mir Colors 2021 IYF2021000000020 '),(412,1,32,1.000000,1616526000,'Quyib Sotishga 179.4 Chiqdi'),(413,1,40,1.000000,1616612400,'Tinting Kraska Tayorlashga'),(414,1,13,1.000000,1616698800,'Tinting Kraska Tayorlashga'),(415,1,40,1.000000,1616785200,'Tinting Gench kraska tayorlashga'),(416,1,34,1.000000,1616785200,'Quyib Sotishga 180.45kg Chiqdi'),(417,1,208,1.000000,1616785200,'Tinting Gench kraska tayorlashga'),(418,1,32,1.000000,1616785200,'Quyib Sotishga'),(419,1,40,1.000000,1616958000,'Tinting Kraska Tayorlashga'),(420,1,40,2.000000,1617044400,'Tinting Kraska Tayorlashga'),(421,1,32,1.000000,1617044400,'Quyib Sotishga 181 Chiqdi'),(422,1,97,3.900000,1617130800,''),(423,1,359,1.000000,1617130800,'Metirlab Sotishga'),(424,1,40,1.000000,1617217200,'Tinting Kraska Tayorlashga'),(425,1,375,1.000000,1617217200,'Tinting Kraska Tayorlashga'),(426,1,13,1.000000,1617217200,'Tinting Kraska Tayorlashga'),(427,1,32,1.000000,1617217200,'Quyib Sotishga 176 Chiqdi'),(428,1,32,1.000000,1617390000,'Quyib Sotishga 179.8 Chiqdi'),(429,1,41,1.000000,1617562800,'Tinting Kraska Tayorlashga'),(430,1,82,1.000000,1617562800,'Tinting Kraska Tayorlashga'),(431,1,32,1.000000,1617649200,'Quyib Sotishga 180.3Chiqdi'),(432,1,13,1.000000,1617649200,'Tinting Kraska Tayorlashga'),(433,1,13,1.000000,1617822000,'Tinting Gench kraska tayorlashga'),(434,1,358,1.000000,1617822000,''),(435,1,32,1.000000,1617822000,'Quyib Sotishga 179.5kg Chiqdi'),(436,1,2,8.000000,1617822000,'27.Lak Mir Colors 2021 IYF2021000000028 Moshinada Tukilgan'),(437,1,41,1.000000,1617908400,'Tinting Kraska Tayorlashga'),(438,1,375,1.000000,1618167600,'Tinting Kraska Tayorlashga'),(439,1,13,1.000000,1618167600,'Tinting Kraska Tayorlashga'),(440,1,32,1.000000,1618167600,'Quyib Sotishga 180.10 Chiqdi'),(441,1,41,1.000000,1618426800,'Tinting Kraska Tayorlashga'),(442,1,13,1.000000,1618513200,'Tinting Kraska Tayorlashga'),(443,1,32,1.000000,1618513200,'Quyib Sotishga 181.6 Chiqdi'),(444,1,32,1.000000,1618599600,'Quyib Sotishga 180.6 Chiqdi'),(445,1,13,1.000000,1618599600,'Tinting Kraska Tayorlashga'),(446,1,15,2.000000,1618599600,'Brak'),(447,1,15,13.300000,1618858800,'Brak'),(448,1,32,1.000000,1618858800,'Quyib Sotishga 180 Chiqdi'),(449,1,34,1.000000,1618858800,'Quyib Sotishga 179.54 Chiqdi'),(450,1,13,1.000000,1618858800,'Tinting Kraska Tayorlashga'),(451,1,32,1.000000,1619031600,'Quyib Sotishga 179.5 Chiqdi'),(452,1,74,55.000000,1619031600,'Yozuvda Yuq'),(453,1,13,1.000000,1619118000,'Tinting Kraska Tayorlashga'),(454,1,13,1.000000,1619204400,'Tinting Kraska Tayorlashga'),(455,1,32,1.000000,1619377200,'Quyib Sotishga 183.86 Chiqdi'),(456,1,41,1.000000,1619377200,'Tinting Kraska Tayorlashga'),(457,1,120,1.000000,1619377200,'Skladda kam'),(458,1,213,4.000000,1619377200,'Skladda kam'),(459,1,30,4.000000,1619377200,'Skladda kam'),(460,1,46,1.000000,1619377200,'32.Lak Brak keldi'),(461,1,11,4.000000,1619377200,'Brak'),(462,1,357,1.000000,1619463600,'Metirlab Sotishga'),(463,1,21,1.000000,1619463600,'Shuxrat buxoro diller Yulda Oqib ketdi'),(464,1,32,1.000000,1619550000,'Quyib Sotishga 179.7 Chiqdi'),(465,1,358,1.000000,1619550000,'Metirlab Sotishga'),(466,1,13,1.000000,1619636400,'Tinting Kraska Tayorlashga'),(467,1,369,2.000000,1619722800,'Quyib Sotishga 357.6 Chiqdi'),(468,1,34,1.000000,1619722800,'Quyib Sotishga 179 Chiqdi'),(469,1,39,1.000000,1619809200,'Tinting Kraska Tayorlashga'),(470,1,11,1.000000,1619809200,'Brak'),(471,1,8,1.000000,1619809200,'Brak'),(472,1,72,23.000000,1619982000,'Paletdan kam chiqdi'),(473,1,13,1.000000,1619982000,'Tinting Kraska Tayorlashga'),(474,1,40,1.000000,1620154800,'Tinting Kraska Tayorlashga'),(475,1,41,1.000000,1620241200,'Tinting Kraska Tayorlashga'),(476,1,375,1.000000,1620414000,'Tinting Kraska Tayorlashga'),(477,1,208,1.000000,1620414000,'Tinting Kraska Tayorlashga'),(478,1,369,2.000000,1620414000,'Quyib Sotishga 359.5kg Chiqdi'),(479,1,46,2.000000,1620586800,'Brak Moshinada Tukilgan Idishga Quydik'),(480,1,80,1.000000,1620586800,'Brak Moshinada Tukilgan Idishga Quydik'),(481,1,214,5.000000,1620586800,'Brak Moshinada Tukilgan Idishga Quydik'),(482,1,2,2.000000,1620586800,'Brak Moshinada Tukilgan Idishga Quydik'),(483,1,40,1.000000,1620586800,'Tinting Kraska Tayorlashga'),(484,1,41,1.000000,1620673200,'Tinting Kraska Tayorlashga'),(485,1,358,1.000000,1620759600,'Metirlab Sotishga'),(486,1,15,5.130000,1621018800,'Brak'),(487,1,208,1.000000,1621018800,'Tinting Kraska Tayorlashga'),(488,1,72,5.000000,1621191600,'Brak'),(489,1,13,1.000000,1621191600,'Tinting Kraska Tayorlashga'),(490,1,40,1.000000,1621191600,'Tinting Kraska Tayorlashga'),(491,1,369,1.000000,1621191600,'Quyib Sotishga 180.3 Chiqdi'),(492,1,41,1.000000,1621364400,'Tinting Kraska Tayorlashga'),(493,1,2,2.000000,1621364400,'40.Lak Mir Color 2021 IYF2021000000045 Moshinada Tukilgan'),(494,1,214,7.000000,1621364400,'40.Lak Mir Color 2021 IYF2021000000045 Moshinada Tukilgan'),(495,1,11,7.000000,1621364400,'40.Lak Mir Color 2021 IYF2021000000045 Moshinada Tukilgan'),(496,1,1,1.000000,1621364400,'40.Lak Mir Color 2021 IYF2021000000045 Moshinada Tukilgan'),(497,1,13,1.000000,1621537200,'Tinting Kraska Tayorlashga'),(498,1,465,1.000000,1621537200,'Quyib Sotishga '),(499,1,41,1.000000,1621623600,'Tinting Kraska Tayorlashga'),(500,1,34,1.000000,1621623600,'Quyib Sotishga 179.9 Chiqdi'),(501,1,13,1.000000,1621623600,'Tinting Kraska Tayorlashga'),(502,1,72,4.290000,1621796400,'Brak'),(503,1,41,1.000000,1621796400,'Tinting Kraska Tayorlashga'),(504,1,15,3.620000,1621796400,'Brak'),(505,1,369,1.000000,1621796400,'Quyib Sotishga 183.3 Chiqdi'),(506,1,41,1.000000,1621969200,'Tinting Kraska Tayorlashga'),(507,1,208,1.000000,1621969200,'Tinting Kraska Tayorlashga'),(508,1,41,1.000000,1621969200,'Tinting Kraska Tayorlashga'),(509,1,358,1.000000,1621969200,'Metirlab Sotishga'),(510,1,369,1.000000,1622142000,'Quyib Sotishga 179.9 Chiqdi'),(511,1,41,1.000000,1622228400,'Tinting Kraska Tayorlashga'),(512,1,13,1.000000,1622228400,'Tinting Kraska Tayorlashga'),(513,1,208,1.000000,1622574000,'Tinting Kraska Tayorlashga'),(514,1,34,1.000000,1622401200,'Quyib Sotishga 179.04 Chiqdi'),(515,1,32,1.000000,1622574000,'Quyib Sotishga 179.7 Chiqdi'),(516,1,1,12.000000,1622660400,'Brak Moshinada Tukilgan Idishga Quydik INV0034'),(517,1,2,5.000000,1622660400,'Brak Moshinada Tukilgan Idishga Quydik INV0034'),(518,1,436,1.000000,1622746800,'Metirlab Sotishga'),(519,1,41,1.000000,1622746800,'Tinting Kraska Tayorlashga'),(520,1,208,1.000000,1622746800,'Tinting Kraska Tayorlashga'),(521,1,524,1.000000,1623006000,'brak'),(522,1,527,1.000000,1623006000,'Brak'),(523,1,41,1.000000,1623006000,'Tinting Kraska Tayorlashga'),(524,1,369,1.000000,1623006000,'Quyib Sotishga 179.2 Chiqdi'),(525,1,24,1.000000,1623092400,'Tinting Kraska Tayorlashga'),(526,1,41,1.000000,1623265200,'Tinting Kraska Tayorlashga'),(527,1,24,1.000000,1623351600,'Tinting Kraska Tayorlashga'),(528,1,369,1.000000,1623438000,'Quyib Sotishga 180 Chiqdi'),(529,1,97,3.900000,1623438000,''),(530,1,15,28.000000,1623610800,'Brak'),(531,1,41,1.000000,1623610800,'Tinting Kraska Tayorlashga'),(532,1,369,1.000000,1623610800,'Quyib Sotishga 179.2 Chiqdi'),(533,1,34,1.000000,1623610800,'Quyib Sotishga 179.9 Chiqdi'),(534,1,357,1.000000,1623610800,'Metirlab Sotishga'),(535,1,358,1.000000,1623610800,'Metirlab Sotishga'),(536,1,369,1.000000,1623697200,'178.8kg'),(537,1,41,1.000000,1623697200,'Tinting Kraska Tayorlashga'),(538,1,358,1.000000,1623870000,'Metirlab Sotishga'),(539,1,208,1.000000,1623870000,'Tinting Kraska Tayorlashga'),(540,1,13,1.000000,1624302000,'Tinting Kraska Tayorlashga'),(541,1,82,1.000000,1624302000,'Tinting Kraska Tayorlashga'),(542,1,32,1.000000,1624388400,'Quyib Sotishga 180 Chiqdi'),(543,1,378,1.000000,1624388400,'Metirlab Sotishga'),(544,1,40,1.000000,1624388400,'Tinting Kraska Tayorlashga'),(545,1,208,1.000000,1624474800,'Tinting Kraska Tayorlashga'),(546,1,369,1.000000,1624474800,'Quyib Sotishga 181 Chiqdi'),(547,1,41,1.000000,1624474800,'Tinting Kraska Tayorlashga'),(548,1,208,1.000000,1624474800,'Tinting Kraska Tayorlashga'),(549,1,13,1.000000,1624647600,'Tinting Kraska Tayorlashga'),(550,1,375,1.000000,1624820400,'Tinting Kraska Tayorlashga'),(551,1,13,1.000000,1624820400,'Tinting Kraska Tayorlashga'),(552,1,34,1.000000,1624820400,'Quyib Sotishga 180 Chiqdi'),(553,1,208,1.000000,1624906800,'Tinting Kraska Tayorlashga'),(554,1,32,1.000000,1624906800,'Quyib Sotishga 176kg Chiqdi'),(555,1,13,1.000000,1624906800,'Tinting Kraska Tayorlashga'),(556,1,40,1.000000,1624993200,'Tinting Kraska Tayorlashga'),(557,1,358,1.000000,1624993200,'Metirlab Sotishga'),(558,1,208,1.000000,1625166000,'Tinting Kraska Tayorlashga'),(559,1,41,1.000000,1625166000,'Tinting Kraska Tayorlashga'),(560,1,123,2.000000,1625252400,'Quyib Sotishga 22kg chiqdi'),(561,1,208,1.000000,1625252400,'Tinting Kraska Tayorlashga'),(562,1,369,1.000000,1625425200,'Quyib Sotishga 180 Chiqdi'),(563,1,40,2.000000,1625511600,'Tinting Kraska Tayorlashga'),(564,1,357,1.000000,1625684400,'Metirlab Sotishga'),(565,1,369,1.000000,1625857200,'Quyib Sotishga 180 Chiqdi'),(566,1,13,1.000000,1625857200,'Tinting Kraska Tayorlashga'),(567,1,33,1.000000,1625857200,'Quyib Sotishga '),(568,1,15,4.000000,1625857200,'Brak'),(569,1,527,1.000000,1625857200,'Brak'),(570,1,358,1.000000,1626030000,'Metirlab Sotishga'),(571,1,32,1.000000,1626030000,'Quyib Sotishga 179.4 Chiqdi'),(572,1,208,1.000000,1626116400,'Tinting Kraska Tayorlashga'),(573,1,40,1.000000,1626116400,'Tinting Kraska Tayorlashga'),(574,1,40,2.000000,1626202800,'Tinting Kraska Tayorlashga'),(575,1,46,1.000000,1626202800,'brak'),(576,1,3,1.000000,1626202800,'brak'),(577,1,208,1.000000,1626202800,'Tinting Kraska Tayorlashga'),(578,1,32,2.000000,1626289200,'Quyib Sotishga 360 Chiqdi'),(579,1,13,1.000000,1626289200,'Tinting Kraska Tayorlashga'),(580,1,358,1.000000,1626375600,'Metirlab Sotishga'),(581,1,537,165.000000,1626375600,'Brak Moshinada Tukilgan 3ta brak 8ta quyildi quyqasini'),(582,1,82,1.000000,1626462000,'Tinting Kraska Tayorlashga'),(583,1,456,45.000000,1626375600,''),(584,1,28,4.000000,1626807600,'brak'),(585,1,455,1.000000,1626807600,'Brak'),(586,1,214,2.000000,1626807600,'Brak'),(587,1,208,1.000000,1626894000,'Tinting Kraska Tayorlashga'),(588,1,32,1.000000,1626894000,'Quyib Sotishga 178 Chiqdi'),(589,1,32,1.000000,1626894000,'Quyib Sotishga 48Chiqdi Moshinada Oqib Ketgan'),(590,1,13,1.000000,1627239600,'Tinting Kraska Tayorlashga'),(591,1,32,1.000000,1627326000,'Quyib Sotishga 179.9 Chiqdi'),(592,1,208,1.000000,1627326000,'Tinting Kraska Tayorlashga'),(593,1,32,1.000000,1627498800,'Quyib Sotishga 180.3 Chiqdi'),(594,1,13,1.000000,1627671600,'Tinting Kraska Tayorlashga'),(595,1,40,1.000000,1627844400,'Tinting Kraska Tayorlashga'),(596,1,41,1.000000,1627930800,'Tinting Kraska Tayorlashga'),(597,1,32,1.000000,1628017200,'Quyib Sotishga 179.2 Chiqdi'),(598,1,423,1.000000,1628103600,'Brak rang buzilgan'),(599,1,425,4.000000,1628103600,'namuna'),(600,1,499,1.000000,1628103600,'namuna'),(601,1,427,1.000000,1628103600,'namuna'),(602,1,390,1.000000,1628103600,'namuna'),(603,1,147,1.000000,1628103600,'Quyib Sotishga '),(604,1,32,1.000000,1628190000,'Quyib Sotishga '),(605,1,41,1.000000,1628276400,'Tinting Kraska Tayorlashga'),(606,1,41,2.000000,1628535600,'Tinting Kraska Tayorlashga'),(607,1,32,1.000000,1628535600,'Quyib Sotishga '),(608,1,40,1.000000,1628535600,'Tinting Kraska Tayorlashga'),(609,1,32,1.000000,1628622000,'Quyib Sotishga '),(610,1,39,1.000000,1628622000,'Tinting Kraska Tayorlashga'),(611,1,82,1.000000,1628708400,'Tinting Kraska Tayorlashga'),(612,1,32,1.000000,1628794800,'Tinting Kraska Tayorlashga'),(613,1,378,1.000000,1629054000,'Metirlab Sotishga'),(614,1,208,1.000000,1629140400,'Tinting Kraska Tayorlashga'),(615,1,369,1.000000,1629226800,'Quyib Sotishga '),(616,1,32,1.000000,1629226800,'Quyib Sotishga 180.5'),(617,1,357,1.000000,1629226800,'Metirlab Sotishga'),(618,1,436,1.000000,1629226800,'Metirlab Sotishga'),(619,1,13,1.000000,1629399600,'Tinting Kraska Tayorlashga'),(620,1,40,1.000000,1629486000,'Tinting Kraska Tayorlashga'),(621,1,24,1.000000,1629658800,'Tinting Kraska Tayorlashga'),(622,1,24,1.000000,1629658800,'Tinting Kraska Tayorlashga'),(623,1,13,1.000000,1629658800,'Tinting Kraska Tayorlashga'),(624,1,317,1.000000,1629658800,'Tinting Kraska Tayorlashga'),(625,1,32,1.000000,1629658800,'Quyib Sotishga 177.8 Chiqdi'),(626,1,13,1.000000,1629745200,'Tinting Kraska Tayorlashga'),(627,1,82,1.000000,1629745200,'Tinting Kraska Tayorlashga'),(628,1,32,1.000000,1629831600,'Quyib Sotishga 179.1 Chiqdi'),(629,1,32,1.000000,1630090800,'Quyib Sotishga 177.6 Chiqdi'),(630,1,13,1.000000,1630350000,'Tinting Kraska Tayorlashga'),(631,1,41,3.000000,1630350000,'Tinting Kraska Tayorlashga'),(632,1,41,1.000000,1630609200,'Tinting Kraska Tayorlashga'),(633,1,208,1.000000,1630609200,'Tinting Kraska Tayorlashga'),(634,1,32,1.000000,1630609200,'Quyib Sotishga 179.8 Chiqdi'),(635,1,208,1.000000,1630695600,'Tinting Kraska Tayorlashga'),(636,1,358,1.000000,1630695600,'Metirlab Sotishga'),(637,1,32,1.000000,1630868400,'Quyib Sotishga 179.6 Chiqdi'),(638,1,359,1.000000,1630868400,'Metirlab Sotishga'),(639,1,375,1.000000,1630868400,'Tinting Kraska Tayorlashga'),(640,1,2,10.000000,1630954800,'73.Lak Mir Colors INV IYF2021000000091-92 2021 Brak Moshinada Tukilgan'),(641,1,7,2.000000,1630954800,'73.Lak Mir Colors INV IYF2021000000091-92 2021 Brak Moshinada Tukilgan'),(642,1,32,1.000000,1631041200,'Quyib Sotishga 179.4 Chiqdi'),(643,1,24,1.000000,1631041200,'Tinting Kraska Tayorlashga'),(644,1,542,1.000000,1631041200,'Metirlab Sotishga'),(645,1,32,1.000000,1631127600,'Quyib Sotishga 182.3 Chiqdi'),(646,1,24,1.000000,1631214000,'Tinting Kraska Tayorlashga'),(647,1,358,1.000000,1631300400,'Metirlab Sotishga'),(648,1,208,1.000000,1631300400,'Tinting Kraska Tayorlashga'),(649,1,32,1.000000,1631473200,'Quyib Sotishga 179.34 Chiqdi'),(650,1,24,1.000000,1631473200,'Tinting Kraska Tayorlashga'),(651,1,82,1.000000,1631473200,'Tinting Kraska Tayorlashga'),(652,1,82,1.000000,1631559600,'Tinting Kraska Tayorlashga'),(653,1,32,1.000000,1631732400,'Quyib Sotishga 179.9 Chiqdi'),(654,1,32,1.000000,1631818800,'Quyib Sotishga 179.5 Chiqdi'),(655,1,15,5.000000,1631905200,'brak'),(656,1,378,1.000000,1631905200,'Metirlab Sotishga'),(657,1,2,2.000000,1631905200,'brak'),(658,1,214,4.000000,1631905200,'Brak Moshinada Tukilgan Idishga Quydik'),(659,1,16,2.000000,1631905200,'Brak Moshinada Tukilgan '),(660,1,32,1.000000,1631905200,'Quyib Sotishga 181.15 Chiqdi'),(661,1,208,1.000000,1632078000,'Tinting Kraska Tayorlashga'),(662,1,24,1.000000,1632078000,'Tinting Kraska Tayorlashga'),(663,1,82,1.000000,1632164400,'Tinting Kraska Tayorlashga'),(664,1,32,1.000000,1632164400,'Quyib Sotishga 179.4 Chiqdi'),(665,1,208,1.000000,1632164400,'Tinting Kraska Tayorlashga'),(666,1,13,1.000000,1632164400,'Tinting Kraska Tayorlashga'),(667,1,41,1.000000,1632164400,'Tinting Kraska Tayorlashga'),(668,1,140,1.000000,1632164400,'Tinting Kraska Tayorlashga'),(669,1,359,1.000000,1632250800,'Metirlab Sotishga'),(670,1,436,1.000000,1632250800,'Metirlab Sotishga'),(671,1,82,1.000000,1632250800,'Tinting Kraska Tayorlashga'),(672,1,317,1.000000,1632250800,'Tinting Kraska Tayorlashga'),(673,1,32,1.000000,1632337200,'Quyib Sotishga '),(674,1,547,1.000000,1632337200,'Tinting Kraska Tayorlashga'),(675,1,214,10.000000,1632337200,'82.Lak Mir Colors INV IYF20210000000103 Mosinada Tukilgan'),(676,1,80,1.000000,1632337200,'81.Lak Mir Colors INV IYF20210000000105 Moshinada Tukilgan'),(677,1,10,1.000000,1632423600,'Brak'),(678,1,554,1.000000,1632423600,'Tinting Kraska Tayorlashga'),(679,1,208,1.000000,1632423600,'Tinting Kraska Tayorlashga'),(680,1,555,1.000000,1632423600,'Tinting Kraska Tayorlashga'),(681,1,32,1.000000,1632510000,'Quyib Sotishga 179 Chiqdi'),(682,1,208,1.000000,1632682800,'Tinting Kraska Tayorlashga'),(683,1,555,3.000000,1632769200,'Tinting Kraska Tayorlashga'),(684,1,24,1.000000,1632855600,'Tinting Kraska Tayorlashga'),(685,1,359,1.000000,1632855600,'Metirlab Sotishga'),(686,1,16,3.000000,1632855600,'85.Lak Mir Colors INV IYF20210000000108 2021 Moshinada Tukilgan'),(687,1,7,5.000000,1632855600,'85.Lak Mir Colors INV IYF20210000000108 2021 Moshinada Tukilgan'),(688,1,28,1.000000,1632855600,'85.Lak Mir Colors INV IYF20210000000108 2021 Moshinada Tukilgan'),(689,1,32,2.000000,1632942000,'Quyib Sotishga 360.4 Chiqdi'),(690,1,24,1.000000,1633287600,'Tinting Kraska Tayorlashga'),(691,1,208,1.000000,1633287600,'Tinting Kraska Tayorlashga'),(692,1,563,1.000000,1633287600,'Tinting Kraska Tayorlashga'),(693,1,564,1.000000,1633287600,'Tinting Kraska Tayorlashga'),(694,1,548,1.000000,1633460400,'Tinting Kraska Tayorlashga'),(695,1,552,1.000000,1633460400,'Tinting Kraska Tayorlashga'),(696,1,72,10.990000,1633460400,'brak'),(697,1,72,4.000000,1633460400,'Brak'),(698,1,15,22.000000,1633460400,'Brak'),(699,1,74,8.000000,1633460400,'Brak'),(700,1,15,3.000000,1633460400,'Brak'),(701,1,32,3.000000,1633460400,'Quyib Sotishga 539.6 Chiqdi'),(702,1,24,1.000000,1633460400,'Tinting Kraska Tayorlashga'),(703,1,214,3.000000,1633460400,'88.Lak Mir Colors INV IYF20210000000117 2021 '),(704,1,30,1.000000,1633460400,'88.Lak Mir Colors INV IYF20210000000117 2021 '),(705,1,15,4.000000,1633460400,'Brak'),(706,1,555,1.000000,1633633200,'Tinting Kraska Tayorlashga'),(707,1,554,1.000000,1633633200,'Tinting Kraska Tayorlashga'),(708,1,15,3.000000,1633719600,'brak'),(709,1,74,3.820000,1633892400,'Brak'),(710,1,357,1.000000,1633892400,'Metirlab Sotishga'),(711,1,13,1.000000,1633978800,'Tinting Kraska Tayorlashga'),(712,1,32,2.000000,1633978800,''),(713,1,24,1.000000,1633978800,'Tinting Kraska Tayorlashga'),(714,1,558,1.000000,1634065200,'Tinting Kraska Tayorlashga'),(715,1,554,1.000000,1634065200,'Tinting Kraska Tayorlashga'),(716,1,550,1.000000,1634065200,'Tinting Kraska Tayorlashga'),(717,1,551,1.000000,1634065200,'Tinting Kraska Tayorlashga'),(718,1,457,1.000000,1634065200,'Tinting Kraska Tayorlashga'),(719,1,40,1.000000,1634065200,'Tinting Kraska Tayorlashga'),(720,1,562,1.000000,1634065200,'Tinting Kraska Tayorlashga'),(721,1,32,1.000000,1634151600,'Quyib Sotishga 178 Chiqdi'),(722,1,535,1.000000,1634151600,'Tinting Kraska Tayorlashga'),(723,1,535,1.000000,1634238000,'Tinting Kraska Tayorlashga'),(724,1,82,1.000000,1634497200,'Tinting Kraska Tayorlashga'),(725,1,41,1.000000,1634497200,'Tinting Kraska Tayorlashga'),(726,1,547,1.000000,1634497200,'Tinting Kraska Tayorlashga'),(727,1,13,1.000000,1634497200,'Tinting Kraska Tayorlashga'),(728,1,24,1.000000,1634583600,'Tinting Kraska Tayorlashga'),(729,1,555,1.000000,1634583600,'Tinting Kraska Tayorlashga'),(730,1,214,6.000000,1634670000,'Brak Moshinada Tukilgan Idishga Quydik'),(731,1,32,1.000000,1634670000,'Quyib Sotishga 178 Chiqdi'),(732,1,32,1.000000,1634756400,'Quyib Sotishga 178 Chiqdi'),(733,1,32,1.000000,1634756400,'Quyib Sotishga 180.64 Chiqdi'),(734,1,208,1.000000,1634842800,'Tinting Kraska Tayorlashga'),(735,1,32,1.000000,1634929200,'Quyib Sotishga 180 Chiqdi'),(736,1,114,1.000000,1635188400,'Tinting Kraska Tayorlashga'),(737,1,82,1.000000,1635188400,'Tinting Kraska Tayorlashga'),(738,1,538,20.000000,1635188400,'Quyildi 200/25kg=8sht'),(739,1,554,1.000000,1635188400,'Tinting Kraska Tayorlashga'),(740,1,544,98.000000,1635274800,'TO172.00 12kg 1kg Kam chiqan'),(741,1,32,1.000000,1635274800,'Quyib Sotishga 179.4 Chiqdi'),(742,1,538,8.000000,1635274800,'Quyildi 200/25kg=8sht'),(743,1,97,8.000000,1635274800,'Idish Yuvishga'),(744,1,547,1.000000,1635274800,'Tinting Kraska Tayorlashga'),(745,1,13,1.000000,1635361200,'Tinting Kraska Tayorlashga'),(746,1,535,1.000000,1635361200,'Tinting Kraska Tayorlashga'),(747,1,358,1.000000,1635447600,''),(748,1,32,1.000000,1635447600,'Quyib Sotishga 181.3 kg Chiqdi'),(749,1,97,2.000000,1635447600,''),(750,1,32,2.000000,1635534000,'Quyib Sotishga 347 kg Chiqdi'),(751,1,538,28.000000,1635534000,'Quyildi 200/25kg=8sht'),(752,1,74,28.870000,1635793200,'Brak'),(753,1,542,1.000000,1635793200,'Metirlab Sotishga'),(754,1,359,1.000000,1635793200,'Metirlab Sotishga'),(755,1,378,1.000000,1635793200,'Metirlab Sotishga'),(756,1,555,1.000000,1635879600,'Tinting Kraska Tayorlashga'),(757,1,13,1.000000,1635966000,'Tinting Kraska Tayorlashga'),(758,1,24,1.000000,1635966000,'Tinting Kraska Tayorlashga'),(759,1,32,1.000000,1635966000,'Quyib Sotishga 179.46 kg Chiqdi'),(760,1,32,1.000000,1636138800,'Quyib Sotishga 179.28 kg Chiqdi'),(761,1,114,1.000000,1636138800,'Tinting Kraska Tayorlashga'),(762,1,13,1.000000,1636138800,'Tinting Kraska Tayorlashga'),(763,1,538,4.000000,1636138800,'Quyildi 200/25kg=8sht'),(764,1,535,1.000000,1636311600,'Tinting Kraska Tayorlashga'),(765,1,549,1.000000,1636311600,'Tinting Kraska Tayorlashga'),(766,1,457,1.000000,1636398000,'Tinting Kraska Tayorlashga'),(767,1,32,1.000000,1636398000,'Quyib Sotishga 180 kg Chiqdi'),(768,1,82,1.000000,1636570800,'Tinting Kraska Tayorlashga'),(769,1,547,1.000000,1636570800,'Tinting Kraska Tayorlashga'),(770,1,554,1.000000,1636570800,'Tinting Kraska Tayorlashga'),(771,1,208,1.000000,1636570800,'Tinting Kraska Tayorlashga'),(772,1,97,1.369000,1636657200,'Tinting Kraska Tayorlashga'),(773,1,208,1.000000,1636743600,'Tinting Kraska Tayorlashga'),(774,1,555,1.000000,1636743600,'Tinting Kraska Tayorlashga'),(775,1,82,1.000000,1636743600,'Tinting Kraska Tayorlashga'),(776,1,436,1.000000,1636743600,'Metirlab Sotishga'),(777,1,359,1.000000,1636743600,'Metirlab Sotishga'),(778,1,32,1.000000,1636657200,'Quyib Sotishga 179.86 kg Chiqdi'),(779,1,114,29.000000,1636743600,'Tinting Kraska Tayorlashga'),(780,1,32,1.000000,1636743600,'Quyib Sotishga 178.47 kg Chiqdi'),(781,1,74,6.000000,1636916400,'Brak'),(782,1,535,1.000000,1636916400,'Tinting Kraska Tayorlashga'),(783,1,555,1.000000,1636916400,'Tinting Kraska Tayorlashga'),(784,1,457,1.000000,1636916400,'Tinting Kraska Tayorlashga'),(785,1,535,5.000000,1636916400,'Tinting Kraska Tayorlashga'),(786,1,457,21.000000,1636916400,'Tinting Kraska Tayorlashga'),(787,1,171,46.000000,1636916400,'Tinting Kraska Tayorlashga'),(788,1,554,1.000000,1636916400,'Tinting Kraska Tayorlashga'),(789,1,554,1.000000,1636916400,'Tinting Kraska Tayorlashga'),(790,1,538,10.000000,1637002800,'Quyildi 200/25kg=8sht'),(791,1,535,1.000000,1637002800,'Tinting Kraska Tayorlashga'),(792,1,15,18.220000,1637002800,'Brak'),(793,1,32,1.000000,1637089200,'Quyib Sotishga 177.86 kg Chiqdi'),(794,1,538,4.000000,1637089200,'Quyildi 200/25kg=8sht'),(795,1,32,1.000000,1637089200,'Quyib Sotishga 181.8 kg Chiqdi'),(796,1,208,1.000000,1637175600,'Tinting Kraska Tayorlashga'),(797,1,15,15.000000,1637175600,'Brak'),(798,1,32,1.000000,1637262000,'Quyib Sotishga 180 kg Chiqdi'),(799,1,208,1.000000,1637434800,'Tinting Kraska Tayorlashga'),(800,1,82,1.000000,1637521200,'Tinting Kraska Tayorlashga'),(801,1,24,1.000000,1637521200,'Tinting Kraska Tayorlashga'),(802,1,145,0.700000,1637521200,'Brak'),(803,1,32,1.000000,1637521200,'Quyib Sotishga 179.38 kg Chiqdi'),(804,1,32,1.000000,1637607600,'Quyib Sotishga 180 kg Chiqdi'),(805,1,547,1.000000,1637694000,'Tinting Kraska Tayorlashga'),(806,1,32,1.000000,1637694000,'Quyib Sotishga 178.8 kg Chiqdi'),(807,1,538,8.000000,1637694000,'Quyildi 200/25kg=8sht'),(808,1,15,28.030000,1637780400,'Brak'),(809,1,535,1.000000,1637866800,'Tinting Kraska Tayorlashga'),(810,1,358,1.000000,1637866800,'Metirlab Sotishga'),(811,1,208,1.000000,1637866800,'Tinting Kraska Tayorlashga'),(812,1,32,1.000000,1637866800,'Quyib Sotishga 181.14 kg Chiqdi'),(813,1,538,5.000000,1637953200,'Quyildi 200/25kg=8sht'),(814,1,3,2.000000,1637953200,'Brak'),(815,1,33,1.000000,1637953200,'97.Lak Mir Colors INV IYF20210000000140 2021 Tukilgan Moshinada'),(816,1,2,1.000000,1637953200,'97.Lak Mir Colors INV IYF20210000000140 2021 Tukilgan Moshinada'),(817,1,46,1.000000,1637953200,'Brak'),(818,1,32,1.000000,1637953200,'Quyib Sotishga 179.98 kg Chiqdi'),(820,1,32,1.000000,1638126000,'Quyib Sotishga 180 kg Chiqdi'),(821,1,208,1.000000,1638126000,'Tinting Kraska Tayorlashga'),(822,1,551,1.000000,1638126000,'Tinting Kraska Tayorlashga'),(823,1,554,1.000000,1638212400,'Tinting Kraska Tayorlashga'),(824,1,535,1.000000,1638212400,'Tinting Kraska Tayorlashga'),(825,1,555,1.000000,1638212400,'Tinting Kraska Tayorlashga'),(826,1,13,1.000000,1638298800,'Tinting Kraska Tayorlashga'),(828,1,32,2.000000,1638298800,'Quyib Sotishga 360 kg Chiqdi'),(829,1,24,1.000000,1638385200,'Tinting Kraska Tayorlashga'),(830,1,82,1.000000,1638385200,'Tinting Kraska Tayorlashga'),(831,1,358,1.000000,1638385200,'Metirlab Sotishga'),(832,1,357,1.000000,1638385200,'Metirlab Sotishga'),(833,1,457,1.000000,1638385200,'Tinting Kraska Tayorlashga'),(834,1,20,1.000000,1638385200,'Tinting Kraska Tayorlashga'),(835,1,114,1.000000,1638471600,'Tinting Kraska Tayorlashga'),(836,1,554,1.000000,1638558000,'Tinting Kraska Tayorlashga'),(837,1,547,1.000000,1638558000,'Tinting Kraska Tayorlashga'),(838,1,32,2.000000,1638558000,'Quyib Sotishga 360 kg Chiqdi'),(839,1,24,1.000000,1638558000,'Tinting Kraska Tayorlashga'),(840,1,535,1.000000,1638558000,'Tinting Kraska Tayorlashga'),(841,1,555,1.000000,1638730800,'Tinting Kraska Tayorlashga'),(842,1,114,1.000000,1638730800,'Tinting Kraska Tayorlashga'),(843,1,41,1.000000,1638730800,'Tinting Kraska Tayorlashga'),(844,1,32,1.000000,1638730800,'Quyib Sotishga 179.66 kg Chiqdi'),(845,1,32,1.000000,1638817200,'Quyib Sotishga 180 kg Chiqdi'),(846,1,114,1.000000,1638817200,'Tinting Kraska Tayorlashga'),(847,1,20,1.000000,1638817200,'Tinting Kraska Tayorlashga'),(848,1,184,1.000000,1638903600,'Tinting Kraska Tayorlashga'),(849,1,458,1.000000,1638990000,'Tinting Kraska Tayorlashga'),(850,1,32,3.000000,1638990000,'Quyib Sotishga 540 kg Chiqdi'),(851,1,24,1.000000,1639076400,'Tinting Kraska Tayorlashga'),(852,1,208,1.000000,1639076400,'Tinting Kraska Tayorlashga'),(853,1,554,1.000000,1639076400,'Tinting Kraska Tayorlashga'),(854,1,376,1.000000,1639076400,'Tinting Kraska Tayorlashga'),(855,1,13,1.000000,1639076400,'Tinting Kraska Tayorlashga'),(856,1,20,1.000000,1639162800,'Tinting Kraska Tayorlashga'),(857,1,82,2.000000,1639162800,'Tinting Kraska Tayorlashga'),(858,1,554,1.000000,1639162800,'Tinting Kraska Tayorlashga'),(859,1,24,1.000000,1639162800,'Tinting Kraska Tayorlashga'),(860,1,114,1.000000,1639162800,'Tinting Kraska Tayorlashga'),(861,1,32,3.000000,1639335600,'Quyib Sotishga 537.5 kg Chiqdi'),(862,1,13,1.000000,1639422000,'Tinting Kraska Tayorlashga'),(863,1,208,2.000000,1639422000,'Tinting Kraska Tayorlashga'),(864,1,97,3.500000,1639422000,'Tinting Kraska Tayorlashga'),(865,1,537,0.100000,1639422000,'Brak'),(866,1,457,1.000000,1639508400,'Tinting Kraska Tayorlashga'),(867,1,145,1.100000,1639508400,'Brak'),(868,1,114,1.000000,1639594800,'Tinting Kraska Tayorlashga'),(869,1,547,1.000000,1639594800,'Tinting Kraska Tayorlashga'),(870,1,555,1.000000,1639594800,'Tinting Kraska Tayorlashga'),(871,1,535,1.000000,1639681200,'Tinting Kraska Tayorlashga'),(872,1,184,1.000000,1639681200,'Tinting Kraska Tayorlashga'),(873,1,184,1.000000,1639681200,'Tinting Kraska Tayorlashga'),(874,1,317,1.000000,1639681200,'Tinting Kraska Tayorlashga'),(875,1,184,1.000000,1639767600,'Tinting Kraska Tayorlashga'),(876,1,32,1.000000,1639767600,'Quyib Sotishga 178.3 kg Chiqdi'),(877,1,554,1.000000,1639767600,'Tinting Kraska Tayorlashga'),(878,1,457,1.000000,1639767600,'Tinting Kraska Tayorlashga'),(879,1,32,1.000000,1639767600,'Quyib Sotishga 179.28 kg Chiqdi'),(880,1,359,1.000000,1639940400,'Metirlab Sotishga'),(881,1,32,2.000000,1639940400,'Quyib Sotishga 359.3 kg Chiqdi'),(882,1,82,1.000000,1640113200,'Tinting Kraska Tayorlashga'),(883,1,457,1.000000,1640113200,'Tinting Kraska Tayorlashga'),(884,1,114,1.000000,1640113200,'Tinting Kraska Tayorlashga'),(885,1,24,1.000000,1640113200,'Tinting Kraska Tayorlashga'),(886,1,208,1.000000,1640113200,'Tinting Kraska Tayorlashga'),(887,1,32,2.000000,1640113200,'Quyib Sotishga 358.18 kg Chiqdi'),(888,1,184,1.000000,1640113200,'Tinting Kraska Tayorlashga'),(889,1,208,1.000000,1640113200,'Tinting Kraska Tayorlashga'),(890,1,1,1.000000,1640113200,'109.Lak Mir Colors INV2021000000159 2021 Moshinda Tukilgan'),(891,1,16,1.000000,1640113200,'109.Lak Mir Colors INV2021000000159 2021 Moshinda Tukilgan'),(892,1,11,1.000000,1640113200,'109.Lak Mir Colors INV2021000000159 2021 Moshinda Tukilgan'),(893,1,184,1.000000,1640199600,'Tinting Kraska Tayorlashga'),(894,1,184,1.000000,1640199600,'Tinting Kraska Tayorlashga'),(895,1,184,1.000000,1640286000,'Tinting Kraska Tayorlashga'),(896,1,72,298.900000,1640199600,'Orex shpon298.9 kam Urniga Yasin 342.42 kup'),(897,1,32,2.000000,1640372400,'Quyib Sotishga 362 kg Chiqdi'),(898,1,555,1.000000,1640545200,'Tinting Kraska Tayorlashga'),(899,1,547,1.000000,1640631600,'Tinting Kraska Tayorlashga'),(900,1,535,1.000000,1640631600,'Tinting Kraska Tayorlashga'),(901,1,457,1.000000,1640631600,'Tinting Kraska Tayorlashga'),(902,1,32,2.000000,1640631600,'Quyib Sotishga 359.48 kg Chiqdi'),(903,1,13,1.000000,1640718000,'Tinting Kraska Tayorlashga'),(904,1,32,1.000000,1640718000,'Quyib Sotishga 182.56 kg Chiqdi'),(905,1,184,1.000000,1640718000,'Tinting Kraska Tayorlashga'),(906,1,16,1.000000,1640804400,'110.Lak Mir Colors INV2021000000162 2021 Brak'),(907,1,457,3.000000,1640890800,'Tinting Kraska Tayorlashga'),(908,1,458,10.000000,1640890800,'Tinting Kraska Tayorlashga'),(909,1,536,32.000000,1640890800,''),(910,1,114,1.000000,1641150000,'Tinting Kraska Tayorlashga'),(911,1,171,2.000000,1641150000,'Tinting Kraska Tayorlashga'),(912,1,160,2.000000,1641150000,''),(913,1,143,3.000000,1640890800,'Namuna Berdik'),(917,1,457,1.000000,1641236400,'Tinting Kraska Tayorlashga'),(918,1,555,1.000000,1641236400,'Tinting Kraska Tayorlashga'),(919,1,24,2.000000,1641236400,'Tinting Kraska Tayorlashga'),(920,1,82,1.000000,1641236400,'Tinting Kraska Tayorlashga'),(921,1,554,1.000000,1641236400,'Tinting Kraska Tayorlashga'),(922,1,145,0.200000,1641236400,'Brak'),(923,1,112,3.000000,1638298800,'Tinting Kraska Tayorlashga'),(924,1,208,1.000000,1641322800,'Tinting Kraska Tayorlashga'),(925,1,40,1.000000,1641322800,'Tinting Kraska Tayorlashga'),(926,1,32,1.000000,1641322800,'Quyib Sotishga 179.4 kg Chiqdi'),(927,1,183,5.240000,1641322800,'Brak'),(928,1,554,1.000000,1641409200,'Tinting Kraska Tayorlashga'),(929,1,554,1.000000,1641409200,'Tinting Kraska Tayorlashga'),(930,1,32,1.000000,1641409200,'Quyib Sotishga 174.1 kg Chiqdi'),(931,1,375,1.000000,1641409200,'Tinting Kraska Tayorlashga'),(932,1,317,1.000000,1641495600,'Tinting Kraska Tayorlashga'),(933,1,457,1.000000,1641495600,'Tinting Kraska Tayorlashga'),(934,1,24,1.000000,1641495600,'Tinting Kraska Tayorlashga'),(935,1,82,1.000000,1641495600,'Tinting Kraska Tayorlashga'),(936,1,32,1.000000,1641495600,'Quyib Sotishga 178.84 kg Chiqdi'),(937,1,184,1.000000,1641582000,'Tinting Kraska Tayorlashga'),(938,1,82,1.000000,1641582000,'Tinting Kraska Tayorlashga'),(939,1,15,1.610000,1641582000,'Brak'),(940,1,32,2.000000,1641754800,'Quyib Sotishga 158.2 kg Chiqdi'),(941,1,184,1.000000,1641841200,'Tinting Kraska Tayorlashga'),(942,1,24,1.000000,1641841200,'Tinting Kraska Tayorlashga'),(943,1,542,1.000000,1641927600,'Metirlab Sotishga'),(944,1,184,1.000000,1641927600,'Tinting Kraska Tayorlashga'),(945,1,32,2.000000,1641927600,'Quyib Sotishga 361.24 kg Chiqdi'),(946,1,457,1.000000,1642100400,'Tinting Kraska Tayorlashga'),(947,1,535,1.000000,1642186800,'Tinting Kraska Tayorlashga'),(948,1,548,1.000000,1642186800,'Tinting Kraska Tayorlashga'),(949,1,32,1.000000,1642186800,'Quyib Sotishga 179.88 kg Chiqdi'),(950,1,24,1.000000,1642359600,'Tinting Kraska Tayorlashga'),(951,1,457,1.000000,1642359600,'Tinting Kraska Tayorlashga'),(952,1,359,1.000000,1642359600,'Metirlab Sotishga'),(953,1,82,1.000000,1642359600,'Tinting Kraska Tayorlashga'),(954,1,555,1.000000,1642359600,'Tinting Kraska Tayorlashga'),(955,1,32,1.000000,1642359600,'Quyib Sotishga 180.9 kg Chiqdi'),(956,1,547,1.000000,1642446000,'Tinting Kraska Tayorlashga'),(957,1,554,2.000000,1642446000,'Tinting Kraska Tayorlashga'),(958,1,554,1.000000,1642446000,'Tinting Kraska Tayorlashga'),(959,1,208,1.000000,1642446000,'Tinting Kraska Tayorlashga'),(960,1,32,2.000000,1642446000,'Quyib Sotishga 364 kg Chiqdi'),(961,1,32,1.000000,1642532400,'Quyib Sotishga 181.76 kg Chiqdi'),(962,1,96,1.000000,1642618800,'Brak Moshinada Tukilgan INV IYF2021000000167'),(963,1,2,1.000000,1642618800,'Brak Moshinada Tukilgan INV IYF2021000000167'),(964,1,32,1.000000,1642618800,'Quyib Sotishga 180.8 kg Chiqdi'),(965,1,184,1.000000,1642618800,'Tinting Kraska Tayorlashga'),(966,1,82,1.000000,1642618800,'Tinting Kraska Tayorlashga'),(967,1,82,1.000000,1642705200,'Tinting Kraska Tayorlashga'),(968,1,457,1.000000,1642791600,'Tinting Kraska Tayorlashga'),(969,1,547,1.000000,1642791600,'Tinting Kraska Tayorlashga'),(970,1,547,1.000000,1642791600,'Tinting Kraska Tayorlashga'),(971,1,208,1.000000,1642791600,'Tinting Kraska Tayorlashga'),(972,1,535,1.000000,1643137200,'Tinting Kraska Tayorlashga'),(973,1,566,1.000000,1643137200,'Tinting Kraska Tayorlashga'),(974,1,41,1.000000,1643137200,'Tinting Kraska Tayorlashga'),(975,1,549,1.000000,1643137200,'Tinting Kraska Tayorlashga'),(976,1,552,1.000000,1643137200,'Tinting Kraska Tayorlashga'),(977,1,24,1.000000,1643223600,'Tinting Kraska Tayorlashga'),(978,1,357,1.000000,1643223600,'Metirlab Sotishga'),(979,1,32,2.000000,1643223600,'Quyib Sotishga 363 kg Chiqdi'),(980,1,554,1.000000,1643310000,'Tinting Kraska Tayorlashga'),(981,1,114,1.000000,1643310000,'Tinting Kraska Tayorlashga'),(982,1,457,1.000000,1643310000,'Tinting Kraska Tayorlashga'),(983,1,555,1.000000,1643310000,'Tinting Kraska Tayorlashga'),(984,1,359,1.000000,1643396400,'Metirlab Sotishga'),(985,1,32,2.000000,1643396400,'Quyib Sotishga 365.88 kg Chiqdi'),(986,1,114,1.000000,1643396400,'Tinting Kraska Tayorlashga'),(987,1,523,1.000000,1643569200,'Quyib Sotishga '),(988,1,328,1.000000,1643569200,'Quyib Sotishga '),(989,1,145,13.220000,1643569200,'VX100.00. Epoksi Namuna'),(990,1,24,1.000000,1643569200,'Tinting Kraska Tayorlashga'),(991,1,32,2.000000,1643569200,'Quyib Sotishga 358.68 kg Chiqdi'),(992,1,184,1.000000,1643655600,'Tinting Kraska Tayorlashga'),(993,1,537,30.000000,1643655600,'8.Lak Mir Colors INV2022000000003-04 2022 Moshinada Oqqan'),(994,1,32,2.000000,1643742000,'Quyib Sotishga 347.38 kg Chiqdi'),(995,1,82,1.000000,1643742000,'Tinting Kraska Tayorlashga'),(996,1,378,1.000000,1643742000,'Metirlab Sotishga'),(997,1,82,1.000000,1643828400,'Tinting Kraska Tayorlashga'),(998,1,535,1.000000,1643828400,'Tinting Kraska Tayorlashga'),(999,1,41,1.000000,1643914800,'Tinting Kraska Tayorlashga'),(1000,1,145,5.300000,1643914800,'Brak'),(1001,1,554,1.000000,1643914800,'Tinting Kraska Tayorlashga'),(1002,1,558,1.000000,1644001200,'Tinting Kraska Tayorlashga'),(1003,1,15,12.100000,1644001200,'Brak'),(1004,1,208,1.000000,1644174000,'Tinting Kraska Tayorlashga'),(1005,1,82,1.000000,1644174000,'Tinting Kraska Tayorlashga'),(1006,1,457,1.000000,1644174000,'Tinting Kraska Tayorlashga'),(1019,1,32,2.000000,1644174000,'Quyib Sotishga 359.44 kg Chiqdi'),(1021,1,208,1.000000,1644260400,'Tinting Kraska Tayorlashga'),(1009,1,24,1.000000,1644260400,'Tinting Kraska Tayorlashga'),(1010,1,359,1.000000,1644260400,'Metirlab Sotishga'),(1011,1,15,2.000000,1644346800,'Brak'),(1012,1,114,1.000000,1644346800,'Tinting Kraska Tayorlashga'),(1013,1,535,1.000000,1644346800,'Tinting Kraska Tayorlashga'),(1014,1,32,1.000000,1644433200,'Quyib Sotishga 180 kg Chiqdi'),(1015,1,535,1.000000,1644433200,'Tinting Kraska Tayorlashga'),(1016,1,551,1.000000,1644433200,'Tinting Kraska Tayorlashga'),(1017,1,6,3.000000,1644433200,'9.Lak Mir Colors INV2022000000001-02 2022 Yil Moshinada oqib ketgan'),(1018,1,11,1.000000,1644433200,'9.Lak Mir Colors INV2022000000001-02 2022 Yil Moshinada oqib ketgan'),(1020,1,208,1.000000,1644260400,'Tinting Kraska Tayorlashga'),(1022,1,625,1.000000,1644519600,'Tinting Kraska Tayorlashga'),(1023,1,82,2.000000,1644519600,'Tinting Kraska Tayorlashga'),(1024,1,184,1.000000,1644519600,'Tinting Kraska Tayorlashga'),(1025,1,32,1.000000,1644606000,'Quyib Sotishga 180 kg Chiqdi'),(1026,1,523,1.000000,1644606000,'Quyib Sotishga '),(1027,1,328,1.000000,1644606000,'Quyib Sotishga '),(1028,1,358,1.000000,1644606000,'Metirlab Sotishga'),(1029,1,184,1.000000,1644778800,'Tinting Kraska Tayorlashga'),(1030,1,32,2.000000,1644778800,'Quyib Sotishga 359.3 kg Chiqdi'),(1031,1,32,1.000000,1644865200,'Quyib Sotishga 179.14 kg Chiqdi'),(1032,1,535,1.000000,1644865200,'Tinting Kraska Tayorlashga'),(1033,1,555,1.000000,1644865200,'Tinting Kraska Tayorlashga'),(1034,1,82,1.000000,1644865200,'Tinting Kraska Tayorlashga'),(1035,1,535,1.000000,1644865200,'Tinting Kraska Tayorlashga'),(1036,1,535,1.000000,1644865200,'Tinting Kraska Tayorlashga'),(1037,1,114,1.000000,1644951600,'Tinting Kraska Tayorlashga'),(1038,1,32,1.000000,1644951600,'Quyib Sotishga 179.36 kg Chiqdi'),(1039,1,554,1.000000,1644951600,'Tinting Kraska Tayorlashga'),(1040,1,554,1.000000,1644951600,'Tinting Kraska Tayorlashga'),(1041,1,535,1.000000,1644951600,'Tinting Kraska Tayorlashga'),(1042,1,72,1.320000,1644951600,'Brak'),(1043,1,82,1.000000,1644951600,'Tinting Kraska Tayorlashga'),(1044,1,82,1.000000,1645038000,'Tinting Kraska Tayorlashga'),(1045,1,13,1.000000,1645038000,'Tinting Kraska Tayorlashga'),(1046,1,359,1.000000,1645038000,'Tinting Kraska Tayorlashga'),(1047,1,114,1.000000,1645038000,'Tinting Kraska Tayorlashga'),(1048,1,547,1.000000,1645038000,'Tinting Kraska Tayorlashga'),(1049,1,112,1.000000,1645124400,'Tinting Kraska Tayorlashga'),(1050,1,32,1.000000,1645124400,'Tinting Kraska Tayorlashga'),(1051,1,24,1.000000,1645124400,'Tinting Kraska Tayorlashga'),(1052,1,32,1.000000,1645124400,'Quyib Sotishga 179.7 kg Chiqdi'),(1053,1,208,1.000000,1645124400,'Tinting Kraska Tayorlashga'),(1054,1,184,1.000000,1645124400,'Tinting Kraska Tayorlashga'),(1055,1,208,1.000000,1645124400,'Tinting Kraska Tayorlashga'),(1056,1,535,1.000000,1645297200,'Tinting Kraska Tayorlashga'),(1057,1,24,1.000000,1645297200,'Tinting Kraska Tayorlashga'),(1058,1,114,1.000000,1645383600,'Tinting Kraska Tayorlashga'),(1059,1,208,1.000000,1645383600,'Tinting Kraska Tayorlashga'),(1060,1,13,1.000000,1645383600,'Tinting Kraska Tayorlashga'),(1061,1,554,1.000000,1645383600,'Tinting Kraska Tayorlashga'),(1062,1,562,1.000000,1645383600,'Tinting Kraska Tayorlashga'),(1063,1,555,1.000000,1645383600,'Tinting Kraska Tayorlashga'),(1064,1,457,1.000000,1645383600,'Tinting Kraska Tayorlashga'),(1065,1,112,1.000000,1645383600,'Tinting Kraska Tayorlashga'),(1066,1,32,1.000000,1645470000,'Quyib Sotishga 179.42 kg Chiqdi'),(1067,1,32,1.000000,1645556400,'Quyib Sotishga 179.4 kg Chiqdi'),(1068,1,13,1.000000,1645556400,'Tinting Kraska Tayorlashga'),(1069,1,32,1.000000,1645556400,'Quyib Sotishga 180.14kg Chiqdi'),(1070,1,82,1.000000,1645729200,'Tinting Kraska Tayorlashga'),(1071,1,32,1.000000,1645729200,'Quyib Sotishga 180kg Chiqdi'),(1072,1,114,1.000000,1645815600,'Tinting Kraska Tayorlashga'),(1073,1,184,1.000000,1645815600,'Tinting Kraska Tayorlashga'),(1074,1,24,1.000000,1645815600,'Tinting Kraska Tayorlashga'),(1075,1,555,1.000000,1645815600,'Tinting Kraska Tayorlashga'),(1076,1,82,1.000000,1645815600,'Tinting Kraska Tayorlashga'),(1077,1,32,1.000000,1645988400,'Quyib Sotishga 179 kg Chiqdi'),(1078,1,547,1.000000,1645988400,'Tinting Kraska Tayorlashga'),(1079,1,24,1.000000,1646074800,'Tinting Kraska Tayorlashga'),(1080,1,24,1.000000,1646074800,'Tinting Kraska Tayorlashga'),(1081,1,82,1.000000,1646074800,'Tinting Kraska Tayorlashga'),(1082,1,32,1.000000,1646161200,'Quyib Sotishga 179.76 kg Chiqdi'),(1083,1,32,1.000000,1646161200,'Quyib Sotishga 179.72 kg Chiqdi'),(1084,1,554,1.000000,1646161200,'Tinting Kraska Tayorlashga'),(1085,1,82,1.000000,1646161200,'Tinting Kraska Tayorlashga'),(1086,1,82,1.000000,1646161200,'Tinting Kraska Tayorlashga'),(1087,1,457,1.000000,1646161200,'Tinting Kraska Tayorlashga'),(1088,1,184,1.000000,1646161200,'Tinting Kraska Tayorlashga'),(1089,1,114,1.000000,1646161200,'Tinting Kraska Tayorlashga'),(1090,1,114,1.000000,1646161200,'Tinting Kraska Tayorlashga'),(1091,1,32,2.000000,1646247600,'Quyib Sotishga 359.68 kg Chiqdi'),(1092,1,123,1.000000,1646247600,'Quyib Sotishga 11.88 kg Chiqdi'),(1093,1,436,1.000000,1646247600,'Metrlab Sotishga'),(1094,1,378,1.000000,1646247600,'Metrlab Sotishga'),(1095,1,24,1.000000,1646334000,'Tinting Kraska Tayorlashga'),(1110,1,114,2.000000,1646334000,'Tinting Kraska Tayorlashga'),(1097,1,555,2.000000,1646334000,'Tinting Kraska Tayorlashga'),(1098,1,189,1.000000,1646420400,'21.Lak Mir Colors INV2022000000022 2022 Yil Brak Oqib ketti'),(1099,1,32,1.000000,1646420400,'Quyib Sotishga 180.56kg Chiqdi'),(1100,1,97,0.780000,1646420400,''),(1101,1,184,1.000000,1646420400,'Tinting Kraska Tayorlashga'),(1102,1,208,1.000000,1646593200,'Tinting Kraska Tayorlashga'),(1103,1,351,1.000000,1646593200,'Tinting Kraska Tayorlashga'),(1104,1,145,4.000000,1646593200,'Skladda Ishlatildi Namunaga'),(1105,1,24,1.000000,1646679600,'Tinting Kraska Tayorlashga'),(1106,1,547,1.000000,1646679600,'Tinting Kraska Tayorlashga'),(1107,1,457,1.000000,1646679600,'Tinting Kraska Tayorlashga'),(1108,1,184,1.000000,1646679600,'Tinting Kraska Tayorlashga'),(1109,1,114,1.000000,1646766000,'Tinting Kraska Tayorlashga'),(1111,1,13,1.000000,1646766000,'Tinting Kraska Tayorlashga'),(1112,1,114,2.000000,1646766000,'Tinting Kraska Tayorlashga'),(1113,1,554,2.000000,1646766000,'Tinting Kraska Tayorlashga'),(1114,1,32,2.000000,1646766000,'Quyib Sotishga 360.5kg Chiqdi'),(1115,1,114,1.000000,1646766000,'Tinting Kraska Tayorlashga'),(1116,1,359,1.000000,1646766000,'Metrlab Sotishga'),(1117,1,208,1.000000,1646852400,'Tinting Kraska Tayorlashga'),(1118,1,359,1.000000,1646852400,'Metrlab Sotishga'),(1119,1,13,1.000000,1646938800,'Tinting Kraska Tayorlashga'),(1120,1,625,1.000000,1647025200,'Tinting Kraska Tayorlashga'),(1121,1,626,1.000000,1647025200,'Tinting Kraska Tayorlashga'),(1122,1,535,1.000000,1647025200,'Tinting Kraska Tayorlashga'),(1123,1,208,1.000000,1647025200,'Tinting Kraska Tayorlashga'),(1124,1,402,3.000000,1647198000,'Namunaga Ketgan'),(1125,1,399,2.000000,1647198000,'Namunaga Ketgan'),(1126,1,32,1.000000,1647198000,'Quyib Sotishga 180.4kg Chiqdi'),(1127,1,208,1.000000,1647198000,'Tinting Kraska Tayorlashga'),(1128,1,24,1.000000,1647198000,'Tinting Kraska Tayorlashga'),(1129,1,32,2.000000,1647284400,'Quyib Sotishga 360kg Chiqdi'),(1130,1,114,1.000000,1647284400,'Tinting Kraska Tayorlashga'),(1131,1,72,12.000000,1647370800,'Brak'),(1133,1,32,1.000000,1647370800,'Quyib Sotishga 180kg Chiqdi'),(1134,1,547,1.000000,1647370800,'Tinting Kraska Tayorlashga'),(1135,1,547,1.000000,1647370800,'Tinting Kraska Tayorlashga'),(1136,1,535,1.000000,1647370800,'Tinting Kraska Tayorlashga'),(1137,1,32,1.000000,1647457200,'Quyib Sotishga 177.4kg Chiqdi'),(1138,1,32,1.000000,1647457200,'Quyib Sotishga 180 kg Chiqdi'),(1139,1,553,1.000000,1647457200,'Tinting Kraska Tayorlashga'),(1140,1,457,1.000000,1647543600,'Tinting Kraska Tayorlashga'),(1141,1,32,1.000000,1647543600,'Quyib Sotishga 180 kg Chiqdi'),(1142,1,82,1.000000,1647543600,'Tinting Kraska Tayorlashga'),(1143,1,24,1.000000,1647543600,'Tinting Kraska Tayorlashga'),(1144,1,114,1.000000,1647543600,'Tinting Kraska Tayorlashga'),(1145,1,114,1.000000,1647630000,'Tinting Kraska Tayorlashga'),(1146,1,32,1.000000,1647630000,'Quyib Sotishga 180 kg Chiqdi'),(1147,1,409,1.000000,1647370800,'22.23.Emulsiya Mir Colors INV2022000000025.24.26-27 2022 Yil  Moshinada Oqib Ketgan'),(1148,1,405,4.000000,1647802800,'Brak'),(1149,1,184,1.000000,1647975600,'Tinting Kraska Tayorlashga'),(1150,1,184,1.000000,1647975600,'Tinting Kraska Tayorlashga'),(1151,1,558,1.000000,1647975600,'Tinting Kraska Tayorlashga'),(1152,1,32,2.000000,1647975600,'Quyib Sotishga 360 kg Chiqdi'),(1153,1,535,1.000000,1648062000,'Tinting Kraska Tayorlashga'),(1154,1,13,1.000000,1648062000,'Tinting Kraska Tayorlashga'),(1155,1,114,1.000000,1648148400,'Tinting Kraska Tayorlashga'),(1156,1,457,2.000000,1648148400,'Tinting Kraska Tayorlashga'),(1157,1,555,1.000000,1648148400,'Tinting Kraska Tayorlashga'),(1158,1,13,1.000000,1648148400,'Tinting Kraska Tayorlashga'),(1159,1,32,2.000000,1648234800,'Quyib Sotishga 360.16 kg Chiqdi'),(1160,1,24,1.000000,1648234800,'Tinting Kraska Tayorlashga'),(1161,1,114,1.000000,1648234800,'Tinting Kraska Tayorlashga'),(1162,1,555,1.000000,1648234800,'Tinting Kraska Tayorlashga'),(1163,1,553,1.000000,1648234800,'Tinting Kraska Tayorlashga'),(1164,1,184,1.000000,1648407600,'Tinting Kraska Tayorlashga'),(1165,1,457,1.000000,1648407600,'Tinting Kraska Tayorlashga'),(1166,1,114,1.000000,1648407600,'Tinting Kraska Tayorlashga'),(1167,1,554,1.000000,1648407600,'Tinting Kraska Tayorlashga'),(1168,1,114,1.000000,1648407600,'Tinting Kraska Tayorlashga'),(1169,1,32,1.000000,1648407600,'Quyib Sotishga 179.68 kg Chiqdi'),(1170,1,13,1.000000,1648494000,'Tinting Kraska Tayorlashga'),(1171,1,358,1.000000,1648494000,'Metrlab Sotishga'),(1172,1,535,1.000000,1648494000,'Tinting Kraska Tayorlashga'),(1173,1,547,1.000000,1648494000,'Tinting Kraska Tayorlashga'),(1174,1,82,1.000000,1648494000,'Tinting Kraska Tayorlashga'),(1175,1,548,1.000000,1648580400,'Tinting Kraska Tayorlashga'),(1176,1,32,1.000000,1648580400,'Quyib Sotishga 180 kg Chiqdi'),(1177,1,317,1.000000,1648580400,'Tinting Kraska Tayorlashga'),(1178,1,357,1.000000,1648666800,'Metrlab Sotishga'),(1179,1,184,1.000000,1648666800,'Tinting Kraska Tayorlashga'),(1180,1,184,1.000000,1648753200,'Tinting Kraska Tayorlashga'),(1181,1,554,1.000000,1648753200,'Tinting Kraska Tayorlashga'),(1182,1,457,1.000000,1648753200,'Tinting Kraska Tayorlashga'),(1183,1,457,1.000000,1648753200,'Tinting Kraska Tayorlashga'),(1184,1,15,3.040000,1649012400,'Brak'),(1185,1,208,1.000000,1649012400,'Tinting Kraska Tayorlashga'),(1186,1,554,1.000000,1649012400,'Tinting Kraska Tayorlashga'),(1187,1,554,1.000000,1649012400,'Tinting Kraska Tayorlashga'),(1188,1,317,1.000000,1649098800,'Tinting Kraska Tayorlashga'),(1189,1,114,1.000000,1649098800,'Tinting Kraska Tayorlashga'),(1190,1,184,1.000000,1649098800,'Tinting Kraska Tayorlashga'),(1191,1,365,28.000000,1649185200,'Namunaga '),(1192,1,184,1.000000,1649271600,'Tinting Kraska Tayorlashga'),(1193,1,184,1.000000,1649358000,'Tinting Kraska Tayorlashga'),(1194,1,555,1.000000,1649358000,'Tinting Kraska Tayorlashga'),(1195,1,114,1.000000,1649444400,'Tinting Kraska Tayorlashga'),(1196,1,82,1.000000,1649444400,'Tinting Kraska Tayorlashga'),(1197,1,535,1.000000,1649444400,'Tinting Kraska Tayorlashga'),(1198,1,184,1.000000,1649617200,'Tinting Kraska Tayorlashga'),(1199,1,32,1.000000,1649703600,'Quyib Sotishga 180.3 kg Chiqdi'),(1200,1,436,1.000000,1649703600,'Metrlab Sotishga'),(1202,1,535,1.000000,1649703600,'Tinting Kraska Tayorlashga'),(1203,1,13,1.000000,1649703600,'Tinting Kraska Tayorlashga'),(1204,1,24,1.000000,1649790000,'Tinting Kraska Tayorlashga'),(1205,1,114,1.000000,1649790000,'Tinting Kraska Tayorlashga'),(1206,1,208,1.000000,1649790000,'Tinting Kraska Tayorlashga'),(1207,1,184,1.000000,1649790000,'Tinting Kraska Tayorlashga'),(1208,1,15,62.530000,1649876400,'Paletdan Kam Chiqdi'),(1209,1,32,2.000000,1649876400,'Quyib Sotishga 359.4 kg Chiqdi'),(1210,1,555,1.000000,1650049200,'Tinting Kraska Tayorlashga'),(1211,1,114,1.000000,1650049200,'Tinting Kraska Tayorlashga'),(1212,1,547,1.000000,1650049200,'Tinting Kraska Tayorlashga'),(1213,1,554,1.000000,1650049200,'Tinting Kraska Tayorlashga'),(1214,1,554,1.000000,1650049200,'Tinting Kraska Tayorlashga'),(1215,1,626,1.000000,1650049200,'Tinting Kraska Tayorlashga'),(1216,1,457,1.000000,1650049200,'Tinting Kraska Tayorlashga'),(1217,1,32,1.000000,1650049200,'Quyib Sotishga 179.08 kg Chiqdi'),(1218,1,114,1.000000,1650049200,'Tinting Kraska Tayorlashga'),(1219,1,550,1.000000,1650049200,'Tinting Kraska Tayorlashga'),(1220,1,551,1.000000,1650049200,'Tinting Kraska Tayorlashga'),(1221,1,114,1.000000,1650049200,'Tinting Kraska Tayorlashga'),(1222,1,82,1.000000,1650222000,'Tinting Kraska Tayorlashga'),(1223,1,32,1.000000,1650222000,'Quyib Sotishga 180.56 kg Chiqdi'),(1224,1,359,1.000000,1650394800,'Metrlab Sotishga'),(1225,1,114,1.000000,1650394800,'Tinting Kraska Tayorlashga'),(1226,1,114,1.000000,1650394800,'Tinting Kraska Tayorlashga'),(1227,1,114,1.000000,1650394800,'Tinting Kraska Tayorlashga'),(1228,1,547,1.000000,1650394800,'Tinting Kraska Tayorlashga'),(1229,1,358,1.000000,1650394800,'Metrlab Sotishga'),(1230,1,32,1.000000,1650394800,'Quyib Sotishga 179.68 kg Chiqdi'),(1231,1,32,2.000000,1649617200,'30.Lak Mir Colors INV2022000000040-41 Moshinada Tukilgan'),(1232,1,1,1.000000,1649703600,'31.Lak Mir Colors INV2022000000038-39 2022 Moshinada Tukilgan'),(1233,1,16,1.000000,1649703600,'31.Lak Mir Colors INV2022000000038-39 2022 Moshinada Tukilgan'),(1234,1,187,1.000000,1649703600,'31.Lak Mir Colors INV2022000000038-39 2022 Moshinada Tukilgan'),(1235,1,7,1.000000,1649703600,'31.Lak Mir Colors INV2022000000038-39 2022 Moshinada Tukilgan'),(1236,1,208,2.000000,1649703600,'31.Lak Mir Colors INV2022000000038-39 2022 Moshinada Tukilgan'),(1237,1,207,1.000000,1650394800,'31.Lak Mir Colors INV2022000000038-39 2022 Moshinada Tukilgan'),(1238,1,114,1.000000,1650481200,'Tinting Kraska Tayorlashga'),(1239,1,82,1.000000,1650481200,'Tinting Kraska Tayorlashga'),(1240,1,32,1.000000,1650481200,'Quyib Sotishga 179.64 kg Chiqdi'),(1241,1,24,1.000000,1650654000,'Tinting Kraska Tayorlashga'),(1242,1,32,1.000000,1650826800,'Quyib Sotishga 178.14 kg Chiqdi'),(1243,1,184,1.000000,1650826800,'Tinting Kraska Tayorlashga'),(1244,1,208,1.000000,1650826800,'Tinting Kraska Tayorlashga'),(1245,1,114,1.000000,1650826800,'Tinting Kraska Tayorlashga'),(1246,1,359,1.000000,1650999600,'Metrlab Sotishga'),(1247,1,32,1.000000,1650999600,'Quyib Sotishga 179.72 kg Chiqdi'),(1248,1,82,1.000000,1650999600,'Tinting Kraska Tayorlashga'),(1249,1,359,1.000000,1651086000,'Metrlab Sotishga'),(1250,1,32,1.000000,1651086000,'Quyib Sotishga 179.38kg Chiqdi'),(1251,1,457,1.000000,1651086000,'Tinting Kraska Tayorlashga'),(1252,1,82,1.000000,1651172400,'Tinting Kraska Tayorlashga'),(1253,1,626,1.000000,1651172400,'Tinting Kraska Tayorlashga'),(1254,1,184,1.000000,1651172400,'Tinting Kraska Tayorlashga'),(1255,1,555,2.000000,1651258800,'Tinting Kraska Tayorlashga'),(1256,1,317,1.000000,1651258800,'Tinting Kraska Tayorlashga'),(1257,1,114,1.000000,1651258800,'Tinting Kraska Tayorlashga'),(1258,1,547,1.000000,1651258800,'Tinting Kraska Tayorlashga'),(1259,1,32,1.000000,1651518000,'Quyib Sotishga 179.2kg Chiqdi'),(1260,1,184,1.000000,1651604400,'Tinting Kraska Tayorlashga'),(1261,1,114,1.000000,1651604400,'Tinting Kraska Tayorlashga'),(1262,1,82,1.000000,1651604400,'Tinting Kraska Tayorlashga'),(1263,1,97,0.500000,1651604400,''),(1264,1,82,1.000000,1651690800,'Tinting Kraska Tayorlashga'),(1265,1,32,1.000000,1651690800,'Quyib Sotishga 183.1kg Chiqdi'),(1266,1,184,1.000000,1651690800,'Tinting Kraska Tayorlashga'),(1267,1,457,1.000000,1651690800,'Tinting Kraska Tayorlashga'),(1268,1,208,1.000000,1651777200,'Tinting Kraska Tayorlashga'),(1269,1,627,1.000000,1651777200,'Tinting Kraska Tayorlashga'),(1270,1,114,3.000000,1651777200,'Tinting Kraska Tayorlashga'),(1271,1,561,1.000000,1651777200,'Tinting Kraska Tayorlashga'),(1272,1,32,1.000000,1651863600,'Quyib Sotishga 179.4kg Chiqdi'),(1273,1,24,1.000000,1651863600,'Tinting Kraska Tayorlashga'),(1274,1,145,1.000000,1651863600,''),(1275,1,171,1.000000,1651863600,''),(1276,1,365,4.000000,1651863600,''),(1277,1,32,1.000000,1651863600,'Quyib Sotishga 183kg Chiqdi'),(1278,1,555,1.000000,1651863600,'Tinting Kraska Tayorlashga'),(1279,1,554,1.000000,1651863600,'Tinting Kraska Tayorlashga'),(1280,1,114,1.000000,1651863600,'Tinting Kraska Tayorlashga'),(1281,1,184,1.000000,1652036400,'Tinting Kraska Tayorlashga'),(1282,1,535,1.000000,1652036400,'Tinting Kraska Tayorlashga'),(1283,1,208,2.000000,1652209200,'Tinting Kraska Tayorlashga'),(1284,1,558,1.000000,1652209200,'Tinting Kraska Tayorlashga'),(1285,1,552,1.000000,1652209200,'Tinting Kraska Tayorlashga'),(1286,1,114,1.000000,1652209200,'Tinting Kraska Tayorlashga'),(1287,1,358,1.000000,1652209200,'Metrlab Sotishga'),(1288,1,32,1.000000,1652209200,'Quyib Sotishga 174.6kg Chiqdi'),(1289,1,114,1.000000,1652295600,'Tinting Kraska Tayorlashga'),(1290,1,24,1.000000,1652295600,'Tinting Kraska Tayorlashga'),(1291,1,378,1.000000,1652295600,'Metrlab Sotishga'),(1292,1,208,1.000000,1652382000,'Tinting Kraska Tayorlashga'),(1293,1,626,1.000000,1652382000,'Tinting Kraska Tayorlashga'),(1294,1,114,1.000000,1652382000,'Tinting Kraska Tayorlashga'),(1295,1,317,1.000000,1652382000,'Tinting Kraska Tayorlashga'),(1296,1,359,1.000000,1652641200,'Metrlab Sotishga'),(1297,1,32,1.000000,1652727600,'Quyib Sotishga 182kg Chiqdi'),(1298,1,82,1.000000,1652727600,'Tinting Kraska Tayorlashga'),(1299,1,184,1.000000,1652727600,'Tinting Kraska Tayorlashga'),(1300,1,457,1.000000,1652727600,'Tinting Kraska Tayorlashga'),(1301,1,184,1.000000,1652727600,'Tinting Kraska Tayorlashga'),(1302,1,13,1.000000,1652727600,'Tinting Kraska Tayorlashga'),(1303,1,555,1.000000,1652727600,'Tinting Kraska Tayorlashga'),(1304,1,554,1.000000,1652727600,'Tinting Kraska Tayorlashga'),(1305,1,547,1.000000,1652727600,'Tinting Kraska Tayorlashga'),(1306,1,32,1.000000,1652814000,'Quyib Sotishga 82.24kg Chiqdi'),(1307,1,114,1.000000,1652814000,'Tinting Kraska Tayorlashga'),(1308,1,32,1.000000,1652814000,'Quyib Sotishga 180 kg Chiqdi'),(1309,1,145,2.000000,1652814000,''),(1310,1,208,1.000000,1652814000,'Tinting Kraska Tayorlashga'),(1311,1,626,1.000000,1652900400,'Tinting Kraska Tayorlashga'),(1312,1,690,1.000000,1652900400,'Tinting Kraska Tayorlashga'),(1313,1,114,1.000000,1652900400,'Tinting Kraska Tayorlashga'),(1314,1,535,1.000000,1652900400,'Tinting Kraska Tayorlashga'),(1315,1,82,1.000000,1652986800,'Tinting Kraska Tayorlashga'),(1316,1,378,1.000000,1652986800,'Metrlab Sotishga'),(1317,1,32,2.000000,1653073200,'Quyib Sotishga 359.74kg Chiqdi'),(1319,1,82,1.000000,1653073200,'Tinting Kraska Tayorlashga'),(1320,1,208,1.000000,1653073200,'Tinting Kraska Tayorlashga'),(1321,1,82,1.000000,1653073200,'Tinting Kraska Tayorlashga'),(1322,1,208,1.000000,1653246000,'Tinting Kraska Tayorlashga'),(1323,1,114,1.000000,1653246000,'Tinting Kraska Tayorlashga'),(1324,1,32,1.000000,1653246000,'Quyib Sotishga 180.2kg Chiqdi'),(1325,1,555,1.000000,1653246000,'Tinting Kraska Tayorlashga'),(1326,1,554,1.000000,1653246000,'Tinting Kraska Tayorlashga'),(1327,1,554,1.000000,1653246000,'Tinting Kraska Tayorlashga'),(1328,1,13,1.000000,1653332400,'Tinting Kraska Tayorlashga'),(1329,1,74,4.200000,1653418800,'Brak'),(1330,1,114,1.000000,1653418800,'Tinting Kraska Tayorlashga'),(1331,1,46,1.000000,1645470000,'Raxmat aka Buxoro Moshinada Tukilgan '),(1332,1,555,1.000000,1653418800,'Tinting Kraska Tayorlashga'),(1333,1,553,1.000000,1653418800,'Tinting Kraska Tayorlashga'),(1334,1,535,1.000000,1653418800,'Tinting Kraska Tayorlashga'),(1335,1,13,1.000000,1653505200,'Tinting Kraska Tayorlashga'),(1336,1,114,1.000000,1653505200,'Tinting Kraska Tayorlashga'),(1337,1,114,1.000000,1653505200,'Tinting Kraska Tayorlashga'),(1338,1,547,1.000000,1653505200,'Tinting Kraska Tayorlashga'),(1339,1,457,1.000000,1653505200,'Tinting Kraska Tayorlashga'),(1340,1,13,1.000000,1653505200,'Tinting Kraska Tayorlashga'),(1341,1,359,1.000000,1653505200,'Metrlab Sotishga'),(1342,1,114,1.000000,1653591600,'Tinting Kraska Tayorlashga'),(1343,1,208,1.000000,1653678000,'Tinting Kraska Tayorlashga'),(1344,1,184,1.000000,1653678000,'Tinting Kraska Tayorlashga'),(1345,1,184,1.000000,1653678000,'Tinting Kraska Tayorlashga'),(1346,1,114,1.000000,1653678000,'Tinting Kraska Tayorlashga'),(1347,1,548,1.000000,1653850800,'Tinting Kraska Tayorlashga'),(1348,1,555,1.000000,1653850800,'Tinting Kraska Tayorlashga'),(1349,1,114,1.000000,1653850800,'Tinting Kraska Tayorlashga'),(1350,1,114,1.000000,1653850800,'Tinting Kraska Tayorlashga'),(1351,1,114,1.000000,1653850800,'Tinting Kraska Tayorlashga'),(1352,1,528,1.000000,1653850800,'Uchaskavoyga'),(1353,1,358,1.000000,1653937200,'Metrlab Sotishga'),(1354,1,208,1.000000,1653937200,'Pajarniga'),(1355,1,114,1.000000,1653937200,'Tinting Kraska Tayorlashga'),(1356,1,114,1.000000,1653937200,'Tinting Kraska Tayorlashga'),(1357,1,208,1.000000,1653937200,'Tinting Kraska Tayorlashga'),(1358,1,24,1.000000,1653937200,'Tinting Kraska Tayorlashga'),(1359,1,32,1.000000,1655146800,'Quyib Sotishga 179.7kg Chiqdi'),(1360,1,145,0.900000,1655146800,'Brak'),(1361,1,32,1.000000,1655146800,'Quyib Sotishga 180kg Chiqdi'),(1362,1,457,1.000000,1655146800,'Tinting Kraska Tayorlashga'),(1363,1,457,1.000000,1655146800,'Tinting Kraska Tayorlashga'),(1364,1,555,1.000000,1655146800,'Tinting Kraska Tayorlashga'),(1365,1,24,1.000000,1655146800,'Tinting Kraska Tayorlashga'),(1366,1,114,1.000000,1655146800,'Tinting Kraska Tayorlashga'),(1368,1,114,1.000000,1654110000,'Tinting Kraska Tayorlashga'),(1369,1,535,1.000000,1654110000,'Tinting Kraska Tayorlashga'),(1370,1,13,1.000000,1654110000,'Tinting Kraska Tayorlashga'),(1371,1,535,1.000000,1654110000,'Tinting Kraska Tayorlashga'),(1372,1,554,1.000000,1654110000,'Tinting Kraska Tayorlashga'),(1373,1,145,1.000000,1655233200,'Brak'),(1374,1,547,1.000000,1654023600,'Tinting Kraska Tayorlashga'),(1375,1,555,1.000000,1654023600,'Tinting Kraska Tayorlashga'),(1376,1,145,1.000000,1655233200,'Namunaga '),(1377,1,32,3.000000,1654196400,'Quyib Sotishga 538.84kg Chiqdi'),(1378,1,18,2.000000,1655233200,'Tinting Kraska Tayorlashga'),(1379,1,184,1.000000,1655233200,'Tinting Kraska Tayorlashga'),(1380,1,114,1.000000,1655233200,'Tinting Kraska Tayorlashga'),(1381,1,547,1.000000,1655233200,'Tinting Kraska Tayorlashga'),(1382,1,457,1.000000,1655233200,'Tinting Kraska Tayorlashga'),(1383,1,555,1.000000,1655233200,'Tinting Kraska Tayorlashga'),(1384,1,457,1.000000,1655233200,'Tinting Kraska Tayorlashga'),(1385,1,114,1.000000,1655233200,'Tinting Kraska Tayorlashga'),(1386,1,145,3.500000,1655233200,'Namunaga Ketgan'),(1387,1,553,1.000000,1655319600,'Tinting Kraska Tayorlashga'),(1388,1,554,1.000000,1655319600,'Tinting Kraska Tayorlashga'),(1389,1,555,1.000000,1655319600,'Tinting Kraska Tayorlashga'),(1390,1,24,1.000000,1654282800,'Tinting Kraska Tayorlashga'),(1391,1,32,2.000000,1654282800,'Quyib Sotishga 360kg Chiqdi'),(1392,1,626,1.000000,1654282800,'Tinting Kraska Tayorlashga'),(1394,1,13,1.000000,1654282800,'Tinting Kraska Tayorlashga'),(1395,1,32,1.000000,1654455600,'Quyib Sotishga 180kg Chiqdi'),(1396,1,208,1.000000,1654455600,'Tinting Kraska Tayorlashga'),(1397,1,535,1.000000,1654455600,'Tinting Kraska Tayorlashga'),(1398,1,114,1.000000,1654455600,'Tinting Kraska Tayorlashga'),(1399,1,82,1.000000,1655406000,'Tinting Kraska Tayorlashga'),(1400,1,555,1.000000,1655406000,'Tinting Kraska Tayorlashga'),(1401,1,457,1.000000,1655406000,'Tinting Kraska Tayorlashga'),(1402,1,535,1.000000,1655406000,'Tinting Kraska Tayorlashga'),(1403,1,114,1.000000,1655406000,'Tinting Kraska Tayorlashga'),(1404,1,114,1.000000,1655406000,'Tinting Kraska Tayorlashga'),(1405,1,114,1.000000,1655406000,'Tinting Kraska Tayorlashga'),(1406,1,208,1.000000,1655406000,'Tinting Kraska Tayorlashga'),(1407,1,32,1.000000,1654542000,'Quyib Sotishga 180 kg Chiqdi'),(1408,1,15,7.000000,1655492400,'Brak'),(1409,1,114,1.000000,1654542000,'Tinting Kraska Tayorlashga'),(1410,1,13,1.000000,1654542000,'Tinting Kraska Tayorlashga'),(1411,1,317,1.000000,1654542000,'Tinting Kraska Tayorlashga'),(1412,1,184,1.000000,1654542000,'Tinting Kraska Tayorlashga'),(1413,1,82,1.000000,1654542000,'Tinting Kraska Tayorlashga'),(1414,1,554,1.000000,1654542000,'Tinting Kraska Tayorlashga'),(1415,1,551,1.000000,1654542000,'Tinting Kraska Tayorlashga'),(1416,1,547,1.000000,1654542000,'Tinting Kraska Tayorlashga'),(1417,1,599,1.000000,1655492400,'Namuna Keng Makon'),(1418,1,602,1.000000,1655492400,'Namuna Keng Makon'),(1419,1,461,1.000000,1655492400,'Brak'),(1420,1,159,1.000000,1655492400,'Brak'),(1421,1,588,1.000000,1655492400,'Brak'),(1422,1,24,1.000000,1655492400,'Tinting Kraska Tayorlashga'),(1423,1,535,1.000000,1655492400,'Tinting Kraska Tayorlashga'),(1424,1,547,1.000000,1655492400,'Tinting Kraska Tayorlashga'),(1425,1,555,1.000000,1655492400,'Tinting Kraska Tayorlashga'),(1426,1,562,1.000000,1655492400,'Tinting Kraska Tayorlashga'),(1427,1,208,1.000000,1655492400,'Tinting Kraska Tayorlashga'),(1428,1,114,4.000000,1654628400,'Tinting Kraska Tayorlashga'),(1429,1,357,1.000000,1654714800,'Metrlab Sotishga'),(1430,1,542,1.000000,1654714800,'Metrlab Sotishga'),(1431,1,32,1.000000,1654714800,'Quyib Sotishga 180.36 kg Chiqdi'),(1432,1,32,1.000000,1654714800,'Quyib Sotishga 179.3 kg Chiqdi'),(1433,1,13,1.000000,1654714800,''),(1434,1,535,1.000000,1654801200,'Tinting Kraska Tayorlashga'),(1435,1,114,1.000000,1654801200,'Tinting Kraska Tayorlashga'),(1436,1,554,1.000000,1654801200,'Tinting Kraska Tayorlashga'),(1437,1,555,1.000000,1654801200,'Tinting Kraska Tayorlashga'),(1438,1,535,1.000000,1654801200,'Tinting Kraska Tayorlashga'),(1439,1,82,1.000000,1654801200,''),(1440,1,523,1.000000,1654887600,'Tinting Kraska Tayorlashga'),(1441,1,328,1.000000,1655578800,'Tinting Kraska Tayorlashga'),(1442,1,13,1.000000,1654887600,'Tinting Kraska Tayorlashga'),(1443,1,457,1.000000,1654887600,'Tinting Kraska Tayorlashga'),(1444,1,32,1.000000,1655060400,'Quyib Sotishga 179.5 kg Chiqdi'),(1445,1,32,1.000000,1655060400,'Quyib Sotishga 180.84 kg Chiqdi'),(1446,1,359,1.000000,1655060400,'Metrlab Sotishga'),(1447,1,358,1.000000,1655060400,'Metrlab Sotishga'),(1448,1,208,1.000000,1655060400,'Tinting Kraska Tayorlashga'),(1449,1,114,1.000000,1655060400,'Tinting Kraska Tayorlashga'),(1450,1,208,2.000000,1655060400,'Tinting Kraska Tayorlashga'),(1451,1,547,1.000000,1655060400,'Tinting Kraska Tayorlashga'),(1453,1,551,1.000000,1655665200,'Tinting Kraska Tayorlashga'),(1454,1,548,1.000000,1655665200,'Tinting Kraska Tayorlashga'),(1455,1,114,1.000000,1655665200,'Tinting Kraska Tayorlashga'),(1456,1,535,1.000000,1655665200,'Tinting Kraska Tayorlashga'),(1457,1,15,15.000000,1655751600,'Brak'),(1458,1,208,1.000000,1655751600,'Tinting Kraska Tayorlashga'),(1459,1,114,5.000000,1655751600,'Tinting Kraska Tayorlashga'),(1460,1,184,1.000000,1655751600,'Tinting Kraska Tayorlashga'),(1461,1,547,1.000000,1655751600,'Tinting Kraska Tayorlashga'),(1462,1,457,1.000000,1655751600,'Tinting Kraska Tayorlashga'),(1463,1,457,1.000000,1655751600,'Tinting Kraska Tayorlashga'),(1464,1,457,1.000000,1655751600,'Tinting Kraska Tayorlashga'),(1465,1,547,1.000000,1655751600,'Tinting Kraska Tayorlashga'),(1466,1,547,1.000000,1655751600,'Tinting Kraska Tayorlashga'),(1467,1,548,1.000000,1655751600,'Tinting Kraska Tayorlashga'),(1468,1,114,1.000000,1655838000,'Tinting Kraska Tayorlashga'),(1469,1,208,1.000000,1655838000,'Tinting Kraska Tayorlashga'),(1470,1,32,1.000000,1655838000,'Quyib Sotishga 178.85 kg Chiqdi'),(1471,1,32,1.000000,1655838000,'Quyib Sotishga 179.18 kg Chiqdi'),(1472,1,32,1.000000,1655838000,'Quyib Sotishga 179.14 kg Chiqdi'),(1473,1,32,1.000000,1655838000,'Quyib Sotishga 179.14 kg Chiqdi'),(1474,1,32,1.000000,1655838000,'Quyib Sotishga 179.2 kg Chiqdi'),(1475,1,359,1.000000,1655924400,'Metrlab Sotishga'),(1476,1,13,1.000000,1655924400,'Tinting Kraska Tayorlashga'),(1477,1,535,1.000000,1655924400,'Tinting Kraska Tayorlashga'),(1478,1,555,1.000000,1655924400,'Tinting Kraska Tayorlashga'),(1479,1,114,1.000000,1655924400,'Tinting Kraska Tayorlashga'),(1480,1,82,1.000000,1655924400,'Tinting Kraska Tayorlashga'),(1481,1,208,1.000000,1655924400,'Tinting Kraska Tayorlashga'),(1482,1,317,1.000000,1655924400,'Tinting Kraska Tayorlashga'),(1483,1,32,1.000000,1655924400,'Quyib Sotishga 180.6 kg Chiqdi'),(1484,1,457,1.000000,1656010800,'Tinting Kraska Tayorlashga'),(1485,1,114,1.000000,1656010800,'Tinting Kraska Tayorlashga'),(1486,1,32,1.000000,1656010800,'Quyib Sotishga 181.9 kg Chiqdi'),(1487,1,32,1.000000,1656097200,'Quyib Sotishga 181.72 kg Chiqdi'),(1488,1,208,1.000000,1656097200,'Tinting Kraska Tayorlashga'),(1493,1,554,1.000000,1656097200,'Tinting Kraska Tayorlashga'),(1490,1,547,1.000000,1656097200,'Tinting Kraska Tayorlashga'),(1491,1,555,1.000000,1656097200,'Tinting Kraska Tayorlashga'),(1492,1,114,1.000000,1656097200,'Tinting Kraska Tayorlashga'),(1494,1,32,1.000000,1656270000,'Quyib Sotishga 179.24 kg Chiqdi'),(1495,1,32,1.000000,1656356400,'Quyib Sotishga 180 kg Chiqdi'),(1496,1,24,1.000000,1656356400,'Tinting Kraska Tayorlashga'),(1497,1,114,1.000000,1656356400,'Tinting Kraska Tayorlashga'),(1498,1,114,1.000000,1656356400,'Tinting Kraska Tayorlashga'),(1499,1,208,1.000000,1656356400,'Tinting Kraska Tayorlashga'),(1500,1,555,1.000000,1656356400,'Tinting Kraska Tayorlashga'),(1501,1,114,1.000000,1656356400,'Tinting Kraska Tayorlashga'),(1502,1,45,1.000000,1656356400,'Tinting Kraska Tayorlashga'),(1503,1,208,1.000000,1656356400,'Tinting Kraska Tayorlashga'),(1507,1,123,3.000000,1656442800,'53.Lak Mir Colors INV2022000000050-51 2022 Yil Moshinada oqib ketgan'),(1505,1,11,1.000000,1656442800,'53.Lak Mir Colors INV2022000000050-51 2022 Yil Moshinada oqib ketgan'),(1506,1,123,1.000000,1656442800,'53.Lak Mir Colors INV2022000000050-51 2022 Yil Moshinada oqib ketgan'),(1508,1,32,1.000000,1656529200,'Quyib Sotishga 179.08 kg Chiqdi'),(1509,1,357,1.000000,1656529200,'Metrlab Sotishga'),(1510,1,436,1.000000,1656529200,'Metrlab Sotishga'),(1511,1,32,1.000000,1656529200,'Quyib Sotishga 178.84kg Chiqdi'),(1512,1,123,1.000000,1656529200,'Quyib Sotishga 12 kg Chiqdi'),(1513,1,24,1.000000,1656529200,'Tinting Kraska Tayorlashga'),(1514,1,626,1.000000,1656529200,'Tinting Kraska Tayorlashga'),(1515,1,554,1.000000,1656529200,'Tinting Kraska Tayorlashga'),(1516,1,114,1.000000,1656529200,'Tinting Kraska Tayorlashga'),(1517,1,32,1.000000,1656702000,'Quyib Sotishga 178.32 kg Chiqdi'),(1518,1,457,1.000000,1656702000,'Tinting Kraska Tayorlashga'),(1519,1,82,1.000000,1656702000,'Tinting Kraska Tayorlashga'),(1520,1,208,1.000000,1656702000,'Tinting Kraska Tayorlashga'),(1521,1,114,1.000000,1656702000,'Tinting Kraska Tayorlashga'),(1522,1,547,1.000000,1656702000,'Tinting Kraska Tayorlashga'),(1523,1,114,1.000000,1656702000,'Tinting Kraska Tayorlashga'),(1524,1,208,1.000000,1656702000,'Tinting Kraska Tayorlashga'),(1525,1,114,1.000000,1656702000,'Tinting Kraska Tayorlashga'),(1526,1,555,1.000000,1656702000,'Tinting Kraska Tayorlashga'),(1527,1,32,1.000000,1656702000,'Quyib Sotishga 180 kg Chiqdi'),(1528,1,554,1.000000,1656702000,'Tinting Kraska Tayorlashga'),(1529,1,114,1.000000,1656702000,'Tinting Kraska Tayorlashga'),(1530,1,457,1.000000,1656702000,'Tinting Kraska Tayorlashga'),(1531,1,24,3.000000,1656702000,'Tinting Kraska Tayorlashga'),(1532,1,32,2.000000,1656961200,'Quyib Sotishga 360 kg Chiqdi'),(1533,1,114,1.000000,1656961200,'Tinting Kraska Tayorlashga'),(1534,1,547,1.000000,1656961200,'Tinting Kraska Tayorlashga'),(1535,1,114,2.000000,1656961200,'Tinting Kraska Tayorlashga'),(1536,1,208,1.000000,1656961200,'Tinting Kraska Tayorlashga'),(1537,1,551,1.000000,1656961200,'Tinting Kraska Tayorlashga'),(1538,1,553,1.000000,1656961200,'Tinting Kraska Tayorlashga'),(1539,1,690,1.000000,1656961200,'Tinting Kraska Tayorlashga'),(1540,1,561,1.000000,1656961200,'Tinting Kraska Tayorlashga'),(1541,1,555,1.000000,1656961200,'Tinting Kraska Tayorlashga'),(1542,1,114,1.000000,1656961200,'Tinting Kraska Tayorlashga'),(1543,1,32,1.000000,1655751600,'52.Lak Rostvoritel Mir Colors INV2022000000054 2022 Yil Kantenirda Oqib Ketgan'),(1544,1,24,1.000000,1656961200,'Tinting Kraska Tayorlashga'),(1545,1,13,1.000000,1656961200,'Tinting Kraska Tayorlashga'),(1546,1,82,1.000000,1656961200,'Tinting Kraska Tayorlashga'),(1547,1,690,1.000000,1656961200,'Tinting Kraska Tayorlashga'),(1548,1,32,1.000000,1656961200,'Quyib Sotishga 179.68 kg Chiqdi'),(1549,1,32,1.000000,1657047600,'Quyib Sotishga 179.72 kg Chiqdi'),(1550,1,554,1.000000,1657047600,'Tinting Kraska Tayorlashga'),(1551,1,18,1.000000,1657047600,'Tinting Kraska Tayorlashga'),(1552,1,114,1.000000,1657047600,'Tinting Kraska Tayorlashga'),(1553,1,457,1.000000,1657047600,'Tinting Kraska Tayorlashga'),(1554,1,74,10.000000,1657134000,'Brak'),(1555,1,626,1.000000,1657134000,'Tinting Kraska Tayorlashga'),(1556,1,208,1.000000,1657134000,'Tinting Kraska Tayorlashga'),(1557,1,376,1.000000,1657134000,'Tinting Kraska Tayorlashga'),(1558,1,114,2.000000,1657134000,'Tinting Kraska Tayorlashga'),(1559,1,547,1.000000,1657134000,'Tinting Kraska Tayorlashga'),(1560,1,558,1.000000,1657134000,'Tinting Kraska Tayorlashga'),(1561,1,114,1.000000,1657134000,'Tinting Kraska Tayorlashga'),(1562,1,32,1.000000,1657220400,'Quyib Sotishga 180.3 kg Chiqdi'),(1563,1,208,1.000000,1657220400,'Tinting Kraska Tayorlashga'),(1564,1,82,1.000000,1657220400,'Tinting Kraska Tayorlashga'),(1565,1,114,1.000000,1657220400,'Tinting Kraska Tayorlashga'),(1566,1,13,1.000000,1657220400,'Tinting Kraska Tayorlashga'),(1567,1,32,1.000000,1657220400,'Quyib Sotishga 180 kg Chiqdi'),(1568,1,32,1.000000,1657479600,'Quyib Sotishga 180 kg Chiqdi'),(1569,1,32,1.000000,1657479600,'Quyib Sotishga 180.38 kg Chiqdi'),(1570,1,24,1.000000,1657479600,'Tinting Kraska Tayorlashga'),(1571,1,114,1.000000,1657479600,'Tinting Kraska Tayorlashga'),(1572,1,208,1.000000,1657479600,'Tinting Kraska Tayorlashga'),(1573,1,32,1.000000,1657566000,'Quyib Sotishga 180 kg Chiqdi'),(1574,1,32,1.000000,1657566000,'Quyib Sotishga 179.7 kg Chiqdi'),(1575,1,32,1.000000,1657652400,'Quyib Sotishga 180 kg Chiqdi'),(1576,1,457,11.000000,1657652400,'Tinting Kraska Tayorlashga'),(1577,1,24,1.000000,1657652400,'Tinting Kraska Tayorlashga'),(1578,1,684,1.000000,1657652400,'Tinting Kraska Tayorlashga'),(1579,1,359,1.000000,1657652400,'Metrlab Sotishga'),(1580,1,32,1.000000,1657738800,'Quyib Sotishga 180 kg Chiqdi'),(1581,1,184,2.000000,1657738800,'Tinting Kraska Tayorlashga'),(1582,1,32,1.000000,1657825200,'Quyib Sotishga 180 kg Chiqdi'),(1583,1,535,1.000000,1657911600,'Tinting Kraska Tayorlashga'),(1584,1,24,1.000000,1657911600,'Tinting Kraska Tayorlashga'),(1585,1,13,1.000000,1657911600,'Tinting Kraska Tayorlashga'),(1586,1,535,1.000000,1657911600,'Tinting Kraska Tayorlashga'),(1587,1,554,1.000000,1657911600,'Tinting Kraska Tayorlashga'),(1588,1,554,1.000000,1657911600,'Tinting Kraska Tayorlashga'),(1589,1,547,1.000000,1657911600,'Tinting Kraska Tayorlashga'),(1590,1,457,1.000000,1657911600,'Tinting Kraska Tayorlashga'),(1591,1,547,1.000000,1657911600,'Tinting Kraska Tayorlashga'),(1592,1,551,1.000000,1657911600,'Tinting Kraska Tayorlashga'),(1593,1,555,1.000000,1657911600,'Tinting Kraska Tayorlashga'),(1594,1,625,1.000000,1657911600,'Tinting Kraska Tayorlashga'),(1595,1,72,5.000000,1658430000,'Brak'),(1596,1,18,1.000000,1658516400,'Tinting Kraska Tayorlashga'),(1597,1,535,1.000000,1658516400,'Tinting Kraska Tayorlashga'),(1598,1,184,1.000000,1658516400,'Tinting Kraska Tayorlashga'),(1599,1,555,1.000000,1658516400,'Tinting Kraska Tayorlashga'),(1600,1,457,1.000000,1658516400,'Tinting Kraska Tayorlashga'),(1601,1,457,1.000000,1658516400,'Tinting Kraska Tayorlashga'),(1602,1,24,1.000000,1658516400,'Tinting Kraska Tayorlashga'),(1603,1,208,1.000000,1658516400,'Tinting Kraska Tayorlashga'),(1604,1,13,1.000000,1658516400,'Tinting Kraska Tayorlashga'),(1605,1,184,1.000000,1658516400,'Tinting Kraska Tayorlashga'),(1606,1,184,1.000000,1658516400,'Tinting Kraska Tayorlashga'),(1607,1,41,1.000000,1658516400,'Tinting Kraska Tayorlashga'),(1608,1,184,1.000000,1658516400,'Tinting Kraska Tayorlashga'),(1609,1,554,1.000000,1658516400,'Tinting Kraska Tayorlashga'),(1610,1,535,1.000000,1658516400,'Tinting Kraska Tayorlashga'),(1611,1,24,1.000000,1658516400,'Tinting Kraska Tayorlashga'),(1612,1,1,2.000000,1657825200,'64.Lak Mir Colors INV2022000000101-102 Moshinada Tukilgan'),(1613,1,46,1.000000,1658689200,'64.Lak Mir Colors INV2022000000101-102 Moshinada Tukilgan'),(1614,1,214,12.000000,1658689200,'64.Lak Mir Colors INV2022000000101-102 Moshinada Tukilgan'),(1615,1,457,1.000000,1658689200,'Tinting Kraska Tayorlashga'),(1616,1,555,1.000000,1658689200,'Tinting Kraska Tayorlashga'),(1617,1,554,1.000000,1658689200,'Tinting Kraska Tayorlashga'),(1618,1,24,1.000000,1658775600,'Tinting Kraska Tayorlashga'),(1619,1,358,1.000000,1658775600,'Metrlab Sotishga'),(1620,1,457,1.000000,1658862000,'Tinting Kraska Tayorlashga'),(1621,1,13,1.000000,1658862000,'Tinting Kraska Tayorlashga'),(1622,1,555,1.000000,1658862000,'Tinting Kraska Tayorlashga'),(1623,1,562,1.000000,1658862000,'Tinting Kraska Tayorlashga'),(1624,1,552,1.000000,1658862000,'Tinting Kraska Tayorlashga'),(1625,1,457,1.000000,1658862000,'Tinting Kraska Tayorlashga'),(1626,1,547,1.000000,1658862000,'Tinting Kraska Tayorlashga'),(1627,1,457,1.000000,1658862000,'Tinting Kraska Tayorlashga'),(1628,1,457,1.000000,1658862000,'Tinting Kraska Tayorlashga'),(1629,1,535,1.000000,1658862000,'Tinting Kraska Tayorlashga'),(1630,1,82,1.000000,1658862000,'Tinting Kraska Tayorlashga'),(1631,1,208,1.000000,1659034800,'Tinting Kraska Tayorlashga'),(1632,1,208,1.000000,1659034800,'Tinting Kraska Tayorlashga'),(1633,1,626,1.000000,1659034800,'Tinting Kraska Tayorlashga'),(1634,1,554,1.000000,1659034800,'Tinting Kraska Tayorlashga'),(1635,1,457,1.000000,1659034800,'Tinting Kraska Tayorlashga'),(1636,1,24,1.000000,1659121200,'Tinting Kraska Tayorlashga'),(1637,1,208,1.000000,1659121200,'Tinting Kraska Tayorlashga'),(1638,1,554,1.000000,1659121200,'Tinting Kraska Tayorlashga'),(1639,1,555,1.000000,1659121200,'Tinting Kraska Tayorlashga'),(1640,1,552,1.000000,1659121200,'Tinting Kraska Tayorlashga'),(1641,1,535,1.000000,1659121200,'Tinting Kraska Tayorlashga'),(1642,1,208,1.000000,1659294000,'Tinting Kraska Tayorlashga'),(1643,1,32,5.000000,1659466800,'Quyib Sotishga 884.28 kg Chiqdi'),(1644,1,457,1.000000,1659553200,'Tinting Kraska Tayorlashga'),(1645,1,208,1.000000,1659553200,'Tinting Kraska Tayorlashga'),(1646,1,554,1.000000,1659553200,'Tinting Kraska Tayorlashga'),(1647,1,554,1.000000,1659553200,'Tinting Kraska Tayorlashga'),(1648,1,184,1.000000,1659553200,'Tinting Kraska Tayorlashga'),(1649,1,553,1.000000,1659553200,'Tinting Kraska Tayorlashga'),(1650,1,41,1.000000,1659553200,'Tinting Kraska Tayorlashga'),(1651,1,41,1.000000,1659553200,'Tinting Kraska Tayorlashga'),(1652,1,547,1.000000,1659553200,'Tinting Kraska Tayorlashga'),(1653,1,208,1.000000,1659553200,'Tinting Kraska Tayorlashga'),(1654,1,555,1.000000,1659553200,'Tinting Kraska Tayorlashga'),(1655,1,184,1.000000,1659553200,'Tinting Kraska Tayorlashga'),(1656,1,457,1.000000,1659553200,'Tinting Kraska Tayorlashga'),(1657,1,82,1.000000,1659553200,'Tinting Kraska Tayorlashga'),(1658,1,24,1.000000,1659553200,'Tinting Kraska Tayorlashga'),(1659,1,722,1.000000,1659553200,'Quyib Sotishga '),(1660,1,82,1.000000,1659553200,'Tinting Kraska Tayorlashga'),(1661,1,535,1.000000,1659553200,'Tinting Kraska Tayorlashga'),(1662,1,555,1.000000,1659553200,'Tinting Kraska Tayorlashga'),(1663,1,208,1.000000,1659553200,'Tinting Kraska Tayorlashga'),(1664,1,625,1.000000,1659639600,'Tinting Kraska Tayorlashga'),(1665,1,547,1.000000,1659639600,'Tinting Kraska Tayorlashga'),(1666,1,32,2.000000,1659726000,'Quyib Sotishga 358.64 kg Chiqdi'),(1667,1,457,1.000000,1659985200,'Tinting Kraska Tayorlashga'),(1668,1,114,3.000000,1659985200,'Tinting Kraska Tayorlashga'),(1669,1,554,1.000000,1659985200,'Tinting Kraska Tayorlashga'),(1670,1,547,1.000000,1659985200,'Tinting Kraska Tayorlashga'),(1671,1,535,5.000000,1659985200,'Tinting Kraska Tayorlashga'),(1672,1,551,1.000000,1659985200,'Tinting Kraska Tayorlashga'),(1673,1,555,1.000000,1659985200,'Tinting Kraska Tayorlashga'),(1674,1,32,2.000000,1659985200,'Quyib Sotishga 359 kg Chiqdi'),(1675,1,208,1.000000,1659985200,'Tinting Kraska Tayorlashga'),(1676,1,114,1.000000,1659985200,'Tinting Kraska Tayorlashga'),(1677,1,535,1.000000,1660071600,'Tinting Kraska Tayorlashga'),(1678,1,32,1.000000,1660071600,'Quyib Sotishga 179.7 kg Chiqdi'),(1679,1,41,1.000000,1660158000,'Tinting Kraska Tayorlashga'),(1680,1,114,2.000000,1660158000,'Tinting Kraska Tayorlashga'),(1681,1,535,1.000000,1660158000,'Tinting Kraska Tayorlashga'),(1682,1,547,1.000000,1660158000,'Tinting Kraska Tayorlashga'),(1683,1,555,1.000000,1660158000,'Tinting Kraska Tayorlashga'),(1684,1,554,1.000000,1660158000,'Tinting Kraska Tayorlashga'),(1685,1,184,1.000000,1660158000,'Tinting Kraska Tayorlashga'),(1686,1,114,6.000000,1660158000,'Tinting Kraska Tayorlashga'),(1687,1,555,1.000000,1660158000,'Tinting Kraska Tayorlashga'),(1688,1,555,1.000000,1660158000,'Tinting Kraska Tayorlashga'),(1689,1,547,1.000000,1660158000,'Tinting Kraska Tayorlashga'),(1690,1,114,4.000000,1660158000,'Tinting Kraska Tayorlashga'),(1691,1,24,1.000000,1660158000,'Tinting Kraska Tayorlashga'),(1692,1,32,2.000000,1660244400,'Quyib Sotishga 358.3 kg Chiqdi'),(1693,1,732,5.000000,1660244400,'Moshinada Teshik Chiqti, 18kg Qilib Quyildi'),(1694,1,187,1.000000,1660244400,'Moshinada Teshik Chiqti, 18kg Qilib Quyildi'),(1695,1,729,2.000000,1660244400,'Brak'),(1696,1,727,4.000000,1660244400,'Brak'),(1697,1,86,5.000000,1660244400,'61.Lak Mir Colors INV2022000000096'),(1698,1,16,1.000000,1660244400,'61.Lak Mir Colors INV2022000000096'),(1699,1,187,1.000000,1660244400,'61.Lak Mir Colors INV2022000000096'),(1700,1,188,1.000000,1660244400,''),(1701,1,89,10.000000,1660244400,'61.Lak Mir Colors INV2022000000096'),(1702,1,33,1.000000,1660244400,'61.Lak Mir Colors INV2022000000096'),(1703,1,208,1.000000,1660244400,'61.Lak Mir Colors INV2022000000096'),(1704,1,32,1.000000,1660330800,'Quyib Sotishga 179.86kg Chiqdi'),(1705,1,208,1.000000,1660330800,'Tinting Kraska Tayorlashga'),(1706,1,114,1.000000,1660330800,'Tinting Kraska Tayorlashga'),(1707,1,554,1.000000,1660330800,'Tinting Kraska Tayorlashga'),(1708,1,32,1.000000,1660590000,'Quyib Sotishga 180 kg Chiqdi'),(1709,1,32,1.000000,1660590000,'Quyib Sotishga 39.4 kg Chiqdi Moshinada Tukilgan shu chiqdi'),(1710,1,97,1.180000,1660590000,'Tinting Kraska Tayorlashga'),(1711,1,32,1.000000,1660590000,'Quyib Sotishga 180 kg Chiqdi'),(1712,1,626,1.000000,1660590000,'Tinting Kraska Tayorlashga'),(1713,1,208,1.000000,1660590000,'Tinting Kraska Tayorlashga'),(1714,1,208,1.000000,1660590000,'Tinting Kraska Tayorlashga'),(1715,1,41,1.000000,1660590000,'Tinting Kraska Tayorlashga'),(1716,1,555,1.000000,1660590000,'Tinting Kraska Tayorlashga'),(1717,1,554,1.000000,1660590000,'Tinting Kraska Tayorlashga'),(1718,1,547,1.000000,1660590000,'Tinting Kraska Tayorlashga'),(1719,1,723,1.000000,1660590000,'Quyib Sotishga '),(1720,1,32,1.000000,1660676400,'Quyib Sotishga 179.7 kg Chiqdi'),(1721,1,690,1.000000,1660676400,'Tinting Kraska Tayorlashga'),(1722,1,114,1.000000,1660676400,'Tinting Kraska Tayorlashga'),(1723,1,208,1.000000,1660676400,'Tinting Kraska Tayorlashga'),(1724,1,32,1.000000,1660762800,'Quyib Sotishga 179.6 kg Chiqdi'),(1725,1,542,1.000000,1660762800,'Metrlab Sotishga'),(1726,1,546,25.000000,1660762800,'Metrlab Sotishga'),(1727,1,24,1.000000,1660762800,'Tinting Kraska Tayorlashga'),(1728,1,114,1.000000,1660762800,'Tinting Kraska Tayorlashga'),(1729,1,457,1.000000,1660762800,'Tinting Kraska Tayorlashga'),(1730,1,548,1.000000,1660849200,'Tinting Kraska Tayorlashga'),(1731,1,690,1.000000,1660849200,'Tinting Kraska Tayorlashga'),(1732,1,208,1.000000,1660849200,'Tinting Kraska Tayorlashga'),(1733,1,41,1.000000,1660849200,'Tinting Kraska Tayorlashga'),(1734,1,547,1.000000,1660849200,'Tinting Kraska Tayorlashga'),(1735,1,537,0.230000,1660935600,'Brak'),(1736,1,32,4.000000,1661194800,'Quyib Sotishga 720 kg Chiqdi'),(1737,1,32,1.000000,1661194800,'Quyib Sotishga 177.56 kg Chiqdi'),(1738,1,114,1.000000,1661194800,'Tinting Kraska Tayorlashga'),(1739,1,535,1.000000,1661194800,'Tinting Kraska Tayorlashga'),(1740,1,553,1.000000,1661194800,'Tinting Kraska Tayorlashga'),(1741,1,114,3.000000,1661194800,'Tinting Kraska Tayorlashga'),(1742,1,184,1.000000,1661194800,'Tinting Kraska Tayorlashga'),(1743,1,555,1.000000,1661194800,'Tinting Kraska Tayorlashga'),(1744,1,554,1.000000,1661194800,'Tinting Kraska Tayorlashga'),(1745,1,436,1.000000,1661281200,'Metrlab Sotishga'),(1746,1,378,1.000000,1661281200,'Metrlab Sotishga'),(1747,1,359,1.000000,1661281200,'Metrlab Sotishga'),(1748,1,32,1.000000,1661367600,'Quyib Sotishga 180 kg Chiqdi'),(1749,1,32,1.000000,1661367600,'Quyib Sotishga 122 kg Chiqdi'),(1750,1,208,1.000000,1661367600,'Tinting Kraska Tayorlashga'),(1751,1,13,1.000000,1661367600,'Tinting Kraska Tayorlashga'),(1752,1,114,1.000000,1661367600,'Tinting Kraska Tayorlashga'),(1753,1,555,1.000000,1661367600,'Tinting Kraska Tayorlashga'),(1754,1,625,1.000000,1661367600,'Tinting Kraska Tayorlashga'),(1755,1,30,1.000000,1661367600,'Tinting Kraska Tayorlashga'),(1756,1,535,1.000000,1661367600,'Tinting Kraska Tayorlashga'),(1757,1,32,1.000000,1661454000,'Quyib Sotishga 180.72 kg Chiqdi'),(1758,1,15,3.060000,1661540400,'Brak'),(1759,1,32,2.000000,1661713200,'Quyib Sotishga 347.88 kg Chiqdi'),(1760,1,357,1.000000,1661713200,'Metrlab Sotishga'),(1761,1,32,1.000000,1661886000,'Quyib Sotishga 179.64kg Chiqdi'),(1762,1,32,2.000000,1661886000,'Quyib Sotishga 360.98 kg Chiqdi'),(1763,1,208,1.000000,1661972400,'Tinting Kraska Tayorlashga'),(1764,1,24,1.000000,1661972400,'Tinting Kraska Tayorlashga'),(1765,1,625,1.000000,1661972400,'Tinting Kraska Tayorlashga'),(1766,1,30,1.000000,1661972400,'Tinting Kraska Tayorlashga'),(1767,1,555,1.000000,1661972400,'Tinting Kraska Tayorlashga'),(1768,1,82,1.000000,1661972400,'Tinting Kraska Tayorlashga'),(1769,1,208,1.000000,1661972400,'Tinting Kraska Tayorlashga'),(1770,1,114,1.000000,1661972400,'Tinting Kraska Tayorlashga'),(1771,1,457,1.000000,1661972400,'Tinting Kraska Tayorlashga'),(1772,1,114,1.000000,1661972400,'Tinting Kraska Tayorlashga'),(1773,1,114,1.000000,1661972400,'Tinting Kraska Tayorlashga'),(1774,1,554,1.000000,1661972400,'Tinting Kraska Tayorlashga'),(1775,1,547,1.000000,1661972400,'Tinting Kraska Tayorlashga'),(1776,1,547,1.000000,1661972400,'Tinting Kraska Tayorlashga'),(1777,1,535,1.000000,1661972400,'Tinting Kraska Tayorlashga'),(1778,1,41,1.000000,1661972400,'Tinting Kraska Tayorlashga'),(1779,1,13,1.000000,1661972400,'Tinting Kraska Tayorlashga'),(1780,1,535,1.000000,1661972400,'Tinting Kraska Tayorlashga'),(1781,1,690,1.000000,1661972400,'Tinting Kraska Tayorlashga'),(1782,1,723,1.000000,1662058800,'Quyib Sotishga '),(1783,1,11,2.000000,1662058800,'Brak skladda Tukilgan'),(1784,1,2,1.000000,1662058800,'Brak skladda Tukilgan'),(1785,1,214,1.000000,1662058800,'Brak skladda Tukilgan'),(1786,1,28,1.000000,1662058800,'Brak skladda Tukilgan'),(1787,1,32,1.000000,1662058800,'Quyib Sotishga 180.16kg Chiqdi'),(1788,1,32,1.000000,1662145200,'Quyib Sotishga 179.4 kg Chiqdi'),(1789,1,523,1.000000,1662145200,'Tinting Kraska Tayorlashga'),(1790,1,457,1.000000,1662145200,'Tinting Kraska Tayorlashga'),(1791,1,555,1.000000,1662145200,'Tinting Kraska Tayorlashga'),(1792,1,114,2.000000,1662145200,'Tinting Kraska Tayorlashga'),(1793,1,208,1.000000,1662145200,'Tinting Kraska Tayorlashga'),(1794,1,457,1.000000,1662145200,'Tinting Kraska Tayorlashga'),(1795,1,535,1.000000,1662145200,'Tinting Kraska Tayorlashga'),(1796,1,82,1.000000,1662145200,'Tinting Kraska Tayorlashga'),(1797,1,32,1.000000,1662145200,'Quyib Sotishga 180kg Chiqdi'),(1798,1,32,2.000000,1662318000,'Quyib Sotishga 180kg Chiqdi'),(1799,1,32,1.000000,1662404400,'Quyib Sotishga 139.62 kg'),(1800,1,32,1.000000,1662490800,'Quyib Sotishga 178.94 '),(1801,1,378,1.000000,1662577200,'Metrlab Sotishga'),(1802,1,32,1.000000,1662577200,'Quyib Sotishga 181.1 kg chiqdi'),(1803,1,554,1.000000,1662577200,'Tinting Kraska Tayorlashga'),(1804,1,13,1.000000,1662577200,'Tinting Kraska Tayorlashga'),(1805,1,551,1.000000,1662577200,'Tinting Kraska Tayorlashga'),(1806,1,208,1.000000,1662577200,'Tinting Kraska Tayorlashga'),(1807,1,547,1.000000,1662577200,'Tinting Kraska Tayorlashga'),(1808,1,114,2.000000,1662577200,'Tinting Kraska Tayorlashga'),(1809,1,184,1.000000,1662577200,'Tinting Kraska Tayorlashga'),(1810,1,114,2.000000,1662577200,'Tinting Kraska Tayorlashga'),(1811,1,547,1.000000,1662577200,'Tinting Kraska Tayorlashga'),(1812,1,558,1.000000,1662577200,'Tinting Kraska Tayorlashga'),(1813,1,549,1.000000,1662577200,'Tinting Kraska Tayorlashga'),(1814,1,535,1.000000,1662577200,'Tinting Kraska Tayorlashga'),(1815,1,114,5.000000,1662750000,'Tinting Kraska Tayorlashga'),(1816,1,457,1.000000,1662750000,'Tinting Kraska Tayorlashga'),(1817,1,32,1.000000,1662750000,'Quyib Sotishga 180.6kg Chiqdi'),(1818,1,13,1.000000,1662750000,'Tinting Kraska Tayorlashga'),(1819,1,208,1.000000,1662750000,'Tinting Kraska Tayorlashga'),(1820,1,547,1.000000,1662750000,'Tinting Kraska Tayorlashga'),(1821,1,555,1.000000,1662750000,'Tinting Kraska Tayorlashga'),(1822,1,457,1.000000,1662750000,'Tinting Kraska Tayorlashga'),(1823,1,553,1.000000,1662750000,'Tinting Kraska Tayorlashga'),(1824,1,32,1.000000,1662922800,'Quyib Sotishga 173.32 kg Chiqdi'),(1825,1,32,1.000000,1662922800,'Quyib Sotishga 180.96 kg Chiqdi'),(1826,1,724,1.000000,1662922800,'Quyib Sotishga '),(1827,1,551,1.000000,1662922800,'Tinting Kraska Tayorlashga'),(1828,1,554,1.000000,1662922800,'Tinting Kraska Tayorlashga'),(1829,1,184,1.000000,1662922800,'Tinting Kraska Tayorlashga'),(1830,1,114,2.000000,1662922800,'Tinting Kraska Tayorlashga'),(1831,1,214,2.000000,1662922800,'88.Lak Mir Colors INV202200000131 2022 Yil Moshinada Tukilgan'),(1832,1,32,1.000000,1663009200,'Quyib Sotishga 180.78 kg Chiqdi'),(1833,1,32,1.000000,1663009200,'Quyib Sotishga 179.88 kg Chiqdi'),(1834,1,358,1.000000,1663009200,'Metrlab Sotishga'),(1835,1,359,1.000000,1663009200,'Metrlab Sotishga'),(1836,1,32,2.000000,1663095600,'Quyib Sotishga 360.8 kg Chiqdi'),(1837,1,555,1.000000,1663095600,'Tinting Kraska Tayorlashga'),(1838,1,114,2.000000,1663095600,'Tinting Kraska Tayorlashga'),(1839,1,547,1.000000,1663095600,'Tinting Kraska Tayorlashga'),(1840,1,535,1.000000,1663095600,'Tinting Kraska Tayorlashga'),(1841,1,32,1.000000,1663182000,'Quyib Sotishga 178.84 kg Chiqdi'),(1842,1,114,1.000000,1663182000,'Tinting Kraska Tayorlashga'),(1843,1,626,1.000000,1663182000,'Tinting Kraska Tayorlashga'),(1844,1,32,1.000000,1663268400,'Quyib Sotishga 180kg Chiqdi'),(1845,1,538,5.000000,1663354800,'Quyildi 200/25kg=40sht'),(1846,1,13,1.000000,1663354800,'Tinting Kraska Tayorlashga'),(1847,1,535,1.000000,1663354800,'Tinting Kraska Tayorlashga'),(1848,1,184,1.000000,1663354800,'Tinting Kraska Tayorlashga'),(1849,1,114,1.000000,1663354800,'Tinting Kraska Tayorlashga'),(1850,1,208,1.000000,1663354800,'Tinting Kraska Tayorlashga'),(1851,1,457,1.000000,1663354800,'Tinting Kraska Tayorlashga'),(1852,1,554,1.000000,1663354800,'Tinting Kraska Tayorlashga'),(1853,1,555,1.000000,1663354800,'Tinting Kraska Tayorlashga'),(1854,1,547,1.000000,1663354800,'Tinting Kraska Tayorlashga'),(1855,1,548,1.000000,1663354800,'Tinting Kraska Tayorlashga'),(1856,1,24,1.000000,1663354800,'Tinting Kraska Tayorlashga'),(1857,1,32,1.000000,1663527600,'Quyib Sotishga 179.42 kg Chiqdi'),(1858,1,32,1.000000,1663527600,'Quyib Sotishga 180.52kg Chiqdi'),(1859,1,208,3.000000,1663527600,'Tinting Kraska Tayorlashga'),(1860,1,13,4.000000,1663527600,'Tinting Kraska Tayorlashga'),(1861,1,114,1.000000,1663614000,'Tinting Kraska Tayorlashga'),(1862,1,114,1.000000,1663614000,'Tinting Kraska Tayorlashga'),(1863,1,13,1.000000,1663614000,'Tinting Kraska Tayorlashga'),(1864,1,358,1.000000,1663700400,'Metrlab Sotishga'),(1868,1,436,1.000000,1663700400,'Metrlab Sotishga'),(1866,1,342,10.250000,1663700400,''),(1867,1,344,0.180000,1663700400,''),(1869,1,359,1.000000,1663700400,'Metrlab Sotishga'),(1870,1,723,1.000000,1663700400,'Quyib Sotishga '),(1871,1,32,1.000000,1663786800,'Quyib Sotishga 179 kg Chiqdi'),(1872,1,32,1.000000,1663873200,'Quyib Sotishga 179.76 kg Chiqdi'),(1873,1,358,1.000000,1663873200,'Metrlab Sotishga'),(1874,1,32,1.000000,1663873200,'Quyib Sotishga 180kg Chiqdi'),(1875,1,554,1.000000,1663873200,'Tinting Kraska Tayorlashga'),(1876,1,561,1.000000,1663873200,'Tinting Kraska Tayorlashga'),(1877,1,562,1.000000,1663873200,'Tinting Kraska Tayorlashga'),(1878,1,551,1.000000,1663873200,'Tinting Kraska Tayorlashga'),(1879,1,555,1.000000,1663873200,'Tinting Kraska Tayorlashga'),(1884,1,114,3.000000,1663873200,'Tinting Kraska Tayorlashga'),(1881,1,13,1.000000,1663873200,'Tinting Kraska Tayorlashga'),(1882,1,208,1.000000,1663873200,'Tinting Kraska Tayorlashga'),(1883,1,114,1.000000,1663873200,'Tinting Kraska Tayorlashga'),(1885,1,15,12.480000,1663959600,'Brak'),(1886,1,535,2.000000,1663959600,'Tinting Kraska Tayorlashga'),(1887,1,547,1.000000,1663959600,'Tinting Kraska Tayorlashga'),(1888,1,114,1.000000,1663959600,'Tinting Kraska Tayorlashga'),(1889,1,82,1.000000,1663959600,'Tinting Kraska Tayorlashga'),(1890,1,13,1.000000,1663959600,'Tinting Kraska Tayorlashga'),(1891,1,24,1.000000,1663959600,'Tinting Kraska Tayorlashga'),(1892,1,114,1.000000,1663959600,'Tinting Kraska Tayorlashga'),(1893,1,32,1.000000,1664132400,'Quyib Sotishga 180kg Chiqdi'),(1894,1,114,2.000000,1664132400,'Tinting Kraska Tayorlashga'),(1895,1,32,1.000000,1664218800,'Quyib Sotishga 180.74 kg Chiqdi'),(1896,1,723,1.000000,1664218800,'Quyib Sotishga '),(1897,1,722,1.000000,1664305200,'Quyib Sotishga '),(1898,1,32,1.000000,1664305200,'Quyib Sotishga 179.1 kg Chiqdi'),(1899,1,32,1.000000,1664305200,'Quyib Sotishga 180.1kg Chiqdi'),(1900,1,145,2.500000,1664305200,'Brak'),(1901,1,625,4.000000,1664305200,'Tinting Kraska Tayorlashga'),(1902,1,114,3.000000,1664305200,'Tinting Kraska Tayorlashga'),(1903,1,184,2.000000,1664305200,'Tinting Kraska Tayorlashga'),(1904,1,208,1.000000,1664305200,'Tinting Kraska Tayorlashga'),(1905,1,13,1.000000,1664305200,'Tinting Kraska Tayorlashga'),(1906,1,82,1.000000,1664305200,'Tinting Kraska Tayorlashga'),(1907,1,535,1.000000,1664305200,'Tinting Kraska Tayorlashga'),(1908,1,547,1.000000,1664305200,'Tinting Kraska Tayorlashga'),(1909,1,558,1.000000,1664305200,'Tinting Kraska Tayorlashga'),(1910,1,555,1.000000,1664305200,'Tinting Kraska Tayorlashga'),(1911,1,554,1.000000,1664305200,'Tinting Kraska Tayorlashga'),(1912,1,550,1.000000,1664305200,'Tinting Kraska Tayorlashga'),(1913,1,32,1.000000,1664391600,'Quyib Sotishga 179.84 kg Chiqdi'),(1914,1,359,1.000000,1664478000,'Metrlab Sotishga'),(1915,1,554,1.000000,1664478000,'Tinting Kraska Tayorlashga'),(1916,1,208,2.000000,1664478000,'Tinting Kraska Tayorlashga'),(1917,1,13,1.000000,1664478000,'Tinting Kraska Tayorlashga'),(1918,1,114,5.000000,1664478000,'Tinting Kraska Tayorlashga'),(1919,1,82,1.000000,1664478000,'Tinting Kraska Tayorlashga'),(1920,1,547,1.000000,1664478000,'Tinting Kraska Tayorlashga'),(1921,1,32,1.000000,1664478000,'Quyib Sotishga 180kg Chiqdi'),(1922,1,145,12.000000,1664564400,'Brak'),(1923,1,542,1.000000,1664564400,'Metrlab Sotishga'),(1924,1,535,1.000000,1664564400,'Tinting Kraska Tayorlashga'),(1925,1,114,1.000000,1664564400,'Tinting Kraska Tayorlashga'),(1926,1,535,1.000000,1664564400,'Tinting Kraska Tayorlashga'),(1927,1,32,1.000000,1664737200,'Quyib Sotishga 179.48kg Chiqdi'),(1928,1,32,1.000000,1664737200,'Quyib Sotishga 180kg Chiqdi'),(1929,1,32,1.000000,1664823600,'Quyib Sotishga 179.44 kg Chiqdi'),(1930,1,436,1.000000,1664910000,'Metrlab Sotishga'),(1931,1,32,1.000000,1664910000,'Quyib Sotishga 179.38 kg Chiqdi'),(1932,1,13,1.000000,1664910000,'Tinting Kraska Tayorlashga'),(1933,1,547,1.000000,1664910000,'Tinting Kraska Tayorlashga'),(1934,1,555,1.000000,1664910000,'Tinting Kraska Tayorlashga'),(1935,1,553,1.000000,1664910000,'Tinting Kraska Tayorlashga'),(1936,1,376,1.000000,1664910000,'Tinting Kraska Tayorlashga'),(1937,1,24,1.000000,1664910000,'Tinting Kraska Tayorlashga'),(1938,1,576,1.000000,1664910000,'Brak skladda Tukilgan'),(1939,1,32,1.000000,1664996400,'Quyib Sotishga 181.26 kg Chiqdi'),(1940,1,32,1.000000,1665082800,'Quyib Sotishga 179.26 kg Chiqdi'),(1941,1,114,8.000000,1665082800,'Tinting Kraska Tayorlashga'),(1942,1,208,1.000000,1665082800,'Tinting Kraska Tayorlashga'),(1943,1,13,2.000000,1665082800,'Tinting Kraska Tayorlashga'),(1944,1,555,2.000000,1665082800,'Tinting Kraska Tayorlashga'),(1945,1,547,1.000000,1665082800,'Tinting Kraska Tayorlashga'),(1946,1,32,1.000000,1665342000,'Quyib Sotishga 179.84 kg Chiqdi'),(1947,1,32,1.000000,1665428400,'Quyib Sotishga 183.88 kg Chiqdi'),(1948,1,32,2.000000,1665514800,'Quyib Sotishga 359 kg Chiqdi'),(1949,1,208,1.000000,1665514800,'Tinting Kraska Tayorlashga'),(1950,1,114,6.000000,1665514800,'Tinting Kraska Tayorlashga'),(1951,1,535,7.000000,1665514800,'Tinting Kraska Tayorlashga'),(1952,1,208,2.000000,1665514800,'Tinting Kraska Tayorlashga'),(1953,1,457,1.000000,1665514800,'Tinting Kraska Tayorlashga'),(1954,1,82,2.000000,1665514800,'Tinting Kraska Tayorlashga'),(1955,1,535,1.000000,1665514800,'Tinting Kraska Tayorlashga'),(1956,1,18,1.000000,1665514800,'Tinting Kraska Tayorlashga'),(1957,1,328,1.000000,1665514800,'Tinting Kraska Tayorlashga'),(1958,1,547,2.000000,1665514800,'Tinting Kraska Tayorlashga'),(1959,1,555,2.000000,1665514800,'Tinting Kraska Tayorlashga'),(1960,1,547,1.000000,1665514800,'Tinting Kraska Tayorlashga'),(1961,1,554,2.000000,1665514800,'Tinting Kraska Tayorlashga'),(1962,1,32,1.000000,1665946800,'Quyib Sotishga 179.12 kg Chiqdi'),(1963,1,123,1.000000,1665946800,'Quyib Sotishga '),(1964,1,32,1.000000,1666033200,'Quyib Sotishga 179.32 kg Chiqdi'),(1965,1,32,1.000000,1666033200,'Quyib Sotishga 180.16kg Chiqdi'),(1966,1,358,1.000000,1666033200,'Metrlab Sotishga'),(1967,1,723,1.000000,1666033200,'Tinting Kraska Tayorlashga'),(1968,1,456,30.000000,1666033200,'Chelak Qilib Sotishga'),(1969,1,184,1.000000,1666033200,'Tinting Kraska Tayorlashga'),(1970,1,15,79.520000,1666033200,'Urniga Dub almashib qolgan'),(1971,1,724,1.000000,1666119600,'Quyib Sotishga '),(1972,1,114,1.000000,1666119600,'Tinting Kraska Tayorlashga'),(1973,1,13,1.000000,1666292400,'Tinting Kraska Tayorlashga'),(1974,1,82,1.000000,1666292400,'Tinting Kraska Tayorlashga'),(1975,1,114,6.000000,1666292400,'Tinting Kraska Tayorlashga'),(1976,1,13,1.000000,1666292400,'Tinting Kraska Tayorlashga'),(1977,1,114,1.000000,1666292400,'Tinting Kraska Tayorlashga'),(1978,1,555,1.000000,1666292400,'Tinting Kraska Tayorlashga'),(1979,1,535,5.000000,1666292400,'Tinting Kraska Tayorlashga'),(1980,1,554,1.000000,1666292400,'Tinting Kraska Tayorlashga'),(1981,1,547,1.000000,1666292400,'Tinting Kraska Tayorlashga'),(1982,1,555,1.000000,1666292400,'Tinting Kraska Tayorlashga'),(1983,1,535,3.000000,1666292400,'Tinting Kraska Tayorlashga'),(1984,1,547,1.000000,1666292400,'Tinting Kraska Tayorlashga'),(1985,1,555,1.000000,1666292400,'Tinting Kraska Tayorlashga'),(1986,1,554,1.000000,1666292400,'Tinting Kraska Tayorlashga'),(1987,1,24,1.000000,1666378800,'Tinting Kraska Tayorlashga'),(1988,1,208,1.000000,1666378800,'Tinting Kraska Tayorlashga'),(1989,1,114,2.000000,1666378800,'Tinting Kraska Tayorlashga'),(1990,1,82,1.000000,1666378800,'Tinting Kraska Tayorlashga'),(1991,1,722,1.000000,1666378800,'Quyib Sotishga '),(1992,1,32,1.000000,1666551600,'Quyib Sotishga 179.56 kg Chiqdi'),(1993,1,208,1.000000,1666551600,'Tinting Kraska Tayorlashga'),(1994,1,554,2.000000,1666551600,'Tinting Kraska Tayorlashga'),(1995,1,553,1.000000,1666551600,'Tinting Kraska Tayorlashga'),(1996,1,549,1.000000,1666551600,'Tinting Kraska Tayorlashga'),(1997,1,551,1.000000,1666551600,'Tinting Kraska Tayorlashga'),(1998,1,555,1.000000,1666551600,'Tinting Kraska Tayorlashga'),(1999,1,145,0.500000,1666551600,'Brak'),(2000,1,32,2.000000,1666638000,'Quyib Sotishga 360.08 kg Chiqdi'),(2001,1,13,1.000000,1666638000,'Tinting Kraska Tayorlashga'),(2002,1,32,1.000000,1666724400,'Quyib Sotishga 179.98 kg Chiqdi'),(2003,1,15,4.130000,1666810800,'Brak'),(2004,1,32,1.000000,1666897200,'Quyib Sotishga 179.44 kg Chiqdi'),(2005,1,114,5.000000,1666983600,'Tinting Kraska Tayorlashga'),(2006,1,32,1.000000,1666983600,'Quyib Sotishga 181.12 kg Chiqdi'),(2007,1,457,1.000000,1666983600,'Tinting Kraska Tayorlashga'),(2008,1,535,2.000000,1666983600,'Tinting Kraska Tayorlashga'),(2009,1,13,1.000000,1666983600,'Tinting Kraska Tayorlashga'),(2010,1,114,3.000000,1666983600,'Tinting Kraska Tayorlashga'),(2011,1,82,1.000000,1666983600,'Tinting Kraska Tayorlashga'),(2012,1,208,1.000000,1666983600,'Tinting Kraska Tayorlashga'),(2013,1,547,3.000000,1666983600,'Tinting Kraska Tayorlashga'),(2014,1,555,3.000000,1666983600,'Tinting Kraska Tayorlashga'),(2015,1,560,2.000000,1666983600,'Tinting Kraska Tayorlashga'),(2016,1,548,1.000000,1666983600,'Tinting Kraska Tayorlashga'),(2017,1,32,1.000000,1667156400,'Quyib Sotishga 176.64 kg Chiqdi'),(2018,1,32,1.000000,1667242800,'Quyib Sotishga 179.34 kg Chiqdi'),(2020,1,32,1.000000,1667329200,'Quyib Sotishga 179.7 kg Chiqdi'),(2021,1,13,1.000000,1667415600,'Tinting Kraska Tayorlashga'),(2022,1,547,1.000000,1667415600,'Tinting Kraska Tayorlashga'),(2023,1,723,1.000000,1667502000,'Quyib Sotishga '),(2024,1,32,2.000000,1667502000,'Quyib Sotishga 360.36 kg Chiqdi'),(2025,1,690,1.000000,1667588400,'Tinting Kraska Tayorlashga'),(2026,1,13,1.000000,1667588400,'Tinting Kraska Tayorlashga'),(2027,1,554,1.000000,1667588400,'Tinting Kraska Tayorlashga'),(2028,1,535,1.000000,1667588400,'Tinting Kraska Tayorlashga'),(2029,1,523,1.000000,1667588400,'Tinting Kraska Tayorlashga'),(2030,1,535,1.000000,1667588400,'Tinting Kraska Tayorlashga'),(2031,1,82,1.000000,1667588400,'Tinting Kraska Tayorlashga'),(2032,1,114,3.000000,1667588400,'Tinting Kraska Tayorlashga'),(2033,1,32,1.000000,1667761200,'Quyib Sotishga 179 kg Chiqdi'),(2034,1,32,1.000000,1667761200,'Quyib Sotishga 179.14 kg Chiqdi'),(2035,1,208,1.000000,1667761200,'Tinting Kraska Tayorlashga'),(2036,1,114,2.000000,1667761200,'Tinting Kraska Tayorlashga'),(2037,1,554,1.000000,1667761200,'Tinting Kraska Tayorlashga'),(2038,1,32,1.000000,1667847600,'Quyib Sotishga 182.18 kg Chiqdi'),(2039,1,535,1.000000,1667847600,'Tinting Kraska Tayorlashga'),(2040,1,457,1.000000,1667847600,'Tinting Kraska Tayorlashga'),(2041,1,13,1.000000,1667847600,'Tinting Kraska Tayorlashga'),(2042,1,32,1.000000,1667934000,'Quyib Sotishga 181.06kg Chiqdi'),(2043,1,554,1.000000,1668020400,'Tinting Kraska Tayorlashga'),(2044,1,535,1.000000,1668020400,'Tinting Kraska Tayorlashga'),(2045,1,82,1.000000,1668020400,'Tinting Kraska Tayorlashga'),(2046,1,208,1.000000,1668020400,'Tinting Kraska Tayorlashga'),(2047,1,18,1.000000,1668020400,'Tinting Kraska Tayorlashga'),(2048,1,32,1.000000,1668020400,'Quyib Sotishga 180.66 kg Chiqdi'),(2049,1,32,1.000000,1668020400,'Quyib Sotishga 179.42 kg Chiqdi'),(2050,1,32,2.000000,1668193200,'Quyib Sotishga 360.96 kg Chiqdi'),(2051,1,123,1.000000,1668193200,'Quyib Sotishga '),(2052,1,13,2.000000,1668193200,'Tinting Kraska Tayorlashga'),(2053,1,208,1.000000,1668193200,'Tinting Kraska Tayorlashga'),(2054,1,24,1.000000,1668193200,'Tinting Kraska Tayorlashga'),(2055,1,535,1.000000,1668193200,'Tinting Kraska Tayorlashga'),(2056,1,114,2.000000,1668193200,'Tinting Kraska Tayorlashga'),(2057,1,555,1.000000,1668193200,'Tinting Kraska Tayorlashga'),(2058,1,145,0.700000,1668193200,'Namunaga '),(2059,1,359,1.000000,1668366000,'Metrlab Sotishga'),(2060,1,97,0.700000,1668366000,'Tinting Kraska Tayorlashga'),(2061,1,32,3.000000,1668538800,'Quyib Sotishga 542.6 kg Chiqdi'),(2062,1,32,1.000000,1668625200,'Quyib Sotishga 179.34 kg Chiqdi'),(2063,1,32,1.000000,1668798000,'Quyib Sotishga 175.24 kg Chiqdi'),(2064,1,32,1.000000,1668970800,'Quyib Sotishga 179.64 kg Chiqdi'),(2065,1,32,1.000000,1668970800,'Quyib Sotishga 180.48 kg Chiqdi'),(2066,1,358,1.000000,1668970800,'Metrlab Sotishga'),(2067,1,32,1.000000,1668970800,'Quyib Sotishga 180.4 kg Chiqdi'),(2068,1,97,7.660000,1668970800,'Tinting Kraska Tayorlashga'),(2069,1,13,2.000000,1669057200,'Tinting Kraska Tayorlashga'),(2070,1,82,2.000000,1669057200,'Tinting Kraska Tayorlashga'),(2071,1,555,1.000000,1669057200,'Tinting Kraska Tayorlashga'),(2072,1,558,1.000000,1669057200,'Tinting Kraska Tayorlashga'),(2073,1,555,1.000000,1669057200,'Tinting Kraska Tayorlashga'),(2074,1,548,2.000000,1669057200,'Tinting Kraska Tayorlashga'),(2075,1,562,1.000000,1669057200,'Tinting Kraska Tayorlashga'),(2076,1,535,5.000000,1669057200,'Tinting Kraska Tayorlashga'),(2077,1,457,1.000000,1669057200,'Tinting Kraska Tayorlashga'),(2078,1,114,2.000000,1669057200,'Tinting Kraska Tayorlashga'),(2079,1,551,1.000000,1669057200,'Tinting Kraska Tayorlashga'),(2080,1,208,1.000000,1669057200,'Tinting Kraska Tayorlashga'),(2081,1,114,1.000000,1669057200,'Tinting Kraska Tayorlashga'),(2082,1,554,1.000000,1669057200,'Tinting Kraska Tayorlashga'),(2083,1,317,1.000000,1669057200,'Tinting Kraska Tayorlashga'),(2084,1,554,2.000000,1669057200,'Tinting Kraska Tayorlashga'),(2085,1,13,1.000000,1669057200,'Tinting Kraska Tayorlashga'),(2086,1,82,1.000000,1669057200,'Tinting Kraska Tayorlashga'),(2087,1,114,1.000000,1669057200,'Tinting Kraska Tayorlashga'),(2088,1,535,2.000000,1669057200,'Tinting Kraska Tayorlashga'),(2089,1,457,1.000000,1669057200,'Tinting Kraska Tayorlashga'),(2090,1,555,1.000000,1669057200,'Tinting Kraska Tayorlashga'),(2091,1,547,1.000000,1669057200,'Tinting Kraska Tayorlashga'),(2092,1,723,1.000000,1669057200,'Tinting Kraska Tayorlashga'),(2093,1,32,1.000000,1669143600,'Quyib Sotishga 179.64 kg Chiqdi'),(2094,1,32,1.000000,1669143600,'Quyib Sotishga 179.6 kg Chiqdi'),(2095,1,32,1.000000,1669230000,'Quyib Sotishga 179.16 kg Chiqdi'),(2096,1,32,1.000000,1669230000,'Quyib Sotishga 178.36 kg Chiqdi'),(2097,1,114,2.000000,1669316400,'Tinting Kraska Tayorlashga'),(2098,1,82,1.000000,1669316400,'Tinting Kraska Tayorlashga'),(2099,1,13,1.000000,1669316400,'Tinting Kraska Tayorlashga'),(2100,1,535,1.000000,1669316400,'Tinting Kraska Tayorlashga'),(2101,1,555,1.000000,1669316400,'Tinting Kraska Tayorlashga'),(2102,1,551,1.000000,1669316400,'Tinting Kraska Tayorlashga'),(2103,1,550,1.000000,1669316400,'Tinting Kraska Tayorlashga'),(2104,1,18,5.000000,1669316400,'Tinting Kraska Tayorlashga'),(2105,1,32,1.000000,1669402800,'Quyib Sotishga 181.72 kg Chiqdi'),(2106,1,13,1.000000,1669402800,'Tinting Kraska Tayorlashga'),(2107,1,208,1.000000,1669402800,'Tinting Kraska Tayorlashga'),(2108,1,547,1.000000,1669402800,'Tinting Kraska Tayorlashga'),(2109,1,552,1.000000,1669402800,'Tinting Kraska Tayorlashga'),(2110,1,535,1.000000,1669402800,'Tinting Kraska Tayorlashga'),(2111,1,32,1.000000,1669575600,'Quyib Sotishga 181.14 kg Chiqdi'),(2112,1,32,1.000000,1669662000,'Quyib Sotishga 180.52 kg Chiqdi'),(2113,1,32,1.000000,1669662000,'Quyib Sotishga 179.48 kg Chiqdi'),(2114,1,32,2.000000,1669748400,'Quyib Sotishga 361.28 kg Chiqdi'),(2115,1,32,1.000000,1669834800,'Quyib Sotishga 180kg Chiqdi'),(2116,1,557,1.000000,1669834800,'Tinting Kraska Tayorlashga'),(2117,1,553,1.000000,1669834800,'Tinting Kraska Tayorlashga'),(2118,1,554,1.000000,1669834800,'Tinting Kraska Tayorlashga'),(2119,1,555,2.000000,1669834800,'Tinting Kraska Tayorlashga'),(2120,1,547,1.000000,1669834800,'Tinting Kraska Tayorlashga'),(2121,1,208,1.000000,1669834800,'Tinting Kraska Tayorlashga'),(2122,1,208,1.000000,1669834800,'Tinting Kraska Tayorlashga'),(2123,1,13,2.000000,1669834800,'Tinting Kraska Tayorlashga'),(2124,1,457,1.000000,1669834800,'Tinting Kraska Tayorlashga'),(2125,1,114,4.000000,1669834800,'Tinting Kraska Tayorlashga'),(2126,1,535,2.000000,1669834800,'Tinting Kraska Tayorlashga'),(2127,1,690,1.000000,1669834800,'Tinting Kraska Tayorlashga'),(2128,1,145,2.500000,1669834800,''),(2129,1,535,1.000000,1669921200,'Tinting Kraska Tayorlashga'),(2130,1,18,1.000000,1669921200,'Tinting Kraska Tayorlashga'),(2131,1,32,1.000000,1670007600,'Quyib Sotishga 180 kg Chiqdi'),(2132,1,114,6.000000,1670007600,'Tinting Kraska Tayorlashga'),(2133,1,547,2.000000,1670007600,'Tinting Kraska Tayorlashga'),(2134,1,554,1.000000,1670007600,'Tinting Kraska Tayorlashga'),(2136,1,551,1.000000,1670007600,'Tinting Kraska Tayorlashga'),(2138,1,32,1.000000,1670180400,'Quyib Sotishga 180kg Chiqdi'),(2139,1,32,1.000000,1670180400,'Quyib Sotishga 180 kg Chiqdi'),(2142,1,32,1.000000,1670439600,'Quyib Sotishga 179.8 kg Chiqdi'),(2141,1,32,1.000000,1670353200,'Quyib Sotishga 179.88 kg Chiqdi'),(2143,1,13,3.000000,1670526000,'Tinting Kraska Tayorlashga'),(2144,1,208,2.000000,1670526000,'Tinting Kraska Tayorlashga'),(2145,1,184,1.000000,1670526000,'Tinting Kraska Tayorlashga'),(2146,1,24,3.000000,1670526000,'Tinting Kraska Tayorlashga'),(2147,1,114,6.000000,1670526000,'Tinting Kraska Tayorlashga'),(2148,1,535,1.000000,1670526000,'Tinting Kraska Tayorlashga'),(2149,1,554,2.000000,1670526000,'Tinting Kraska Tayorlashga'),(2150,1,547,2.000000,1670526000,'Tinting Kraska Tayorlashga'),(2151,1,552,1.000000,1670526000,'Tinting Kraska Tayorlashga'),(2152,1,555,1.000000,1670526000,'Tinting Kraska Tayorlashga'),(2153,1,558,1.000000,1670526000,'Tinting Kraska Tayorlashga'),(2154,1,9,1.000000,1670612400,'Tinting Kraska Tayorlashga'),(2155,1,32,2.000000,1670612400,'Quyib Sotishga 360.06 kg Chiqdi'),(2156,1,32,3.000000,1670785200,'Quyib Sotishga 539.74 kg Chiqdi'),(2157,1,32,2.000000,1670871600,'Quyib Sotishga 361.03 kg Chiqdi'),(2158,1,722,1.000000,1670871600,'Quyib Sotishga '),(2159,1,114,2.000000,1670871600,'Tinting Kraska Tayorlashga'),(2160,1,13,1.000000,1670871600,'Tinting Kraska Tayorlashga'),(2161,1,24,2.000000,1670871600,'Tinting Kraska Tayorlashga'),(2162,1,535,3.000000,1670871600,'Tinting Kraska Tayorlashga'),(2163,1,555,1.000000,1670871600,'Tinting Kraska Tayorlashga'),(2164,1,32,1.000000,1670958000,'Quyib Sotishga 180kg Chiqdi'),(2165,1,32,1.000000,1670958000,'Quyib Sotishga 180.48 kg Chiqdi'),(2166,1,114,2.000000,1670958000,'Tinting Kraska Tayorlashga'),(2167,1,208,2.000000,1670958000,'Tinting Kraska Tayorlashga'),(2168,1,18,1.000000,1670958000,'Tinting Kraska Tayorlashga'),(2169,1,554,2.000000,1670958000,'Tinting Kraska Tayorlashga'),(2170,1,72,2.860000,1671044400,''),(2171,1,82,1.000000,1671130800,'Tinting Kraska Tayorlashga'),(2172,1,547,1.000000,1671130800,'Tinting Kraska Tayorlashga'),(2173,1,114,1.000000,1671130800,'Tinting Kraska Tayorlashga'),(2174,1,316,1.000000,1671130800,'Tinting Kraska Tayorlashga'),(2175,1,457,1.000000,1671130800,'Tinting Kraska Tayorlashga'),(2176,1,359,1.000000,1671130800,'Metrlab Sotishga'),(2177,1,358,1.000000,1671130800,'Metrlab Sotishga'),(2178,1,542,1.000000,1671130800,'Metrlab Sotishga'),(2179,1,32,2.000000,1671217200,'Quyib Sotishga 357.12 kg Chiqdi'),(2180,1,32,2.000000,1671390000,'Quyib Sotishga 359.48 kg Chiqdi'),(2181,1,32,2.000000,1671476400,'Quyib Sotishga 361.98 kg Chiqdi'),(2182,1,359,1.000000,1671476400,'Metrlab Sotishga'),(2183,1,32,1.000000,1671649200,'Quyib Sotishga 179.58 kg Chiqdi'),(2184,1,357,1.000000,1671649200,'Metrlab Sotishga'),(2185,1,24,2.000000,1671735600,'Tinting Kraska Tayorlashga'),(2186,1,114,10.000000,1671735600,'Tinting Kraska Tayorlashga'),(2187,1,208,3.000000,1671735600,'Tinting Kraska Tayorlashga'),(2188,1,13,2.000000,1671735600,'Tinting Kraska Tayorlashga'),(2189,1,535,3.000000,1671735600,'Tinting Kraska Tayorlashga'),(2190,1,625,1.000000,1671735600,'Tinting Kraska Tayorlashga'),(2191,1,547,2.000000,1671735600,'Tinting Kraska Tayorlashga'),(2192,1,555,2.000000,1671735600,'Tinting Kraska Tayorlashga'),(2193,1,562,1.000000,1671735600,'Tinting Kraska Tayorlashga'),(2194,1,551,1.000000,1671735600,'Tinting Kraska Tayorlashga'),(2195,1,145,1.300000,1671735600,'Brak'),(2196,1,114,1.000000,1671735600,'Tinting Kraska Tayorlashga'),(2197,1,535,1.000000,1671735600,'Tinting Kraska Tayorlashga'),(2198,1,547,1.000000,1671735600,'Tinting Kraska Tayorlashga'),(2199,1,32,1.000000,1671822000,'Quyib Sotishga 180.14 kg Chiqdi'),(2200,1,32,1.000000,1671822000,'Quyib Sotishga 180kg Chiqdi'),(2202,1,32,2.000000,1672254000,'Quyib Sotishga 360.91 kg Chiqdi'),(2203,1,114,8.000000,1672426800,'Tinting Kraska Tayorlashga'),(2204,1,535,7.000000,1672426800,'Tinting Kraska Tayorlashga'),(2205,1,82,1.000000,1672426800,'Tinting Kraska Tayorlashga'),(2206,1,625,1.000000,1672426800,'Tinting Kraska Tayorlashga'),(2207,1,184,3.000000,1672426800,'Tinting Kraska Tayorlashga'),(2208,1,13,2.000000,1672426800,'Tinting Kraska Tayorlashga'),(2209,1,554,2.000000,1672426800,'Tinting Kraska Tayorlashga'),(2210,1,555,2.000000,1672426800,'Tinting Kraska Tayorlashga'),(2211,1,553,1.000000,1672426800,'Tinting Kraska Tayorlashga'),(2212,1,551,1.000000,1672426800,'Tinting Kraska Tayorlashga'),(2213,1,547,1.000000,1672426800,'Tinting Kraska Tayorlashga'),(2214,1,171,2.000000,1672426800,'Tinting Kraska Tayorlashga'),(2215,1,145,3.500000,1672426800,'Namunaga '),(2217,1,145,0.700000,1708887600,'Brak');

--
-- Table structure for table `role`
--

CREATE TABLE `role` (
  `id_role` int(11) NOT NULL AUTO_INCREMENT,
  `name_role` varchar(100) CHARACTER SET utf8 COLLATE utf8_unicode_ci NOT NULL DEFAULT '',
  PRIMARY KEY (`id_role`)
) ENGINE=MyISAM AUTO_INCREMENT=3 DEFAULT CHARSET=latin1;

--
-- Dumping data for table `role`
--

INSERT INTO `role` VALUES (1,'admin'),(2,'user');

--
-- Table structure for table `siryo`
--

CREATE TABLE `siryo` (
  `id_siryo` int(11) NOT NULL AUTO_INCREMENT,
  `id_category_siryo` int(11) NOT NULL DEFAULT '0',
  `name_siryo` varchar(50) CHARACTER SET utf8 COLLATE utf8_unicode_ci DEFAULT NULL,
  `id_unit` int(11) DEFAULT NULL,
  `cost_siryo` decimal(20,6) NOT NULL DEFAULT '0.000000',
  `isActive` int(11) NOT NULL DEFAULT '1',
  `weight` decimal(20,2) DEFAULT NULL,
  PRIMARY KEY (`id_siryo`)
) ENGINE=MyISAM AUTO_INCREMENT=753 DEFAULT CHARSET=latin1;

--
-- Dumping data for table `siryo`
--

INSERT INTO `siryo` VALUES (1,1,'VP380.77.25kg (650)',32,148.000000,1,26.64),(2,1,'HP777.12,5kg (397)',32,0.000000,1,13.45),(3,1,'VP500.40.25kg (672)',32,148.000000,1,26.64),(4,1,'HP900.6,25kg (381)',32,0.000000,0,NULL),(5,1,'VA510.00.12kg (438)',32,157.000000,1,13.30),(6,1,'HA190.6kg (439)',32,0.000000,1,6.59),(7,1,'VA500.40.15kg (392)',32,142.000000,1,16.37),(8,1,'HA190.1,5kg (393)',32,0.000000,1,1.76),(9,1,'VN101.8150.12kg (389)',32,63.000000,1,13.30),(10,1,'BP333.77.3033.18kg (387)',32,92.000000,1,19.30),(11,1,'HP900.6kg (385)',32,0.000000,1,6.59),(12,1,'ZD420.1093 1lt (417)',31,12.000000,1,0.97),(13,1,'BN100.40.1000.12kg (399)',32,68.000000,1,13.34),(15,5,'Yasin Shpon (549)',36,2.000000,1,NULL),(16,1,'BP333.77.1000.18kg (659)',32,92.000000,1,19.30),(18,1,'BN100.00.2001.12kg (416)',32,77.000000,1,13.34),(222,8,'Safir Mondi Divan',40,660.000000,1,NULL),(20,1,'BN100.77.1000.13kg (651)',32,54.000000,1,14.15),(21,1,'BN301.77.8144.13kg (667)',32,54.000000,1,14.15),(223,8,'Kantry Divan',40,800.000000,1,NULL),(23,1,'BP333.77.8144.18kg (386)',32,92.000000,1,19.30),(24,1,'BP580.50.1000.12kg (400)',32,130.000000,1,13.30),(224,8,'Herrem Divan',40,1200.000000,1,NULL),(26,1,'HP196.00.6kg Baryer Otver (469)',32,0.000000,1,6.59),(27,1,'HP600.12.5kg (558)',32,0.000000,1,13.19),(28,1,'HP777.6kg (414)',32,0.000000,1,6.51),(29,1,'HP900.3kg (407)',32,0.000000,1,3.45),(30,1,'HP580.6kg (635)',32,0.000000,1,6.55),(31,1,'HP900.12,5kg',32,0.000000,0,NULL),(32,1,'TN150.180kg (419)',39,430.000000,1,195.00),(33,1,'TP100.12kg (412)',32,48.000000,1,13.00),(34,1,'TP100.180kg (418)',39,670.000000,1,195.00),(221,8,'Hunker Divan',40,800.000000,1,NULL),(36,1,'TR100.00 3kg Zamedlitel',32,15.000000,1,NULL),(37,1,'VA104.77.15kg (654)',32,132.000000,1,16.37),(38,1,'Vl195.77.12kg Baryer (693)',32,205.000000,1,13.30),(39,1,'VN100.00.12kg (477)',32,53.000000,1,13.15),(40,1,'VN100.15.12kg (476)',32,53.000000,1,13.15),(41,1,'VN100.40.12kg (391)',32,53.000000,1,13.15),(42,1,'VN100.77.12kg (666)',32,53.000000,1,13.63),(43,1,'VN100.77.25kg (660)',32,97.000000,1,25.14),(44,1,'VN101.00.3111.12kg (390)',32,61.000000,1,13.30),(45,1,'VN100.77.3kg (661)',32,16.000000,1,3.43),(46,1,'VP500.00.25kg (671)',32,205.000000,1,26.89),(47,1,'VP500.20.12kg (676)',32,81.000000,1,13.30),(48,1,'VP500.20.25kg (669)',32,148.000000,1,26.89),(49,1,'VP500.40.12kg (676)',32,81.000000,1,13.30),(50,1,'VP509.40.25kg (398)',32,179.000000,1,27.00),(51,1,'VU155.00.20kg ',32,130.000000,1,NULL),(52,1,'ZD420.1029 1litr (421)',31,12.000000,1,0.97),(53,1,'ZD820.1007 1 LT TUTUN (424)',32,16.000000,1,1.10),(54,1,'ZD820.1013 1 LT BEYAZ (502)',32,28.500000,1,1.90),(55,1,'ZD820.1014 1 LT OKYANUS MAVI (446)',32,16.000000,1,1.10),(56,1,'ZD820.1025 1 LT KIRMIZI (435)',32,16.000000,1,1.12),(57,1,'ZD820.1033 1 LT MESE (404)',32,16.000000,1,1.10),(58,1,'ZD820.1043 1 LT KOYU FINDIK (503)',32,16.000000,1,1.11),(59,1,'ZD820.1051 1 LT KOYU MESE (402)',32,16.000000,1,1.11),(60,1,'ZD820.1052 1litr MAUN (425)',32,16.000000,1,1.12),(61,1,'ZD820.1054 1LT SARI  (426)',32,28.500000,1,1.10),(62,1,'ZD820.1056 PARLEMENT MAVI 1 LT (447)',32,28.500000,1,1.10),(63,1,'ZD820.1058 1 LT YESIL (448)',32,28.500000,1,1.10),(64,1,'ZD820.1069 1 LT TURUNCU (528)',32,16.000000,1,1.12),(65,1,'ZD820.1072 1 LT SIYAH (445)',32,16.000000,1,1.15),(66,1,'ZD820.1090 1 LT KOYU MAUN (927)',32,16.000000,1,1.10),(67,1,'ZD820.1093 1 LT FINDIK (444)',32,16.000000,1,1.10),(68,1,'ZD820.1096 1 LT VENGE (423)',32,16.000000,1,1.12),(69,1,'ZD820.1092 1 LT CEVIZ (401)',32,16.000000,1,1.10),(70,1,'ZD900.1092 1litr (568)',32,14.500000,1,NULL),(71,1,'ZD420.1072 1litr (422)',32,12.000000,1,0.97),(72,5,'Orex Shpon (549)',36,4.000000,1,NULL),(73,5,'Orex Freza Shpon',36,2.700000,1,NULL),(74,5,'Dub Shpon (549)',36,2.400000,1,NULL),(75,1,'T43003 Dub Shpatlevka (420)',32,2.500000,1,1.08),(76,1,'T43002 Orex Shpatlevka (456)',32,2.500000,1,1.08),(77,1,'T43000 Oq Shpatlevka (457)',32,2.500000,1,1.08),(78,1,'BO100.00 0.83lt Smivka (437)',32,7.000000,1,1.19),(219,8,'Firuze Divan',40,975.000000,1,NULL),(80,1,'VP500.00.12kg (679)',32,104.000000,1,13.30),(81,1,'HP900.12KG',32,0.000000,0,NULL),(82,1,'BP580.25.1000.12kg (581)',32,130.000000,1,13.30),(83,1,'ZD820.1084. 1 LT ANTIK CEVIZ (403)',32,16.000000,1,1.12),(84,1,'ZD820.1087. 1 LT KOYU CEVIZ (405)',32,16.000000,1,1.10),(85,1,'ZD820.1088. 1 LT KAHVERENGI MAUN (434)',32,19.000000,1,1.12),(86,1,'VP380.77.3kg (677)',32,23.000000,1,3.43),(87,1,'HP777.1,5 kg (428)',32,0.000000,1,1.76),(88,1,'VP500.40.3kg (449)',32,22.000000,1,3.43),(89,1,'HP900.0,75kg (450)',32,0.000000,1,NULL),(90,5,'Maun Krasniy Shpon',36,2.500000,1,NULL),(91,5,'Buk Shpon',36,1.500000,1,NULL),(92,1,'VP380.77.12kg (657)',32,82.000000,1,13.30),(94,1,'Tilla Kraska 1kg',30,14.000000,1,NULL),(325,7,'D35-4-120-200 Yum',40,13.750000,1,NULL),(96,1,'VA500.25.15kg (472)',32,142.000000,1,16.37),(97,1,'TN150.1kg',30,2.500000,1,1.00),(98,1,'BE400.76 3/1 Polyester Shpaklyovka (480)',40,10.000000,1,3.00),(326,8,'Avalon Stul',40,40.000000,1,NULL),(100,1,'CP535.00.1000 12kg',32,218.000000,1,NULL),(102,1,'CP535.00.0000 8.4kg',32,48.000000,1,NULL),(103,1,'CP558.25.1000 12kg (100/50 HP120 6kg)',32,91.000000,1,NULL),(330,1,'BP444.77.1000.12kg Baryer (780)',40,86.000000,1,13.30),(105,1,'CP558.25.0000 9kg',32,63.000000,1,NULL),(106,1,'CP535.00.1000 3kg PU',32,20.000000,1,NULL),(329,1,'BN100.00.2185.12kg Krom Sari',40,64.000000,1,13.34),(108,1,'CP535.00.0000 2.1kg',32,13.000000,1,NULL),(109,1,'CP558.25.1000 3kg PU',32,23.000000,1,NULL),(111,1,'CP558.25.1000 2.1kg',32,17.000000,1,NULL),(112,1,'CN500.00.0000 9.6kg Sel',32,54.000000,1,NULL),(113,1,'CN500.00.0000 2.4kg Sel',32,15.000000,1,NULL),(114,1,'CN500.15.0000 9.6kg Sel (904)',32,65.000000,1,NULL),(115,1,'CN500.15.0000 2.4kg Sel',32,15.000000,1,NULL),(116,1,'Kumush Patina 1kg',30,12.000000,1,NULL),(117,1,'Kumush Kraska 1kg',30,12.000000,0,NULL),(324,7,'D35-10-120-200 Yum',40,34.000000,1,NULL),(220,8,'Papatya Divan',40,930.000000,1,NULL),(120,1,'HP551.13kg (410)',32,0.000000,1,NULL),(121,1,'BP580.50.1000 3KG',32,10.000000,0,NULL),(216,8,'Sehzada Divan',40,875.000000,1,NULL),(123,1,'TN150.12kg (878)',32,37.000000,1,13.00),(124,1,'BP571.15.1001.12kg (550)',40,72.000000,0,NULL),(125,1,'VS102.00 2.5 lt Yat Vernik Parlak',40,15.000000,1,2.61),(126,1,'VP515.20 12kg Terma Stoyki',40,100.000000,1,NULL),(127,1,'HP515.00 6kg',40,0.000000,1,NULL),(128,1,'VL280.77 25lt',40,167.000000,1,NULL),(129,1,'HP280.00 12.5lt',40,0.000000,1,NULL),(130,1,'VP551.00.24kg (409)',32,400.000000,1,26.39),(131,1,'VP525.00 25kg (HP125.00 12.5kg)',40,200.000000,1,NULL),(132,1,'HP125.00 12.5kg (525.00 25kg)',40,0.000000,1,NULL),(133,1,'VP561.00 24kg (HP161.00 12kg)',40,200.000000,1,NULL),(134,1,'HP161.00 12kg (VP561.00 24kg)',40,0.000000,1,NULL),(633,8,'Arins Divan',40,1.000000,1,NULL),(136,1,'BE400.76 1/1 Polyester Shpaklyovka',40,4.000000,0,NULL),(137,5,'Dub Krasniy',36,1.500000,1,NULL),(335,8,'Hunker #3 Divan',40,1400.000000,1,NULL),(139,1,'Patina Siyah 3kg',32,17.000000,1,NULL),(140,1,'BP571.50.1001. 12kg (406)',32,80.000000,1,13.30),(141,1,'VP 595.45 (12kg)',32,100.000000,1,NULL),(142,2,'HP 159.00 (5kg)',32,0.000000,0,NULL),(143,1,'BI100.00.8002 .2,5lt Promishliniy Kraska',32,1.000000,1,NULL),(218,8,'Paris Divan',40,895.000000,1,NULL),(145,1,'=Cench Tinting Kraska 1kg',30,1.000000,1,NULL),(146,1,'Doska',40,35.000000,1,NULL),(147,1,'TA550.00 12kg (533)',40,50.000000,1,13.00),(148,1,'HP 135.00. 10lt',40,0.000000,1,NULL),(149,1,'BN100.77.9103.13kg (691)',40,55.000000,1,14.15),(150,1,'KO 610.00 0,75kg',40,7.000000,1,NULL),(151,1,'CP558.25.0000 2.25kg',40,1.000000,1,NULL),(152,1,'VP595.15 10lt',40,100.000000,1,NULL),(333,8,'Agirguli Divan',40,1200.000000,1,NULL),(154,1,'HA190.0,3kg (479)',40,0.000000,1,NULL),(332,8,'Basak Divan',40,950.000000,1,NULL),(156,1,'VA103.77. (3kg)',40,1.000000,1,NULL),(157,1,'Sprey Gench (400ml)',40,1.000000,1,NULL),(158,1,'VP600.77.Gruntovka (3lt) HP600.(1.5)',40,1.000000,1,NULL),(159,1,'HP600.1.5Lt Cizilmes',40,0.000000,1,1.76),(160,1,'BE401.77.1000.10kg (903)',40,90.000000,1,NULL),(161,1,'VP500.10.12kg (411)',40,67.000000,0,13.30),(229,8,'Sezen Divan',40,1400.000000,1,NULL),(228,8,'Salyangoz Divan',40,1300.000000,1,NULL),(227,8,'Mesale Divan',40,1300.000000,1,NULL),(226,8,'Izmik Divan',40,1300.000000,1,NULL),(225,8,'Melodi Divan',40,1400.000000,1,NULL),(167,8,'Mebel Turkiya',40,1700.000000,1,NULL),(168,1,'Tilla Patina 1kg (750) Jexdi',30,12.000000,1,NULL),(331,1,'HP444.3kg Baryer Sert (407)',40,0.000000,1,3.45),(170,1,'HP600.6kg (783)',40,0.000000,1,6.59),(171,1,'HP580.1.5kg (471)',40,14.000000,1,1.76),(172,8,'Stul Karkaz Avalon Model',40,40.000000,1,NULL),(339,5,'Yasin Xolli',40,1.850000,1,NULL),(338,8,'Bulgaria Divan',40,1300.000000,1,NULL),(175,1,'Tilla Patina 1kg (5437) Zafar',30,12.000000,1,NULL),(176,1,'Tilla Kraska 1kg (0050) Zafar',40,14.000000,1,NULL),(177,1,'Kumush Kraska 1kg (5461) Zafar',30,14.000000,0,NULL),(337,8,'Oskar Divan',40,1600.000000,1,NULL),(336,8,'Gulbahor Divan',40,1000.000000,1,NULL),(180,1,'Patina Kahva.5kg',40,28.000000,1,NULL),(181,1,'VP500.10.25kg (672)',40,129.000000,1,27.39),(182,5,'Chinor Maple',36,2.000000,1,NULL),(183,5,'Qayrogoch Elm Crown',36,2.000000,1,NULL),(184,1,'BN100.00.1000.12kg (374)',40,66.000000,1,13.34),(217,8,'Pier Divan',40,965.000000,1,NULL),(186,1,'VA500.40.3kg (478)',40,35.000000,1,3.43),(187,1,'BP333.77.1000.4,5kg (670) ',40,28.000000,1,4.93),(188,1,'HP900.1,5kg (471)',40,0.000000,1,1.76),(189,1,'VA510.00.3kg (473)',40,44.000000,1,3.43),(190,7,'D22-2-120-240 Std',40,7.000000,1,NULL),(191,7,'D22-4-120-240 Std',40,14.000000,1,NULL),(192,7,'D22-10-120-240 Std',40,35.000000,1,NULL),(193,7,'D22-14-120-240 Std',40,49.000000,1,NULL),(194,7,'D22-3-100-200 Std',40,7.300000,1,NULL),(195,7,'D28-2-120-240 Std',40,4.500000,1,NULL),(196,7,'D28-4-120-240 Std',40,11.000000,1,NULL),(197,7,'D28-10-120-240 Std',40,44.500000,1,NULL),(198,7,'D28-14-120-240 Std',40,62.300000,1,NULL),(199,7,'D28-2-120-240 Yum',40,8.900000,1,NULL),(200,7,'D28-4-120-240 Yum',40,11.000000,1,NULL),(201,7,'D28-10-120-240 Yum',40,44.500000,1,NULL),(202,7,'D28-14-120-240 Yum',40,62.300000,1,NULL),(203,7,'D35-2-120-240 Yum',40,11.000000,1,NULL),(204,7,'D35-4-120-240 Yum',40,22.000000,1,NULL),(205,7,'D35-10-120-240 Yum',40,55.000000,1,NULL),(206,7,'D35-14-120-240 Yum',40,76.000000,1,NULL),(207,1,'VP500.00.3kg (702)',32,31.000000,1,3.43),(208,1,'BN100.10.1000.12kg (522)',32,68.000000,1,13.34),(209,7,'D32-4-120-240 Std',32,17.800000,1,NULL),(210,7,'D32-10-120-240 Std',40,44.500000,1,NULL),(211,7,'D32-14-120-240 Std',40,62.300000,1,NULL),(212,7,'D32-2-120-240 Std',40,8.900000,1,NULL),(213,1,'VN101.8150.3kg (662)',40,21.000000,1,3.43),(214,1,'HP904.12,5kg (383)',40,0.000000,1,13.06),(215,1,'HP904.3kg (407)',40,0.000000,1,3.45),(230,8,' Arizone Stul',40,63.000000,1,NULL),(231,8,'Socci Bil Kreslo',40,325.000000,1,NULL),(232,8,'Dubai Stul',40,55.000000,1,NULL),(233,8,'Cogan Stul',40,105.000000,1,NULL),(234,8,'Xagmur Stul',40,90.000000,1,NULL),(235,8,'Elif Stul',40,80.000000,1,NULL),(236,8,'Melodi Stul',40,100.000000,1,NULL),(237,8,'Kralet Stul',40,85.000000,1,NULL),(238,8,'Kantry Stul',40,65.000000,1,NULL),(239,8,'Papatya Stul',40,65.000000,1,NULL),(240,8,'Salyangoz Stul',35,80.000000,1,NULL),(241,8,'Mnekse Stul',40,80.000000,1,NULL),(242,8,'Nabor Mebel Yogoch N1',40,2220.000000,1,NULL),(243,8,'Nabor Mebel Yogoch N2',40,2100.000000,1,NULL),(334,8,'Istanbul Divan',40,700.000000,1,NULL),(245,8,'Gunay Divan',40,1000.000000,1,NULL),(246,8,'Bella Divan',40,1200.000000,1,NULL),(247,8,'Gozde Divan',40,1200.000000,1,NULL),(248,8,'Ayfin Divan',40,1000.000000,1,NULL),(249,8,'Lolezar Divan',40,650.000000,1,NULL),(250,8,'Hunker #2 Divan',40,1200.000000,1,NULL),(251,8,'Kral Divan',40,1200.000000,1,NULL),(252,8,'Elit Divan',40,1200.000000,1,NULL),(253,8,'Dubay Chestir Divan',40,1150.000000,1,NULL),(254,8,'Dubay Taj Divan',40,1200.000000,1,NULL),(255,8,'Elif Chestir Divan',40,1150.000000,1,NULL),(256,8,'Kristo Divan',40,1150.000000,1,NULL),(257,8,'Arizone Divan',40,1400.000000,1,NULL),(258,8,'Gulipek Divan',40,1350.000000,1,NULL),(259,8,'Kral Stul',40,70.000000,1,NULL),(260,8,'Elit Stul',40,70.000000,1,NULL),(261,8,'Mobilya Stul',40,65.000000,1,NULL),(262,8,'Bulgari Stul',40,70.000000,1,NULL),(263,8,'#1 Stul',40,70.000000,1,NULL),(264,8,'#2 Stul',40,70.000000,1,NULL),(265,8,'#3 Stul',40,65.000000,1,NULL),(266,8,'Kulakli Stul',40,85.000000,1,NULL),(267,8,'Tajli Stul',40,85.000000,1,NULL),(268,8,'Yogoch MDF Skof Kamod Stol',40,1500.000000,1,NULL),(269,8,'Shkaf #1',40,250.000000,1,NULL),(270,1,'BS600.8195.2.5kg',40,11.800000,0,NULL),(271,1,'BS600.2680.0.75kg',40,4.000000,1,NULL),(272,1,'BS600.4176.0.75kg',40,4.000000,1,NULL),(273,1,'HP904.12kg (475)',40,0.000000,1,NULL),(274,1,'VP509.40.3kg',40,24.000000,0,NULL),(275,1,'BP571.25.1000.12kg (406)',32,72.000000,0,NULL),(328,1,'HX100.00.6kg Epokso Sert (611)',40,0.000000,1,NULL),(278,1,'VU154.20',40,209.000000,1,NULL),(279,1,'HE400. 0.225kg Polyester Hizlandirici',40,0.000000,1,NULL),(280,5,'Buk Bruskiy Dlya Mebel',37,550.000000,1,NULL),(327,1,'VX100.00.18kg Epoksi',40,255.000000,0,NULL),(282,7,'D20-10-1-2 Std',40,27.500000,1,NULL),(283,7,'D20-5-1-2 Std',40,7.500000,1,NULL),(284,7,'D20-3-1-2 Std',40,8.250000,1,NULL),(285,7,'D20-2-1-2 Std',40,5.500000,1,NULL),(286,8,'Yildiray Divan',40,1350.000000,1,NULL),(287,8,'Mercan Divan',40,1600.000000,1,NULL),(288,8,'Gogdas Divan',40,1200.000000,1,NULL),(289,8,'Sarmasik Divan',40,1700.000000,1,NULL),(292,8,'Petek Divan',40,2400.000000,1,NULL),(291,8,'Hira Divan',40,1600.000000,1,NULL),(293,8,'Socci Divan',40,2400.000000,1,NULL),(294,8,'Apolet Divan Abivka ',40,2700.000000,1,NULL),(295,8,'Apolet Divan ',40,2400.000000,1,NULL),(296,8,'Cresida Divan',40,1700.000000,1,NULL),(297,8,'Roze Divan',40,1700.000000,1,NULL),(298,8,'Ares Divan',40,1.000000,1,NULL),(299,8,'Monica Divan',40,1400.000000,1,NULL),(300,8,'Beyza Divan',40,1100.000000,1,NULL),(301,8,'Gondol Divan',40,1200.000000,1,NULL),(302,8,'Kardelen Divan',40,1300.000000,1,NULL),(303,8,'Kral #2 Divan',40,2000.000000,1,NULL),(304,8,'Rapunzer Divan',40,1450.000000,1,NULL),(305,8,'Leonardo Divan',40,1100.000000,1,NULL),(306,8,'Papatya #2 Divan',40,1350.000000,1,NULL),(307,8,'Karen Divan',40,1350.000000,1,NULL),(308,8,'Gorkem Divan',40,1100.000000,1,NULL),(309,8,'Ofis Kreslo, 2ta Stul',40,1000.000000,1,NULL),(310,8,'Monolya Stul',40,250.000000,1,NULL),(311,8,'Oymali Stul',40,250.000000,1,NULL),(312,8,'Papatya #2 Stul',40,90.000000,1,NULL),(313,8,'Firuze Stul',40,24.000000,1,NULL),(314,8,'Gold Stul',40,90.000000,1,NULL),(315,1,'VU165.00.20kg (973)',40,198.000000,1,21.67),(316,1,'BN100.00.3205.12kg',40,63.000000,1,13.34),(317,1,'BN100.00.9123.12kg (593)',40,61.000000,1,13.34),(318,1,'BN100.00.2183.12kg',40,64.000000,1,13.34),(319,1,'VA104.77.3kg (870)',40,32.000000,1,3.43),(320,1,'BP133.77.1000.18kg (659)',40,1.000000,0,NULL),(321,1,'HP133.6kg',40,0.000000,1,NULL),(322,7,'D20-4-1-2 Std',40,11.000000,1,NULL),(323,1,'KO610.3kg Katalizator',40,24.000000,1,NULL),(340,1,'P-180.1mt Shkurka',34,1.000000,1,NULL),(341,1,'P-320.1mt Shkurka',34,1.000000,1,NULL),(342,1,'P-400.1mt Shkurka',34,1.000000,1,NULL),(343,1,'P-280.1mt Shkurka',34,0.920000,1,NULL),(344,1,'P-220.1mt Shkurka',34,1.000000,1,NULL),(345,1,'BS600.4176.2.5Lt (763)',40,11.800000,0,2.47),(346,1,'TP100.1kg',30,4.000000,1,NULL),(347,3,'Dastavka Damas',40,1.000000,1,NULL),(348,1,'VU190.77.20kg Bariyer (700)',40,320.000000,1,NULL),(349,1,'VN100.77.18kg',40,68.000000,0,NULL),(350,1,'HP123.12kg',40,0.000000,1,NULL),(351,1,'BN160.15.1000.12KG SEL. MAT BEYAZ BOYA (374)',40,57.000000,1,13.30),(352,1,'BN100.00.3205 2.5LT Sel Boya-Bayrak Kirmizi',40,14.500000,1,2.81),(353,1,'BN100.00.2185 2.5LT Sel Boya-Krom Sari',40,14.500000,1,2.91),(354,1,'BN100.00.8505.3kg',32,15.000000,0,NULL),(355,1,'BN100.00.8506.12kg (769)',40,62.000000,1,13.34),(356,1,'BN100.00.8505.12kg (768)',40,62.000000,1,13.34),(357,1,'P-180.25mt Karobka Shkurka (791)',40,22.000000,1,1.72),(358,1,'P-220.25mt Karobka Shkurka (704)',40,22.000000,1,1.72),(359,1,'P-320.25mt Karobka Shkurka (766)',40,22.000000,1,1.72),(360,1,'BN100.77.9103.3kg (678)',40,14.000000,1,NULL),(361,1,'Sadaf Toz EL103 25kg',40,450.000000,1,NULL),(362,1,'BE400.76 1.8/1 Polyester Shpaklyovka (682)',40,7.000000,1,NULL),(363,1,'BN100.00.1140.12kg Krem.Sel.Boya (684)',40,66.000000,1,13.34),(364,1,'HP444.6kg Baryer Sert (475)',40,0.000000,0,6.59),(365,1,'3kg Pasuda',40,0.800000,1,NULL),(366,1,'BL193.77.1000.12kg Mdf Bariyeri (975)',40,80.000000,1,13.30),(367,1,'HP193.3kg (BL193.77.1000.12kg) (468)',40,0.000000,1,3.45),(368,8,'Spalniy Garnitur',40,2300.000000,1,NULL),(369,1,'TN200.180kg (799)',40,525.000000,1,195.00),(370,8,'Aytikin#1 Divan',40,1000.000000,1,NULL),(371,8,'Karen#2 Divan',40,1250.000000,1,NULL),(372,8,'Karen#3 Divan',40,1300.000000,1,NULL),(373,8,'Karen#1 Stul',40,80.000000,1,NULL),(374,8,'Avalon#2 Stul',40,60.000000,1,NULL),(375,1,'BN100.00.1810.12kg Metalik Altin (697)',40,96.000000,1,13.34),(376,1,'BN100.00.7069.12kg Metalik Gumush (698)',40,89.000000,1,13.34),(377,1,'BN100.00.3310.12kg Metalik Bronz',40,88.000000,1,13.34),(378,1,'P-400.25mt Karobka Shkurka (703)',40,22.000000,1,1.72),(379,1,'BN100.77.1000.3kg (701)',40,15.000000,1,3.33),(380,1,'BL193.77.20+6kg MDF BARIYERI (706)',40,120.000000,1,25.50),(381,1,'HP193.6kg (385)',40,0.000000,1,6.59),(382,1,'VP510.20.10Lt Cizilmes (781)',40,76.000000,1,11.40),(383,1,'HP600.5Lt Cizilmes (686)',40,0.000000,1,NULL),(384,9,'DW209.90.1002.15LT',40,1.000000,1,NULL),(385,9,'DW209.90.1002.7.5LT',40,1.000000,1,NULL),(386,9,'DW209.90.1002.2.5LT',40,1.000000,1,NULL),(387,1,'TN200.1kg',30,2.130000,1,NULL),(388,9,'Premium Silicon Matt Beyaz 15Lt 1001 ',40,66.500000,1,23.60),(389,9,'Premium Silicon Matt Beyaz 7.5Lt 1001 ',40,35.800000,1,11.42),(390,9,'Premium Silicon Matt Beyaz 2.5Lt 1001 ',40,13.100000,1,3.81),(391,9,'Premium Silicon Matt D1 15Lt 1002 ',40,66.500000,1,24.35),(392,9,'Premium Silicon Matt D1 7.5Lt 1002 ',40,35.800000,1,12.30),(393,9,'Premium Silicon Matt D1 2.5Lt 1002 ',40,13.100000,1,4.12),(394,9,'Premium Silicon Matt D2 15Lt 1003',40,66.500000,1,23.71),(395,9,'Premium Silicon Matt D2 7.5Lt 1003',40,35.800000,1,11.97),(396,9,'Premium Silicon Matt D2 2.5Lt 1003',40,13.100000,1,4.01),(397,9,'Premium Silicon Matt D3 15Lt 1004',40,60.000000,1,23.49),(398,9,'Premium Silicon Matt D3 7.5Lt 1004',40,32.300000,1,11.86),(399,9,'Premium Silicon Matt D3 2.5Lt 1004',40,13.000000,1,3.98),(400,9,'Premium Silicon Matt D4 15Lt 1005',40,50.000000,1,22.46),(401,9,'Premium Silicon Matt D4 7.5Lt 1005',40,27.800000,1,11.35),(402,9,'Premium Silicon Matt D4 2.5Lt 1005',40,11.100000,1,3.81),(403,9,'Premium Cover Primer 15LT 1001',40,38.000000,1,22.95),(404,9,'Premium Cover Primer 2.5Lt 1001',40,8.000000,1,3.88),(405,9,'Standard Ecosil Matt Beyaz 12Lt 1001 ',40,51.100000,1,21.56),(406,9,'Standard Ecosil Matt Beyaz 6Lt 1001 ',40,27.100000,1,10.92),(407,9,'Standard Ecosil Matt Beyaz 2.2Lt 1001 ',40,11.700000,1,4.03),(408,9,'Premium Silicon Matt A1 15Lt 1001',40,66.500000,1,24.34),(409,9,'Premium Silicon Matt A1 7.5Lt 1001',40,35.800000,1,12.29),(410,9,'Premium Silicon Matt A1 2.5Lt 1001',40,13.100000,1,4.12),(411,9,'Standard Plastic Matt A1 12Lt 1001',40,48.200000,1,20.97),(412,9,'Standard Plastic Matt A1 6Lt 1001',40,26.300000,1,10.63),(413,9,'Standard Plastic Matt A1 2.2Lt 1001',40,11.000000,1,3.91),(414,9,'Standard Plastic Matt D1 12Lt 1002',40,48.200000,1,20.97),(415,9,'Standard Plastic Matt D1 6Lt 1002',40,26.300000,1,10.63),(416,9,'Standard Plastic Matt D1 2.2Lt 1002',40,11.000000,1,3.91),(417,9,'Standard Plastic Matt D2 12Lt 1003',40,48.200000,1,20.97),(418,9,'Standard Plastic Matt D2 6Lt 1003',40,26.300000,1,10.63),(419,9,'Standard Plastic Matt D2 2.2Lt 1003',40,11.000000,1,3.91),(420,9,'Standard Plastic Matt D3 12Lt 1004',40,41.000000,1,20.97),(421,9,'Standard Plastic Matt D3 6Lt 1004',40,21.900000,1,10.63),(422,9,'Standard Plastic Matt D3 2.2Lt 1004',40,8.800000,1,3.91),(423,9,'Fassade Silicon Sun A1 15Lt 1001',40,76.000000,1,24.66),(424,9,'Fassade Silicon Sun A1 7.5Lt 1001',40,41.000000,1,12.41),(425,9,'Fassade Silicon Sun A1 2.5Lt 1001',40,15.300000,1,4.16),(426,1,'VS102.40 2.5Lt Yat Vernik I.Mat',40,15.000000,1,2.63),(427,1,'VS100.00 2.5Lt Parke Vernik Parlak',40,15.000000,1,2.61),(428,1,'VS100.20 2.5Lt Parke Vernik Mat',40,15.000000,1,2.66),(429,9,'Silicon Satin 15Lt 1001 Beyaz',40,63.000000,1,NULL),(430,1,'BN100.40.1000 2.5Lt (760)',40,17.000000,1,3.18),(431,1,'BN100.00.2001 2.5Lt (774)',40,17.000000,1,2.83),(432,8,'Gogan Divan',40,1.000000,1,NULL),(433,1,'BS600.00.4176.2.5lt Sent.Renkl.Venge',40,12.500000,1,2.48),(434,1,'Patal Yaproq Oltin (10000sht)',40,450.000000,1,NULL),(435,1,'Patal Yaproq Kumush (10000sht)',40,450.000000,1,NULL),(436,1,'P-150.25mt Karobka Shkurka (767)',40,22.000000,1,1.72),(437,1,'P-150 1mt Shkurka',40,1.000000,1,NULL),(438,1,'BP575.77.1000 12kg',40,98.000000,1,13.30),(439,1,'HP575 6kg (385)',40,0.000000,1,6.59),(440,10,'Buk Taxta ',37,670.000000,1,NULL),(441,1,'BL193.77.2kg Mdf Bariyeri (775)',40,16.000000,1,2.33),(442,1,'HP193.0.5kg (776)',40,0.000000,1,0.50),(443,1,'BL193.77.12+3 kg MDF BARIYERI (777)',40,75.000000,1,13.30),(444,1,'HP193.00. 3kg (407)',40,0.000000,1,3.45),(445,8,'Nergiz Stul',40,70.000000,1,NULL),(446,8,'Zeytin Stul',40,70.000000,1,NULL),(447,8,'Crasida Stul',40,70.000000,1,NULL),(448,8,'Petek Stul',40,70.000000,1,NULL),(449,8,'Mesale Stul',40,70.000000,1,NULL),(450,8,'Dilek Divan',40,1.000000,1,NULL),(451,8,'Aristakrat Divan',40,1.000000,1,NULL),(452,8,'Yaren Divan',40,1.000000,1,NULL),(453,1,'VP510.40 10kg Cizilmes (781)',40,76.000000,1,11.40),(454,1,'BP475.77.1000 15kg Esnek Astar (882)',40,124.000000,1,16.26),(455,1,'HP475 6kg ',40,0.000000,1,NULL),(456,1,'F00081 Altin Boya 1kg (1011)',40,11.000000,1,1.00),(457,1,'CP585.50.0000 10.2kg (785)',40,1.000000,1,NULL),(458,1,'CP585.50.1000 12kg (505)',40,1.000000,1,NULL),(459,1,'VP510.10 3kg Cizilmes (789)',32,24.000000,0,NULL),(461,1,'VP510.40 3kg Cizilmes (790)',32,27.000000,1,3.49),(462,9,'COROB TINTING Emulsiya',40,10000.000000,1,NULL),(463,1,'VS100.00 12kg Parke Vernik Parlak',32,60.000000,1,13.35),(464,1,'VS102.00 12kg Yat Vernik Parlak',32,60.000000,1,13.34),(465,1,'Qaxva Patin 15kg',40,85.000000,1,NULL),(466,1,'Qaxva Patin 4kg',32,24.000000,1,NULL),(468,11,'10.DIYE - Sari 1lt',40,25.000000,1,NULL),(469,11,'1.Sari.2 EYL 1lt',40,95.000000,1,NULL),(470,11,'2.DGRN - Yesil 1lt',40,36.000000,1,NULL),(471,11,'8.IOR - Orange 1lt',40,58.000000,1,NULL),(472,11,'5.DOXY - Oksit Sari 1lt',40,21.000000,1,NULL),(473,11,'6.ERE1 - Kirmizi 1lt',40,69.000000,1,NULL),(474,11,'7.EBL - Mavi 1lt',40,46.000000,1,NULL),(475,11,'12.DP550.00.0210 EBK1 - Siyah 1lt',40,25.000000,1,NULL),(476,11,'13.EVI1 - Viyole 1lt',40,109.000000,1,NULL),(477,11,'4.EXR1 - Oksit Kirmizi 1lt',40,21.000000,1,NULL),(478,11,'3.EWH1 - Beyaz 1lt',40,35.000000,1,NULL),(479,11,'9.ERE.3 - Kirmizi 1lt',40,67.000000,1,NULL),(480,11,'11.EOR - Turuncu 1lt',40,64.000000,1,NULL),(481,9,'FASSADE SILICONE SUN C BAZI 15 LT',40,60.000000,1,24.18),(482,9,'FASSADE SILICONE SUN D1 BAZI  15 LT',40,76.000000,1,24.66),(483,9,'FASSADE SILICONE SUN D2 BAZI 15 LT',40,76.000000,1,24.66),(484,9,'FASSADE SILICONE SUN D3 BAZI 15 LT',40,66.000000,1,24.66),(485,9,'FASSADE SILICONE SUN D4 BAZI 15 LT',40,60.000000,1,24.66),(486,9,'Standard Plastic Mat Beyaz 12Lt 1001',40,48.200000,1,21.56),(487,9,'Standard Plastic Mat Beyaz 6Lt 1001',40,26.300000,1,10.92),(488,9,'Standard Plastic Mat Beyaz 2.2Lt 1001',40,11.000000,1,4.03),(525,9,'Premium Silicon Silk Matt Beyaz 7.5Lt 1001',40,53.000000,1,10.82),(490,9,'Standard Latex Matt Beyaz 20kg 1001',40,36.500000,1,20.66),(491,9,'Standard Latex Matt Beyaz 7.5Lt 1001',40,25.600000,1,13.92),(492,9,'Standard Latex Matt Beyaz 2.5Lt 1001',40,10.200000,1,4.51),(493,9,'Silicone Rock Impregnation 5Lt',40,27.000000,1,5.27),(494,9,'Premium Interior Putty ic 25kg',40,36.500000,1,25.96),(495,9,'Premium Interior Putty ic 5kg',40,11.200000,1,NULL),(496,9,'Fassade Exterior Putty Dis 25kg',40,36.500000,1,26.07),(497,9,'Fassade Exterior Putty 4kg',40,8.700000,1,NULL),(499,9,'Premium Silicon Satin Beyaz 7.5Lt 1001',40,51.100000,1,10.75),(523,1,'VX100.00. 21kg Epoksi (874)',40,375.000000,1,22.90),(501,9,'Premium Transparent Primer 20Lt',40,29.200000,1,21.10),(502,9,'Premium Transparent Primer 5Lt',40,8.000000,1,5.27),(503,9,'Premium Silicon Satin Beyaz 2.5Lt 1001',40,19.000000,1,3.61),(504,9,'Fassade Silicon Sun Beyaz 15Lt 1001',40,76.000000,1,24.66),(505,9,'Fassade Silicon Sun Beyaz 7.5Lt 1001',40,41.000000,1,12.41),(506,9,'Fassade Eco Sun Beyaz 7.5Lt 1001',40,36.500000,1,12.92),(507,9,'Fassade Silicon Cover Primer Beyaz 15Lt ',40,46.700000,1,22.83),(508,9,'Fassade Silicon Cover Primer Beyaz 2.5Lt ',40,8.800000,1,3.86),(509,9,'Fassade Concrete Primer Kirmizi 12kg',40,22.500000,1,NULL),(510,9,'Fassade Eco Sun Beyaz 20kg 1001',40,54.000000,1,20.66),(511,9,'Fassade Eco Sun Beyaz 2.5Lt 1001',40,13.200000,1,4.33),(512,9,'Fassade Silicon Sun Beyaz 2.5Lt 1001',40,15.300000,1,4.16),(513,9,'Hydro Isolation Beyaz 20kg 1001',40,87.600000,1,20.78),(514,9,'Hydro Isolation Beyaz 3kg 1001',40,15.300000,1,3.17),(516,9,'Premium Silicon Satin Beyaz 15Lt 1001',40,97.100000,1,21.35),(531,1,'ZD421.3400 1lt Kizil Altin (881)',40,18.000000,1,1.00),(530,1,'ZD421.2400 1lt Altin (880)',40,17.000000,1,1.00),(524,9,'Premium Silicon Silk Matt Beyaz 15Lt 1001',40,100.000000,1,21.41),(521,9,'Standard Acrylic Ceiling Beyaz 17.5kg 1001',40,29.200000,1,18.16),(522,9,'Standard Acrylic Ceiling Beyaz 3.5kg 1001',40,7.300000,1,3.68),(526,9,'Premium Silicon Silk Matt Beyaz 2.5Lt 1001',40,19.000000,1,3.62),(527,9,'Premium Concentrated Primer 1:7 15Lt',40,87.600000,1,15.75),(528,9,'Premium Concentrated Primer 1:7 2.5Lt',40,15.300000,1,2.86),(532,1,'F00081 Gumush Boya 1kg',32,11.000000,1,1.00),(533,1,'TO172.00 RAPID Tiner 1kg',40,5.000000,1,NULL),(534,1,'VP510.10.10kg Cizilmes (443)',40,76.000000,0,11.20),(535,1,'CP585.25.0000 10.2kg (1013)',40,63.000000,1,NULL),(536,1,'F00081 Altin Boya 2.5kg',40,30.000000,0,NULL),(537,1,'F00081 Champangne Boya 1kg (456)',40,11.000000,1,1.00),(538,1,'VP380.77.200kg',40,1.000000,0,NULL),(539,1,'VU142.77 20kg (953)',40,155.000000,1,21.67),(540,1,'VE401.77 10kg Polyester',40,90.000000,1,NULL),(541,8,'Kelibek Stul',40,70.000000,1,NULL),(542,1,'P-240.25mt Karobka Shkurka (931)',40,22.000000,1,1.72),(543,1,'BU110.77.1590 Ral9010 20kg (943)',40,280.000000,1,21.67),(544,1,'TO190.00 RAPID Tiner 0.9LT',32,3.000000,1,8.18),(545,1,'VU141.77 20kg (507)',32,155.000000,1,21.67),(546,1,'P-240.1mt Shkurka',34,1.000000,1,NULL),(547,12,'PP600.0001',32,104.000000,1,NULL),(548,12,'PP600.0002',32,259.000000,1,NULL),(549,12,'PP600.0003',32,121.000000,1,NULL),(550,12,'PP600.0004',32,137.000000,1,NULL),(551,12,'PP600.0005',32,133.000000,1,NULL),(552,12,'PP600.0006',32,127.000000,1,NULL),(553,12,'PP600.0007',32,92.000000,1,NULL),(554,12,'PP600.0008',32,82.000000,1,NULL),(555,12,'PP600.0009',32,61.000000,1,NULL),(556,12,'PP600.0010',32,206.000000,1,NULL),(557,12,'PP600.0011',32,292.000000,1,NULL),(558,12,'PP600.0012',32,87.000000,1,NULL),(559,12,'PP600.0013',32,184.000000,1,NULL),(560,12,'PP600.0014',32,278.000000,1,NULL),(561,12,'PP600.0015',32,278.000000,1,NULL),(562,12,'PP600.0016',32,135.000000,1,NULL),(563,1,'IK380.10 15kg (IK981. 5kg) Barkhatistaya Tekstura',32,228.000000,1,NULL),(564,1,'IK981.5kg',32,0.000000,1,NULL),(565,8,'Ziynat Stul',32,70.000000,1,NULL),(566,1,'BP580.00.1000.12kg (998)',40,132.000000,1,13.30),(567,1,'BS600.00.8125. 2.5LT KIZIL CEVIZ (965)',40,12.500000,1,2.48),(568,1,'BS600.00.8109. 2.5LT CEVIZ (966)',40,12.500000,1,2.48),(569,1,'BS600.00.8151. 2.5LT KOYU CEVIZ (967)',40,12.500000,1,2.48),(570,1,'BS600.00.8195. 2.5LT FINDIK (968)',40,12.500000,1,2.48),(572,1,'BS600.00.8107. 2.5LT ACIK MESE (969)',40,12.500000,1,2.48),(574,1,'VA107.77 3kg ',40,1.000000,1,NULL),(575,1,'HA197.00 0.3kg (479)',40,0.000000,1,0.30),(576,1,'BN350.77.1110.18KG SEL. ASTAR - OZEL BEYAZ (975)',40,62.000000,1,19.26),(577,1,'BU110.77.1003.20kg UV AKRILIK BEYAZI BOYA (943)',40,275.000000,1,21.67),(578,1,'VA300.25.15kg AKRILIK MAT VERNIK (654)',40,123.000000,1,16.37),(579,1,'VA300.40.15kg AKRILIK I.MAT VERNIK (392)',40,123.000000,1,16.37),(580,1,'HA300.1.5KG AKRILIK SERTLESTIRICI  ',40,0.000000,1,1.76),(581,1,'VA107.77.15KG AKRILIK DOLGU (870)',40,117.000000,1,16.37),(582,1,'HA197.1.5kg AKRILIK SERT (393)',40,0.000000,1,1.76),(583,1,'VA500.25.3kg AKRILIK MAT VERNIK (478)',32,35.000000,1,3.43),(584,1,'Yol Cizgi Boyasi 24kg',40,1.000000,1,25.00),(585,1,'VP500.20.3kg (793)',40,22.000000,1,3.43),(586,1,'Vl195.77.3kg Baryer (999)',32,59.000000,1,3.43),(587,1,'HP196.00.1.5kg Baryer Otver (993)',32,0.000000,1,1.76),(588,1,'VP510.20.3Lt Cizilmes (793)',40,27.000000,1,3.49),(589,8,'Muborak Stul',40,60.000000,1,NULL),(590,8,'EFE Divan',40,1000.000000,1,NULL),(591,8,'Kreslo Italiya',40,150.000000,1,NULL),(592,1,'BN100.00.1810.3kg Metalik Altin',40,22.000000,1,2.83),(593,1,'BP250.50.1000.12kg PU.BOYA-I.MAT BEYAZ (HP250 6kg)',40,1.000000,1,NULL),(594,1,'HP250.6kg (BP250.50.1000.12kg)',40,1.000000,1,NULL),(595,1,'BP702.50.1001.20kg PANEL KAPI BOYA KAR BEYAZI',40,1.000000,1,NULL),(596,1,'VP850.77.12kg PU. DOLGU VERNIK (HP777.6kg)',40,1.000000,1,NULL),(597,1,'VA500.00.3kg (HA190.0.3kg)',40,1.000000,1,NULL),(598,1,'HP540.6kg',40,0.000000,1,NULL),(599,1,'LT093.3kg DARBE DAYANIMLI PU.MAT VERNIK (LT0923kg)',40,1.000000,1,NULL),(600,1,'LT090.3kg DARBE DAYANIMLI PU.MAT BEYAZ(LT092.3kg)',40,1.000000,1,NULL),(601,1,'LT091.3kg.DARBE DAYANIMLI PU.OZEL MATBE(LT092.3kg)',40,1.000000,1,NULL),(602,1,'LT092.3kg PU. SERTLESTIRICI',40,1.000000,1,NULL),(603,1,'BP540.00.1000 3kg PU.BOYA-PARL-BEY(HP540.1.5kg)  ',40,1.000000,1,NULL),(604,1,'HP540.1.5kg',40,1.000000,1,NULL),(605,1,'VA901.10 3kg 1K AKRILIK MAT BAZ ',40,1.000000,1,NULL),(606,1,'ZD900.1025 1lt KIRMIZI',40,12.000000,1,1.00),(607,1,'ZD900.1008 1lt GUL ',40,12.000000,1,1.00),(608,1,'ZD900.1069 1lt TURUNCU',40,12.000000,1,1.00),(609,1,'ZD420.1008 1lt GUL',40,12.000000,1,1.00),(610,1,'ZD900.1090 1lt KOYU MAUN ',40,12.000000,1,1.00),(611,1,'ZD900.1096 1lt VENGE ',40,12.000000,1,1.00),(612,1,'ZD900.1007 1lt TUTUN',40,12.000000,1,NULL),(613,1,'ZD900.1095 1lt KAHVE CEKIRDEGI',40,12.000000,1,1.00),(614,1,'ZD900.1072 1lt SIYAH ',40,12.000000,1,1.00),(615,1,'ZD420.1015 1lt MAVI',40,12.000000,1,1.00),(616,1,'ZD420.1004 1lt SARI',40,12.000000,1,1.00),(617,1,'ZD900.1014 1lt OKYANUS MAVI',40,12.000000,1,1.00),(618,1,'ZD900.1042 1lt YESIL',40,12.000000,1,1.00),(619,1,'ZD900.1089 1lt TIK ',40,12.000000,1,1.00),(620,1,'ZD900.1004 1lt SARI',40,12.000000,1,1.00),(621,1,'BL193.77.1000.2kg Mdf Bariyeri (997)',32,17.000000,1,2.33),(622,1,'VA520.00.12kg AKRILIK PARLAK VERNIK ',40,142.000000,1,13.30),(623,1,'HA520.6kg AKRILIK SERTLESTIRICI  ',40,0.000000,1,6.59),(634,8,'Monaliza Divan',32,1.000000,1,NULL),(733,1,'HP903.12.5kg',32,0.000000,1,13.06),(624,1,'COROB TINTING KRASKA',32,1.000000,1,NULL),(625,1,'CP585.25.1001 10.8kg (1012) ',32,74.000000,1,12.10),(626,1,'CP585.50.1001 10.8kg',32,74.000000,1,12.10),(627,1,'BN100.00.1000 2.5Lt (1016)',40,17.000000,1,3.18),(628,1,'VN100.00.3kg ',40,16.000000,1,3.43),(629,1,'VN100.40.3kg (1120)',40,16.000000,1,3.43),(630,1,'VN100.15.3kg (1025)',40,16.000000,1,3.43),(631,1,'BP580.00.1000.3kg',40,40.000000,1,3.43),(632,1,'BP580.25.1000.3kg ',40,39.000000,1,3.43),(635,1,'BS200.00.9103.SIYAH 2.5 LT',40,18.000000,1,2.88),(636,1,'BS200.00.9103.SIYAH 0.75 LT',32,7.000000,1,0.93),(637,1,'BS200.10.9103.MAT SIYAH 2.5 LT',40,18.000000,1,3.36),(638,1,'BS200.10.9103.MAT SIYAH 0.75 LT',32,7.000000,1,1.16),(639,1,'BS200.00.1000.BOYA BEYAZ 2.5 LT',32,18.000000,1,3.38),(640,1,'BS200.00.1000.BOYA BEYAZ 0.75 LT',32,7.000000,1,1.09),(641,1,'BS200.10.1000.MAT BEYAZ 2.5 LT',32,18.000000,1,3.93),(642,1,'BS200.10.1000.MAT BEYAZ 0.75 LT',32,7.000000,1,1.25),(643,1,'BS200.00.7100.BOYA METALIK GRI 2.5 LT',32,18.000000,1,2.91),(644,1,'BS200.00.7100.BOYA METALIK GRI 0.75 LT',32,7.000000,1,0.94),(645,1,'BS200.00.7210.BOYA KURSUNI 2.5 LT',32,18.000000,1,3.07),(646,1,'BS200.00.7210.BOYA KURSUNI 0.75 LT',32,7.000000,1,0.99),(647,1,'BS200.00.8910.BOYA KOYU KAHVE 2.5 LT',32,18.000000,1,3.38),(648,1,'BS200.00.8910.BOYA KOYU KAHVE 0.75 LT',32,7.000000,1,0.96),(649,1,'BS200.00.8926.BOYA ACIK KAHVE 2.5 LT',32,18.000000,1,2.98),(650,1,'BS200.00.8926.BOYA ACIK KAHVE 0.75 LT',32,7.000000,1,0.97),(651,1,'BS200.00.7400.BOYA GUMUS 2.5 LT',32,18.000000,1,3.38),(652,1,'BS200.00.7400.BOYA GUMUS 0.75 LT',32,7.000000,1,1.09),(653,1,'BS100.78.7103.ANTIPAS - GRI 2.5 LT',32,14.000000,1,4.18),(654,1,'BS100.78.7103. ANTIPAS - GRI 0.75 LT',32,6.000000,1,1.33),(655,1,'BS100.78.3105.ANTIPAS - KIRMIZI 2.5 LT',32,14.000000,1,4.28),(656,1,'BS100.78.3105. KIRMIZI 0.75 LT',32,6.000000,1,1.36),(658,9,'FASSADE SILICONE PLUS D2 BAZI 15 LT',32,64.000000,1,22.94),(659,9,'FASSADE SILICONE PLUS D2 BAZI 2.5 LT',32,11.700000,1,3.87),(660,9,'FASSADE SILICONE PLUS BEYAZ 2.5 LT',32,13.600000,1,3.99),(661,9,'FASSADE SILICONE PLUS BEYAZ 7.5 LT',32,36.500000,1,11.89),(662,9,'FASSADE SILICONE PLUS BEYAZ 15 LT',32,68.500000,1,23.62),(663,9,'FASSADE SILICONE SUN C BAZI 2.5 LT',32,12.200000,1,4.08),(664,9,'FASSADE SILICONE SUN C BAZI 7.5 LT',32,33.000000,1,12.17),(665,9,'FASSADE SILICONE PLUS D4 BAZI 2.5 LT',32,9.800000,1,3.70),(666,9,'FASSADE SILICONE PLUS D4 BAZI 7.5 LT',32,26.500000,1,11.04),(667,9,'FASSADE SILICONE PLUS C BAZI 15 LT',32,50.000000,1,21.67),(668,9,'FASSADE SILICONE PLUS C BAZI 2.5 LT',32,10.000000,1,3.67),(669,9,'FASSADE SILICONE PLUS C BAZI 7.5 LT',32,26.500000,1,10.91),(670,9,'FASSADE SILICONE PLUS D1 BAZI 2.5 LT',32,12.300000,1,3.95),(671,9,'FASSADE SILICONE PLUS D4 BAZI 15 LT',32,50.300000,1,21.91),(672,9,'FASSADE SILICONE SUN D2 BAZI 2.5 LT',32,15.300000,1,4.08),(673,9,'FASSADE SILICONE SUN D3 BAZI 2.5 LT',32,13.300000,1,4.08),(674,9,'FASSADE SILICONE SUN D3 BAZI 7.5 LT',32,35.700000,1,12.17),(675,9,'FASSADE SILICONE SUN D2 BAZI 7.5 LT',32,41.000000,1,12.17),(676,9,'FASSADE SILICONE SUN D4 BAZI 2.5 LT',32,12.200000,1,4.08),(677,9,'FASSADE SILICONE SUN D4 BAZI 7.5 LT',32,33.000000,1,12.17),(678,9,'HYDRO ISOLATION BEYAZ 10 KG',32,34.000000,1,10.65),(679,9,'FASSADE SILICONE SUN D1 BAZI  7.5 LT',32,41.000000,1,12.17),(680,9,'FASSADE SILICONE SUN D1 BAZI 2.5 LT',32,15.300000,1,4.08),(681,8,'Yamur',40,250.000000,1,NULL),(682,8,'Saygul Divan',40,350.000000,1,NULL),(683,8,'Dubay Divan',40,350.000000,1,NULL),(684,1,'BP580.50.1000.3kg',32,39.000000,1,3.43),(685,8,'Z Divan',40,650.000000,1,NULL),(686,8,'X Divan',40,650.000000,1,NULL),(687,8,'A Divan',40,650.000000,1,NULL),(688,8,'B Divan',40,650.000000,1,NULL),(689,1,'BN100.10.1000 2.5Lt ',32,17.000000,1,3.18),(690,1,'BN100.10.9103.12kg Sel.Boya-Mat-Siyah 12kg (932)',40,64.000000,1,13.34),(691,9,'FASSADE SILICONE PLUS D1 BAZI 15 LT',32,1.000000,1,24.66),(692,9,'FASSADE SILICONE PLUS D2 BAZI 7.5 LT',32,1.000000,1,12.17),(693,9,'FASSADE SILICONE PLUS D3 BAZI 15 LT',32,1.000000,1,24.66),(694,9,'FASSADE SILICONE PLUS D3 BAZI 2.5 LT',32,1.000000,1,NULL),(695,9,'FASSADE SILICONE PLUS D1 BAZI 7.5 LT',32,1.000000,1,NULL),(696,9,'FASSADE SILICONE PLUS D3 BAZI 7.5 LT',32,1.000000,1,NULL),(697,1,'BP548.77.1000.15kg',32,1.000000,1,NULL),(698,1,'HP548.00.6kg',32,1.000000,1,NULL),(699,9,'FASSADE SILICONE PLUS A1 BAZI 15 LT',40,65.300000,1,23.78),(700,9,'FASSADE SILICONE PLUS A1 BAZI 2.5 LT',40,12.700000,1,4.01),(701,1,'VW500.00.5166.2.5kg SOYULABILEN TRANSPARAN MAVI ',40,1.000000,1,2.68),(702,1,'BS100.78.9103. ANTIPAS-SIYAH 2.5 LT',40,14.000000,1,4.13),(703,1,'BS100.78.9103. ANTIPAS-SIYAH 0.75 LT',40,6.000000,1,1.31),(704,1,'BI500.00.8236. 2.5LT PLATIN HAMMERTON BOYA KAHVE',40,19.500000,1,2.89),(705,1,'BI500.00.8236. 0.75LT PLATIN HAMMERTON BOYA KAHVE',32,7.000000,1,0.95),(706,1,'BI500.00.7140. 0.75LT PLATIN HAMMERTON BOYA BEJ ',40,7.000000,1,0.95),(707,1,'BI500.00.7140. 2.5LT PLATIN HAMMERTON BOYA BEJ ',40,19.500000,1,2.89),(708,1,'BI500.00.9111. 0.75LT PLATIN HAMMERTON BOYA SIYAH ',40,7.000000,1,0.93),(709,1,'BI500.00.9111. 2.5LT PLATIN HAMMERTON BOYA SIYAH ',40,19.500000,1,2.84),(710,1,'BI500.00.8234.0.75LT PLATIN HAMMERTON KOYU KAHVE ',40,7.000000,1,0.94),(711,1,'BI500.00.8234. 2.5LT PLATIN HAMMERTON KOYU KAHVE ',40,19.500000,1,2.86),(712,1,'BI500.00.7138. 2.5LT PLATIN HAMMERTON KOYU GRI ',40,19.500000,1,2.86),(713,1,'BI500.00.7138. 0.75LT PLATIN HAMMERTON KOYU GRI ',40,7.000000,1,0.94),(714,1,'BI500.00.7139. 0.75LT PLATIN HAMMERTON GUMUS GRI ',40,7.000000,1,0.94),(715,1,'BI500.00.7139. 2.5LT PLATIN HAMMERTON GUMUS GRI ',40,19.500000,1,2.86),(716,1,'BI500.00.8235. 0.75LT PLATIN HAMMERTON ACIK KAHVE ',40,7.000000,1,0.96),(717,1,'BI500.00.8235. 2.5LT PLATIN HAMMERTON ACIK KAHVE ',40,19.500000,1,2.91),(718,1,'VA500.10.15kg',32,139.000000,1,16.37),(719,1,'BN350.77.1110.3kg Sel. Astar - Ozel Beyaz',32,1.000000,1,NULL),(720,1,'VA520.00.3kg AKRILIK PARLAK VERNIK',32,42.000000,1,3.43),(721,1,'HA520.1,5kg AKRILIK SERTLESTIRICI ',32,0.000000,1,1.76),(722,1,'F00081 Altin Boya 15kg (1011)',40,145.000000,1,16.00),(723,1,'F00081 Champangne Boya 15kg (456)',40,145.000000,1,16.00),(724,1,'F00081 Gumush Boya 15kg',40,145.000000,1,16.00),(725,1,'BN100.77.1000.25kg',32,99.000000,1,26.86),(726,1,'BN350.77.1110. 25kg Sel. Astar - Ozel Beyaz',32,84.000000,0,26.86),(727,1,'BN100.10.1000.25kg Sel Boya Mat Beyaz',32,137.000000,1,26.84),(728,1,'BN100.00.1000.25kg Sel Boya-Beyaz',32,129.000000,1,26.84),(729,1,'BN100.40.1000.25kg Sel Boya I.Mat Beayz',32,137.000000,1,26.84),(730,1,'VA520.00.25kg Akrilik Parlak Vernik',32,277.000000,1,26.84),(731,1,'HA520.12.5lt Akrilik Sertlestirici',32,0.000000,1,12.94),(732,1,'BP333.77.1000.25kg Pu Astar Boya - Beyaz',32,1.000000,1,26.76),(734,1,'VW500.00.5166.15kg Mavi Soyulabilen kaplama',32,185.000000,1,16.33),(735,1,'1kg Pasuda',32,0.400000,1,NULL),(736,1,'VS100.40.12kg Parke Vernik I.Mat',40,62.000000,1,13.35),(737,1,'VS100.20.12kg Parke Vernik Mat',32,62.000000,1,13.35),(738,9,'10lt Pasuda Baklashka ',40,0.400000,1,NULL),(739,1,'BP333.77.1000.30kg ',40,147.000000,1,31.74),(740,1,'HP900.10kg ',32,0.000000,1,10.70),(742,1,'VS102.20.12kg YAT Vernik-Mat',40,62.000000,1,13.34),(743,1,'BN350.77.1110. 30kg Sel. Astar - Ozel Beyaz',40,100.000000,1,31.74),(744,1,'BN100.00.9123 2.5LT Sel Boya-Siyah',40,14.500000,1,1.78),(745,1,'VP661.00 24kg Poliakrilik Vernik Parlak',40,390.000000,1,26.39),(746,1,'HP661.12kg ',40,0.000000,1,13.45),(747,1,'BN100.00.6400 2.5lt Sel Boya Cimen Yesili',32,14.500000,1,3.18),(748,1,'VS102.20 2.5lt  Yat Vernik-Mat',40,15.000000,1,2.66),(749,1,'VS102.40 12kg Yat Vernik I.Mat',40,62.000000,1,13.34),(750,1,'VH400. 0.225kg Polyester Hizlandirici',32,0.000000,1,NULL),(751,1,'VS100.40 2.5lt Parke Vernik I.Mat',32,15.000000,1,2.66),(752,1,'TN200 12Lt',32,38.000000,1,NULL);

--
-- Table structure for table `unit`
--

CREATE TABLE `unit` (
  `id_unit` int(11) NOT NULL AUTO_INCREMENT,
  `name_unit` varchar(50) CHARACTER SET utf8 COLLATE utf8_unicode_ci NOT NULL DEFAULT '',
  PRIMARY KEY (`id_unit`)
) ENGINE=MyISAM AUTO_INCREMENT=41 DEFAULT CHARSET=latin1;

--
-- Dumping data for table `unit`
--

INSERT INTO `unit` VALUES (30,'кг'),(31,'литр'),(32,'банка'),(33,'гр'),(34,'метр'),(35,'см'),(36,'м2'),(37,'м3'),(39,'бочка'),(40,'шт');

--
-- Table structure for table `vozvrat`
--

CREATE TABLE `vozvrat` (
  `id_vozvrat` int(11) NOT NULL AUTO_INCREMENT,
  `id_prodaja` int(11) NOT NULL DEFAULT '0',
  `amount_vozvrat` decimal(20,6) NOT NULL DEFAULT '0.000000',
  `time_vozvrat` int(11) NOT NULL DEFAULT '0',
  `description_vozvrat` varchar(200) CHARACTER SET utf8 COLLATE utf8_unicode_ci NOT NULL DEFAULT '',
  PRIMARY KEY (`id_vozvrat`)
) ENGINE=MyISAM AUTO_INCREMENT=1314 DEFAULT CHARSET=latin1;

--
-- Dumping data for table `vozvrat`
--

INSERT INTO `vozvrat` VALUES (1,38,31.190000,1578250800,''),(2,876,1.000000,1578682800,''),(3,877,1.000000,1578682800,''),(4,748,2.000000,1579028400,''),(5,749,2.000000,1579028400,''),(6,757,9.000000,1579201200,''),(7,758,9.000000,1579201200,''),(8,1808,1.000000,1579719600,''),(9,1848,3.000000,1580065200,''),(10,2389,1.000000,1580238000,''),(11,1565,1.000000,1580410800,''),(12,1566,1.000000,1580410800,''),(13,548,1.000000,1580410800,''),(14,549,1.000000,1580410800,''),(15,2767,1.000000,1580842800,''),(16,2768,1.000000,1580842800,''),(17,3195,1.000000,1581361200,''),(18,2966,1.000000,1581361200,''),(19,3636,1.000000,1581361200,''),(20,3640,1.000000,1581534000,''),(21,3639,1.000000,1581534000,''),(22,3714,1.000000,1581620400,''),(23,3715,1.000000,1581620400,''),(24,2913,10.000000,1581620400,''),(25,4409,8.000000,1582830000,''),(26,4410,8.000000,1582830000,''),(27,5257,1.000000,1582916400,''),(28,5063,1.000000,1583262000,''),(29,5064,1.000000,1583262000,''),(31,4323,1.000000,1583262000,''),(32,5060,1.000000,1583262000,''),(33,5061,1.000000,1583262000,''),(34,5261,1.000000,1583262000,''),(35,5260,1.000000,1583262000,''),(36,4313,1.000000,1583348400,''),(37,5984,2.000000,1583434800,''),(38,6024,1.000000,1583694000,''),(39,3049,3.000000,1583866800,''),(40,5054,1.000000,1583953200,''),(41,6439,1.000000,1583953200,''),(43,1983,1.000000,1584039600,''),(46,5343,1.000000,1584039600,''),(47,5344,1.000000,1584039600,''),(48,5903,1527.020000,1584298800,''),(49,1799,6.000000,1584298800,''),(50,6549,1.000000,1584385200,''),(51,12,1.000000,1584471600,''),(52,2006,1.000000,1584471600,''),(53,2006,2.000000,1584471600,''),(54,4644,1.000000,1584558000,''),(55,4645,1.000000,1584558000,''),(57,2000,1.000000,1584558000,''),(58,7053,1.000000,1584644400,''),(59,7093,1.000000,1584644400,''),(61,7094,1.000000,1584644400,''),(63,7179,2.000000,1584644400,''),(64,30,1.000000,1584903600,''),(65,1985,1.000000,1584903600,''),(66,16,1.000000,1584903600,''),(67,1970,1.000000,1584903600,''),(68,2025,1.000000,1584903600,''),(69,2026,1.000000,1584990000,''),(70,2024,1.000000,1584990000,''),(71,1999,1.000000,1584990000,''),(72,3184,1.000000,1584990000,''),(73,1982,1.000000,1584990000,''),(74,2005,2.000000,1585076400,''),(75,27,1.000000,1585076400,''),(76,23,1.000000,1585076400,''),(77,1981,1.000000,1585076400,''),(78,1972,1.000000,1585076400,''),(79,2001,1.000000,1585076400,''),(80,14,1.000000,1585076400,''),(81,13,1.000000,1585076400,''),(82,15,1.000000,1585076400,''),(83,17,1.000000,1585076400,''),(84,9,1.000000,1585076400,''),(85,10,1.000000,1585076400,''),(86,11,1.000000,1585076400,''),(87,19,1.000000,1585076400,''),(88,18,1.000000,1585076400,''),(89,20,1.000000,1585076400,''),(90,31,1.000000,1585076400,''),(91,1971,1.000000,1585076400,''),(92,28,1.000000,1585076400,''),(93,25,1.000000,1585076400,''),(94,26,1.000000,1585076400,''),(95,24,1.000000,1585076400,''),(96,21,1.000000,1585076400,''),(97,29,1.000000,1585076400,''),(98,1980,3.000000,1585076400,''),(99,2028,1.000000,1585076400,''),(100,2029,1.000000,1585076400,''),(101,2027,1.000000,1585076400,''),(102,3185,1.000000,1585076400,''),(103,3186,1.000000,1585076400,''),(104,2004,3.000000,1585076400,''),(105,2005,1.000000,1585076400,''),(106,2002,3.000000,1585076400,''),(107,2003,3.000000,1585076400,''),(108,1984,1.000000,1585076400,''),(109,2007,9.000000,1585076400,''),(110,5781,6.000000,1587927600,''),(112,8193,2.500000,1588359600,''),(113,2025,1.000000,1588618800,''),(114,8353,1.000000,1588705200,''),(115,3406,2.000000,1588791600,''),(116,1579,2.000000,1588791600,''),(117,8941,1.000000,1588878000,''),(118,8557,1.000000,1588878000,''),(119,9108,1.000000,1589137200,''),(120,9109,1.000000,1589137200,''),(121,8548,1.000000,1589223600,''),(122,8553,1.000000,1589310000,''),(123,9263,1.000000,1589310000,''),(124,9347,2.000000,1589396400,''),(127,9635,90.940000,1589569200,''),(128,9721,1.000000,1589742000,''),(129,5104,6.000000,1589828400,''),(130,9231,1.000000,1589914800,''),(131,9232,1.000000,1589914800,''),(132,8580,1.000000,1590087600,''),(133,10403,1.000000,1590174000,''),(134,8595,1.000000,1590433200,''),(135,8598,1.000000,1590519600,''),(136,10518,3.000000,1590519600,''),(137,8594,1.000000,1590692400,''),(138,11093,1.000000,1590951600,''),(139,8588,1.000000,1590951600,''),(140,11157,2.000000,1591038000,''),(141,11280,1.000000,1591038000,''),(142,11281,1.000000,1591038000,''),(143,9146,1.000000,1591038000,''),(144,9147,1.000000,1591038000,''),(145,8593,1.000000,1591210800,''),(146,8575,1.000000,1591383600,''),(148,11433,2.500000,1591383600,''),(149,8556,1.000000,1591383600,''),(150,8588,1.000000,1591383600,''),(151,8577,1.000000,1591556400,''),(152,8576,1.000000,1591642800,''),(155,5410,2.000000,1591815600,''),(154,9807,8.000000,1591815600,''),(157,8708,1.000000,1591902000,''),(158,8575,1.000000,1591902000,''),(159,12476,7.790000,1591988400,''),(160,8578,1.000000,1592247600,''),(161,12811,1.000000,1592334000,''),(162,11108,4.000000,1592420400,''),(163,8581,1.000000,1592420400,''),(164,11109,4.000000,1592420400,''),(165,8579,1.000000,1592420400,''),(166,8547,1.000000,1592766000,''),(167,13375,3.000000,1592766000,''),(168,13376,3.000000,1592766000,''),(169,8559,1.000000,1592938800,''),(170,13360,1.000000,1593025200,''),(171,8558,1.000000,1593111600,''),(172,8560,1.000000,1593370800,''),(173,8585,1.000000,1593370800,''),(174,8562,1.000000,1593370800,''),(175,8565,1.000000,1593802800,''),(176,13206,3.000000,1594062000,''),(177,13207,3.000000,1594062000,''),(178,8591,3.000000,1594234800,''),(179,8564,1.000000,1594580400,''),(180,8563,1.000000,1594580400,''),(181,15131,4.000000,1594666800,''),(182,15132,4.000000,1594666800,''),(184,15947,1.000000,1594666800,''),(185,15919,1.000000,1594666800,''),(186,15192,2.000000,1594666800,''),(187,14996,1.000000,1594753200,''),(188,16151,2.000000,1594753200,''),(189,15540,1.000000,1594839600,''),(190,8596,1.000000,1594926000,''),(191,16241,1.000000,1595185200,''),(192,16720,10.000000,1595271600,''),(193,16721,10.000000,1595271600,''),(194,17030,1.000000,1595271600,''),(195,17031,1.000000,1595271600,''),(196,17358,1.000000,1595530800,''),(197,17359,1.000000,1595530800,''),(198,8551,1.000000,1595790000,''),(199,17832,1.000000,1595962800,''),(200,8555,1.000000,1596394800,''),(201,18514,1.000000,1596567600,''),(202,8571,1.000000,1596567600,''),(203,18674,1.000000,1596740400,''),(204,18869,1.000000,1596740400,''),(205,18790,1.000000,1596740400,''),(206,18883,1.000000,1597086000,''),(207,18748,1.000000,1597086000,''),(208,18700,3.000000,1597086000,''),(209,16612,10.000000,1597086000,''),(210,19274,1.000000,1597258800,''),(211,19275,1.000000,1597258800,''),(212,19518,1.000000,1597258800,''),(213,19519,1.000000,1597258800,''),(214,19520,8.000000,1597258800,''),(215,18658,2.000000,1597345200,''),(216,8586,1.000000,1597345200,''),(218,18946,1.000000,1597431600,''),(219,18393,1.000000,1597690800,''),(220,18394,1.000000,1597690800,''),(221,18639,1.000000,1597690800,''),(222,1596,1.000000,1597777200,''),(224,1597,1.000000,1597777200,''),(225,17669,9.000000,1598209200,''),(226,8568,1.000000,1598382000,''),(227,8569,1.000000,1598554800,''),(237,8572,1.000000,1599073200,''),(230,21369,1.000000,1598554800,''),(231,21339,3.000000,1598554800,''),(232,8591,3.000000,1598554800,''),(233,18665,1.000000,1598641200,''),(234,18666,1.000000,1598814000,''),(235,18670,1.000000,1598986800,''),(238,21996,1.000000,1599159600,''),(239,21997,1.000000,1599159600,''),(240,18679,1.000000,1599418800,''),(241,22552,1.000000,1599591600,''),(242,22553,2.000000,1599591600,''),(251,1742,1.000000,1599591600,''),(244,18469,1.000000,1599591600,''),(245,8551,1.000000,1599591600,''),(246,8550,1.000000,1599678000,''),(247,23242,258.220000,1600023600,''),(248,23592,1.000000,1600023600,''),(250,22698,24.000000,1600110000,''),(252,22221,2.000000,1600196400,''),(253,22222,2.000000,1600196400,''),(254,24241,1.000000,1600369200,''),(255,8598,1.000000,1600455600,''),(256,2342,1.000000,1600628400,''),(257,8587,1.000000,1600887600,''),(258,25125,37.860000,1600974000,''),(259,24963,1.000000,1601060400,''),(260,25025,1.000000,1601060400,''),(261,25497,1.000000,1601319600,''),(262,18676,1.000000,1601406000,''),(263,18669,1.000000,1601406000,''),(266,25588,1.000000,1601492400,''),(265,25795,1.000000,1601492400,''),(267,25876,1.000000,1601492400,''),(268,26204,1.000000,1601924400,''),(269,26205,1.000000,1601924400,''),(270,8584,1.000000,1602010800,''),(271,15337,9.000000,1602097200,''),(272,26810,1.000000,1602097200,''),(273,26811,1.000000,1602097200,''),(274,27586,1.000000,1602702000,''),(275,27587,1.000000,1602702000,''),(276,25874,1.000000,1602788400,''),(277,25793,1.000000,1602788400,''),(278,27910,1.000000,1602874800,''),(279,27911,1.000000,1602874800,''),(285,2904,1.000000,1602702000,''),(283,2902,4.000000,1602702000,''),(287,21970,1.000000,1603306800,''),(288,25315,1.000000,1603479600,''),(290,28771,1.000000,1603652400,''),(291,23019,1.000000,1603738800,''),(292,28063,1.000000,1603825200,''),(293,28062,1.000000,1603825200,''),(294,26275,1.000000,1603825200,''),(295,26531,1.000000,1603825200,''),(296,29118,2.000000,1603825200,''),(297,26019,1.000000,1603998000,''),(298,26020,1.000000,1603998000,''),(299,29932,1.000000,1604343600,''),(300,29933,1.000000,1604343600,''),(301,28159,1.000000,1604516400,''),(302,29265,1.000000,1604516400,''),(303,2027,1.000000,1604602800,''),(304,24060,3.000000,1604689200,''),(305,24061,3.000000,1604689200,''),(306,29470,1.000000,1604689200,''),(307,30914,2.000000,1605121200,''),(308,30905,2.000000,1605121200,''),(309,31535,1.000000,1605639600,''),(310,31536,1.000000,1605639600,''),(311,25215,1.000000,1605639600,''),(312,25216,1.000000,1605639600,''),(313,31450,1.000000,1605639600,''),(314,31451,1.000000,1605639600,''),(315,8599,1.000000,1605898800,''),(316,27858,1.000000,1606676400,''),(318,32826,1.000000,1606849200,''),(319,29785,1.000000,1606849200,''),(320,8554,1.000000,1606849200,''),(321,28542,5.000000,1606849200,''),(322,33270,1.000000,1607108400,''),(323,33271,1.000000,1607108400,''),(324,35813,1.000000,1610564400,''),(325,37019,6.000000,1610910000,''),(326,37018,6.000000,1610910000,''),(327,36981,2.000000,1610910000,''),(328,36718,4.000000,1611169200,''),(329,36719,4.000000,1611169200,''),(330,36716,3.000000,1611169200,''),(331,36717,3.000000,1611169200,''),(332,35719,1.000000,1611255600,''),(336,28943,1.000000,1610650800,''),(335,2089,1.000000,1610650800,''),(337,38167,1.000000,1611687600,''),(338,38168,1.000000,1611687600,''),(339,38171,1.000000,1611687600,''),(340,38175,1.000000,1611687600,''),(341,38176,1.000000,1611687600,''),(343,38170,1.000000,1611687600,''),(344,18664,1.000000,1611946800,''),(345,36475,105.560000,1612206000,''),(346,38906,2.000000,1612292400,''),(347,38740,1.000000,1612292400,''),(348,25018,3.000000,1612465200,''),(349,35976,3.000000,1612551600,''),(350,31074,1.000000,1612551600,''),(351,19699,3.000000,1612551600,''),(352,39513,2.000000,1612551600,''),(353,8592,1.000000,1613329200,''),(354,39178,3.000000,1613761200,''),(355,39953,2.000000,1613761200,''),(356,40626,1.000000,1613934000,''),(357,40627,1.000000,1613934000,''),(358,41334,6.000000,1614193200,''),(359,29167,2.000000,1614625200,''),(360,29167,2.000000,1614625200,''),(366,42034,15.000000,1615316400,''),(362,14893,1.000000,1614884400,''),(363,30543,1.000000,1614884400,''),(364,40314,1.000000,1614970800,''),(367,38773,1.000000,1615748400,''),(368,39089,1.000000,1615834800,''),(369,39090,1.000000,1615834800,''),(370,29429,1.000000,1615834800,''),(371,29430,2.000000,1615834800,''),(372,24571,2.000000,1615834800,''),(373,24572,2.000000,1615834800,''),(374,22545,1.000000,1615834800,''),(375,22546,1.000000,1615834800,''),(376,6182,1.000000,1615834800,''),(377,6183,2.000000,1615834800,''),(378,19149,1.000000,1615834800,''),(379,19150,2.000000,1615834800,''),(380,39064,1.000000,1615834800,''),(381,39065,1.000000,1615834800,''),(382,29429,1.000000,1615834800,''),(383,18659,1.000000,1616353200,''),(384,18673,1.000000,1616439600,''),(385,18680,1.000000,1617044400,''),(386,8601,1.000000,1617303600,''),(387,44773,4.000000,1617303600,''),(388,9624,2.000000,1617303600,''),(389,9255,2.000000,1617303600,''),(390,41698,1.000000,1617390000,''),(391,41699,1.000000,1617390000,''),(392,44739,1.000000,1617390000,''),(393,44740,1.000000,1617390000,''),(394,43747,1.000000,1617390000,''),(395,43748,1.000000,1617390000,''),(396,45817,1.000000,1617908400,''),(397,46082,1.000000,1617994800,''),(398,46111,1.000000,1617994800,''),(399,44570,4.000000,1618167600,''),(400,44196,1.000000,1618167600,''),(401,25017,1.000000,1618254000,''),(402,44698,4.000000,1618599600,''),(403,41446,1.000000,1618599600,''),(404,25800,1.000000,1619118000,''),(405,46069,1.000000,1619377200,''),(427,42346,1.000000,1619550000,''),(407,42396,1.000000,1619463600,''),(408,42349,1.000000,1619463600,''),(409,18672,1.000000,1619550000,''),(410,38998,6.000000,1619550000,''),(411,38997,2.000000,1619550000,''),(412,38996,6.000000,1619550000,''),(413,38995,2.000000,1619550000,''),(414,38994,6.000000,1619550000,''),(415,38993,2.000000,1619550000,''),(416,38992,6.000000,1619550000,''),(417,38991,2.000000,1619550000,''),(418,38990,6.000000,1619550000,''),(419,38989,2.000000,1619550000,''),(420,38988,6.000000,1619550000,''),(421,38987,2.000000,1619550000,''),(422,38986,2.000000,1619550000,''),(423,38985,6.000000,1619550000,''),(424,38981,2.000000,1619550000,''),(425,38983,6.000000,1619550000,''),(426,38984,2.000000,1619550000,''),(428,48140,1.000000,1619636400,''),(429,28226,1.000000,1620068400,''),(430,25319,3.000000,1620759600,''),(431,18677,1.000000,1620759600,''),(432,34565,1.000000,1621018800,''),(433,48498,1.000000,1621278000,''),(434,48499,1.000000,1621278000,''),(436,25018,1.000000,1621537200,''),(437,29,1.000000,1621537200,''),(438,48707,5.000000,1621796400,''),(439,25018,2.000000,1621882800,''),(441,41570,5.000000,1622055600,''),(442,51259,4.000000,1622401200,''),(443,51255,4.000000,1622401200,''),(444,51266,4.000000,1622401200,''),(445,51273,4.000000,1622401200,''),(446,51272,4.000000,1622401200,''),(447,51258,1.000000,1622401200,''),(448,51269,3.000000,1622401200,''),(449,51265,6.000000,1622401200,''),(450,51205,1.000000,1622401200,''),(451,51206,2.000000,1622401200,''),(452,51244,1.000000,1622401200,''),(453,51243,2.000000,1622401200,''),(454,51242,1.000000,1622401200,''),(455,51253,1.000000,1622401200,''),(456,51211,1.000000,1622401200,''),(457,51240,1.000000,1622401200,''),(460,51241,1.000000,1622574000,''),(459,48460,1.000000,1622401200,''),(461,38773,1.000000,1622660400,''),(462,51840,3.000000,1623006000,''),(463,51839,3.000000,1623006000,''),(464,28225,4.000000,1623265200,''),(465,30399,2.000000,1623265200,''),(466,30400,2.000000,1623265200,''),(467,50244,1.000000,1623351600,''),(468,36536,1.000000,1623351600,''),(469,28213,2.000000,1623438000,''),(470,28214,2.000000,1623438000,''),(471,46303,3.000000,1623610800,''),(472,46304,3.000000,1623610800,''),(473,49013,1.000000,1623783600,''),(474,51652,1.000000,1624042800,''),(475,51650,1.000000,1624042800,''),(476,51651,1.000000,1624042800,''),(477,18682,1.000000,1624647600,''),(478,18657,2.000000,1624647600,''),(479,30399,1.000000,1625166000,''),(480,30400,1.000000,1625166000,''),(481,45275,1.000000,1625166000,''),(482,45276,1.000000,1625166000,''),(483,54788,4.000000,1625598000,''),(484,54789,4.000000,1625598000,''),(485,52662,3.000000,1625598000,''),(486,52663,3.000000,1625598000,''),(487,55613,3.000000,1625598000,''),(488,55614,3.000000,1625598000,''),(489,55618,1.000000,1625598000,''),(492,52197,5.000000,1625598000,''),(491,52196,5.000000,1625598000,''),(493,55984,1.000000,1625684400,''),(494,55440,1.000000,1625684400,''),(495,55439,1.000000,1625684400,''),(496,55183,39.000000,1625770800,''),(497,56305,30.000000,1626116400,''),(499,56415,9.000000,1626289200,''),(500,56422,9.000000,1626289200,''),(501,9590,3.000000,1626375600,''),(502,9591,3.000000,1626375600,''),(503,40950,1.000000,1626375600,''),(504,40952,1.000000,1626375600,''),(505,40945,1.000000,1626375600,''),(506,40947,1.000000,1626375600,''),(507,40949,2.000000,1626375600,''),(508,46303,3.000000,1626462000,''),(509,46304,3.000000,1626462000,''),(510,57229,1.000000,1626894000,''),(511,57230,1.000000,1626894000,''),(512,8552,1.000000,1626980400,''),(513,2030,3.000000,1626980400,''),(514,2032,9.000000,1626980400,''),(515,2035,14.000000,1626980400,''),(516,2037,3.000000,1626980400,''),(517,2034,11.000000,1626980400,''),(518,2033,20.000000,1626980400,''),(519,2036,4.000000,1626980400,''),(520,2031,8.000000,1626980400,''),(521,36651,21.000000,1627239600,''),(522,36278,33.000000,1627239600,''),(523,57897,1.000000,1627326000,''),(524,57898,1.000000,1627326000,''),(525,36527,2.000000,1627412400,''),(526,36528,2.000000,1627412400,''),(527,58667,1.000000,1627671600,''),(528,40430,4.000000,1628017200,''),(529,40427,4.000000,1628017200,''),(530,51513,23.000000,1628017200,''),(531,56323,1.000000,1628190000,''),(532,56052,1.000000,1628190000,''),(533,37580,3.000000,1628276400,''),(534,37581,3.000000,1628276400,''),(535,57814,1.000000,1628535600,''),(536,57813,1.000000,1628535600,''),(537,45059,1.000000,1628535600,''),(538,45060,1.000000,1628535600,''),(539,60055,2.000000,1628622000,''),(540,60054,2.000000,1628622000,''),(541,58870,1.000000,1629054000,''),(543,50766,2.000000,1629054000,''),(544,5781,6.000000,1629140400,''),(546,60883,1.000000,1629399600,''),(547,60917,1.000000,1629399600,''),(548,60918,1.000000,1629399600,''),(549,44218,20.000000,1629918000,''),(550,62872,1.000000,1630609200,''),(551,62873,1.000000,1630609200,''),(552,38770,1.000000,1631127600,''),(553,25019,1.000000,1631127600,''),(554,62740,1.000000,1631214000,''),(555,62156,6.000000,1630090800,''),(556,64523,5.000000,1631905200,''),(557,44157,1.000000,1632078000,''),(558,38774,1.000000,1632078000,''),(559,62261,1.000000,1632078000,''),(560,64879,1.000000,1632337200,''),(561,8582,1.000000,1632337200,''),(562,59526,40.000000,1632855600,''),(563,66690,25.000000,1633287600,''),(564,63576,3.000000,1633460400,''),(565,9575,1.000000,1633460400,''),(566,45147,2.000000,1633633200,''),(567,45146,1.000000,1633633200,''),(568,45144,6.000000,1633633200,''),(569,45143,1.000000,1633633200,''),(570,45142,1.000000,1633633200,''),(571,45141,1.000000,1633633200,''),(572,45134,1.000000,1633633200,''),(573,45136,1.000000,1633633200,''),(574,45131,2.000000,1633633200,''),(575,45138,1.000000,1633633200,''),(576,45137,1.000000,1633633200,''),(577,42357,12.000000,1633633200,''),(578,59607,7.000000,1633633200,''),(579,63569,1.000000,1633719600,''),(580,63577,3.000000,1633719600,''),(581,45275,1.000000,1634151600,''),(582,45276,1.000000,1634151600,''),(583,66826,8.000000,1634497200,''),(584,67198,1.000000,1634497200,''),(585,67199,1.000000,1634497200,''),(586,69042,1.000000,1634756400,''),(587,68503,2.000000,1634756400,''),(589,49245,6.000000,1634756400,''),(590,28213,1.000000,1635361200,''),(591,28214,1.000000,1635361200,''),(592,29218,1.000000,1635361200,''),(593,62602,600.000000,1635361200,''),(594,62605,196.000000,1635361200,''),(595,62601,180.000000,1635361200,''),(596,62606,250.000000,1635534000,''),(597,62605,91.000000,1635534000,''),(598,62601,85.000000,1635534000,''),(601,66770,3.000000,1636311600,''),(602,70095,3.000000,1636311600,''),(603,71149,1.000000,1636398000,''),(605,62373,6.000000,1636570800,''),(606,72679,1.000000,1637521200,''),(607,72680,1.000000,1637521200,''),(608,70564,1.000000,1637694000,''),(609,71301,3.000000,1637780400,''),(610,71288,4.000000,1637780400,''),(611,71302,2.000000,1637780400,''),(612,63580,1.000000,1638126000,''),(616,70848,1.000000,1638212400,''),(615,70847,1.000000,1638212400,''),(617,63564,1.000000,1638298800,''),(618,73749,1.000000,1638385200,''),(619,73750,1.000000,1638385200,''),(620,57142,1.000000,1638990000,''),(621,57141,1.000000,1638990000,''),(622,57140,1.000000,1638990000,''),(623,57139,1.000000,1638990000,''),(624,57137,1.000000,1638990000,''),(625,57138,1.000000,1638990000,''),(626,57136,1.000000,1638990000,''),(627,57135,1.000000,1638990000,''),(628,57134,1.000000,1638990000,''),(629,57133,1.000000,1638990000,''),(630,57132,1.000000,1638990000,''),(631,57131,1.000000,1638990000,''),(632,57130,1.000000,1638990000,''),(633,57129,1.000000,1638990000,''),(634,57128,1.000000,1638990000,''),(635,57127,1.000000,1638990000,''),(636,57126,1.000000,1638990000,''),(637,57125,1.000000,1638990000,''),(638,57124,1.000000,1638990000,''),(639,57123,1.000000,1638990000,''),(640,57122,1.000000,1638990000,''),(641,57121,1.000000,1638990000,''),(651,63574,3.000000,1639076400,''),(643,57119,1.000000,1638990000,''),(644,57118,1.000000,1638990000,''),(645,57120,1.000000,1638990000,''),(646,57116,1.000000,1638990000,''),(647,57115,1.000000,1638990000,''),(648,57114,1.000000,1638990000,''),(649,57113,1.000000,1638990000,''),(650,57112,1.000000,1638990000,''),(652,67819,6.000000,1639076400,''),(653,67350,5.000000,1639076400,''),(654,72451,3.000000,1639422000,''),(655,75138,1.000000,1639422000,''),(656,69810,1.000000,1639508400,''),(657,50776,1.000000,1639940400,''),(658,75439,1.000000,1640113200,''),(659,75440,1.000000,1640113200,''),(660,75441,1.000000,1640113200,''),(661,76715,1.000000,1640372400,''),(662,76716,1.000000,1640372400,''),(663,77962,2.000000,1641754800,''),(664,77963,4.000000,1641754800,''),(665,77696,1.000000,1641841200,''),(666,62789,1.000000,1641841200,''),(667,75725,1.000000,1641841200,''),(668,68391,8.000000,1642014000,''),(669,68392,8.000000,1642014000,''),(670,69302,8.000000,1642014000,''),(671,69303,8.000000,1642014000,''),(672,69304,7.000000,1642014000,''),(673,69305,7.000000,1642014000,''),(674,75726,1.000000,1642100400,''),(675,75724,1.000000,1642186800,''),(676,75722,1.000000,1642186800,''),(677,75721,1.000000,1642186800,''),(678,79096,5.000000,1642359600,''),(679,78307,8.000000,1642446000,''),(680,78308,8.000000,1642446000,''),(681,75724,1.000000,1642446000,''),(716,77844,6.000000,1643914800,''),(683,48340,7.000000,1643396400,''),(684,48338,8.000000,1643396400,''),(685,48339,7.000000,1643396400,''),(686,75827,2.000000,1643569200,''),(687,65547,3.000000,1643569200,''),(688,57672,1.000000,1643569200,''),(689,28196,2.000000,1643655600,''),(690,28213,1.000000,1643655600,''),(691,28212,1.000000,1643655600,''),(692,34858,1.000000,1643655600,''),(693,36343,2.000000,1643655600,''),(694,36342,2.000000,1643655600,''),(695,36344,3.000000,1643655600,''),(696,36340,1.000000,1643655600,''),(698,80174,2.000000,1643742000,''),(699,28226,1.000000,1643742000,''),(700,40816,1.000000,1643742000,''),(701,37862,2.000000,1643742000,''),(702,37863,2.000000,1643742000,''),(703,37864,3.000000,1643742000,''),(704,37865,2.000000,1643742000,''),(705,37876,2.000000,1643742000,''),(706,37875,2.000000,1643742000,''),(707,37874,2.000000,1643742000,''),(708,37872,2.000000,1643742000,''),(709,37873,3.000000,1643742000,''),(710,37871,3.000000,1643742000,''),(711,37870,2.000000,1643742000,''),(712,37869,2.000000,1643742000,''),(713,37868,2.000000,1643742000,''),(714,37867,2.000000,1643742000,''),(715,37866,2.000000,1643742000,''),(717,78827,6.000000,1643914800,''),(718,77146,4.000000,1644606000,''),(719,77147,4.000000,1644606000,''),(720,82223,1.000000,1644778800,''),(721,80006,5.000000,1644865200,''),(724,80304,1.000000,1644865200,''),(723,82066,1.000000,1644865200,''),(725,81274,1.000000,1645210800,''),(726,81273,8.000000,1645210800,''),(727,83559,1.000000,1645470000,''),(728,84585,1.000000,1646247600,''),(729,84460,1.000000,1646247600,''),(730,84461,1.000000,1646247600,''),(731,80811,6.000000,1646420400,''),(732,80814,6.000000,1646420400,''),(733,80813,6.000000,1646420400,''),(734,71639,3.000000,1646938800,''),(735,78630,6.000000,1647198000,''),(736,80809,1.000000,1647370800,''),(737,80810,1.000000,1647370800,''),(738,84790,9.000000,1647370800,''),(739,84791,9.000000,1647370800,''),(740,75724,1.000000,1647630000,''),(741,83689,1.000000,1647630000,''),(742,83690,1.000000,1647630000,''),(743,66577,1.000000,1647975600,''),(744,66575,1.000000,1647975600,''),(745,50770,2.000000,1647975600,''),(746,50771,1.000000,1647975600,''),(747,50772,1.000000,1647975600,''),(748,66546,1.000000,1647975600,''),(749,66583,1.000000,1647975600,''),(750,66584,1.000000,1647975600,''),(751,66571,1.000000,1647975600,''),(752,66572,1.000000,1647975600,''),(753,66585,1.000000,1647975600,''),(754,66587,1.000000,1647975600,''),(755,66550,2.000000,1647975600,''),(756,66586,2.000000,1647975600,''),(757,87043,1.000000,1648148400,''),(758,87044,1.000000,1648148400,''),(759,87888,1.000000,1648407600,''),(760,56325,3.000000,1648666800,''),(761,75721,1.000000,1648666800,''),(762,56658,2.000000,1648839600,''),(763,56659,2.000000,1648839600,''),(764,57095,2.000000,1648839600,''),(765,57096,2.000000,1648839600,''),(766,57089,1.000000,1648839600,''),(767,57090,1.000000,1648839600,''),(768,57085,1.000000,1648839600,''),(769,57086,1.000000,1648839600,''),(770,56646,1.000000,1648839600,''),(771,56647,1.000000,1648839600,''),(772,56642,1.000000,1648839600,''),(773,56643,1.000000,1648839600,''),(774,56662,1.000000,1648839600,''),(775,56644,3.000000,1648839600,''),(776,56645,3.000000,1648839600,''),(777,57080,4.000000,1648839600,''),(778,57081,4.000000,1648839600,''),(779,57087,1.000000,1648839600,''),(780,57088,1.000000,1648839600,''),(781,57097,4.000000,1648839600,''),(782,57098,4.000000,1648839600,''),(783,56656,2.000000,1648839600,''),(784,57084,2.000000,1648839600,''),(785,56654,1.000000,1648839600,''),(786,57091,2.000000,1648839600,''),(787,57093,2.000000,1648839600,''),(788,57094,1.000000,1648839600,''),(789,56653,1.000000,1648839600,''),(790,89339,1.000000,1649098800,''),(791,89340,1.000000,1649098800,''),(792,78388,3.000000,1649271600,''),(793,89702,2.000000,1649358000,''),(798,87475,4.000000,1649358000,''),(795,87475,3.000000,1649358000,''),(796,82453,2.000000,1649358000,''),(797,82452,2.000000,1649358000,''),(799,89067,2.000000,1649444400,''),(800,88778,2.000000,1649444400,''),(801,88779,2.000000,1649444400,''),(802,89455,2.000000,1649617200,''),(803,89141,1.000000,1649703600,''),(804,77345,3.000000,1649876400,''),(805,83980,62.530000,1649876400,''),(806,90460,1.000000,1649876400,''),(807,90461,1.000000,1649876400,''),(808,71151,1.000000,1650222000,''),(809,73128,1.000000,1650222000,''),(811,91217,10.000000,1650308400,''),(812,75721,1.000000,1650826800,''),(813,89670,1.000000,1651086000,''),(814,89671,1.000000,1651086000,''),(815,88864,2.000000,1651086000,''),(816,89648,2.000000,1651086000,''),(817,89649,2.000000,1651086000,''),(818,56325,2.000000,1651777200,''),(819,93623,3.000000,1651863600,''),(820,93624,3.000000,1651863600,''),(821,93906,1.000000,1652122800,''),(822,93907,1.000000,1652122800,''),(823,93589,1.000000,1652295600,''),(825,94316,1.000000,1652382000,''),(826,93974,2.000000,1652382000,''),(827,93975,2.000000,1652382000,''),(828,93915,2.000000,1652641200,''),(829,93916,1.000000,1652641200,''),(830,18663,1.000000,1652900400,''),(831,92479,20.000000,1652900400,''),(832,92480,20.000000,1652900400,''),(833,94633,1.000000,1653246000,''),(834,88096,1.000000,1653418800,''),(835,95266,3.000000,1653418800,''),(836,95267,3.000000,1653418800,''),(837,88587,4.000000,1653505200,''),(838,94748,6.000000,1653591600,''),(839,96516,1.000000,1653591600,''),(840,97400,1.000000,1655146800,''),(841,97401,1.000000,1655146800,''),(842,25023,1.000000,1655146800,''),(843,97393,2.000000,1655319600,''),(844,96595,6.000000,1654282800,''),(845,25022,1.000000,1655406000,''),(846,73515,1.000000,1654542000,''),(847,73516,1.000000,1654542000,''),(848,96291,1.000000,1654628400,''),(849,94178,1.000000,1654628400,''),(851,96959,1.000000,1654628400,''),(855,99952,3.000000,1655665200,''),(854,97635,1.000000,1655665200,''),(856,83510,8.000000,1655838000,''),(857,81106,1.000000,1655838000,''),(858,79868,2.000000,1655838000,''),(859,79869,2.000000,1655838000,''),(860,77669,1.000000,1655838000,''),(861,77668,1.000000,1655838000,''),(862,74114,3.000000,1655838000,''),(863,74115,3.000000,1655838000,''),(864,79866,2.000000,1655838000,''),(865,79867,2.000000,1655838000,''),(866,73355,2.000000,1655838000,''),(867,73356,1.000000,1655838000,''),(874,64982,1.000000,1655838000,''),(873,64981,1.000000,1655838000,''),(870,58372,1.000000,1655838000,''),(871,58373,1.000000,1655838000,''),(872,54679,3.000000,1655838000,''),(875,36325,2.000000,1655838000,''),(876,36326,2.000000,1655838000,''),(877,25802,1.000000,1655838000,''),(878,25803,1.000000,1655838000,''),(879,86785,4.000000,1656097200,''),(880,86784,3.000000,1656097200,''),(881,86783,5.000000,1656097200,''),(882,86782,4.000000,1656097200,''),(883,86781,3.000000,1656097200,''),(884,86780,5.000000,1656097200,''),(885,86779,4.000000,1656097200,''),(886,86777,3.000000,1656097200,''),(887,86776,5.000000,1656097200,''),(888,86775,5.000000,1656097200,''),(889,86774,5.000000,1656097200,''),(890,86770,5.000000,1656097200,''),(891,86771,5.000000,1656097200,''),(892,86769,4.000000,1656097200,''),(893,86768,3.000000,1656097200,''),(894,86767,5.000000,1656097200,''),(895,86766,4.000000,1656097200,''),(896,86765,3.000000,1656097200,''),(897,86764,5.000000,1656097200,''),(898,86760,4.000000,1656097200,''),(899,86758,5.000000,1656097200,''),(900,86751,4.000000,1656097200,''),(901,86750,3.000000,1656097200,''),(902,86749,5.000000,1656097200,''),(903,86745,4.000000,1656097200,''),(904,86744,4.000000,1656097200,''),(905,86743,3.000000,1656097200,''),(906,86742,3.000000,1656097200,''),(907,86741,5.000000,1656097200,''),(908,86759,3.000000,1656097200,''),(910,86744,1.000000,1656097200,''),(911,100576,1.000000,1656442800,''),(912,100577,2.000000,1656442800,''),(913,67416,6.000000,1656442800,''),(914,67417,6.000000,1656442800,''),(915,101693,1.000000,1656615600,''),(916,67348,1.000000,1657047600,''),(917,101899,1.000000,1657047600,''),(918,101900,1.000000,1657047600,''),(919,102779,1.000000,1657047600,''),(920,102780,1.000000,1657047600,''),(921,102733,1.000000,1657566000,''),(922,102734,1.000000,1657566000,''),(923,95804,1.000000,1657652400,''),(924,95803,1.000000,1657652400,''),(925,95802,1.000000,1657652400,''),(926,103231,1.000000,1657738800,''),(927,102113,1.000000,1657911600,''),(928,36806,1.000000,1657911600,''),(929,36799,1.000000,1657911600,''),(930,78934,1.000000,1658170800,''),(931,102967,1.000000,1658170800,''),(932,79871,3.000000,1658430000,''),(933,79870,4.000000,1658430000,''),(934,78721,6.000000,1658430000,''),(935,78722,6.000000,1658430000,''),(936,78720,6.000000,1658430000,''),(937,78723,2.000000,1658430000,''),(938,78724,4.000000,1658430000,''),(939,78728,6.000000,1658430000,''),(940,78730,6.000000,1658430000,''),(941,78729,6.000000,1658430000,''),(942,78725,2.000000,1658430000,''),(943,78727,2.000000,1658430000,''),(944,78732,2.000000,1658430000,''),(946,78733,2.000000,1658430000,''),(947,78734,2.000000,1658430000,''),(948,78735,2.000000,1658430000,''),(949,78731,2.000000,1658430000,''),(950,78759,6.000000,1658430000,''),(951,78761,5.000000,1658430000,''),(952,78760,6.000000,1658430000,''),(953,78762,6.000000,1658430000,''),(954,78764,6.000000,1658430000,''),(955,78763,6.000000,1658430000,''),(956,78737,5.000000,1658430000,''),(957,78739,6.000000,1658430000,''),(958,78738,6.000000,1658430000,''),(1018,89006,2.000000,1658516400,''),(1020,89004,2.000000,1658516400,''),(1022,89005,2.000000,1658516400,''),(1024,89007,2.000000,1658516400,''),(1026,89009,2.000000,1658516400,''),(964,89008,1.000000,1658430000,''),(1028,89010,1.000000,1658516400,''),(1030,78752,2.000000,1658516400,''),(967,78751,2.000000,1658430000,''),(1032,89013,3.000000,1658516400,''),(1033,78755,2.000000,1658516400,''),(972,89014,4.000000,1658430000,''),(971,88606,10.000000,1658430000,''),(973,88362,5.000000,1658430000,''),(974,88363,5.000000,1658430000,''),(975,78778,6.000000,1658430000,''),(976,78777,6.000000,1658430000,''),(978,81882,1.000000,1658430000,''),(984,86223,2.000000,1658430000,''),(980,78780,2.000000,1658430000,''),(981,78780,1.000000,1658430000,''),(982,82483,2.000000,1658430000,''),(983,86224,2.000000,1658430000,''),(985,86223,2.000000,1658430000,''),(986,86225,2.000000,1658430000,''),(987,78785,4.000000,1658430000,''),(988,89017,1.000000,1658430000,''),(989,89018,2.000000,1658430000,''),(990,78788,2.000000,1658430000,''),(991,86226,2.000000,1658430000,''),(992,78787,1.000000,1658430000,''),(993,78770,6.000000,1658430000,''),(994,78772,6.000000,1658430000,''),(995,78771,6.000000,1658430000,''),(996,78774,6.000000,1658430000,''),(997,78775,6.000000,1658430000,''),(998,78773,4.000000,1658430000,''),(999,78768,6.000000,1658430000,''),(1000,78769,5.000000,1658430000,''),(1001,79872,3.000000,1658430000,''),(1002,79873,4.000000,1658430000,''),(1003,78736,4.000000,1658430000,''),(1004,78740,4.000000,1658430000,''),(1005,78741,4.000000,1658430000,''),(1006,89019,2.000000,1658430000,''),(1007,78743,3.000000,1658430000,''),(1008,78765,6.000000,1658430000,''),(1009,78766,6.000000,1658430000,''),(1010,78767,6.000000,1658430000,''),(1011,95802,15.000000,1658430000,''),(1012,93782,4.000000,1658430000,''),(1013,95803,18.000000,1658430000,''),(1014,95804,15.000000,1658430000,''),(1015,95805,15.000000,1658430000,''),(1016,93785,1.000000,1658430000,''),(1017,78744,2.000000,1658516400,''),(1021,78746,1.000000,1658516400,''),(1023,78745,2.000000,1658516400,''),(1025,78747,2.000000,1658516400,''),(1027,78749,1.000000,1658516400,''),(1029,78750,2.000000,1658516400,''),(1031,89011,2.000000,1658516400,''),(1034,78755,2.000000,1658516400,''),(1035,78755,1.000000,1658516400,''),(1036,67789,2.000000,1658516400,''),(1037,67790,2.000000,1658516400,''),(1038,81975,2.000000,1658948400,''),(1039,81977,1.000000,1658948400,''),(1040,81972,2.000000,1658948400,''),(1041,81973,2.000000,1658948400,''),(1042,81974,2.000000,1658948400,''),(1050,81970,2.000000,1658948400,''),(1044,81969,1.000000,1658948400,''),(1045,81967,1.000000,1658948400,''),(1046,81966,1.000000,1658948400,''),(1047,81968,1.000000,1658948400,''),(1048,81665,1.000000,1658948400,''),(1049,81978,1.000000,1658948400,''),(1051,80885,2.000000,1658948400,''),(1052,80887,2.000000,1658948400,''),(1054,85332,4.000000,1658948400,''),(1056,80866,2.000000,1658948400,''),(1057,80867,1.000000,1658948400,''),(1058,98718,2.000000,1658948400,''),(1059,80868,1.000000,1658948400,''),(1060,85329,4.000000,1658948400,''),(1061,85330,4.000000,1658948400,''),(1062,85328,4.000000,1658948400,''),(1063,80858,1.000000,1658948400,''),(1064,80857,1.000000,1658948400,''),(1065,85333,4.000000,1659034800,''),(1066,102848,2.000000,1659034800,''),(1071,106771,10.000000,1659121200,''),(1070,106770,10.000000,1659121200,''),(1073,25020,1.000000,1659294000,''),(1074,105732,1.000000,1659466800,''),(1075,105733,1.000000,1659466800,''),(1076,107534,1.000000,1659553200,''),(1077,107532,3.000000,1659553200,''),(1078,107533,3.000000,1659553200,''),(1079,106651,1.000000,1659726000,''),(1080,96293,2.000000,1659898800,''),(1081,86627,2.000000,1659898800,''),(1082,108905,1.000000,1660158000,''),(1083,108215,6.000000,1660158000,''),(1084,108216,2.000000,1660158000,''),(1085,108217,1.000000,1660158000,''),(1086,108980,3.000000,1660244400,''),(1087,108979,2.000000,1660244400,''),(1088,107106,1.000000,1660244400,''),(1089,107107,1.000000,1660244400,''),(1090,107104,1.000000,1660330800,''),(1091,107078,1.000000,1660330800,''),(1092,25317,1.000000,1660762800,''),(1093,108355,82.590000,1661281200,''),(1099,51241,1.000000,1661713200,''),(1098,51240,1.000000,1661713200,''),(1100,51238,2.000000,1661713200,''),(1101,51239,2.000000,1661713200,''),(1106,112730,1.000000,1662318000,''),(1103,112681,1.000000,1661972400,''),(1104,101941,2.000000,1661972400,''),(1105,101942,2.000000,1661972400,''),(1111,88041,15.000000,1662404400,''),(1112,88056,15.000000,1662404400,''),(1109,94088,3.000000,1662404400,''),(1113,81967,1.000000,1662404400,''),(1114,81977,1.000000,1662404400,''),(1115,81976,1.000000,1662404400,''),(1116,81969,1.000000,1662404400,''),(1117,81968,1.000000,1662404400,''),(1118,81966,1.000000,1662404400,''),(1119,96420,5.000000,1662663600,''),(1120,96421,5.000000,1662663600,''),(1121,110341,1.000000,1663182000,''),(1122,115700,3.000000,1663700400,''),(1123,63565,1.000000,1663700400,''),(1124,75716,1.000000,1663700400,''),(1125,115793,6.000000,1663700400,''),(1126,116112,2.000000,1663959600,''),(1127,116113,2.000000,1663959600,''),(1128,101361,1.000000,1663959600,''),(1129,101362,1.000000,1663959600,''),(1130,87750,1.000000,1664305200,''),(1131,87754,1.000000,1664305200,''),(1132,87751,1.000000,1664305200,''),(1133,87752,1.000000,1664305200,''),(1134,87753,1.000000,1664305200,''),(1135,87749,1.000000,1664305200,''),(1136,87748,2.000000,1664305200,''),(1137,87759,1.000000,1664305200,''),(1138,87758,1.000000,1664305200,''),(1139,87747,2.000000,1664305200,''),(1140,87746,1.000000,1664305200,''),(1141,87757,1.000000,1664305200,''),(1142,87756,1.000000,1664305200,''),(1143,87755,1.000000,1664305200,''),(1144,87769,2.000000,1664305200,''),(1145,87767,1.000000,1664305200,''),(1146,87737,1.000000,1664305200,''),(1147,87736,1.000000,1664305200,''),(1148,87735,2.000000,1664305200,''),(1149,87740,1.000000,1664305200,''),(1150,87739,1.000000,1664305200,''),(1151,87738,2.000000,1664305200,''),(1152,87742,1.000000,1664305200,''),(1153,87741,1.000000,1664305200,''),(1154,87745,1.000000,1664305200,''),(1155,87734,1.000000,1664305200,''),(1156,87733,1.000000,1664305200,''),(1157,87732,1.000000,1664305200,''),(1158,91865,1.000000,1664305200,''),(1159,91866,1.000000,1664305200,''),(1160,91864,1.000000,1664305200,''),(1172,91863,1.000000,1664305200,''),(1162,87764,1.000000,1664305200,''),(1163,87763,2.000000,1664305200,''),(1164,87766,1.000000,1664305200,''),(1165,87765,1.000000,1664305200,''),(1166,87768,1.000000,1664305200,''),(1167,87761,1.000000,1664305200,''),(1168,87762,1.000000,1664305200,''),(1169,87730,1.000000,1664305200,''),(1170,87760,1.000000,1664305200,''),(1171,95101,4.000000,1664305200,''),(1173,114152,3.000000,1664305200,''),(1174,75717,1.000000,1664910000,''),(1175,112805,1.000000,1664910000,''),(1176,104030,1.000000,1664996400,''),(1177,67349,1.000000,1665169200,''),(1178,117895,3.000000,1665342000,''),(1179,117992,1.000000,1665342000,''),(1180,117993,1.000000,1665342000,''),(1181,115896,2.000000,1665342000,''),(1182,118153,1.000000,1665428400,''),(1183,118154,1.000000,1665428400,''),(1184,117924,1.000000,1665774000,''),(1185,117925,1.000000,1665774000,''),(1186,116219,9.000000,1665946800,''),(1187,91156,2.000000,1666033200,''),(1188,120949,1.000000,1666119600,''),(1189,121118,1.000000,1666292400,''),(1190,121047,1.000000,1666292400,''),(1191,116994,1.000000,1667156400,''),(1192,116995,1.000000,1667156400,''),(1195,123423,2.000000,1667415600,''),(1196,123422,2.000000,1667415600,''),(1198,123810,2.000000,1667588400,''),(1199,123383,1.000000,1667588400,''),(1200,123384,1.000000,1667588400,''),(1201,123452,2.000000,1667934000,''),(1202,123453,2.000000,1667934000,''),(1203,123269,2.000000,1668020400,''),(1263,52873,9.000000,1654887600,''),(1205,125263,2.000000,1668625200,''),(1206,125264,2.000000,1668625200,''),(1207,88543,1.000000,1668711600,''),(1208,101692,1.000000,1668970800,''),(1209,63573,1.000000,1668970800,''),(1210,124778,1.000000,1669057200,''),(1211,124779,1.000000,1669057200,''),(1212,122708,1.000000,1669057200,''),(1213,122709,1.000000,1669057200,''),(1214,122712,1.000000,1669057200,''),(1215,122711,1.000000,1669057200,''),(1216,122710,1.000000,1669057200,''),(1217,124730,1.000000,1669057200,''),(1218,63562,1.000000,1669230000,''),(1219,126128,2.000000,1669402800,''),(1220,128080,1.000000,1670353200,''),(1221,128081,1.000000,1670353200,''),(1222,97178,1.000000,1670526000,''),(1223,97172,1.000000,1670526000,''),(1224,129016,1.000000,1670612400,''),(1225,129019,1.000000,1670612400,''),(1226,128681,1.000000,1671217200,''),(1227,128680,1.000000,1671217200,''),(1228,128676,1.000000,1671217200,''),(1229,128677,1.000000,1671217200,''),(1230,128678,1.000000,1671217200,''),(1231,128679,1.000000,1671217200,''),(1232,128675,1.000000,1671217200,''),(1234,130278,4.000000,1671390000,''),(1239,110056,2.000000,1671562800,''),(1236,118765,2.000000,1671562800,''),(1237,120762,2.000000,1671562800,''),(1238,39004,4.000000,1671562800,''),(1240,110057,2.000000,1671562800,''),(1241,131223,1.000000,1671649200,''),(1242,131224,1.000000,1671649200,''),(1243,130630,1.000000,1671649200,''),(1244,130631,1.000000,1671649200,''),(1245,129938,12.000000,1671649200,''),(1246,129939,12.000000,1671649200,''),(1247,131095,1.000000,1671822000,''),(1248,121356,1.000000,1672081200,''),(1249,121357,1.000000,1672081200,''),(1251,52872,3.000000,1654887600,''),(1252,52871,3.000000,1654887600,''),(1253,52870,3.000000,1654887600,''),(1254,52874,3.000000,1654887600,''),(1255,52862,3.000000,1654887600,''),(1256,52863,2.000000,1654887600,''),(1257,52867,3.000000,1654887600,''),(1258,52866,2.000000,1654887600,''),(1259,52864,2.000000,1654887600,''),(1260,52868,3.000000,1654887600,''),(1261,52872,3.000000,1654887600,''),(1262,52865,3.000000,1654887600,''),(1265,119620,2.000000,1672340400,''),(1266,118871,6.000000,1672254000,''),(1267,101415,3.000000,1672340400,''),(1268,101416,3.000000,1672340400,''),(1269,113818,2.000000,1672254000,''),(1270,113819,2.000000,1672254000,''),(1271,66549,1.000000,1672254000,''),(1272,129347,1.000000,1672254000,''),(1273,129348,1.000000,1672254000,''),(1274,95377,1.000000,1672254000,''),(1275,95378,2.000000,1672254000,''),(1277,107296,15.000000,1672254000,''),(1278,99056,15.000000,1672254000,''),(1279,99055,15.000000,1672254000,''),(1280,63762,7.000000,1672254000,''),(1281,63763,7.000000,1672254000,''),(1282,63760,1.000000,1672254000,''),(1283,63761,1.000000,1672254000,''),(1284,63783,3.000000,1672254000,''),(1285,63784,6.000000,1672254000,''),(1286,57579,3.000000,1672254000,''),(1287,57580,3.000000,1672254000,''),(1288,88514,1.000000,1672254000,''),(1289,88515,1.000000,1672254000,''),(1290,105556,1.000000,1672254000,''),(1291,105557,1.000000,1672254000,''),(1292,126102,1.000000,1672254000,''),(1293,126103,1.000000,1672254000,''),(1294,115813,2.000000,1672254000,''),(1295,115814,2.000000,1672254000,''),(1296,28545,1.000000,1672254000,''),(1297,28554,5.000000,1672254000,''),(1298,28553,2.000000,1672254000,''),(1299,28548,5.000000,1672254000,''),(1300,28549,4.000000,1672254000,''),(1301,28556,1.000000,1672254000,''),(1302,46266,1.000000,1672254000,''),(1303,90425,6.000000,1672254000,''),(1304,46267,1.000000,1672254000,''),(1305,28544,5.000000,1672254000,''),(1306,51758,2.000000,1672254000,''),(1307,47526,4.000000,1672254000,''),(1308,92863,1.000000,1672254000,''),(1309,14888,24.000000,1672254000,''),(1310,101010,7.000000,1698001200,''),(1311,101011,7.000000,1698001200,''),(1312,68667,11.000000,1698001200,''),(1313,68668,11.000000,1698001200,'');

--
-- Table structure for table `vozvrat_pokupka`
--

CREATE TABLE `vozvrat_pokupka` (
  `id_vozvrat_pokupka` int(11) NOT NULL AUTO_INCREMENT,
  `id_siryo` int(11) NOT NULL DEFAULT '0',
  `amount_vozvrat_pokupka` decimal(20,6) NOT NULL DEFAULT '0.000000',
  `time_vozvrat_pokupka` int(11) NOT NULL DEFAULT '0',
  `description_vozvrat_pokupka` varchar(200) CHARACTER SET utf8 COLLATE utf8_unicode_ci NOT NULL DEFAULT '',
  PRIMARY KEY (`id_vozvrat_pokupka`)
) ENGINE=MyISAM DEFAULT CHARSET=latin1;

--
-- Dumping data for table `vozvrat_pokupka`
--


--
-- Table structure for table `worker`
--

CREATE TABLE `worker` (
  `id` int(11) unsigned NOT NULL AUTO_INCREMENT,
  `name` varchar(100) NOT NULL DEFAULT '',
  `time` date NOT NULL,
  `active` tinyint(1) NOT NULL DEFAULT '1',
  PRIMARY KEY (`id`)
) ENGINE=InnoDB AUTO_INCREMENT=16 DEFAULT CHARSET=utf8mb4;

--
-- Dumping data for table `worker`
--

INSERT INTO `worker` VALUES (3,'Oshpaz va Farrosh','2021-11-01',1),(4,'Begzod','2022-01-01',1),(10,'Ibrohim ','2022-01-01',1),(11,'Dilshod','2022-01-01',1),(12,'Rustam','2022-01-01',1),(13,'Shohruh','2022-01-01',1),(14,'Qorovul ','2022-01-01',1),(15,'Ziyovuddin','2022-01-01',1);

--
-- Table structure for table `worker_appoint_payment`
--

CREATE TABLE `worker_appoint_payment` (
  `id` int(11) unsigned NOT NULL AUTO_INCREMENT,
  `worker_id` int(11) unsigned NOT NULL,
  `dengi_id` int(11) NOT NULL,
  `amount` decimal(20,2) NOT NULL,
  `date` date NOT NULL,
  PRIMARY KEY (`id`),
  KEY `worker_id` (`worker_id`),
  CONSTRAINT `worker_appoint_payment_ibfk_1` FOREIGN KEY (`worker_id`) REFERENCES `worker` (`id`)
) ENGINE=InnoDB AUTO_INCREMENT=17 DEFAULT CHARSET=utf8mb4;

--
-- Dumping data for table `worker_appoint_payment`
--

INSERT INTO `worker_appoint_payment` VALUES (8,3,2,1500000.00,'2021-11-01'),(9,4,2,2800000.00,'2021-12-01'),(10,10,1,650.00,'2022-01-01'),(12,11,1,650.00,'2022-01-01'),(13,14,2,1000000.00,'2022-01-01'),(14,4,2,2800000.00,'2022-02-01'),(15,13,2,2300000.00,'2022-01-01'),(16,15,1,400.00,'2022-01-01');

--
-- Table structure for table `worker_avans`
--

CREATE TABLE `worker_avans` (
  `id` int(11) unsigned NOT NULL AUTO_INCREMENT,
  `worker_id` int(11) unsigned NOT NULL,
  `dengi_id` int(11) DEFAULT NULL,
  `amount` decimal(20,2) NOT NULL,
  `date` date NOT NULL,
  PRIMARY KEY (`id`),
  KEY `worker_id` (`worker_id`),
  CONSTRAINT `worker_avans_ibfk_1` FOREIGN KEY (`worker_id`) REFERENCES `worker` (`id`)
) ENGINE=InnoDB AUTO_INCREMENT=30 DEFAULT CHARSET=utf8mb4;

--
-- Dumping data for table `worker_avans`
--

INSERT INTO `worker_avans` VALUES (22,3,2,150000.00,'2022-01-17'),(25,3,2,20000.00,'2022-01-21'),(26,3,2,100000.00,'2022-01-22'),(29,3,2,100000.00,'2022-01-27');

--
-- Table structure for table `worker_extra_payment`
--

CREATE TABLE `worker_extra_payment` (
  `id` int(11) unsigned NOT NULL AUTO_INCREMENT,
  `worker_id` int(11) unsigned NOT NULL,
  `dengi_id` int(11) DEFAULT NULL,
  `amount` decimal(20,2) DEFAULT NULL,
  `date` date DEFAULT NULL,
  `mukofot` tinyint(1) NOT NULL DEFAULT '1' COMMENT '1 mukofot, 0 shtraf',
  PRIMARY KEY (`id`),
  KEY `worker_id` (`worker_id`),
  CONSTRAINT `worker_extra_payment_ibfk_1` FOREIGN KEY (`worker_id`) REFERENCES `worker` (`id`)
) ENGINE=InnoDB DEFAULT CHARSET=utf8mb4;

--
-- Dumping data for table `worker_extra_payment`
--


--
-- Table structure for table `worker_payment`
--

CREATE TABLE `worker_payment` (
  `id` int(11) unsigned NOT NULL AUTO_INCREMENT,
  `worker_id` int(11) unsigned NOT NULL,
  `dengi_id` int(11) DEFAULT NULL,
  `amount` decimal(20,2) NOT NULL,
  `date` date NOT NULL,
  PRIMARY KEY (`id`),
  KEY `worker_id` (`worker_id`),
  CONSTRAINT `worker_payment_ibfk_1` FOREIGN KEY (`worker_id`) REFERENCES `worker` (`id`)
) ENGINE=InnoDB DEFAULT CHARSET=utf8mb4;

--
-- Dumping data for table `worker_payment`
--


--
-- Table structure for table `worker_yuqlama`
--

CREATE TABLE `worker_yuqlama` (
  `id` int(11) unsigned NOT NULL AUTO_INCREMENT,
  `worker_id` int(11) unsigned NOT NULL,
  `absent_day` date DEFAULT NULL,
  PRIMARY KEY (`id`),
  KEY `worker_id` (`worker_id`),
  CONSTRAINT `worker_yuqlama_ibfk_1` FOREIGN KEY (`worker_id`) REFERENCES `worker` (`id`)
) ENGINE=InnoDB AUTO_INCREMENT=8 DEFAULT CHARSET=utf8mb4;

--
-- Dumping data for table `worker_yuqlama`
--

INSERT INTO `worker_yuqlama` VALUES (4,3,'1970-01-01'),(6,3,'1970-01-01'),(7,3,'1970-01-01');

--
-- Table structure for table `zakaz`
--

CREATE TABLE `zakaz` (
  `id` int(11) unsigned NOT NULL AUTO_INCREMENT,
  `id_siryo` int(11) unsigned NOT NULL,
  `id_client` int(11) unsigned NOT NULL,
  `id_dengi` int(11) NOT NULL,
  `cost` decimal(20,2) NOT NULL DEFAULT '0.00',
  `amount` decimal(20,6) NOT NULL,
  `get_date` date DEFAULT NULL,
  `partiya_id` int(11) DEFAULT NULL,
  PRIMARY KEY (`id`)
) ENGINE=InnoDB DEFAULT CHARSET=utf8mb4;

--
-- Dumping data for table `zakaz`
--



