(5032,1,2,'Kamera Ustaga Bunyod',2,850000.000000,1.000000,1627671600),(5033,1,35,'Gaz',2,40000.000000,1.000000,1627671600),(5034,1,2,'Baklashka 10lt 100x3300=330000 va yulkira 40000 sum',2,370000.000000,1.000000,1627844400),(5035,1,47,'PickApp Mirayub Jomiyga',2,65000.000000,1.000000,1627844400),(5036,1,47,'PickApp Muborakga',2,150000.000000,1.000000,1627844400),(5037,1,47,'PickApp Nosirxon Gilam',2,60000.000000,1.000000,1627844400),(5038,1,1,'Islombekga',2,2000000.000000,1.000000,1627844400),(5039,1,4,'Oylik',1,100.000000,1.000000,1627844400),(5040,1,34,'Oylik Iyul 2021 600 va 50 Iyun qolgani',1,650.000000,1.000000,1627844400),(5041,1,4,'Oylik',2,1140000.000000,1.000000,1627844400),(5042,1,21,'977844441',2,70000.000000,1.000000,1627844400),(5043,1,7,'Diklarand Uslugasi',5,846095.250000,1.000000,1627326000),(5044,1,21,'Internetga Uzonline jpon ',5,300300.000000,1.000000,1627326000),(5045,1,42,'Kamisiya Swift Usluga Bank',5,85074.880000,1.000000,1627326000),(5046,1,42,'Kamisiya Swift Usluga Bank',5,85074.880000,1.000000,1627326000),(5047,1,42,'% Terminal',5,270952.110000,1.000000,1627671600),(5048,1,56,'Oylik Avgust 2021',2,50000.000000,1.000000,1627844400),(5049,1,32,'Oylik Iyul 2021',2,1000000.000000,1.000000,1627930800),(5050,1,47,'PickApp Mix Info',2,100000.000000,1.000000,1627930800),(5051,1,47,'PickApp ',2,70000.000000,1.000000,1627930800),(5052,1,47,'PickApp ',2,65000.000000,1.000000,1627930800),(5053,1,6,'Kara',2,300000.000000,1.000000,1627930800),(5054,1,33,'bozor',2,20000.000000,1.000000,1627930800),(5055,1,5,'Yulkira',1,15210.000000,1.000000,1627930800),(5056,1,1,'Nabi Petrol',1,970.000000,1.000000,1627930800),(5057,1,1,'Nabi Petrol',1,14000.000000,1.000000,1627930800),(5058,1,4,'Oylik',2,200000.000000,1.000000,1627930800),(5059,1,47,'PickApp ',2,55000.000000,1.000000,1627930800),(5060,1,4,'Oylik',2,45000.000000,1.000000,1628017200),(5061,1,42,'Kamisiya Swift Usluga Bank',5,85000.000000,1.000000,1627844400),(5062,1,42,'Kamisiya Swift Usluga Bank',5,85184.240000,1.000000,1627844400),(5063,1,42,'Internet Bank uslugasi',5,122500.000000,1.000000,1627844400),(5064,1,42,'Kamisiya Swift Usluga Bank',5,608836.640000,1.000000,1627844400),(5065,1,45,'YET-KIM # 04.ot 01.07.20',1,24000.000000,1.000000,1627844400),(5066,1,4,'Oylik',2,270000.000000,1.000000,1628017200),(5067,1,47,'PickApp Nosirxon Gilam',2,55000.000000,1.000000,1628017200),(5068,1,1,'Islombekga',1,650.000000,1.000000,1628017200),(5069,1,1,'Islombekga',2,15000000.000000,1.000000,1628017200),(5070,1,4,'Oylik',2,90000.000000,1.000000,1628103600),(5071,1,42,'Kamisiya Swift Usluga Bank',5,417409.400000,1.000000,1628017200),(5072,1,42,'Kamisiya Swift Usluga Bank',5,85139.440000,1.000000,1628017200),(5073,1,45,'2k Dog #1ot 01.03.18 Shponga',1,15000.000000,1.000000,1628017200),(5074,1,47,'PickApp Mirayub Jomiyga',2,65000.000000,1.000000,1628103600),(5075,1,33,'bozor',2,20000.000000,1.000000,1628103600),(5076,1,53,'Oylik Iyul 2021',2,1300000.000000,1.000000,1628103600),(5077,1,1,'Islombekga',2,720000.000000,1.000000,1628103600),(5078,1,1,'Sadullahga',2,1000000.000000,1.000000,1628103600),(5079,1,5,'Yulkira',1,15210.000000,1.000000,1628103600),(5080,1,59,'Oylik Iyul 2021',2,100000.000000,1.000000,1628103600),(5081,1,8,'Oylik Iyul 2021',1,509.000000,1.000000,1628103600),(5082,1,23,'suvga',2,160000.000000,1.000000,1628103600),(5083,1,4,'Oylik',2,910000.000000,1.000000,1628103600),(5084,1,47,'PickApp Muborakga',2,100000.000000,1.000000,1628190000),(5085,1,42,'Terminal Arenda',5,25000.000000,1.000000,1628103600),(5086,1,1,'Sadullahga',2,1000000.000000,1.000000,1628190000),(5087,1,1,'Rustam Santexnikga',2,1645000.000000,1.000000,1628190000),(5088,1,47,'PickApp Nosirxon Gilam',2,100000.000000,1.000000,1628190000),(5089,1,59,'Oylik Iyul 2021',2,633000.000000,1.000000,1628190000),(5090,1,47,'PickApp Mix Info',2,60000.000000,1.000000,1628190000),(5091,1,47,'PickApp Shoxjoxon Xorazim',2,120000.000000,1.000000,1628276400),(5092,1,47,'PickApp Dilshod aka Emulsiya',2,75000.000000,1.000000,1628276400),(5093,1,42,'Kamisiya Swift Usluga Bank',5,85175.840000,1.000000,1628190000),(5094,1,2,'KKM Abanent plata',5,100100.000000,1.000000,1628190000),(5095,1,5,'Yulkira',1,54756.000000,1.000000,1628276400),(5096,1,33,'bozor',2,127000.000000,1.000000,1628276400),(5097,1,47,'Isuzi Buxoro Shuxrat aka ',2,2600000.000000,1.000000,1628276400),(5098,1,6,'Mardikor',2,500000.000000,1.000000,1628276400),(5099,1,4,'Oylik',2,2270000.000000,1.000000,1628362800),(5100,1,33,'bozor',2,1018000.000000,1.000000,1628449200),(5101,1,1,'Ravshanaka',2,1000000.000000,1.000000,1628449200),(5102,1,6,'Mardikor',2,400000.000000,1.000000,1628449200),(5103,1,47,'PickApp ',2,300000.000000,1.000000,1628449200),(5104,1,5,'Yulkira',1,25350.000000,1.000000,1628449200),(5111,1,31,'musor',2,80000.000000,1.000000,1628535600),(5112,1,47,'PickApp Nosirxon Gilam',2,100000.000000,1.000000,1628535600),(5107,1,1,'Ravshanaka kassada kam chiqdi',1,10.000000,1.000000,1628449200),(5108,1,47,'PickApp Mirayub Jomiyga',2,65000.000000,1.000000,1628535600),(5109,1,35,'Gaz',2,50000.000000,1.000000,1628535600),(5110,1,33,'bozor',2,10000.000000,1.000000,1628535600),(5113,1,47,'PickApp Mix Info',2,100000.000000,1.000000,1628535600),(5114,1,1,'Ravshanaka',1,5000.000000,1.000000,1628535600),(5115,1,47,'PickApp ',2,50000.000000,1.000000,1628622000),(5116,1,33,'bozor',2,15000.000000,1.000000,1628622000),(5117,1,57,'Uy Arendasi Yusuf Lakchi',1,200.000000,1.000000,1628622000),(5118,1,57,'Uy Arendasi Yusuf Lakchi',2,535000.000000,1.000000,1628622000),(5119,1,57,'Registrasiyaga Yusuf Turk Lakchi',2,273000.000000,1.000000,1628622000),(5120,1,2,'rezinka',2,43000.000000,1.000000,1628622000),(5121,1,47,'PickApp ',2,100000.000000,1.000000,1628622000),(5122,1,1,'Ravshanaka',2,300000.000000,1.000000,1628622000),(5123,1,5,'Yulkira Ravshan aka 5630 va kassa 40000 jami 45630',1,40630.000000,1.000000,1628622000),(5124,1,5,'Yulkira',1,20000.000000,1.000000,1628622000),(5125,1,1,'Ravshanaka',2,3000000.000000,1.000000,1628622000),(5126,1,1,'Ravshanaka',2,11875000.000000,1.000000,1628622000),(5127,1,47,'Mirayub benzin',2,200000.000000,1.000000,1628622000),(5128,1,47,'PickApp Nosirxon Gilam',2,100000.000000,1.000000,1628708400),(5129,1,1,'Abdulazizga',2,100000.000000,1.000000,1628708400),(5130,1,5,'Yulkira',1,20510.000000,1.000000,1628708400),(5131,1,33,'bozor',2,3000.000000,1.000000,1628708400),(5136,1,12,'Oplata za Nalog',5,1092000.000000,1.000000,1628449200),(5133,1,48,'Oynaga',2,600000.000000,1.000000,1628794800),(5134,1,33,'bozor',2,10000.000000,1.000000,1628794800),(5135,1,35,'Gaz',2,50000.000000,1.000000,1628794800),(5137,1,12,'Oplata za Nalog',5,1082900.000000,1.000000,1628449200),(5138,1,39,'svetga',5,1037386.350000,1.000000,1628449200),(5139,1,42,'Kamisiya Swift Usluga Bank',5,842785.300000,1.000000,1628449200),(5140,1,42,'Kamisiya Swift Usluga Bank',5,417193.700000,1.000000,1628449200),(5141,1,12,'Oplata za Nalog',5,9100.000000,1.000000,1628449200),(5142,1,45,'YET-KIM # 04.ot 01.07.20',1,15000.000000,1.000000,1628449200),(5143,1,45,'YET-KIM # 04.ot 01.07.20',1,35000.000000,1.000000,1628449200),(5144,1,42,'Kamisiya Swift Usluga Bank',5,416840.000000,1.000000,1628535600),(5145,1,40,'suvga',5,155275.220000,1.000000,1628535600),(5146,1,47,'PickApp ',2,40000.000000,1.000000,1628881200),(5147,1,1,'Ravshanaka',1,1991.000000,1.000000,1628881200),(5148,1,33,'bozor',2,110700.000000,1.000000,1628881200),(5149,1,2,'Sim olindi reklamaga quyishga',2,130000.000000,1.000000,1628881200),(5150,1,57,'Yusuf Lakci Internet',2,100000.000000,1.000000,1628881200),(5151,1,47,'PickApp Gaz',2,50000.000000,1.000000,1628881200),(5152,1,47,'PickApp Mebelga',2,360000.000000,1.000000,1628881200),(5153,1,48,'Mardikor',2,360000.000000,1.000000,1628881200),(5154,1,58,'Yusuf Lakci Oylik',1,100.000000,1.000000,1628881200),(5155,1,1,'Abdulazizga',2,400000.000000,1.000000,1628881200),(5156,1,6,'Kara',2,130000.000000,1.000000,1628881200),(5157,1,2,'Baklashka 10lt 100x3400=340000 yulkira 40000',2,380000.000000,1.000000,1628881200),(5159,1,42,'Kamisiya Swift Usluga Bank',5,85118.320000,1.000000,1628535600),(5160,1,42,'Kamisiya Swift Usluga Bank',5,85118.320000,1.000000,1628535600),(5161,1,45,'YET-KIM # 04.ot 01.07.20',1,15000.000000,1.000000,1628535600),(5162,1,42,'Kamisiya Swift Usluga Bank',5,85024.000000,1.000000,1628622000),(5163,1,41,'Yer Soligi ',5,2061675.000000,1.000000,1628708400),(5164,1,42,'Kamisiya Swift Usluga Bank',5,524401.200000,1.000000,1628708400),(5165,1,45,'YET-KIM # 04.ot 01.07.20',1,20000.000000,1.000000,1628708400),(5166,1,42,'Kamisiya Swift Usluga Bank',5,85280.240000,1.000000,1628794800),(5167,1,8,'Oylik Avgust 2021',1,200.000000,1.000000,1628881200),(5422,1,8,'Oylik Avgust 2021',1,9.540000,1.000000,1628881200),(5169,1,4,'Oylik',2,200000.000000,1.000000,1628881200),(5170,1,5,'Yulkira',1,20280.000000,1.000000,1628881200),(5171,1,1,'Ravshanaka',2,5000000.000000,1.000000,1628881200),(5172,1,4,'Oylik',2,4300000.000000,1.000000,1628967600),(5173,1,47,'PickApp Nosirxon Gilam',2,100000.000000,1.000000,1629054000),(5174,1,47,'PickApp Qaxramon Jomiyga',2,200000.000000,1.000000,1629054000),(5175,1,33,'bozor',2,1000000.000000,1.000000,1629054000),(5176,1,5,'Yulkira',1,20280.000000,1.000000,1629054000),(5177,1,7,'64.Lak Mir Colors INV IYF20210000000461 Mardikor',2,800000.000000,1.000000,1629054000),(5178,1,59,'Oylik Avgust 2021',2,200000.000000,1.000000,1629054000),(5179,1,7,'Ujin',2,350000.000000,1.000000,1629054000),(5180,1,4,'Oylik',2,1050000.000000,1.000000,1629140400),(5181,1,47,'PickApp Muborakga',2,65000.000000,1.000000,1629140400),(5182,1,1,'Islombekga',2,1400000.000000,1.000000,1629140400),(5183,1,7,'64. va 65. 0077-0078 Lak Mir Colors INV IYF20210000000461 Rastamoshkaga',5,120000000.000000,1.000000,1629054000),(5184,1,42,'Kamisiya Swift Usluga Bank',5,632150.000000,1.000000,1629054000),(5185,1,45,'YET-KIM # 04.ot 01.07.20',1,25000.000000,1.000000,1629054000),(5186,1,47,'PickApp ',2,65000.000000,1.000000,1629140400),(5187,1,47,'PickApp Mix Info',2,100000.000000,1.000000,1629140400),(5188,1,7,'65.Lak Mir Colors INV IYF2021000000077-78 Mardikor',2,800000.000000,1.000000,1629140400),(5189,1,7,'Ujin',2,100000.000000,1.000000,1629140400),(5190,1,4,'Oylik',2,465000.000000,1.000000,1629226800),(5191,1,35,'Gaz',2,40000.000000,1.000000,1629140400),(5192,1,5,'Yulkira',1,20280.000000,1.000000,1629140400),(5193,1,47,'PickApp Nosirxon Gilam',2,100000.000000,1.000000,1629226800),(5194,1,1,'Oylik Plastik',5,792000.000000,1.000000,1629054000),(5195,1,1,'Oylik Plastik',5,1760000.000000,1.000000,1629054000),(5196,1,52,'Oylik Plastik',5,880000.000000,1.000000,1629054000),(5197,1,1,'Oylik Plastik',5,1056000.000000,1.000000,1629054000),(5198,1,50,'Oylik Plastic Avgust 2021',1,82.240000,1.000000,1629054000),(5199,1,4,'Oylik Plastik',1,156.260000,1.000000,1629054000),(5200,1,8,'Oylik Plastik Avgust 2021',1,90.460000,1.000000,1629054000),(5201,1,7,'66.Lak Mir Colors INV IYF2021000000079-80 Rastamoshkaga',5,60000000.000000,1.000000,1629140400),(5202,1,7,'HighwayLogistics Center Arq Buloq Za Stoyanka',5,1001000.000000,1.000000,1629140400),(5203,1,42,'Kamisiya Swift Usluga Bank',5,481760.000000,1.000000,1629140400),(5204,1,45,'YET-KIM # 04.ot 01.07.20',1,18000.000000,1.000000,1629140400),(5205,1,1,'Islombekga',2,2000000.000000,1.000000,1629226800),(5206,1,47,'PickApp Nosirxon Gilam',2,100000.000000,1.000000,1629226800),(5207,1,47,'PickApp Gazel',2,155000.000000,1.000000,1629226800),(5208,1,47,'PickApp Sardor Xorazim Diller',2,155000.000000,1.000000,1629226800),(5209,1,1,'Ravshanaka',2,3000000.000000,1.000000,1629226800),(5210,1,4,'Oylik',2,150000.000000,1.000000,1629226800),(5211,1,5,'Yulkira',1,20280.000000,1.000000,1629226800),(5212,1,56,'Oylik Avgust 2021',2,200000.000000,1.000000,1629313200),(5213,1,47,'PickApp Tulqin Urikzor',2,100000.000000,1.000000,1629313200),(5214,1,47,'PickApp Mirayub Jomiyga',2,65000.000000,1.000000,1629313200),(5215,1,7,'67. Karkaz Mir Colors GIB2021000000007 Rastamoshkaga',5,37000000.000000,1.000000,1629226800),(5216,1,42,'Kamisiya Swift Usluga Bank',5,311046.200000,1.000000,1629226800),(5217,1,42,'Kamisiya Swift Usluga Bank',5,85464.000000,1.000000,1629226800),(5218,1,42,'Kamisiya Swift Usluga Bank',5,85280.000000,1.000000,1629226800),(5219,1,45,'2k Dog #1ot 01.03.18 Shponga',1,10000.000000,1.000000,1629226800),(5220,1,1,'Ravshanaka',1,150.000000,1.000000,1629313200),(5221,1,7,'64.Lak Mir Colors INV IYF20210000000461 Zilolapaga',1,1200.000000,1.000000,1629313200),(5222,1,7,'65.Lak Mir Colors INV IYF2021000000077-78 Zilolapaga',1,1200.000000,1.000000,1629313200),(5223,1,1,'67. Karkaz Mir Colors Kassaga tulandi Tayor Mebelga',2,16625000.000000,1.000000,1629313200),(5224,1,1,'Ravshanaka',2,1500000.000000,1.000000,1629313200),(5225,1,1,'Rustam Santexnikga',2,200000.000000,1.000000,1629313200),(5226,1,33,'bozor',2,38000.000000,1.000000,1629313200),(5227,1,1,'Bollaga exson',1,500.000000,1.000000,1629313200),(5228,1,7,'66.Lak Mir Colors INV IYF2021000000079-80 Mardikor',2,800000.000000,1.000000,1629313200),(5229,1,1,'Yulkira Ravshan aka 2800 va kassa 12410 jami 15210',1,12410.000000,1.000000,1629313200),(5230,1,7,'Ujin',2,100000.000000,1.000000,1629313200),(5231,1,45,'YET-KIM # 04.ot 01.07.20',1,20000.000000,1.000000,1629313200),(5232,1,7,'67. Karkaz Mir Colors GIB2021000000007 Mardikor',2,1200000.000000,1.000000,1629399600),(5233,1,7,'66.Lak Mir Colors INV IYF2021000000079-80 Zilolapaga',1,1200.000000,1.000000,1629399600),(5234,1,7,'67. Karkaz Mir Colors GIB2021000000007 Zilolapaga',1,1000.000000,1.000000,1629399600),(5235,1,7,'68.Lak Mir Colors INV IYF2021000000081 Zilolapaga',1,1200.000000,1.000000,1629399600),(5236,1,47,'Isuzi Buxoro Shuxrat aka 1280kg',2,260000.000000,1.000000,1629399600),(5237,1,1,'67. Karkaz Mir Colors GIB2021000000007 Shafyorga',1,600.000000,1.000000,1629399600),(5238,1,33,'bozor',2,126000.000000,1.000000,1629399600),(5239,1,7,'66.Lak Mir Colors INV IYF2021000000079-80 Sertifikat Bush Chelakga',2,2000000.000000,1.000000,1629399600),(5240,1,47,'Gazel Mebel Yukladik Farxod kursdoshga',2,650000.000000,1.000000,1629399600),(5241,1,47,'PickApp Nosirxon Gilam',2,100000.000000,1.000000,1629399600),(5242,1,4,'Oylik',2,500000.000000,1.000000,1629399600),(5243,1,1,'Ravshanaka',1,13000.000000,1.000000,1629399600),(5244,1,1,'Ravshanaka',2,3000000.000000,1.000000,1629399600),(5245,1,7,'68.Lak Mir Colors INV IYF2021000000081 Rastamoshkaga',5,65000000.000000,1.000000,1629399600),(5246,1,7,'68.Lak Mir Colors INV IYF2021000000081 Mardikor',2,900000.000000,1.000000,1629399600),(5247,1,42,'Kamisiya Swift Usluga Bank',5,416960.000000,1.000000,1629399600),(5248,1,2,'KKM Abanent plata',5,245245.000000,1.000000,1629399600),(5249,1,42,'Kamisiya Swift Usluga Bank',5,85218.480000,1.000000,1629399600),(5250,1,42,'Kamisiya Swift Usluga Bank',5,85152.000000,1.000000,1629399600),(5251,1,45,'YET-KIM # 04.ot 01.07.20',1,15000.000000,1.000000,1629399600),(5252,1,47,'PickApp Alisher Samarqand Diller',2,100000.000000,1.000000,1629486000),(5253,1,1,'68.Lak Mir Colors INV IYF2021000000081 Shafyorga',1,100.000000,1.000000,1629399600),(5254,1,1,'66.Lak Mir Colors INV IYF2021000000079-80 Shafyorga',1,200.000000,1.000000,1629399600),(5255,1,59,'Oylik Avgust 2021',2,100000.000000,1.000000,1629486000),(5256,1,4,'Oylik',2,240000.000000,1.000000,1629486000),(5257,1,5,'Yulkira Ravshan aka 11500 va kassa 29060 jami 40560',1,29060.000000,1.000000,1629486000),(5258,1,1,'Ravshanaka',2,2000000.000000,1.000000,1629486000),(5259,1,1,'Islombekga Shpon Strech',2,1000000.000000,1.000000,1629486000),(5260,1,47,'PickApp ',2,50000.000000,1.000000,1629486000),(5261,1,47,'PickApp Muborakga',2,100000.000000,1.000000,1629658800),(5269,1,47,'PickApp Nosirxon Gilam',2,100000.000000,1.000000,1629745200),(5263,1,47,'PickApp Tulqin Urikzor',2,100000.000000,1.000000,1629658800),(5264,1,47,'PickApp Odil oga Nukus',2,100000.000000,1.000000,1629658800),(5265,1,33,'bozor',2,980000.000000,1.000000,1629658800),(5266,1,1,'Rustam Santexnikga',2,1250000.000000,1.000000,1629658800),(5267,1,56,'Oylik Avgust 2021',2,50000.000000,1.000000,1629658800),(5268,1,4,'Oylik',2,160000.000000,1.000000,1629658800),(5270,1,12,'Oplata za Nalog',5,30000000.000000,1.000000,1629658800),(5271,1,42,'Kamisiya Swift Usluga Bank',5,459780.400000,1.000000,1629658800),(5272,1,42,'Kamisiya Swift Usluga Bank',5,85056.000000,1.000000,1629658800),(5273,1,45,'YET-KIM # 04.ot 01.07.20',1,17000.000000,1.000000,1629658800),(5274,1,47,'PickApp Rustam Jomiy',2,100000.000000,1.000000,1629745200),(5275,1,1,'Rustam Santexnikga',1,300.000000,1.000000,1629745200),(5276,1,1,'Ravshanaka',2,1500000.000000,1.000000,1629745200),(5277,1,6,'Kara',2,300000.000000,1.000000,1629745200),(5278,1,5,'Yulkira Ravshan aka 50000 va kassa 20980 jami 70980',1,20980.000000,1.000000,1629745200),(5279,1,7,'69-70.Lak Mir Colors Rastamoshkaga',5,110000000.000000,1.000000,1629745200),(5280,1,42,'Kamisiya Swift Usluga Bank',5,417234.200000,1.000000,1629745200),(5281,1,45,'YET-KIM # 04.ot 01.07.20',1,15000.000000,1.000000,1629745200),(5282,1,47,'PickApp Mirayub Jomiyga',2,65000.000000,1.000000,1629831600),(5283,1,1,'Islombekga',2,500000.000000,1.000000,1629831600),(5285,1,1,'Ravshanaka',1,700.000000,1.000000,1629831600),(5286,1,47,'Isuzi Buxoro Shuxrat aka ',2,400000.000000,1.000000,1629831600),(5287,1,57,'Ibroxim va Yusuf Lakchi',2,150000.000000,1.000000,1629831600),(5288,1,53,'Oylik Avgust 2021',2,200000.000000,1.000000,1629831600),(5289,1,5,'Yulkira',1,20280.000000,1.000000,1629831600),(5290,1,47,'PickApp ',2,35000.000000,1.000000,1629831600),(5291,1,7,'71-72.Lak Mir Colors Rastamoshkaga',5,103000000.000000,1.000000,1629831600),(5292,1,42,'Kamisiya Swift Usluga Bank',5,85129.120000,1.000000,1629831600),(5293,1,42,'Kamisiya Swift Usluga Bank',5,85124.800000,1.000000,1629831600),(5294,1,2,'Baklashka 10lt 100x3400=340000 yulkira 40000',2,380000.000000,1.000000,1629918000),(5295,1,47,'PickApp taxsi',2,30000.000000,1.000000,1629918000),(5296,1,47,'PickApp ',2,50000.000000,1.000000,1629918000),(5297,1,1,'Ravshanaka',2,5000000.000000,1.000000,1629918000),(5298,1,4,'Oylik',2,100000.000000,1.000000,1629918000),(5299,1,7,'69.Lak Mir Colors INV IYF2021000000083 2021 Mardikor',2,900000.000000,1.000000,1629918000),(5300,1,7,'70.Lak Mir Colors INV IYF2021000000084 2021 Mardikor',2,800000.000000,1.000000,1629918000),(5301,1,7,'Ujin',2,514000.000000,1.000000,1629918000),(5302,1,7,'Islombekga',2,500000.000000,1.000000,1630004400),(5303,1,47,'PickApp Muborakga',2,100000.000000,1.000000,1630004400),(5304,1,7,'69.Lak Mir Colors INV IYF2021000000083 2021 Zilolapaga',1,1200.000000,1.000000,1630004400),(5305,1,7,'70.Lak Mir Colors INV IYF2021000000084 2021 Zilolapaga',1,1200.000000,1.000000,1630004400),(5306,1,6,'Kara',2,200000.000000,1.000000,1630004400),(5307,1,33,'bozor',2,120000.000000,1.000000,1630004400),(5308,1,7,'71.Lak Mir Colors INV IYF2021000000087 2021 Zilolapaga',1,1200.000000,1.000000,1630004400),(5309,1,7,'71.Lak Mir Colors INV IYF2021000000087 2021 Mardikor',2,800000.000000,1.000000,1630004400),(5310,1,7,'72.Lak Mir Colors INV IYF2021000000085-86 2021 Zilolapaga',1,1200.000000,1.000000,1630004400),(5311,1,7,'72.Lak Mir Colors INV IYF2021000000085-86 2021 Mardikor',2,800000.000000,1.000000,1630004400),(5312,1,6,'Mardikor',2,200000.000000,1.000000,1630004400),(5313,1,7,'Ujin',2,100000.000000,1.000000,1630004400),(5314,1,47,'PickApp Nosirxon Gilam',2,200000.000000,1.000000,1630004400),(5315,1,47,'PickApp Nosirxon Gilam',2,150000.000000,1.000000,1630004400),(5316,1,47,'PickApp Nosirxon Gilam',2,50000.000000,1.000000,1630004400),(5317,1,47,'PickApp Mirayub Jomiyga',2,65000.000000,1.000000,1630004400),(5318,1,5,'Yulkira',1,81120.000000,1.000000,1630004400),(5319,1,47,'PickApp ',2,65000.000000,1.000000,1630090800),(5320,1,1,'Ravshanaka',2,6000000.000000,1.000000,1630090800),(5321,1,47,'PickApp Mix Info',2,100000.000000,1.000000,1630090800),(5322,1,47,'PickApp Rustam Jomiy',2,100000.000000,1.000000,1630090800),(5323,1,47,'PickApp Nosirxon Gilam',2,100000.000000,1.000000,1630090800),(5324,1,47,'PickApp Sardor Xorazim Diller',2,155000.000000,1.000000,1630090800),(5325,1,33,'bozor',2,29000.000000,1.000000,1630090800),(5326,1,47,'PickApp Qaxramon Jomiyga',2,200000.000000,1.000000,1630090800),(5327,1,47,'PickApp Nosirxon Gilam',2,100000.000000,1.000000,1630090800),(5328,1,4,'Oylik',2,300000.000000,1.000000,1630090800),(5329,1,31,'musor',2,100000.000000,1.000000,1630090800),(5330,1,5,'Yulkira',1,25350.000000,1.000000,1630090800),(5331,1,2,'Dombirabodga Qodil Reklama Yasaldi',1,800.000000,1.000000,1630177200),(5332,1,4,'Oylik',2,2000000.000000,1.000000,1630177200),(5333,1,35,'Gaz',2,40000.000000,1.000000,1630090800),(5334,1,33,'bozor',2,30000.000000,1.000000,1630263600),(5335,1,47,'PickApp Tulqin Urikzor',2,100000.000000,1.000000,1630263600),(5336,1,47,'PickApp Mirayub Jomiyga',2,65000.000000,1.000000,1630263600),(5337,1,33,'bozor',2,1030000.000000,1.000000,1630263600),(5338,1,47,'Mirayub benzin',2,200000.000000,1.000000,1630263600),(5339,1,2,'Turk Mexmonga Obed va sim karta doctor kuzuga',2,500000.000000,1.000000,1630263600),(5340,1,1,'Ravshanaka',2,20000000.000000,1.000000,1630263600),(5341,1,47,'PickApp Abduxakim Samarqand Diller',2,65000.000000,1.000000,1630263600),(5342,1,47,'PickApp Shosh Mebel',2,205000.000000,1.000000,1630263600),(5343,1,1,'Ravshanaka',1,20000.000000,1.000000,1630263600),(5344,1,5,'Yulkira',1,30420.000000,1.000000,1630263600),(5345,1,8,'Oylik Avgust 2021',1,100.000000,1.000000,1630263600),(5346,1,7,'Ujin',2,200000.000000,1.000000,1630263600),(5347,1,4,'Oylik',2,110000.000000,1.000000,1630350000),(5348,1,2,'Baklashka 1,5lt 200x850=170000 yulkira 40000',2,210000.000000,1.000000,1630350000),(5349,1,47,'PickApp Muborakga',2,100000.000000,1.000000,1630350000),(5350,1,47,'Isuzi Buxoro Shuxrat aka',2,450000.000000,1.000000,1630350000),(5351,1,6,'Kara',2,350000.000000,1.000000,1630350000),(5352,1,1,'Ravshanaka',2,5000000.000000,1.000000,1630350000),(5353,1,34,'Oylik Avgust 2021',1,600.000000,1.000000,1630350000),(5354,1,2,'Obed turk mexmon',2,250000.000000,1.000000,1630350000),(5355,1,1,'Ravshanaka Exson Bollaga',2,3500000.000000,1.000000,1630350000),(5356,1,47,'PickApp ',2,200000.000000,1.000000,1630350000),(5357,1,7,'Ujin',2,355000.000000,1.000000,1630350000),(5358,1,7,'73.Lak Mir Colors INV IYF2021000000091-92 2021 Mardikor',2,850000.000000,1.000000,1630350000),(5359,1,47,'PickApp Sardor Xorazim Diller',2,100000.000000,1.000000,1630350000),(5360,1,45,'YET-KIM # 04.ot 01.07.20',1,30000.000000,1.000000,1630350000),(5361,1,42,'Kamisiya Swift Usluga Bank',5,737190.800000,1.000000,1630350000),(5362,1,42,'Kamisiya Swift Usluga Bank',5,85215.120000,1.000000,1630350000),(5363,1,42,'Kamisiya Swift Usluga Bank',5,85215.120000,1.000000,1630350000),(5364,1,45,'2k Dog #1ot 01.03.18 Shponga',1,16973.080000,1.000000,1630263600),(5365,1,45,'YET-KIM # 04.ot 01.07.20',1,10000.000000,1.000000,1630263600),(5366,1,7,'73.Lak Mir Colors INV IYF2021000000091-92 2021 Rastamoshkaga',5,62000000.000000,1.000000,1630263600),(5367,1,42,'Kamisiya Swift Usluga Bank',5,459590.980000,1.000000,1630263600),(5368,1,42,'Kamisiya Swift Usluga Bank',5,311037.800000,1.000000,1630263600),(5369,1,21,'Internetga Uzonline jpon ',5,300300.000000,1.000000,1630263600),(5370,1,42,'Kamisiya Swift Usluga Bank',5,85125.920000,1.000000,1630263600),(5371,1,47,'PickApp Nosirxon Gilam',2,100000.000000,1.000000,1630522800),(5372,1,4,'Oylik',2,638000.000000,1.000000,1630522800),(5373,1,2,'Turk Mexmonga Obed',2,500000.000000,1.000000,1630522800),(5374,1,33,'Oylik Avgust 2021',2,1100000.000000,1.000000,1630522800),(5375,1,1,'Ravshanaka',2,5000000.000000,1.000000,1630522800),(5376,1,33,'bozor',2,150000.000000,1.000000,1630522800),(5377,1,23,'suvga',2,160000.000000,1.000000,1630522800),(5378,1,4,'Oylik',2,160000.000000,1.000000,1630522800),(5379,1,45,'YET-KIM # 04.ot 01.07.20',1,10000.000000,1.000000,1630004400),(5380,1,7,'HighwayLogistics Center Arq Buloq Za Stoyanka',5,1001000.000000,1.000000,1630004400),(5381,1,42,'Kamisiya Swift Usluga Bank',5,310814.800000,1.000000,1630004400),(5382,1,42,'Kamisiya Swift Usluga Bank',5,523760.000000,1.000000,1629313200),(5383,1,42,'% Terminal',5,643292.880000,1.000000,1630350000),(5384,1,4,'Oylik',2,700000.000000,1.000000,1630609200),(5385,1,2,'Baklashka 1,5lt ',2,250000.000000,1.000000,1630609200),(5386,1,47,'Yulkira',2,40000.000000,1.000000,1630609200),(5387,1,47,'PickApp ',2,25000.000000,1.000000,1630609200),(5388,1,47,'Gazel Reklama olib ketdi',2,200000.000000,1.000000,1630609200),(5389,1,21,'977844441',2,100000.000000,1.000000,1630609200),(5390,1,5,'Yulkira',1,30420.000000,1.000000,1630522800),(5391,1,1,'Ravshanaka',1,100.000000,1.000000,1630522800),(5392,1,47,'PickApp ',2,110000.000000,1.000000,1630609200),(5393,1,33,'bozor',2,40000.000000,1.000000,1630609200),(5394,1,47,'PickApp Nosirxon Gilam',2,50000.000000,1.000000,1630609200),(5395,1,4,'Oylik',1,255.000000,1.000000,1630695600),(5396,1,4,'Oylik',2,380000.000000,1.000000,1630695600),(5397,1,1,'Ravshanaka 2ta Telifon Olindi samsung a52',1,770.000000,1.000000,1630609200),(5398,1,1,'Ravshanaka',2,8000000.000000,1.000000,1630695600),(5399,1,4,'Oylik',2,300000.000000,1.000000,1630695600),(5400,1,33,'bozor',2,30000.000000,1.000000,1630695600),(5401,1,7,'Ujin',2,175000.000000,1.000000,1630695600),(5402,1,2,'Ura tortirdik 2ta moshina',2,600000.000000,1.000000,1630695600),(5403,1,2,'Rasulov Ibroxim aka Quliga',2,300000.000000,1.000000,1630695600),(5404,1,1,'Ravshanaka',2,5000000.000000,1.000000,1630695600),(5405,1,1,'Ravshanaka',1,700.000000,1.000000,1630695600),(5406,1,56,'Oylik Avgust 2021',2,1550000.000000,1.000000,1630695600),(5407,1,59,'Oylik Avgust 2021',2,1700000.000000,1.000000,1630695600),(5408,1,32,'Oylik Avgust 2021',2,1000000.000000,1.000000,1630868400),(5409,1,5,'Yulkira',1,20280.000000,1.000000,1630695600),(5410,1,1,'Ravshanaka',2,15000000.000000,1.000000,1630782000),(5411,1,4,'Oylik',2,2000000.000000,1.000000,1630782000),(5412,1,35,'Gaz',2,40000.000000,1.000000,1630695600),(5413,1,2,'Ubaydullo Diller Reklama Osildi ',2,800000.000000,1.000000,1630868400),(5414,1,50,'Oylik Avgust 2021',1,100.000000,1.000000,1630954800),(5415,1,35,'Gaz',2,40000.000000,1.000000,1630954800),(5416,1,7,'Ujin',2,376000.000000,1.000000,1630868400),(5417,1,47,'PickApp ',2,280000.000000,1.000000,1630868400),(5418,1,57,'Ibroxim va Yusuf Lakchi ',2,155000.000000,1.000000,1630868400),(5419,1,33,'bozor',2,775000.000000,1.000000,1630868400),(5420,1,7,'74.Lak Mir Colors INV IYF2021000000094-95 2021 Mardikor',2,850000.000000,1.000000,1630868400),(5421,1,7,'75.Shpon Mir Colors INV IYF20210000000933 2021 Karra 1500000 sum 300000 sum Kutganiga 200000 sum Ortiqcha Ishlaganiga',2,2000000.000000,1.000000,1630954800),(5423,1,8,'Oylik Avgust 2021',1,200.000000,1.000000,1630954800),(5424,1,1,'Ravshanaka',2,500000.000000,1.000000,1630954800),(5425,1,8,'Oylik Sentyabir 2021',2,105000.000000,1.000000,1630954800),(5426,1,33,'bozor',2,130000.000000,1.000000,1630954800),(5427,1,7,'76.Lak Mir Colors INV IYF2021000000090 2021 Mardikor',2,800000.000000,1.000000,1630954800),(5428,1,57,'Yusuf Lakci Ovqat Puli Sentyabir',1,100.000000,1.000000,1630954800),(5429,1,60,'Oylik Sentyabir 2021',2,1000000.000000,1.000000,1630954800),(5430,1,1,'Rustam Santexnikga',2,500000.000000,1.000000,1630954800),(5431,1,5,'Yulkira',1,30420.000000,1.000000,1630954800),(5432,1,2,'Ofisga Akfa rom tusildi',1,1000.000000,1.000000,1630954800),(5433,1,7,'Ujin',2,300000.000000,1.000000,1630954800),(5434,1,57,'Yusuf Lakci Registrasiyaga',1,50.000000,1.000000,1630954800),(5435,1,1,'Abdulazizga',2,1000000.000000,1.000000,1631041200),(5436,1,47,'PickApp Mirayub Jomiyga',2,100000.000000,1.000000,1631041200),(5437,1,47,'PickApp Muborakga',2,100000.000000,1.000000,1631041200),(5438,1,2,'Konditsioner Ustaga ',1,50.000000,1.000000,1631041200),(5439,1,2,'Konditsioner Ustaga ',2,450000.000000,1.000000,1631041200),(5440,1,47,'PickApp Shoxjoxon Xorazim',2,100000.000000,1.000000,1631041200),(5441,1,2,'Baklashka 10lt 100x3400=340000 yulkira 40000',2,380000.000000,1.000000,1631041200),(5442,1,47,'taxsi',2,20000.000000,1.000000,1631041200),(5443,1,57,'Uy Arendasi Yusuf Lakchi',1,250.000000,1.000000,1631041200),(5444,1,57,'Uy Arendasi Yusuf Lakchi tokga',2,200000.000000,1.000000,1631041200),(5445,1,57,'Registrasiyaga Yusuf Turk Lakchi',2,190000.000000,1.000000,1631041200),(5446,1,47,'PickApp Tulqin Urikzor',2,70000.000000,1.000000,1631041200),(5447,1,33,'bozor',2,50000.000000,1.000000,1631041200),(5448,1,2,'Ofisga Akfa rom tusildi',1,600.000000,1.000000,1631041200),(5449,1,61,'Oylik Avgust 2021',1,350.000000,1.000000,1631041200),(5450,1,48,'Ziyovuddinga Karkaz ',1,140.000000,1.000000,1631041200),(5451,1,1,'Ravshanaka',1,1000.000000,1.000000,1631041200),(5452,1,5,'Yulkira',1,29406.000000,1.000000,1631041200),(5453,1,6,'Mardikor',2,350000.000000,1.000000,1631127600),(5454,1,47,'PickApp 4ta xotka',2,220000.000000,1.000000,1631127600),(5455,1,1,'Ravshanaka',1,1500.000000,1.000000,1631127600),(5456,1,1,'Ravshanaka',2,1680000.000000,1.000000,1631127600),(5457,1,47,'PickApp Mirayub Jomiyga',2,65000.000000,1.000000,1631127600),(5458,1,33,'bozor',2,20000.000000,1.000000,1631127600),(5459,1,2,'skoch sim latta galagen va boshqa',2,1231000.000000,1.000000,1631127600),(5460,1,1,'Ravshanaka',2,2000000.000000,1.000000,1631127600),(5461,1,59,'Oylik Sentyabir 2021',2,100000.000000,1.000000,1631127600),(5462,1,56,'Oylik Sentyabir 2021',2,100000.000000,1.000000,1631127600),(5463,1,1,'bodom 1200000 sum Covid 460000 sum 350000 sum obed 40000 sum gaz',2,2050000.000000,1.000000,1631127600),(5464,1,21,'977844441',2,60000.000000,1.000000,1631214000),(5465,1,7,'74.Lak Mir Colors INV IYF2021000000094-95 2021 Rastamoshkaga',5,51106000.000000,1.000000,1630868400),(5466,1,7,'75.Shpon Mir Colors INV IYF20210000000933 2021 Rastamoshkaga',5,19000000.000000,1.000000,1630868400),(5467,1,7,'76.Lak Mir Colors INV IYF2021000000090 2021 Rastamoshkaga',5,45000000.000000,1.000000,1630954800),(5468,1,7,'73.Lak Mir Colors INV IYF2021000000091-92 2021 Zilolapaga',1,1200.000000,1.000000,1631214000),(5469,1,7,'74.Lak Mir Colors INV IYF2021000000094-95 2021 Zilolapaga',1,1200.000000,1.000000,1631214000),(5470,1,7,'75.Shpon Mir Colors INV IYF20210000000933 2021 Zilolapaga',1,800.000000,1.000000,1631214000),(5471,1,7,'76.Lak Mir Colors INV IYF2021000000090 2021 Zilolapaga',1,1200.000000,1.000000,1631214000),(5472,1,1,'Ahmed Gukanga berdim',1,6900.000000,1.000000,1631214000),(5473,1,2,'Konstovar Buxgalterga ',2,700000.000000,1.000000,1631214000),(5474,1,1,'Ravshanaka',2,12500000.000000,1.000000,1631214000),(5475,1,1,'Sharofiddin ustaga ',2,10605000.000000,1.000000,1631214000),(5476,1,57,'Yusuf Lakci Internet',2,100000.000000,1.000000,1631214000),(5477,1,47,'PickApp ',2,60000.000000,1.000000,1631214000),(5478,1,4,'Oylik ',2,700000.000000,1.000000,1631214000),(5479,1,7,'HighwayLogistics Center Arq Buloq Za Stoyanka',5,1001000.000000,1.000000,1630868400),(5480,1,42,'Kamisiya Swift Usluga Bank',5,748260.000000,1.000000,1630868400),(5481,1,42,'Kamisiya Swift Usluga Bank',5,321420.000000,1.000000,1630868400),(5482,1,42,'Internet Bank uslugasi',5,122500.000000,1.000000,1630868400),(5483,1,42,'Kamisiya Swift Usluga Bank',5,85225.440000,1.000000,1630868400),(5484,1,45,'YET-KIM # 04.ot 01.07.20',1,10000.000000,1.000000,1630868400),(5485,1,45,'YET-KIM # 04.ot 01.07.20',1,30000.000000,1.000000,1630868400),(5486,1,42,'Terminal Arenda',5,25000.000000,1.000000,1630954800),(5487,1,12,'Oplata za Nalog',5,1092000.000000,1.000000,1631041200),(5488,1,12,'Oplata za Nalog',5,1082900.000000,1.000000,1631041200),(5489,1,12,'Oplata za Nalog',5,9100.000000,1.000000,1631041200),(5490,1,2,'Ofisga Telvizor',1,260.000000,1.000000,1631214000),(5491,1,41,'Yer Soligi ',5,5622750.000000,1.000000,1631127600),(5492,1,2,'Kassa Aparat Uslugasiga',5,100100.000000,1.000000,1631127600),(5493,1,42,'Kamisiya Swift Usluga Bank',5,85368.000000,1.000000,1631127600),(5494,1,42,'Kamisiya Swift Usluga Bank',5,85368.000000,1.000000,1631127600),(5495,1,4,'Oylik',2,100000.000000,1.000000,1631214000),(5496,1,53,'bozor',2,40000.000000,1.000000,1631300400),(5497,1,47,'PickApp Nosirxon Gilam',2,65000.000000,1.000000,1631300400),(5498,1,47,'PickApp Odil oga Nukus',2,100000.000000,1.000000,1631300400),(5499,1,1,'Abdulazizga',2,700000.000000,1.000000,1631300400),(5500,1,47,'PickApp Mix Info',2,60000.000000,1.000000,1631300400),(5501,1,33,'bozor',2,40000.000000,1.000000,1631300400),(5502,1,59,'Oylik Sentyabir 2021',2,516000.000000,1.000000,1631300400),(5503,1,5,'Yulkira',1,11154.000000,1.000000,1631300400),(5504,1,1,'Ravshanaka',1,195.000000,1.000000,1631386800),(5505,1,7,'Ujin',2,400000.000000,1.000000,1631300400),(5506,1,1,'Ravshanaka',2,1500000.000000,1.000000,1631473200),(5507,1,4,'Oylik',2,2030000.000000,1.000000,1631386800),(5508,1,7,'77.Lak Mir Colors INV IYF2021000000097 2021 Mardikor',2,1000000.000000,1.000000,1631300400),(5509,1,7,'78.Lak Mir Colors INV IYF2021000000099-100 2021 Mardikor',2,800000.000000,1.000000,1631300400),(5510,1,1,'Abdulazizga',2,1500000.000000,1.000000,1631473200),(5511,1,32,'Oylik Sentyabir 2021',2,100000.000000,1.000000,1631473200),(5512,1,1,'79.Lak Mir Colors INV IYF2021000000098 2021 Mardikor',2,800000.000000,1.000000,1631473200),(5513,1,7,'77.Lak Mir Colors INV IYF2021000000097 2021 Zilolapaga',1,1200.000000,1.000000,1631473200),(5514,1,7,'78.Lak Mir Colors INV IYF2021000000099-100 2021 Zilolapaga',1,1200.000000,1.000000,1631473200),(5515,1,47,'PickApp ',2,100000.000000,1.000000,1631473200),(5516,1,47,'PickApp Muborakga',2,65000.000000,1.000000,1631473200),(5517,1,47,'PickApp Mirayub Jomiyga',2,65000.000000,1.000000,1631473200),(5518,1,47,'PickApp Nosirxon Gilam',2,65000.000000,1.000000,1631473200),(5519,1,33,'bozor',2,1005000.000000,1.000000,1631473200),(5520,1,21,'977844441',2,100000.000000,1.000000,1631473200),(5521,1,7,'79.Lak Mir Colors INV IYF2021000000098 2021 Rastamoshkaga',5,55000000.000000,1.000000,1631473200),(5522,1,42,'Kamisiya Swift Usluga Bank',5,747354.600000,1.000000,1631473200),(5523,1,42,'Kamisiya Swift Usluga Bank',5,534236.400000,1.000000,1631473200),(5524,1,45,'YET-KIM # 04.ot 01.07.20',1,20000.000000,1.000000,1631473200),(5525,1,45,'YET-KIM # 04.ot 01.07.20',1,30000.000000,1.000000,1631473200),(5526,1,7,'77.78. Lak Mir Colors INV IYF2021000000097-99.100 2021 Rastamoshkaga',5,102000000.000000,1.000000,1631214000),(5527,1,7,'Diklarand Uslugasi',5,4909654.750000,1.000000,1631214000),(5528,1,39,'svetga',5,1045944.900000,1.000000,1631214000),(5529,1,40,'suvga',5,154876.620000,1.000000,1631214000),(5530,1,38,'Gazga',5,45585.540000,1.000000,1631214000),(5531,1,12,'Oplata za Nalog',5,12500.000000,1.000000,1631214000),(5532,1,1,'Oylik Plastik Buxgalter',5,792000.000000,1.000000,1631041200),(5533,1,1,'Oylik Plastik',5,1760000.000000,1.000000,1631041200),(5534,1,52,'Oylik Plastik',5,880000.000000,1.000000,1631041200),(5535,1,1,'Oylik Plastik',5,1056000.000000,1.000000,1631041200),(5536,1,50,'Oylik Plastik Sentyabir 2021',1,82.080000,1.000000,1631041200),(5537,1,4,'Oylik Plastik',1,155.970000,1.000000,1631041200),(5538,1,8,'Oylik Plastik Sentyabir 2021',1,90.290000,1.000000,1631041200),(5539,1,7,'Ujin',2,210000.000000,1.000000,1631473200),(5540,1,4,'Oylik',2,2050000.000000,1.000000,1631559600),(5541,1,1,'Nabi Petrol',1,610.000000,1.000000,1631559600),(5542,1,47,'PickApp Mirayub Jomiyga',2,85000.000000,1.000000,1631559600),(5543,1,1,'Sharofiddin ustaga ',2,2400000.000000,1.000000,1631559600),(5544,1,47,'PickApp Sardor Xorazim Diller',2,160000.000000,1.000000,1631559600),(5545,1,33,'Obed',2,284000.000000,1.000000,1631559600),(5546,1,5,'Yulkira',1,45630.000000,1.000000,1631559600),(5547,1,56,'Oylik Sentyabir 2021',2,150000.000000,1.000000,1631559600),(5548,1,47,'PickApp ',2,50000.000000,1.000000,1631559600),(5549,1,47,'PickApp Tulqin Urikzor',2,65000.000000,1.000000,1631646000),(5550,1,7,'79.Lak Mir Colors INV IYF2021000000098 2021 Zilolapaga',1,1200.000000,1.000000,1631646000),(5551,1,7,'80.Lak Mir Colors INV IYF20210000000101-102 2021 Zilolapaga',1,1200.000000,1.000000,1631646000),(5552,1,33,'Obed',2,275000.000000,1.000000,1631646000),(5553,1,47,'PickApp ',2,30000.000000,1.000000,1631646000),(5554,1,7,'Ujin',2,239000.000000,1.000000,1631646000),(5555,1,7,'80.Lak Mir Colors INV IYF20210000000101-102 2021 Mardikor',2,900000.000000,1.000000,1631646000),(5556,1,47,'PickApp Mix Info',2,60000.000000,1.000000,1631732400),(5557,1,1,'Abdulazizga',2,1000000.000000,1.000000,1631732400),(5558,1,42,'Kamisiya Swift Usluga Bank',5,427550.700000,1.000000,1631559600),(5559,1,42,'Kamisiya Swift Usluga Bank',5,85247.280000,1.000000,1631559600),(5560,1,42,'Kamisiya Swift Usluga Bank',5,85247.280000,1.000000,1631559600),(5561,1,45,'YET-KIM # 04.ot 01.07.20',1,15000.000000,1.000000,1631559600),(5562,1,42,'Kamisiya Swift Usluga Bank',5,429180.000000,1.000000,1631732400),(5563,1,42,'Kamisiya Swift Usluga Bank',5,159775.350000,1.000000,1631732400),(5564,1,42,'Kamisiya Swift Usluga Bank',5,85492.960000,1.000000,1631732400),(5565,1,45,'YET-KIM # 04.ot 01.07.20',1,15000.000000,1.000000,1631732400),(5566,1,56,'Oylik Sentyabir 2021',2,1100000.000000,1.000000,1631732400),(5567,1,42,'Kamisiya Swift Usluga Bank',5,428598.600000,1.000000,1631646000),(5568,1,7,'за исследование и оформление документов',5,220192.970000,1.000000,1631646000),(5569,1,45,'YET-KIM # 04.ot 01.07.20',1,15000.000000,1.000000,1631646000),(5570,1,7,'75.Shpon Mir Colors INV IYF20210000000933 2021 Karantinga',2,698000.000000,1.000000,1631732400),(5571,1,35,'Gaz',2,50000.000000,1.000000,1631818800),(5572,1,4,'Oylik',2,1100000.000000,1.000000,1631818800),(5573,1,47,'PickApp Muborakga',2,100000.000000,1.000000,1631818800),(5574,1,33,'Obed',2,400000.000000,1.000000,1631818800),(5575,1,33,'Obed',2,300000.000000,1.000000,1631732400),(5576,1,47,'PickApp Mix Info',2,60000.000000,1.000000,1631818800),(5577,1,47,'PickApp Hamro Chinorga',2,80000.000000,1.000000,1631818800),(5578,1,31,'musor',2,80000.000000,1.000000,1631818800),(5579,1,2,'Baklashka 10lt 100x3500=350000 Yulkira 40000',2,390000.000000,1.000000,1631818800),(5580,1,6,'Abdusamad Andijonga Fura 22000kg Yukladik',2,800000.000000,1.000000,1631818800),(5581,1,5,'Yulkira',1,76050.000000,1.000000,1631818800),(5582,1,1,'Abdulazizga',2,1000000.000000,1.000000,1631905200),(5583,1,47,'PickApp Qobil Dombirabodga Reklama olib bordi',2,40000.000000,1.000000,1631905200),(5584,1,33,'Obed',2,400000.000000,1.000000,1631905200),(5585,1,47,'PickApp Abduxakim Samarqand Diller',2,100000.000000,1.000000,1631905200),(5586,1,47,'PickApp Nosirxon Gilam',2,60000.000000,1.000000,1631905200),(5587,1,1,'Abdulazizga',2,1000000.000000,1.000000,1631905200),(5588,1,4,'Oylik',2,50000.000000,1.000000,1631905200),(5589,1,47,'PickApp Nosirxon Gilam',2,100000.000000,1.000000,1631905200),(5590,1,33,'bozor',2,30000.000000,1.000000,1631905200),(5591,1,12,'Oplata za Nalog',5,26000000.000000,1.000000,1631818800),(5592,1,42,'Kamisiya Swift Usluga Bank',5,748863.600000,1.000000,1631818800),(5593,1,42,'Kamisiya Swift Usluga Bank',5,428431.800000,1.000000,1631818800),(5594,1,45,'YET-KIM # 04.ot 01.07.20',1,15000.000000,1.000000,1631818800),(5595,1,45,'YET-KIM # 04.ot 01.07.20',1,30000.000000,1.000000,1631818800),(5596,1,4,'Oylik',2,3170000.000000,1.000000,1631991600),(5597,1,16,'moshinalarga',1,7200.000000,1.000000,1631905200),(5598,1,57,'Ibroxim va Yusuf Lakchi',2,150000.000000,1.000000,1632078000),(5599,1,1,'Ravshanaka',2,1000000.000000,1.000000,1632078000),(5600,1,1,'Ravshanaka',2,2500000.000000,1.000000,1632078000),(5601,1,47,'PickApp Nosirxon Gilam',2,150000.000000,1.000000,1632078000),(5602,1,47,'PickApp Alisher Samarqand Diller',2,50000.000000,1.000000,1632078000),(5603,1,33,'bozor',2,35000.000000,1.000000,1632078000),(5604,1,56,'Oylik Sentyabir 2021',2,50000.000000,1.000000,1632078000),(5605,1,12,'Oplata za Nalog',5,17029766.740000,1.000000,1632078000),(5606,1,12,'Oplata za Nalog',5,8970233.260000,1.000000,1632078000),(5607,1,5,'Yulkira',1,10140.000000,1.000000,1632078000),(5609,1,33,'bozor',2,16000.000000,1.000000,1632164400),(5610,1,7,'81.Lak Mir Colors INV IYF20210000000105 2021 Mardikor',2,900000.000000,1.000000,1632164400),(5611,1,7,'81.Lak Mir Colors INV IYF20210000000105 2021 Rastamoshkaga',5,58000000.000000,1.000000,1632164400),(5612,1,12,'Oplata za Nalog',5,30000000.000000,1.000000,1632164400),(5613,1,42,'Kamisiya Swift Usluga Bank',5,85648.000000,1.000000,1632164400),(5614,1,42,'Kamisiya Swift Usluga Bank',5,85448.480000,1.000000,1632164400),(5615,1,42,'Kamisiya Swift Usluga Bank',5,85448.480000,1.000000,1632164400),(5616,1,2,'Reklama Bek Tupiga',1,110.000000,1.000000,1632164400),(5617,1,2,'Reklama Bunyod Navoiy Diller',1,450.000000,1.000000,1632164400),(5618,1,1,'Ravshanaka',1,135.000000,1.000000,1632250800),(5619,1,5,'Yulkira',1,10140.000000,1.000000,1632164400),(5620,1,47,'PickApp Abduxakim Samarqand Diller',2,155000.000000,1.000000,1632250800),(5621,1,47,'Gazel karkaz Muborakga',2,400000.000000,1.000000,1632250800),(5622,1,47,'PickApp Muborakga',2,65000.000000,1.000000,1632250800),(5623,1,47,'PickApp Tulqin Urikzor',2,65000.000000,1.000000,1632250800),(5624,1,4,'Oylik',2,300000.000000,1.000000,1632250800),(5625,1,4,'Oylik',2,550000.000000,1.000000,1632250800),(5626,1,47,'PickApp Hamro Chinorga',2,70000.000000,1.000000,1632337200),(5627,1,7,'Ujin',2,275000.000000,1.000000,1632250800),(5628,1,57,'Ibroxim va Yusuf Lakchi',2,55000.000000,1.000000,1632250800),(5629,1,45,'YET-KIM # 04.ot 01.07.20',1,15000.000000,1.000000,1632250800),(5630,1,42,'Kamisiya Swift Usluga Bank',5,428643.000000,1.000000,1632250800),(5631,1,1,'Ravshanaka',1,420.000000,1.000000,1632337200),(5632,1,1,'Ravshanaka',1,4000.000000,1.000000,1632337200),(5633,1,7,'81.Lak Mir Colors INV IYF20210000000105 2021 Zilolapaga',1,1200.000000,1.000000,1632337200),(5634,1,7,'82.Lak Mir Colors INV IYF20210000000103 2021 Zilolapaga',1,1200.000000,1.000000,1632337200),(5635,1,1,'Ravshanaka',1,5300.000000,1.000000,1632337200),(5636,1,7,'82.Lak Mir Colors INV IYF20210000000103 2021 Mardikor',2,800000.000000,1.000000,1632337200),(5637,1,7,'ujen',2,245000.000000,1.000000,1632337200),(5638,1,47,'PickApp Nosirxon Gilam',2,100000.000000,1.000000,1632337200),(5639,1,33,'bozor',2,25000.000000,1.000000,1632337200),(5640,1,47,'PickApp Mirayub Jomiyga',2,65000.000000,1.000000,1632337200),(5641,1,35,'Gaz',2,40000.000000,1.000000,1632337200),(5642,1,4,'Oylik',2,371000.000000,1.000000,1632423600),(5643,1,7,'83.Lak Mir Colors INV IYF20210000000111 2021 Mardikor',2,800000.000000,1.000000,1632423600),(5644,1,1,'Ravshanaka',2,7000000.000000,1.000000,1632423600),(5645,1,7,'Ujin',2,244000.000000,1.000000,1632423600),(5646,1,5,'Yulkira',1,20280.000000,1.000000,1632423600),(5647,1,47,'PickApp Qaxramon Jomiyga',2,100000.000000,1.000000,1632423600),(5648,1,33,'bozor',2,15000.000000,1.000000,1632423600),(5649,1,2,'Baklashka 10lt 100x3400=340000 yulkira 40000',2,380000.000000,1.000000,1632423600),(5650,1,47,'PickApp Akbar Rich',2,130000.000000,1.000000,1632423600),(5651,1,4,'Oylik',2,1850000.000000,1.000000,1632510000),(5652,1,56,'Oylik Sentyabir 2021',2,200000.000000,1.000000,1632510000),(5653,1,5,'Yulkira',1,30420.000000,1.000000,1632510000),(5654,1,1,'Ravshanaka',2,5000000.000000,1.000000,1632510000),(5655,1,35,'Gaz',2,40000.000000,1.000000,1632510000),(5656,1,33,'bozor',2,1000000.000000,1.000000,1632682800),(5657,1,4,'Oylik',2,1830000.000000,1.000000,1632682800),(5658,1,53,'Oylik Sentyabir 2021',2,300000.000000,1.000000,1632510000),(5659,1,33,'bozor',2,182000.000000,1.000000,1632510000),(5660,1,2,'Ofisda turgan reklamaga Boyashga Xom ashyo',2,100000.000000,1.000000,1632510000),(5661,1,47,'PickApp ',2,60000.000000,1.000000,1632510000),(5662,1,7,'83.Lak Mir Colors INV IYF20210000000111 2021 Rastamoshkaga',5,55000000.000000,1.000000,1632423600),(5663,1,42,'Kamisiya Swift Usluga Bank',5,705520.000000,1.000000,1632423600),(5664,1,45,'YET-KIM # 04.ot 01.07.20',1,28000.000000,1.000000,1632423600),(5665,1,7,'82.Lak Mir Colors INV IYF20210000000103 2021 Rastamoshkaga',5,47000000.000000,1.000000,1632337200),(5666,1,7,'HighwayLogistics Center Arq Buloq Za Stoyanka',5,1001000.000000,1.000000,1632337200),(5667,1,42,'Kamisiya Swift Usluga Bank',5,160321.500000,1.000000,1632337200),(5668,1,23,'suvga 15',2,240000.000000,1.000000,1632682800),(5669,1,4,'Oylik',2,160000.000000,1.000000,1632682800),(5670,1,2,'Reklama SMM',1,250.000000,1.000000,1632682800),(5671,1,31,'musor',2,200000.000000,1.000000,1632682800),(5672,1,47,'PickApp Muborakga',2,100000.000000,1.000000,1632682800),(5673,1,2,'Shlanaka Suv sepishga',2,1000000.000000,1.000000,1632682800),(5674,1,47,'PickApp Nosirxon Gilam',2,55000.000000,1.000000,1632682800),(5675,1,47,'PickApp Mirayub Jomiyga',2,100000.000000,1.000000,1632682800),(5676,1,47,'PickApp Shoxjoxon Xorazim',2,155000.000000,1.000000,1632682800),(5677,1,1,'Ravshanaka',2,2000000.000000,1.000000,1632682800);

--
-- Table structure for table `rasxod_siryo`
--

CREATE TABLE `rasxod_siryo` (
  `id_rasxod_siryo` int(11) NOT NULL AUTO_INCREMENT,
  `id_client` int(11) NOT NULL DEFAULT '0',
  `id_siryo` int(11) NOT NULL DEFAULT '0',
  `amount_rasxod_siryo` decimal(20,6) NOT NULL DEFAULT '0.000000',
  `time_rasxod_siryo` int(11) NOT NULL DEFAULT '0',
  `description_rasxod_siryo` varchar(200) CHARACTER SET utf8 COLLATE utf8_unicode_ci NOT NULL,
  PRIMARY KEY (`id_rasxod_siryo`)
) ENGINE=MyISAM AUTO_INCREMENT=683 DEFAULT CHARSET=latin1;

--
-- Dumping data for table `rasxod_siryo`
--

INSERT INTO `rasxod_siryo` VALUES (1,1,4,4.000000,1577991600,'brak'),(2,1,11,2.000000,1577991600,'brak'),(3,1,69,1.000000,1577991600,'brak'),(4,1,28,1.000000,1577991600,'brak'),(5,1,74,6.000000,1578337200,'brak'),(6,1,13,1.000000,1578423600,'Tinting Gench kraska tayorlashga'),(7,1,41,1.000000,1578596400,'Tinting Gench kraska tayorlashga'),(8,1,39,1.000000,1579028400,'Tinting Gench kraska tayorlashga'),(9,1,72,3.000000,1579114800,'Brak Musor'),(10,1,13,1.000000,1579719600,'Tinting Gench kraska tayorlashga'),(11,1,8,1.000000,1580065200,'Tilla Tayorladik'),(12,1,18,1.000000,1580670000,'Tinting Gench kraska tayorlashga'),(13,1,13,1.000000,1580670000,'Tinting Gench kraska tayorlashga'),(14,1,15,1.440000,1580756400,''),(15,1,38,1.000000,1580842800,''),(16,1,26,1.000000,1580842800,''),(17,1,74,36.760000,1580929200,'brak'),(18,1,41,1.000000,1580929200,'Tinting Gench kraska tayorlashga'),(19,1,13,1.000000,1581274800,'Tinting Gench kraska tayorlashga'),(20,1,18,1.000000,1581361200,'Tinting Gench kraska tayorlashga'),(21,1,15,13.200000,1581620400,'Brak Musor'),(22,1,72,9.000000,1581706800,'Brak Musor'),(23,1,13,1.000000,1582052400,'Tinting Gench kraska tayorlashga'),(24,1,73,35.000000,1582225200,'Baxtiyorga Skidka qilindi'),(25,1,72,13.000000,1582311600,'Qogoz Notigri ekan'),(26,1,41,5.000000,1582743600,'Tinting Gench kraska tayorlashga'),(27,1,13,1.000000,1583089200,'Tinting Gench kraska tayorlashga'),(28,1,15,2.000000,1583434800,''),(29,1,91,37.000000,1583434800,'Kara teshvordi'),(30,1,41,3.000000,1583694000,'Tinting Gench kraska tayorlashga'),(31,1,184,1.000000,1583866800,'Tinting Gench kraska tayorlashga'),(32,1,74,6.000000,1583953200,''),(33,1,203,4.000000,1584039600,'Divan Ofisga olindi'),(34,1,204,3.000000,1584039600,'Divan Ofisga olindi'),(35,1,324,2.000000,1584039600,'Divan Ofisga olindi'),(36,1,18,1.000000,1584039600,'Tinting Gench kraska tayorlashga Sotishga'),(37,1,74,1.000000,1584039600,'brak'),(38,1,54,11.000000,1584298800,'Brak Musor Qotib qolgan'),(39,1,41,1.000000,1584471600,'Tinting Gench kraska tayorlashga'),(40,1,208,1.000000,1584471600,'Tinting Gench kraska tayorlashga'),(41,1,2,12.000000,1584644400,'Brak Musor Qotib qolgan Ravshanaka Aytila tashavor deb'),(42,1,275,1.000000,1584903600,'brak'),(43,1,275,1.000000,1585076400,'Tinting Gench kraska tayorlashga'),(44,1,29,1.000000,1585076400,''),(45,1,2,1.000000,1587409200,'Brak Musor Moshinada kelgan'),(46,1,13,1.000000,1587409200,'Tinting Gench kraska tayorlashga'),(47,1,13,1.000000,1587927600,'Tinting Gench kraska tayorlashga'),(48,1,73,227.260000,1588014000,'Ravshanaka Ayirib Ruxsat berdila Skaladda Kam Chiqdi'),(49,1,13,1.000000,1588186800,'Tinting Gench kraska tayorlashga'),(50,1,21,4.000000,1587409200,'Ykda Kam Keldi Spiskada Farq'),(51,1,23,1.000000,1588186800,'Moshinada Tukilib Ketibga'),(52,1,41,1.000000,1588273200,'Tinting Gench kraska tayorlashga'),(53,1,74,17.000000,1588532400,'brak'),(54,1,16,1.000000,1588273200,'Moshinada Tukilib Ketibga'),(55,1,11,1.000000,1588273200,'Moshinada Tukilib Ketibga'),(56,1,41,1.000000,1588618800,'Tinting Gench kraska tayorlashga'),(57,1,13,1.000000,1588705200,'Tinting Gench kraska tayorlashga'),(58,1,13,1.000000,1588791600,'Tinting Gench kraska tayorlashga'),(59,1,72,2.000000,1589137200,'Brak Musor'),(60,1,41,1.000000,1589137200,'Tinting Gench kraska tayorlashga'),(61,1,13,1.000000,1589223600,'Tinting Gench kraska tayorlashga'),(62,1,13,1.000000,1589223600,'Tinting Gench kraska tayorlashga'),(63,1,69,1.000000,1589223600,'Moshinada Tukilib Ketibga'),(64,1,4,2.000000,1589223600,'Moshinada Tukilib Ketibga'),(65,1,41,1.000000,1589223600,'Tinting Gench kraska tayorlashga'),(66,1,72,2.640000,1589482800,'brak'),(67,1,41,1.000000,1589482800,'Tinting Gench kraska tayorlashga'),(68,1,9,3.000000,1589569200,'20.Lak 15.05.20 Shu moshinada Tukilga'),(69,1,13,1.000000,1589569200,'20.Lak 15.05.20 Shu moshinada Tukilga'),(70,1,1,1.000000,1589569200,'20.Lak 15.05.20 Shu moshinada Tukilga'),(71,1,5,1.000000,1589569200,'20.Lak 15.05.20 Shu moshinada Tukilga'),(72,1,21,1.000000,1589569200,'20.Lak 15.05.20 Shu moshinada Tukilga'),(73,1,2,14.000000,1589569200,'20.Lak 15.05.20 Shu moshinada Tukilga'),(74,1,214,6.000000,1589569200,'20.Lak 15.05.20 Shu moshinada Tukilga'),(75,1,40,1.000000,1589569200,'Tinting Gench kraska tayorlashga'),(76,1,208,1.000000,1589569200,'Tinting Gench kraska tayorlashga'),(77,1,6,1.000000,1589742000,'Brak Musor'),(78,1,72,7.350000,1589828400,'brak'),(79,1,74,12.000000,1589828400,'brak'),(80,1,208,2.000000,1589914800,'Tinting Gench kraska tayorlashga'),(81,1,13,1.000000,1589914800,'Tinting Gench kraska tayorlashga'),(82,1,46,1.000000,1589914800,'21.Lak Mir Colors 2020 Moshinada Tukilgan'),(83,1,4,2.000000,1589914800,'21.Lak Mir Colors 2020 Moshinada Tukilgan'),(84,1,13,1.000000,1589914800,'Tinting Gench kraska tayorlashga'),(85,1,40,1.000000,1590001200,'Tinting Gench kraska tayorlashga'),(86,1,40,1.000000,1590174000,'Tinting Gench kraska tayorlashga'),(87,1,13,1.000000,1590606000,'Tinting Gench kraska tayorlashga'),(88,1,41,2.000000,1590692400,'Tinting Gench kraska tayorlashga'),(89,1,13,1.000000,1591038000,'Tinting Gench kraska tayorlashga'),(90,1,18,1.000000,1591038000,'Tinting Gench kraska tayorlashga'),(91,1,74,30.100000,1591124400,'Brak Musor'),(92,1,13,1.000000,1591124400,'Tinting Gench kraska tayorlashga'),(93,1,41,1.000000,1591124400,'Tinting Gench kraska tayorlashga'),(94,1,208,1.000000,1591297200,'Tinting Gench kraska tayorlashga'),(95,1,15,9.530000,1591383600,'Brak Musor'),(97,1,208,1.000000,1591556400,'Tinting Gench kraska tayorlashga'),(98,1,72,7.140000,1591729200,'Brak Musor'),(99,1,41,1.000000,1591729200,'Tinting Gench kraska tayorlashga'),(100,1,208,1.000000,1591815600,'Tinting Gench kraska tayorlashga'),(101,1,15,1.000000,1591988400,'Brak Musor'),(102,1,13,1.000000,1592506800,'Tinting Gench kraska tayorlashga'),(103,1,318,1.000000,1592506800,'Tinting Gench kraska tayorlashga'),(104,1,21,1.000000,1592593200,'Tinting Gench kraska tayorlashga'),(105,1,13,1.000000,1592852400,'Tinting Gench kraska tayorlashga'),(106,1,318,1.000000,1592852400,'Tinting Gench kraska tayorlashga'),(107,1,72,4.000000,1592852400,'Brak Musor'),(108,1,18,1.000000,1593111600,'Tinting Gench kraska tayorlashga'),(109,1,34,1.000000,1593370800,'Ochib quydik Bu Bochka Teshilib Tukilgan 144.5kg'),(110,1,20,1.000000,1593630000,'Tinting Gench kraska tayorlashga'),(111,1,13,1.000000,1593802800,'Tinting Gench kraska tayorlashga'),(112,1,41,1.000000,1594148400,'Tinting Gench kraska tayorlashga'),(113,1,13,1.000000,1594234800,'Tinting Gench kraska tayorlashga'),(114,1,50,1.000000,1594062000,'25.Lak Mir Color 2020 Kontenirda Tukilgan '),(115,1,13,1.000000,1594666800,'Tinting Gench kraska tayorlashga'),(116,1,13,1.000000,1594666800,'Tinting Gench kraska tayorlashga'),(117,1,215,1.000000,1594666800,'brak'),(118,1,34,1.000000,1594666800,'Quyib Sotishga'),(120,1,184,1.000000,1594753200,'Tinting Gench kraska tayorlashga'),(121,1,41,1.000000,1594839600,'Tinting Gench kraska tayorlashga'),(122,1,34,1.000000,1595271600,'Quyib Sotishga'),(123,1,13,1.000000,1595271600,'Tinting Gench kraska tayorlashga'),(124,1,13,2.000000,1595358000,'Tinting Gench kraska tayorlashga'),(125,1,1,1.000000,1595358000,'32.Lak Mir Colors 2020 Moshinada tukilgan'),(126,1,24,1.000000,1595358000,'32.Lak Mir Colors 2020 Moshinada tukilgan'),(127,1,30,2.000000,1595358000,'32.Lak Mir Colors 2020 Moshinada tukilgan'),(128,1,4,1.000000,1595358000,'32.Lak Mir Colors 2020 Moshinada tukilgan'),(129,1,13,1.000000,1595530800,'Tinting Gench kraska tayorlashga'),(130,1,41,2.000000,1595790000,'Tinting Gench kraska tayorlashga'),(131,1,18,1.000000,1595790000,'Tinting Gench kraska tayorlashga'),(132,1,13,1.000000,1595790000,'Tinting Gench kraska tayorlashga'),(133,1,13,1.000000,1595876400,'Tinting Gench kraska tayorlashga'),(134,1,13,1.000000,1595962800,'Tinting Gench kraska tayorlashga'),(135,1,41,1.000000,1596049200,'Tinting Gench kraska tayorlashga'),(136,1,72,2.000000,1596049200,'brak'),(137,1,43,1.000000,1596049200,'37.Lak Mir Colors 2020 Moshinada Tukilgan Bush'),(138,1,41,1.000000,1596394800,'Tinting Gench kraska tayorlashga'),(139,1,2,4.000000,1596394800,'32.Lak Mir Colors 2020 Moshinada tukilgan'),(140,1,2,1.000000,1596481200,'Brak Musor'),(141,1,13,1.000000,1596740400,'Tinting Gench kraska tayorlashga'),(142,1,41,1.000000,1596740400,'Tinting Gench kraska tayorlashga'),(143,1,40,1.000000,1596740400,'Tinting Gench kraska tayorlashga'),(144,1,13,1.000000,1596999600,'Tinting Gench kraska tayorlashga'),(145,1,41,1.000000,1597086000,'Tinting Gench kraska tayorlashga'),(146,1,32,1.000000,1597086000,'Quyib Sotishga'),(147,1,34,1.000000,1597086000,'Quyib Sotishga'),(148,1,40,1.000000,1597172400,'Tinting Gench kraska tayorlashga'),(149,1,13,1.000000,1597258800,'Tinting Gench kraska tayorlashga'),(150,1,40,1.000000,1597345200,'Tinting Gench kraska tayorlashga'),(151,1,208,1.000000,1597345200,'Tinting kraska tayorlashga'),(152,1,40,1.000000,1597431600,'Tinting Gench kraska tayorlashga'),(153,1,3,1.000000,1597690800,'Rlient qaytarib olganimiz shu tukilib letdi'),(154,1,13,1.000000,1597690800,'Tinting Gench kraska tayorlashga'),(155,1,32,1.000000,1597690800,'Quyib Sotishga'),(156,1,91,2.000000,1597777200,'brak'),(157,1,18,1.000000,1597777200,'Tinting Gench kraska tayorlashga'),(158,1,13,1.000000,1598122800,'tiintin Rang Tayorlashga'),(159,1,137,5.000000,1598209200,'Brak Musor'),(160,1,40,1.000000,1598209200,'Tinting Gench kraska tayorlashga'),(161,1,32,1.000000,1598295600,'Quyib Sotishga Bu Bochka tukilgan ichida kam 170kg'),(162,1,39,1.000000,1598382000,'Tinting Gench kraska tayorlashga'),(163,1,34,1.000000,1598554800,'Quyib Sotishga'),(164,1,39,1.000000,1598814000,'Tinting Gench kraska tayorlashga'),(165,1,32,1.000000,1598986800,'Quyib Sotishga'),(166,1,208,1.000000,1598986800,'Tinting Gench kraska tayorlashga'),(167,1,40,2.000000,1599073200,'Tinting Gench kraska tayorlashga'),(168,1,40,1.000000,1599073200,'Tinting Gench kraska tayorlashga'),(169,1,40,1.000000,1599159600,'Tinting Gench kraska tayorlashga'),(170,1,32,1.000000,1599246000,'Quyib Sotishga Tukilgan Buchka 178kg'),(171,1,40,4.000000,1599418800,'Tinting Gench kraska tayorlashga'),(172,1,34,1.000000,1599418800,'Quyib Sotishga'),(173,1,34,1.000000,1599418800,'Quyib Sotishga'),(174,1,13,1.000000,1599505200,'Tinting Gench kraska tayorlashga'),(175,1,32,1.000000,1599505200,'Quyib Sotishga 179kg chiqdi'),(176,1,208,1.000000,1599591600,'Tinting Gench kraska tayorlashga'),(177,1,32,1.000000,1599591600,'Quyib Sotishga'),(178,1,208,1.000000,1599678000,'Tinting Gench kraska tayorlashga'),(179,1,34,1.000000,1600196400,'Quyib Sotishga 177.5kg Chiqdi'),(180,1,90,28.460000,1600282800,'brak'),(181,1,208,1.000000,1600282800,'Tinting Gench kraska tayorlashga'),(182,1,69,1.000000,1600282800,'Brak Musor Moshinada kelgan'),(183,1,4,2.000000,1600282800,'Brak Musor Moshinada kelgan'),(184,1,11,1.000000,1600282800,'Brak Musor Moshinada kelgan'),(185,1,2,1.000000,1600282800,'Brak Musor Moshinada kelgan'),(186,1,92,1.000000,1600282800,'Brak Musor Moshinada kelgan'),(187,1,9,1.000000,1600282800,'Tinting Gench kraska tayorlashga'),(188,1,13,1.000000,1600282800,'Tinting Gench kraska tayorlashga'),(189,1,18,1.000000,1600369200,'Tinting Gench kraska tayorlashga'),(190,1,13,1.000000,1600282800,'Tinting Gench kraska tayorlashga'),(191,1,32,1.000000,1600455600,'Quyib Sotishga 178.3kg Chiqdi'),(192,1,39,1.000000,1600455600,'Tinting Gench kraska tayorlashga'),(193,1,32,1.000000,1600628400,'Quyib Sotishga'),(194,1,34,1.000000,1600714800,'Quyib Sotishga 178.9 kg'),(195,1,40,1.000000,1600714800,'Tinting Gench kraska tayorlashga'),(196,1,208,1.000000,1600801200,'Tinting Gench kraska tayorlashga'),(197,1,40,1.000000,1600887600,'Tinting Gench kraska tayorlashga'),(198,1,40,1.000000,1600974000,'Tinting Gench kraska tayorlashga'),(199,1,40,1.000000,1601060400,'Tinting Gench kraska tayorlashga'),(200,1,13,1.000000,1601060400,'Tinting Gench kraska tayorlashga'),(201,1,342,38.000000,1601233200,'Reklamaga Berildi'),(202,1,344,4.000000,1601233200,'Reklamaga Berildi'),(203,1,340,5.000000,1601233200,'Reklamaga Berildi'),(204,1,40,1.000000,1601319600,'Tinting Gench kraska tayorlashga'),(205,1,21,1.000000,1601319600,'Tinting Gench kraska tayorlashga'),(206,1,65,1.000000,1601319600,'Tinting Gench kraska tayorlashga'),(215,1,13,2.000000,1601665200,'Tinting Gench kraska tayorlashga'),(208,1,11,2.000000,1601319600,'51.Lak LLC Markazqurilishtaminot 2020 Brak'),(209,1,7,1.000000,1601319600,'51.Lak LLC Markazqurilishtaminot 2020 Brak'),(210,1,32,1.000000,1601492400,'Quyib Sotishga'),(211,1,74,4.500000,1601578800,'brak'),(212,1,37,1.000000,1601578800,'52.Lak Mir Colors 2020 Kantenir Brak tukilgan'),(213,1,11,1.000000,1601578800,'52.Lak Mir Colors 2020 Kantenir Brak tukilgan'),(214,1,40,1.000000,1601492400,'Tinting Gench kraska tayorlashga'),(216,1,32,1.000000,1601665200,'Quyib Sotishga 178 kg Chiqdi'),(217,1,72,3.280000,1601665200,'brak'),(218,1,72,6.000000,1601838000,'Brak Musor'),(219,1,40,1.000000,1601924400,'Tinting Gench kraska tayorlashga'),(220,1,208,1.000000,1601924400,'Tinting Gench kraska tayorlashga'),(221,1,23,1.000000,1602010800,'54.Lak Mir Colors 2020 Brak Moshinada tukilgan'),(222,1,11,2.000000,1602010800,'54.Lak Mir Colors 2020 Brak Moshinada tukilgan'),(223,1,43,2.000000,1602010800,'54.Lak Mir Colors 2020 Brak Moshinada tukilgan'),(224,1,16,1.000000,1602010800,'54.Lak Mir Colors 2020 Brak Moshinada tukilgan'),(225,1,214,1.000000,1602010800,'54.Lak Mir Colors 2020 Brak Moshinada tukilgan'),(226,1,40,1.000000,1602097200,'Tinting Gench kraska tayorlashga'),(227,1,13,1.000000,1602097200,'Tinting Gench kraska tayorlashga'),(228,1,34,1.000000,1602097200,'Quyib Sotishga 179.5 kg'),(229,1,32,1.000000,1602097200,'Quyib Sotishga 178kg chiqdi'),(230,1,80,1.000000,1602356400,'54.Lak Mir Colors 2020 Brak Moshinada tukilgan'),(231,1,11,5.000000,1602356400,'54.Lak Mir Colors 2020 Brak Moshinada tukilgan'),(232,1,123,6.000000,1602356400,'Quyib Sotishga Moshinada Teshilib kelgan tn150 12kg'),(233,1,208,1.000000,1602442800,'Tinting Gench kraska tayorlashga'),(234,1,13,1.000000,1602529200,'Tinting Gench kraska tayorlashga'),(235,1,13,1.000000,1602788400,'Tinting Gench kraska tayorlashga'),(236,1,32,1.000000,1602442800,'Quyib Sotishga 176kg Chiqdi'),(237,1,13,1.000000,1603047600,'Tinting Gench kraska tayorlashga'),(238,1,13,1.000000,1603047600,'Tinting Gench kraska tayorlashga'),(239,1,11,6.000000,1602183600,'55.Lak Mir Colors 2020 Moshinada Tukilgan'),(240,1,3,1.000000,1602270000,'57.Lak Mir Colors 2020 Spiskada Kam Kelgan'),(241,1,72,5.890000,1603134000,'brak'),(242,1,32,2.000000,1603220400,'Quyib Sotishga'),(243,1,34,1.000000,1603220400,'Quyib Sotishga 179kg chiqdi'),(244,1,65,1.000000,1603306800,'Tinting Gench kraska tayorlashga'),(245,1,46,3.000000,1603306800,'61.Lak Mir Colors 2020 Kantenir Moshinada tukilgan'),(246,1,2,1.000000,1603306800,'61.Lak Mir Colors 2020 Kantenir Moshinada tukilgan'),(247,1,214,1.000000,1603306800,'61.Lak Mir Colors 2020 Kantenir Moshinada tukilgan'),(248,1,11,1.000000,1603306800,'61.Lak Mir Colors 2020 Kantenir Moshinada tukilgan'),(249,1,4,2.000000,1603306800,'61.Lak Mir Colors 2020 Kantenir Moshinada tukilgan'),(250,1,123,1.000000,1603479600,'Moshinada Tukilib Ketibga'),(251,1,4,1.000000,1603479600,'Moshinada Tukilib Ketibga'),(252,1,32,1.000000,1603652400,'Quyib Sotishga 178.5 kg Chiqdi'),(253,1,208,1.000000,1603652400,'Tinting kraska tayorlashga'),(254,1,40,1.000000,1603738800,'Tinting Gench kraska tayorlashga'),(255,1,15,4.000000,1603825200,'brak'),(256,1,208,1.000000,1603825200,'Tinting Gench kraska tayorlashga'),(257,1,32,1.000000,1603825200,'Quyib Sotishga'),(258,1,208,1.000000,1603911600,'Tinting Gench kraska tayorlashga'),(259,1,32,2.000000,1603998000,'Quyib Sotishga 359kg Chiqdi 2ta Bochka'),(260,1,72,2.000000,1604084400,'Brak Musor'),(261,1,40,1.000000,1604343600,'Tinting Gench kraska tayorlashga'),(262,1,40,5.000000,1604343600,'Tinting Gench kraska tayorlashga'),(263,1,34,1.000000,1604430000,'Quyib Sotishga 179.8kg Chiqdi'),(264,1,13,1.000000,1604430000,'Tinting Gench kraska tayorlashga'),(265,1,13,1.000000,1604516400,'Tinting Gench kraska tayorlashga'),(266,1,13,1.000000,1604602800,'Tinting Gench kraska tayorlashga'),(267,1,32,1.000000,1604602800,'Quyib Sotishga'),(268,1,346,3.800000,1604602800,'ishlattik'),(269,1,40,1.000000,1604689200,'Tinting Gench kraska tayorlashga'),(270,1,40,1.000000,1604689200,'Tinting Gench kraska tayorlashga'),(271,1,13,1.000000,1604862000,'Tinting Gench kraska tayorlashga'),(272,1,18,1.000000,1604948400,'Tinting Gench kraska tayorlashga'),(273,1,72,0.510000,1605034800,''),(274,1,40,1.000000,1605034800,'Tinting Gench kraska tayorlashga'),(275,1,32,2.000000,1605121200,'Quyib Sotishga'),(276,1,13,1.000000,1605121200,'Tinting Gench kraska tayorlashga'),(277,1,40,2.000000,1605294000,'Tinting Gench kraska tayorlashga'),(278,1,32,1.000000,1605726000,'Quyib Sotishga'),(279,1,358,4.000000,1605812400,'Sotishga Metirlab'),(280,1,359,1.000000,1605812400,'Sotishga Metirlab'),(281,1,358,6.000000,1605812400,'Skladda Kam'),(282,1,13,1.000000,1605898800,'Tinting Gench kraska tayorlashga'),(283,1,13,1.000000,1606071600,'Tinting Gench kraska tayorlashga'),(284,1,34,1.000000,1606071600,'Quyib Sotishga'),(285,1,32,1.000000,1606158000,'Quyib Sotishga 179kg chiqdi'),(286,1,40,1.000000,1606244400,'Tinting Gench kraska tayorlashga'),(287,1,72,2.000000,1606503600,'Brak Musor'),(288,1,359,1.000000,1606676400,'Sotishga Metirlab'),(289,1,21,1.000000,1606676400,'Tinting Gench kraska tayorlashga'),(290,1,13,1.000000,1606676400,'Tinting Gench kraska tayorlashga'),(291,1,32,1.000000,1606762800,'Quyib Sotishga 179.2kg chiqdi'),(292,1,13,1.000000,1606762800,'Tinting Gench kraska tayorlashga'),(293,1,40,1.000000,1606762800,'Tinting Gench kraska tayorlashga'),(294,1,13,1.000000,1606935600,'Tinting Gench kraska tayorlashga'),(295,1,91,13.730000,1607108400,'Brak Musor'),(296,1,72,60.000000,1607108400,'Shpon Razmeri qogoz bn 60m2 farq qildi 1 ta paletdan'),(297,1,13,1.000000,1607108400,'Tinting Gench kraska tayorlashga'),(298,1,40,1.000000,1607108400,'Tinting Gench kraska tayorlashga'),(299,1,32,2.000000,1607108400,'Quyib Sotishga'),(300,1,96,1.000000,1607281200,'Brak Musor'),(301,1,214,2.000000,1607281200,'Brak Musor'),(302,1,72,3.000000,1607540400,'Brak Musor'),(303,1,120,1.000000,1607540400,'Brak Musor'),(304,1,32,1.000000,1607540400,'Quyib Sotishga 155.5 kg Buchka furada tukilib kelgan'),(305,1,13,1.000000,1607626800,'Tinting Gench kraska tayorlashga'),(306,1,40,1.000000,1607713200,'Tinting Gench kraska tayorlashga'),(307,1,40,1.000000,1607972400,'Tinting Gench kraska tayorlashga'),(308,1,359,1.000000,1607972400,'Sotishga Metirlab'),(309,1,208,1.000000,1607972400,'Tinting Gench kraska tayorlashga'),(310,1,13,1.000000,1608058800,'Tinting Gench kraska tayorlashga'),(311,1,358,1.000000,1608145200,'Sotishga Metirlab'),(312,1,378,1.000000,1608145200,'Sotishga Metirlab'),(313,1,208,1.000000,1608231600,'Tinting Gench kraska tayorlashga'),(314,1,32,1.000000,1608318000,'Quyib Sotishga'),(315,1,32,1.000000,1608318000,'Quyib Sotishga 170.7kg moshinada oqgan'),(316,1,97,2.850000,1608318000,''),(317,1,34,1.000000,1608318000,'Quyib Sotishga'),(318,1,13,1.000000,1608663600,'Tinting Gench kraska tayorlashga'),(319,1,20,1.000000,1608663600,'Tinting Gench kraska tayorlashga'),(321,1,184,16.000000,1608663600,'80.Lak mir colors 22.12.20 Moshinada tukilga musor brak'),(322,1,13,1.000000,1608750000,'Tinting Gench kraska tayorlashga'),(323,1,40,1.000000,1608750000,'Tinting Gench kraska tayorlashga'),(324,1,32,1.000000,1608750000,'Quyib Sotishga 177.2kg chiqdi'),(325,1,369,1.000000,1608750000,'Quyib Sotishga 179.4kg chiqdi'),(326,1,32,1.000000,1608836400,'Quyib Sotishga 179.2 Chiqdi'),(327,1,15,3.000000,1608836400,''),(328,1,34,1.000000,1608922800,'Quyib Sotishga 181 Chiqdi'),(329,1,13,1.000000,1608922800,'Tinting Kraska Tayorlashga'),(330,1,13,1.000000,1608922800,'Tinting Kraska Tayorlashga'),(331,1,32,1.000000,1608922800,'Quyib Sotishga 178.6 Chiqdi'),(332,1,375,1.000000,1609095600,'Tinting Kraska Tayorlashga'),(333,1,376,1.000000,1609182000,'Tinting Kraska Tayorlashga'),(334,1,13,1.000000,1609182000,'Tinting Kraska Tayorlashga'),(335,1,369,1.000000,1609873200,'Quyib Sotishga 179.6 Chiqdi'),(336,1,32,1.000000,1609873200,'Quyib Sotishga '),(337,1,13,1.000000,1609959600,'Tinting Kraska Tayorlashga'),(338,1,40,1.000000,1610046000,'Tinting Kraska Tayorlashga'),(339,1,13,1.000000,1610132400,'Tinting Kraska Tayorlashga'),(340,1,359,1.000000,1610305200,'Metirlab Sotishga'),(341,1,32,1.000000,1610305200,'Quyib Sotishga 179.2 Chiqdi'),(342,1,34,1.000000,1610305200,'Quyib Sotishga 112.36 Chiqdi Moshinada teshilib oqan'),(343,1,40,1.000000,1610391600,'Tinting Kraska Tayorlashga'),(344,1,13,1.000000,1610478000,'Tinting Kraska Tayorlashga'),(345,1,15,10.000000,1610478000,'Brak'),(346,1,37,1.000000,1610478000,'1.Lak Mir Colors 2021 Brak '),(347,1,369,1.000000,1610650800,'Quyib Sotishga '),(348,1,41,1.000000,1610910000,'Tinting Kraska Tayorlashga'),(349,1,41,1.000000,1610910000,'Tinting Kraska Tayorlashga'),(350,1,72,1.440000,1610910000,'Brak'),(351,1,13,1.000000,1610996400,'Tinting Kraska Tayorlashga'),(352,1,359,1.000000,1611082800,'Metirlab Sotishga'),(353,1,369,1.000000,1611082800,'Quyib Sotishga 178.3 Chiqdi'),(354,1,369,1.000000,1611169200,'Quyib Sotishga 179.88 Chiqdi'),(355,1,40,1.000000,1611255600,'Tinting Kraska Tayorlashga'),(356,1,13,1.000000,1611601200,'Tinting Kraska Tayorlashga'),(357,1,369,1.000000,1611687600,'Quyib Sotishga 183.3 Chiqdi'),(358,1,346,0.860000,1611687600,''),(359,1,72,5.850000,1611774000,'Brak Musor'),(360,1,41,1.000000,1611860400,'Tinting Gench kraska tayorlashga'),(361,1,13,1.000000,1611860400,'Tinting Gench kraska tayorlashga'),(362,1,369,1.000000,1611860400,'Quyib Sotishga 179.5kg Chiqdi'),(363,1,358,1.000000,1612206000,'Metirlab Sotishga'),(364,1,13,1.000000,1612292400,'Tinting Gench kraska tayorlashga'),(365,1,369,1.000000,1612378800,'Quyib Sotishga 179.5kg Chiqdi'),(366,1,34,1.000000,1612378800,'Quyib Sotishga 177 kg moshinada oqgan'),(367,1,41,1.000000,1612378800,'Tinting Gench kraska tayorlashga'),(368,1,208,1.000000,1612724400,'Tinting Kraska Tayorlashga'),(369,1,208,1.000000,1612724400,'Tinting Gench kraska tayorlashga'),(370,1,369,1.000000,1612810800,'Quyib Sotishga 179.4 kg chiqdi'),(371,1,41,1.000000,1612983600,'Tinting Kraska Tayorlashga'),(372,1,13,1.000000,1612983600,'Tinting Kraska Tayorlashga'),(373,1,359,1.000000,1613329200,'Metirlab Sotishga'),(374,1,208,1.000000,1613329200,'Tinting Kraska Tayorlashga'),(375,1,40,1.000000,1613329200,'Tinting Kraska Tayorlashga'),(376,1,436,1.000000,1613415600,'Metirlab Sotishga'),(377,1,18,1.000000,1613415600,'Tinting Kraska Tayorlashga'),(378,1,369,1.000000,1613502000,'Quyib Sotishga 179.7 Chiqdi'),(379,1,34,1.000000,1613502000,''),(380,1,208,1.000000,1613588400,'Tinting Kraska Tayorlashga'),(381,1,375,1.000000,1613588400,'Tinting Gench kraska tayorlashga'),(382,1,376,1.000000,1613588400,'Tinting Gench kraska tayorlashga'),(383,1,208,1.000000,1613674800,'Tinting Kraska Tayorlashga'),(384,1,9,1.000000,1613674800,'6.Lak Mir Colors 2021 IYF2020000000010 Oqib bush keldi'),(385,1,1,1.000000,1613761200,'Ichi qotib qolgan shunday keldi'),(386,1,369,1.000000,1613934000,'Quyib Sotishga 181 Chiqdi'),(387,1,208,1.000000,1614106800,'Tinting Gench kraska tayorlashga'),(388,1,72,4.750000,1614279600,'Brak'),(389,1,74,6.730000,1614279600,'Brak'),(390,1,369,1.000000,1614538800,'Quyib Sotishga 179 Chiqdi'),(391,1,375,1.000000,1614538800,'Quyib Sotishga '),(392,1,208,1.000000,1614625200,'Tinting Kraska Tayorlashga'),(393,1,41,1.000000,1614884400,'Tinting Kraska Tayorlashga'),(394,1,369,1.000000,1614970800,'Quyib Sotishga 178.2 Chiqdi'),(395,1,34,1.000000,1614970800,'Quyib Sotishga 179.7 Chiqdi'),(396,1,40,1.000000,1614970800,'Tinting Kraska Tayorlashga'),(397,1,358,1.000000,1615143600,'Metirlab Sotishga'),(398,1,208,1.000000,1615316400,'Tinting Kraska Tayorlashga'),(399,1,377,1.000000,1615402800,'Quyib Sotishga'),(400,1,376,1.000000,1615402800,'Quyib Sotishga'),(401,1,32,1.000000,1615402800,'Quyib Sotishga 184.68 kg '),(402,1,40,1.000000,1615402800,'Tinting Kraska Tayorlashga'),(403,1,32,1.000000,1615489200,'Quyib Sotishga 181.5 Chiqdi'),(404,1,214,1.000000,1615489200,'Brak'),(405,1,15,5.000000,1615834800,'Brak'),(406,1,74,4.970000,1615834800,'Brak'),(407,1,208,1.000000,1615834800,'Tinting Gench kraska tayorlashga'),(408,1,2,10.000000,1616007600,'Moshinada Teshilgan 19.Lak Mir Colors 2021 IYF2021000000015'),(409,1,359,1.000000,1616094000,'Metirlab Sotishga'),(410,1,72,3.000000,1616180400,'Brak'),(411,1,11,1.000000,1616180400,'Brak 20.Lak Mir Colors 2021 IYF2021000000020 '),(412,1,32,1.000000,1616526000,'Quyib Sotishga 179.4 Chiqdi'),(413,1,40,1.000000,1616612400,'Tinting Kraska Tayorlashga'),(414,1,13,1.000000,1616698800,'Tinting Kraska Tayorlashga'),(415,1,40,1.000000,1616785200,'Tinting Gench kraska tayorlashga'),(416,1,34,1.000000,1616785200,'Quyib Sotishga 180.45kg Chiqdi'),(417,1,208,1.000000,1616785200,'Tinting Gench kraska tayorlashga'),(418,1,32,1.000000,1616785200,'Quyib Sotishga'),(419,1,40,1.000000,1616958000,'Tinting Kraska Tayorlashga'),(420,1,40,2.000000,1617044400,'Tinting Kraska Tayorlashga'),(421,1,32,1.000000,1617044400,'Quyib Sotishga 181 Chiqdi'),(422,1,97,3.900000,1617130800,''),(423,1,359,1.000000,1617130800,'Metirlab Sotishga'),(424,1,40,1.000000,1617217200,'Tinting Kraska Tayorlashga'),(425,1,375,1.000000,1617217200,'Tinting Kraska Tayorlashga'),(426,1,13,1.000000,1617217200,'Tinting Kraska Tayorlashga'),(427,1,32,1.000000,1617217200,'Quyib Sotishga 176 Chiqdi'),(428,1,32,1.000000,1617390000,'Quyib Sotishga 179.8 Chiqdi'),(429,1,41,1.000000,1617562800,'Tinting Kraska Tayorlashga'),(430,1,82,1.000000,1617562800,'Tinting Kraska Tayorlashga'),(431,1,32,1.000000,1617649200,'Quyib Sotishga 180.3Chiqdi'),(432,1,13,1.000000,1617649200,'Tinting Kraska Tayorlashga'),(433,1,13,1.000000,1617822000,'Tinting Gench kraska tayorlashga'),(434,1,358,1.000000,1617822000,''),(435,1,32,1.000000,1617822000,'Quyib Sotishga 179.5kg Chiqdi'),(436,1,2,8.000000,1617822000,'27.Lak Mir Colors 2021 IYF2021000000028 Moshinada Tukilgan'),(437,1,41,1.000000,1617908400,'Tinting Kraska Tayorlashga'),(438,1,375,1.000000,1618167600,'Tinting Kraska Tayorlashga'),(439,1,13,1.000000,1618167600,'Tinting Kraska Tayorlashga'),(440,1,32,1.000000,1618167600,'Quyib Sotishga 180.10 Chiqdi'),(441,1,41,1.000000,1618426800,'Tinting Kraska Tayorlashga'),(442,1,13,1.000000,1618513200,'Tinting Kraska Tayorlashga'),(443,1,32,1.000000,1618513200,'Quyib Sotishga 181.6 Chiqdi'),(444,1,32,1.000000,1618599600,'Quyib Sotishga 180.6 Chiqdi'),(445,1,13,1.000000,1618599600,'Tinting Kraska Tayorlashga'),(446,1,15,2.000000,1618599600,'Brak'),(447,1,15,13.300000,1618858800,'Brak'),(448,1,32,1.000000,1618858800,'Quyib Sotishga 180 Chiqdi'),(449,1,34,1.000000,1618858800,'Quyib Sotishga 179.54 Chiqdi'),(450,1,13,1.000000,1618858800,'Tinting Kraska Tayorlashga'),(451,1,32,1.000000,1619031600,'Quyib Sotishga 179.5 Chiqdi'),(452,1,74,55.000000,1619031600,'Yozuvda Yuq'),(453,1,13,1.000000,1619118000,'Tinting Kraska Tayorlashga'),(454,1,13,1.000000,1619204400,'Tinting Kraska Tayorlashga'),(455,1,32,1.000000,1619377200,'Quyib Sotishga 183.86 Chiqdi'),(456,1,41,1.000000,1619377200,'Tinting Kraska Tayorlashga'),(457,1,120,1.000000,1619377200,'Skladda kam'),(458,1,213,4.000000,1619377200,'Skladda kam'),(459,1,30,4.000000,1619377200,'Skladda kam'),(460,1,46,1.000000,1619377200,'32.Lak Brak keldi'),(461,1,11,4.000000,1619377200,'Brak'),(462,1,357,1.000000,1619463600,'Metirlab Sotishga'),(463,1,21,1.000000,1619463600,'Shuxrat buxoro diller Yulda Oqib ketdi'),(464,1,32,1.000000,1619550000,'Quyib Sotishga 179.7 Chiqdi'),(465,1,358,1.000000,1619550000,'Metirlab Sotishga'),(466,1,13,1.000000,1619636400,'Tinting Kraska Tayorlashga'),(467,1,369,2.000000,1619722800,'Quyib Sotishga 357.6 Chiqdi'),(468,1,34,1.000000,1619722800,'Quyib Sotishga 179 Chiqdi'),(469,1,39,1.000000,1619809200,'Tinting Kraska Tayorlashga'),(470,1,11,1.000000,1619809200,'Brak'),(471,1,8,1.000000,1619809200,'Brak'),(472,1,72,23.000000,1619982000,'Paletdan kam chiqdi'),(473,1,13,1.000000,1619982000,'Tinting Kraska Tayorlashga'),(474,1,40,1.000000,1620154800,'Tinting Kraska Tayorlashga'),(475,1,41,1.000000,1620241200,'Tinting Kraska Tayorlashga'),(476,1,375,1.000000,1620414000,'Tinting Kraska Tayorlashga'),(477,1,208,1.000000,1620414000,'Tinting Kraska Tayorlashga'),(478,1,369,2.000000,1620414000,'Quyib Sotishga 359.5kg Chiqdi'),(479,1,46,2.000000,1620586800,'Brak Moshinada Tukilgan Idishga Quydik'),(480,1,80,1.000000,1620586800,'Brak Moshinada Tukilgan Idishga Quydik'),(481,1,214,5.000000,1620586800,'Brak Moshinada Tukilgan Idishga Quydik'),(482,1,2,2.000000,1620586800,'Brak Moshinada Tukilgan Idishga Quydik'),(483,1,40,1.000000,1620586800,'Tinting Kraska Tayorlashga'),(484,1,41,1.000000,1620673200,'Tinting Kraska Tayorlashga'),(485,1,358,1.000000,1620759600,'Metirlab Sotishga'),(486,1,15,5.130000,1621018800,'Brak'),(487,1,208,1.000000,1621018800,'Tinting Kraska Tayorlashga'),(488,1,72,5.000000,1621191600,'Brak'),(489,1,13,1.000000,1621191600,'Tinting Kraska Tayorlashga'),(490,1,40,1.000000,1621191600,'Tinting Kraska Tayorlashga'),(491,1,369,1.000000,1621191600,'Quyib Sotishga 180.3 Chiqdi'),(492,1,41,1.000000,1621364400,'Tinting Kraska Tayorlashga'),(493,1,2,2.000000,1621364400,'40.Lak Mir Color 2021 IYF2021000000045 Moshinada Tukilgan'),(494,1,214,7.000000,1621364400,'40.Lak Mir Color 2021 IYF2021000000045 Moshinada Tukilgan'),(495,1,11,7.000000,1621364400,'40.Lak Mir Color 2021 IYF2021000000045 Moshinada Tukilgan'),(496,1,1,1.000000,1621364400,'40.Lak Mir Color 2021 IYF2021000000045 Moshinada Tukilgan'),(497,1,13,1.000000,1621537200,'Tinting Kraska Tayorlashga'),(498,1,465,1.000000,1621537200,'Quyib Sotishga '),(499,1,41,1.000000,1621623600,'Tinting Kraska Tayorlashga'),(500,1,34,1.000000,1621623600,'Quyib Sotishga 179.9 Chiqdi'),(501,1,13,1.000000,1621623600,'Tinting Kraska Tayorlashga'),(502,1,72,4.290000,1621796400,'Brak'),(503,1,41,1.000000,1621796400,'Tinting Kraska Tayorlashga'),(504,1,15,3.620000,1621796400,'Brak'),(505,1,369,1.000000,1621796400,'Quyib Sotishga 183.3 Chiqdi'),(506,1,41,1.000000,1621969200,'Tinting Kraska Tayorlashga'),(507,1,208,1.000000,1621969200,'Tinting Kraska Tayorlashga'),(508,1,41,1.000000,1621969200,'Tinting Kraska Tayorlashga'),(509,1,358,1.000000,1621969200,'Metirlab Sotishga'),(510,1,369,1.000000,1622142000,'Quyib Sotishga 179.9 Chiqdi'),(511,1,41,1.000000,1622228400,'Tinting Kraska Tayorlashga'),(512,1,13,1.000000,1622228400,'Tinting Kraska Tayorlashga'),(513,1,208,1.000000,1622574000,'Tinting Kraska Tayorlashga'),(514,1,34,1.000000,1622401200,'Quyib Sotishga 179.04 Chiqdi'),(515,1,32,1.000000,1622574000,'Quyib Sotishga 179.7 Chiqdi'),(516,1,1,12.000000,1622660400,'Brak Moshinada Tukilgan Idishga Quydik INV0034'),(517,1,2,5.000000,1622660400,'Brak Moshinada Tukilgan Idishga Quydik INV0034'),(518,1,436,1.000000,1622746800,'Metirlab Sotishga'),(519,1,41,1.000000,1622746800,'Tinting Kraska Tayorlashga'),(520,1,208,1.000000,1622746800,'Tinting Kraska Tayorlashga'),(521,1,524,1.000000,1623006000,'brak'),(522,1,527,1.000000,1623006000,'Brak'),(523,1,41,1.000000,1623006000,'Tinting Kraska Tayorlashga'),(524,1,369,1.000000,1623006000,'Quyib Sotishga 179.2 Chiqdi'),(525,1,24,1.000000,1623092400,'Tinting Kraska Tayorlashga'),(526,1,41,1.000000,1623265200,'Tinting Kraska Tayorlashga'),(527,1,24,1.000000,1623351600,'Tinting Kraska Tayorlashga'),(528,1,369,1.000000,1623438000,'Quyib Sotishga 180 Chiqdi'),(529,1,97,3.900000,1623438000,''),(530,1,15,28.000000,1623610800,'Brak'),(531,1,41,1.000000,1623610800,'Tinting Kraska Tayorlashga'),(532,1,369,1.000000,1623610800,'Quyib Sotishga 179.2 Chiqdi'),(533,1,34,1.000000,1623610800,'Quyib Sotishga 179.9 Chiqdi'),(534,1,357,1.000000,1623610800,'Metirlab Sotishga'),(535,1,358,1.000000,1623610800,'Metirlab Sotishga'),(536,1,369,1.000000,1623697200,'178.8kg'),(537,1,41,1.000000,1623697200,'Tinting Kraska Tayorlashga'),(538,1,358,1.000000,1623870000,'Metirlab Sotishga'),(539,1,208,1.000000,1623870000,'Tinting Kraska Tayorlashga'),(540,1,13,1.000000,1624302000,'Tinting Kraska Tayorlashga'),(541,1,82,1.000000,1624302000,'Tinting Kraska Tayorlashga'),(542,1,32,1.000000,1624388400,'Quyib Sotishga 180 Chiqdi'),(543,1,378,1.000000,1624388400,'Metirlab Sotishga'),(544,1,40,1.000000,1624388400,'Tinting Kraska Tayorlashga'),(545,1,208,1.000000,1624474800,'Tinting Kraska Tayorlashga'),(546,1,369,1.000000,1624474800,'Quyib Sotishga 181 Chiqdi'),(547,1,41,1.000000,1624474800,'Tinting Kraska Tayorlashga'),(548,1,208,1.000000,1624474800,'Tinting Kraska Tayorlashga'),(549,1,13,1.000000,1624647600,'Tinting Kraska Tayorlashga'),(550,1,375,1.000000,1624820400,'Tinting Kraska Tayorlashga'),(551,1,13,1.000000,1624820400,'Tinting Kraska Tayorlashga'),(552,1,34,1.000000,1624820400,'Quyib Sotishga 180 Chiqdi'),(553,1,208,1.000000,1624906800,'Tinting Kraska Tayorlashga'),(554,1,32,1.000000,1624906800,'Quyib Sotishga 176kg Chiqdi'),(555,1,13,1.000000,1624906800,'Tinting Kraska Tayorlashga'),(556,1,40,1.000000,1624993200,'Tinting Kraska Tayorlashga'),(557,1,358,1.000000,1624993200,'Metirlab Sotishga'),(558,1,208,1.000000,1625166000,'Tinting Kraska Tayorlashga'),(559,1,41,1.000000,1625166000,'Tinting Kraska Tayorlashga'),(560,1,123,2.000000,1625252400,'Quyib Sotishga 22kg chiqdi'),(561,1,208,1.000000,1625252400,'Tinting Kraska Tayorlashga'),(562,1,369,1.000000,1625425200,'Quyib Sotishga 180 Chiqdi'),(563,1,40,2.000000,1625511600,'Tinting Kraska Tayorlashga'),(564,1,357,1.000000,1625684400,'Metirlab Sotishga'),(565,1,369,1.000000,1625857200,'Quyib Sotishga 180 Chiqdi'),(566,1,13,1.000000,1625857200,'Tinting Kraska Tayorlashga'),(567,1,33,1.000000,1625857200,'Quyib Sotishga '),(568,1,15,4.000000,1625857200,'Brak'),(569,1,527,1.000000,1625857200,'Brak'),(570,1,358,1.000000,1626030000,'Metirlab Sotishga'),(571,1,32,1.000000,1626030000,'Quyib Sotishga 179.4 Chiqdi'),(572,1,208,1.000000,1626116400,'Tinting Kraska Tayorlashga'),(573,1,40,1.000000,1626116400,'Tinting Kraska Tayorlashga'),(574,1,40,2.000000,1626202800,'Tinting Kraska Tayorlashga'),(575,1,46,1.000000,1626202800,'brak'),(576,1,3,1.000000,1626202800,'brak'),(577,1,208,1.000000,1626202800,'Tinting Kraska Tayorlashga'),(578,1,32,2.000000,1626289200,'Quyib Sotishga 360 Chiqdi'),(579,1,13,1.000000,1626289200,'Tinting Kraska Tayorlashga'),(580,1,358,1.000000,1626375600,'Metirlab Sotishga'),(581,1,537,165.000000,1626375600,'Brak Moshinada Tukilgan 3ta brak 8ta quyildi quyqasini'),(582,1,82,1.000000,1626462000,'Tinting Kraska Tayorlashga'),(583,1,456,45.000000,1626375600,''),(584,1,28,4.000000,1626807600,'brak'),(585,1,455,1.000000,1626807600,'Brak'),(586,1,214,2.000000,1626807600,'Brak'),(587,1,208,1.000000,1626894000,'Tinting Kraska Tayorlashga'),(588,1,32,1.000000,1626894000,'Quyib Sotishga 178 Chiqdi'),(589,1,32,1.000000,1626894000,'Quyib Sotishga 48Chiqdi Moshinada Oqib Ketgan'),(590,1,13,1.000000,1627239600,'Tinting Kraska Tayorlashga'),(591,1,32,1.000000,1627326000,'Quyib Sotishga 179.9 Chiqdi'),(592,1,208,1.000000,1627326000,'Tinting Kraska Tayorlashga'),(593,1,32,1.000000,1627498800,'Quyib Sotishga 180.3 Chiqdi'),(594,1,13,1.000000,1627671600,'Tinting Kraska Tayorlashga'),(595,1,40,1.000000,1627844400,'Tinting Kraska Tayorlashga'),(596,1,41,1.000000,1627930800,'Tinting Kraska Tayorlashga'),(597,1,32,1.000000,1628017200,'Quyib Sotishga 179.2 Chiqdi'),(598,1,423,1.000000,1628103600,'Brak rang buzilgan'),(599,1,425,4.000000,1628103600,'namuna'),(600,1,499,1.000000,1628103600,'namuna'),(601,1,427,1.000000,1628103600,'namuna'),(602,1,390,1.000000,1628103600,'namuna'),(603,1,147,1.000000,1628103600,'Quyib Sotishga '),(604,1,32,1.000000,1628190000,'Quyib Sotishga '),(605,1,41,1.000000,1628276400,'Tinting Kraska Tayorlashga'),(606,1,41,2.000000,1628535600,'Tinting Kraska Tayorlashga'),(607,1,32,1.000000,1628535600,'Quyib Sotishga '),(608,1,40,1.000000,1628535600,'Tinting Kraska Tayorlashga'),(609,1,32,1.000000,1628622000,'Quyib Sotishga '),(610,1,39,1.000000,1628622000,'Tinting Kraska Tayorlashga'),(611,1,82,1.000000,1628708400,'Tinting Kraska Tayorlashga'),(612,1,32,1.000000,1628794800,'Tinting Kraska Tayorlashga'),(613,1,378,1.000000,1629054000,'Metirlab Sotishga'),(614,1,208,1.000000,1629140400,'Tinting Kraska Tayorlashga'),(615,1,369,1.000000,1629226800,'Quyib Sotishga '),(616,1,32,1.000000,1629226800,'Quyib Sotishga 180.5'),(617,1,357,1.000000,1629226800,'Metirlab Sotishga'),(618,1,436,1.000000,1629226800,'Metirlab Sotishga'),(619,1,13,1.000000,1629399600,'Tinting Kraska Tayorlashga'),(620,1,40,1.000000,1629486000,'Tinting Kraska Tayorlashga'),(621,1,24,1.000000,1629658800,'Tinting Kraska Tayorlashga'),(622,1,24,1.000000,1629658800,'Tinting Kraska Tayorlashga'),(623,1,13,1.000000,1629658800,'Tinting Kraska Tayorlashga'),(624,1,317,1.000000,1629658800,'Tinting Kraska Tayorlashga'),(625,1,32,1.000000,1629658800,'Quyib Sotishga 177.8 Chiqdi'),(626,1,13,1.000000,1629745200,'Tinting Kraska Tayorlashga'),(627,1,82,1.000000,1629745200,'Tinting Kraska Tayorlashga'),(628,1,32,1.000000,1629831600,'Quyib Sotishga 179.1 Chiqdi'),(629,1,32,1.000000,1630090800,'Quyib Sotishga 177.6 Chiqdi'),(630,1,13,1.000000,1630350000,'Tinting Kraska Tayorlashga'),(631,1,41,3.000000,1630350000,'Tinting Kraska Tayorlashga'),(632,1,41,1.000000,1630609200,'Tinting Kraska Tayorlashga'),(633,1,208,1.000000,1630609200,'Tinting Kraska Tayorlashga'),(634,1,32,1.000000,1630609200,'Quyib Sotishga 179.8 Chiqdi'),(635,1,208,1.000000,1630695600,'Tinting Kraska Tayorlashga'),(636,1,358,1.000000,1630695600,'Metirlab Sotishga'),(637,1,32,1.000000,1630868400,'Quyib Sotishga 179.6 Chiqdi'),(638,1,359,1.000000,1630868400,'Metirlab Sotishga'),(639,1,375,1.000000,1630868400,'Tinting Kraska Tayorlashga'),(640,1,2,10.000000,1630954800,'73.Lak Mir Colors INV IYF2021000000091-92 2021 Brak Moshinada Tukilgan'),(641,1,7,2.000000,1630954800,'73.Lak Mir Colors INV IYF2021000000091-92 2021 Brak Moshinada Tukilgan'),(642,1,32,1.000000,1631041200,'Quyib Sotishga 179.4 Chiqdi'),(643,1,24,1.000000,1631041200,'Tinting Kraska Tayorlashga'),(644,1,542,1.000000,1631041200,'Metirlab Sotishga'),(645,1,32,1.000000,1631127600,'Quyib Sotishga 182.3 Chiqdi'),(646,1,24,1.000000,1631214000,'Tinting Kraska Tayorlashga'),(647,1,358,1.000000,1631300400,'Metirlab Sotishga'),(648,1,208,1.000000,1631300400,'Tinting Kraska Tayorlashga'),(649,1,32,1.000000,1631473200,'Quyib Sotishga 179.34 Chiqdi'),(650,1,24,1.000000,1631473200,'Tinting Kraska Tayorlashga'),(651,1,82,1.000000,1631473200,'Tinting Kraska Tayorlashga'),(652,1,82,1.000000,1631559600,'Tinting Kraska Tayorlashga'),(653,1,32,1.000000,1631732400,'Quyib Sotishga 179.9 Chiqdi'),(654,1,32,1.000000,1631818800,'Quyib Sotishga 179.5 Chiqdi'),(655,1,15,5.000000,1631905200,'brak'),(656,1,378,1.000000,1631905200,'Metirlab Sotishga'),(657,1,2,2.000000,1631905200,'brak'),(658,1,214,4.000000,1631905200,'Brak Moshinada Tukilgan Idishga Quydik'),(659,1,16,2.000000,1631905200,'Brak Moshinada Tukilgan '),(660,1,32,1.000000,1631905200,'Quyib Sotishga 181.15 Chiqdi'),(661,1,208,1.000000,1632078000,'Tinting Kraska Tayorlashga'),(662,1,24,1.000000,1632078000,'Tinting Kraska Tayorlashga'),(663,1,82,1.000000,1632164400,'Tinting Kraska Tayorlashga'),(664,1,32,1.000000,1632164400,'Quyib Sotishga 179.4 Chiqdi'),(665,1,208,1.000000,1632164400,'Tinting Kraska Tayorlashga'),(666,1,13,1.000000,1632164400,'Tinting Kraska Tayorlashga'),(667,1,41,1.000000,1632164400,'Tinting Kraska Tayorlashga'),(668,1,140,1.000000,1632164400,'Tinting Kraska Tayorlashga'),(669,1,359,1.000000,1632250800,'Metirlab Sotishga'),(670,1,436,1.000000,1632250800,'Metirlab Sotishga'),(671,1,82,1.000000,1632250800,'Tinting Kraska Tayorlashga'),(672,1,317,1.000000,1632250800,'Tinting Kraska Tayorlashga'),(673,1,32,1.000000,1632337200,'Quyib Sotishga '),(674,1,547,1.000000,1632337200,'Tinting Kraska Tayorlashga'),(675,1,214,10.000000,1632337200,'82.Lak Mir Colors INV IYF20210000000103 Mosinada Tukilgan'),(676,1,80,1.000000,1632337200,'81.Lak Mir Colors INV IYF20210000000105 Moshinada Tukilgan'),(677,1,10,1.000000,1632423600,'Brak'),(678,1,554,1.000000,1632423600,'Tinting Kraska Tayorlashga'),(679,1,208,1.000000,1632423600,'Tinting Kraska Tayorlashga'),(680,1,555,1.000000,1632423600,'Tinting Kraska Tayorlashga'),(681,1,32,1.000000,1632510000,'Quyib Sotishga 179 Chiqdi'),(682,1,208,1.000000,1632682800,'Tinting Kraska Tayorlashga');

--
-- Table structure for table `role`
--

CREATE TABLE `role` (
  `id_role` int(3) NOT NULL AUTO_INCREMENT,
  `name_role` varchar(100) CHARACTER SET utf8 COLLATE utf8_unicode_ci NOT NULL DEFAULT '',
  PRIMARY KEY (`id_role`)
) ENGINE=MyISAM AUTO_INCREMENT=3 DEFAULT CHARSET=latin1;

--
-- Dumping data for table `role`
--

INSERT INTO `role` VALUES (1,'admin'),(2,'user');

--
-- Table structure for table `siryo`
--

CREATE TABLE `siryo` (
  `id_siryo` int(11) NOT NULL AUTO_INCREMENT,
  `id_category_siryo` int(5) NOT NULL DEFAULT '0',
  `name_siryo` varchar(50) CHARACTER SET utf8 COLLATE utf8_unicode_ci DEFAULT NULL,
  `id_unit` int(4) DEFAULT NULL,
  `cost_siryo` decimal(20,6) NOT NULL DEFAULT '0.000000',
  `isActive` int(1) NOT NULL DEFAULT '1',
  PRIMARY KEY (`id_siryo`)
) ENGINE=MyISAM AUTO_INCREMENT=565 DEFAULT CHARSET=latin1;

--
-- Dumping data for table `siryo`
--

INSERT INTO `siryo` VALUES (1,1,'VP380.77.25kg (650)',32,132.000000,1),(2,1,'HP777.12,5kg (397)',32,0.000000,1),(3,1,'VP500.40.25kg (672)',32,132.000000,1),(4,1,'HP900.6,25kg (381)',32,0.000000,1),(5,1,'VA510.00.12kg (438)',32,148.000000,1),(6,1,'HA190.6kg (439)',32,0.000000,1),(7,1,'VA500.40.15kg (392)',32,127.000000,1),(8,1,'HA190.1,5kg (393)',32,0.000000,1),(9,1,'VN101.8150.12kg (389)',32,58.000000,1),(10,1,'BP333.77.3033.18kg (387)',32,83.000000,1),(11,1,'HP900.6kg (385)',32,0.000000,1),(12,1,'ZD420.1093 1lt',31,12.000000,1),(13,1,'BN100.40.1000.12kg (399)',32,61.000000,1),(15,5,'Yasin Shpon (549)',36,1.900000,1),(16,1,'BP333.77.1000.18kg (659)',32,77.000000,1),(18,1,'BN100.2001.12kg (416)',32,73.000000,1),(222,8,'Safir Mondi Divan',40,660.000000,1),(20,1,'BN100.77.1000.13kg (651)',32,50.000000,1),(21,1,'BN301.77.8144.13kg (667)',32,50.000000,1),(223,8,'Kantry Divan',40,800.000000,1),(23,1,'BP333.77.8144.18kg (386)',32,83.000000,1),(24,1,'BP580.50.1000.12kg (400)',32,122.000000,1),(224,8,'Herrem Divan',40,1200.000000,1),(26,1,'HP196.00.6kg Baryer Otver',32,0.000000,1),(27,1,'HP600.12,5kg',32,0.000000,1),(28,1,'HP777.6kg (414)',32,0.000000,1),(29,1,'HP900.3kg (407)',32,0.000000,1),(30,1,'HP580.6kg (635)',32,0.000000,1),(31,1,'HP900.12,5kg',32,0.000000,1),(32,1,'TN150.180kg (419)',39,355.000000,1),(33,1,'TP100.12kg (412)',32,44.000000,1),(34,1,'TP100.180kg (418)',39,650.000000,1),(221,8,'Hunker Divan',40,800.000000,1),(36,1,'TR100.00 3kg Zamedlitel',32,15.000000,1),(37,1,'VA104.77.15kg (654)',32,125.000000,1),(38,1,'Vl195.77.12kg Baryer (693)',32,185.000000,1),(39,1,'VN100.00.12kg (477)',32,50.000000,1),(40,1,'VN100.15.12kg (476)',32,50.000000,1),(41,1,'VN100.40.12kg (391)',32,50.000000,1),(42,1,'VN100.77.12kg (666)',32,47.000000,1),(43,1,'VN100.77.25kg (660)',32,88.000000,1),(44,1,'VN101.00.3111.12kg (390)',32,58.000000,1),(45,1,'VN100.77.3kg (661)',32,13.500000,1),(46,1,'VP500.00.25kg (671)',32,175.000000,1),(47,1,'VP500.20.12kg',32,68.000000,1),(48,1,'VP500.20.25kg (669)',32,132.000000,1),(49,1,'VP500.40.12kg (676)',32,69.000000,1),(50,1,'VP509.40.25kg',32,167.000000,1),(51,1,'VU155.00.20kg ',32,130.000000,1),(52,1,'ZD420.1029 1litr',31,12.000000,1),(53,1,'ZD820.1007 1litr (424)',32,15.500000,1),(54,1,'ZD820.1013 1litr (502)',32,27.000000,1),(55,1,'ZD820.1014 1litr',32,15.500000,1),(56,1,'ZD820.1025 1litr (435)',32,15.500000,1),(57,1,'ZD820.1033 1litr',32,15.500000,1),(58,1,'ZD820.1043 1litr (503)',32,15.500000,1),(59,1,'ZD820.1051 1litr (402)',32,15.500000,1),(60,1,'ZD820.1052 1litr',32,15.500000,1),(61,1,'ZD820.1054 1litr (426)',32,27.000000,1),(62,1,'ZD820.1056 1litr (447)',32,27.000000,1),(63,1,'ZD820.1058 1litr (448)',32,27.000000,1),(64,1,'ZD820.1069 1litr (528)',32,15.500000,1),(65,1,'ZD820.1072 1litr (445)',32,15.500000,1),(66,1,'ZD820.1090 1litr',32,15.500000,1),(67,1,'ZD820.1093 1litr (444)',32,15.500000,1),(68,1,'ZD820.1096 1litr (423)',32,15.500000,1),(69,1,'ZD820.1092 1litr (401)',32,15.500000,1),(70,1,'ZD900.1092 1litr',32,14.500000,1),(71,1,'ZD420.1072 1litr',32,12.000000,1),(72,5,'Orex Shpon (549)',36,3.500000,1),(73,5,'Orex Freza Shpon',36,2.700000,1),(74,5,'Dub Shpon (549)',36,2.200000,1),(75,1,'T43003 Dub Shpatlevka (420)',32,2.500000,1),(76,1,'T43002 Orex Shpatlevka (456)',32,2.500000,1),(77,1,'T43000 Oq Shpatlevka (457)',32,2.500000,1),(78,1,'BO100.00 0.83lt Smivka (437)',32,6.000000,1),(219,8,'Firuze Divan',40,975.000000,1),(80,1,'VP500.00.12KG (679)',32,95.000000,1),(81,1,'HP900.12KG',32,0.000000,1),(82,1,'BP580.25.1000.12kg (581)',32,122.000000,1),(83,1,'ZD820.1084. 1litr',32,15.500000,1),(84,1,'ZD820.1087. 1litr',32,15.500000,1),(85,1,'ZD820.1088. 1litr',32,18.000000,1),(86,1,'VP380.77.3kg (677)',32,20.000000,1),(87,1,'HP777.1,5 kg (428)',32,0.000000,1),(88,1,'VP500.40.3kg (449)',32,19.000000,1),(89,1,'HP900.0,75kg (450)',32,0.000000,1),(90,5,'Maun Krasniy Shpon',36,2.500000,1),(91,5,'Buk Shpon',36,1.500000,1),(92,1,'VP380.77.12kg (657)',32,69.000000,1),(94,1,'Tilla Kraska 1kg',30,14.000000,1),(325,7,'D35-4-120-200 Yum',40,13.750000,1),(96,1,'VA500.25.15kg (472)',32,127.000000,1),(97,1,'TN150.1kg',30,2.130000,1),(98,1,'BE400.76 3/1 Polyester Shpaklyovka',40,9.000000,1),(326,8,'Avalon Stul',40,40.000000,1),(100,1,'CP535.00.1000 12kg',32,165.000000,1),(102,1,'CP535.00.0000 8.4kg',32,48.000000,1),(103,1,'CP558.25.1000 12kg (100/50 HP120 6kg)',32,91.000000,1),(330,1,'BP444.77.1000.12kg Baryer',40,81.000000,1),(105,1,'CP558.25.0000 9kg',32,63.000000,1),(106,1,'CP535.00.1000 3kg PU',32,20.000000,1),(329,1,'BN100.00.2185.12kg Krom Sari',40,55.000000,1),(108,1,'CP535.00.0000 2.1kg',32,13.000000,1),(109,1,'CP558.25.1000 3kg PU',32,23.000000,1),(111,1,'CP558.25.1000 2.1kg',32,17.000000,1),(112,1,'CN500.00.0000 9.6kg Sel',32,54.000000,1),(113,1,'CN500.00.0000 2.4kg Sel',32,15.000000,1),(114,1,'CN500.15.0000 9.6kg Sel',32,54.000000,1),(115,1,'CN500.15.0000 2.4kg Sel',32,15.000000,1),(116,1,'Kumush Patina 1kg',30,12.000000,1),(117,1,'Kumush Kraska 1kg',30,12.000000,1),(324,7,'D35-10-120-200 Yum',40,34.000000,1),(220,8,'Papatya Divan',40,930.000000,1),(120,1,'HP551.13kg (410)',32,0.000000,1),(121,1,'BP580.50.1000 3KG',32,10.000000,1),(216,8,'Sehzada Divan',40,875.000000,1),(123,1,'TN150.12kg (436)',32,31.000000,1),(124,1,'BP571.15.1001.12kg ',40,72.000000,1),(125,1,'VS102.00 2.5 lt Yaxt',40,11.000000,1),(126,1,'VP515.20 12kg Terma Stoyki',40,100.000000,1),(127,1,'HP515.00 6kg',40,0.000000,1),(128,1,'VL280.77 25lt',40,167.000000,1),(129,1,'HP280.00 12.5lt',40,0.000000,1),(130,1,'VP551.00.24kg (409)',32,375.000000,1),(131,1,'VP525.00 25kg (HP125.00 12.5kg)',40,200.000000,1),(132,1,'HP125.00 12.5kg (525.00 25kg)',40,0.000000,1),(133,1,'VP561.00 24kg (HP161.00 12kg)',40,200.000000,1),(134,1,'HP161.00 12kg (VP561.00 24kg)',40,0.000000,1),(135,1,'BP580.25.1000 3KG',40,10.000000,1),(136,1,'BE400.76 1/1 Polyester Shpaklyovka',40,4.000000,1),(137,5,'Dub Krasniy',36,1.500000,1),(335,8,'Hunker #3 Divan',40,1400.000000,1),(139,1,'Patina Siyah 3kg',32,17.000000,1),(140,1,'BP571.50.1001. 12kg (406)',32,77.000000,1),(141,1,'VP 595.45 (12kg)',32,100.000000,1),(142,2,'HP 159.00 (5kg)',32,0.000000,0),(143,1,'BI100.00.8002 .2,5lt Promishliniy Kraska',32,1.000000,1),(218,8,'Paris Divan',40,895.000000,1),(145,1,'Cench Tinting Kraska 1kg',30,1.000000,1),(146,1,'Doska',40,35.000000,1),(147,1,'TA 550.00 12kg (533)',40,44.000000,1),(148,1,'HP 135.00. 10lt',40,0.000000,1),(149,1,'BN100.77.9103.13kg ',40,50.000000,1),(150,1,'KO 610.00 0,75kg',40,7.000000,1),(151,1,'CP558.25.0000 2.25kg',40,1.000000,1),(152,1,'VP595.15 10lt',40,100.000000,1),(333,8,'Agirguli Divan',40,1200.000000,1),(154,1,'HA190.0,3kg (479)',40,0.000000,1),(332,8,'Basak Divan',40,950.000000,1),(156,1,'VA103.77. (3kg)',40,1.000000,1),(157,1,'Sprey Gench (400ml)',40,1.000000,1),(158,1,'VP600.77.Gruntovka (3lt) HP600.(1.5)',40,1.000000,1),(159,1,'HP600 1.5Lt Cizilmes',40,0.000000,1),(160,1,'BE401.77.1000.(10kg)',40,70.000000,1),(161,1,'VP500.10.12kg',40,67.000000,1),(229,8,'Sezen Divan',40,1400.000000,1),(228,8,'Salyangoz Divan',40,1300.000000,1),(227,8,'Mesale Divan',40,1300.000000,1),(226,8,'Izmik Divan',40,1300.000000,1),(225,8,'Melodi Divan',40,1400.000000,1),(167,8,'Mebel Turkiya',40,1700.000000,1),(168,1,'Tilla Patina 1kg (750) Jexdi',30,12.000000,1),(331,1,'HP444.3kg Baryer Sert',40,0.000000,1),(170,1,'HP600.6kg',40,0.000000,1),(171,1,'HP580.1,5kg',40,0.000000,1),(172,8,'Stul Karkaz Avalon Model',40,40.000000,1),(339,5,'Yasin Xolli',40,1.850000,1),(338,8,'Bulgaria Divan',40,1300.000000,1),(175,1,'Tilla Patina 1kg (5437) Zafar',30,12.000000,1),(176,1,'Tilla Kraska 1kg (0050) Zafar',40,14.000000,1),(177,1,'Kumush Kraska 1kg (5461) Zafar',30,14.000000,1),(337,8,'Oskar Divan',40,1600.000000,1),(336,8,'Gulbahor Divan',40,1000.000000,1),(180,1,'Patina Kahva.5kg',40,28.000000,1),(181,1,'VP500.10.25kg',40,129.000000,1),(182,5,'Chinor Maple',36,2.000000,1),(183,5,'Qayrogoch Elm Crown',36,2.000000,1),(184,1,'BN100.00.1000.12kg (374)',40,61.000000,1),(217,8,'Pier Divan',40,965.000000,1),(186,1,'VA500.40.3kg (478)',40,30.000000,1),(187,1,'BP333.77.1000.4,5kg (670) ',40,23.000000,1),(188,1,'HP900.1,5kg (471)',40,0.000000,1),(189,1,'VA510.00.3kg',40,41.000000,1),(190,7,'D22-2-120-240 Std',40,7.000000,1),(191,7,'D22-4-120-240 Std',40,14.000000,1),(192,7,'D22-10-120-240 Std',40,35.000000,1),(193,7,'D22-14-120-240 Std',40,49.000000,1),(194,7,'D22-3-100-200 Std',40,7.300000,1),(195,7,'D28-2-120-240 Std',40,4.500000,1),(196,7,'D28-4-120-240 Std',40,11.000000,1),(197,7,'D28-10-120-240 Std',40,44.500000,1),(198,7,'D28-14-120-240 Std',40,62.300000,1),(199,7,'D28-2-120-240 Yum',40,8.900000,1),(200,7,'D28-4-120-240 Yum',40,11.000000,1),(201,7,'D28-10-120-240 Yum',40,44.500000,1),(202,7,'D28-14-120-240 Yum',40,62.300000,1),(203,7,'D35-2-120-240 Yum',40,11.000000,1),(204,7,'D35-4-120-240 Yum',40,22.000000,1),(205,7,'D35-10-120-240 Yum',40,55.000000,1),(206,7,'D35-14-120-240 Yum',40,76.000000,1),(207,1,'VP500.00.3kg',32,29.000000,1),(208,1,'BN100.10.1000.12kg (522)',32,61.000000,1),(209,7,'D32-4-120-240 Std',32,17.800000,1),(210,7,'D32-10-120-240 Std',40,44.500000,1),(211,7,'D32-14-120-240 Std',40,62.300000,1),(212,7,'D32-2-120-240 Std',40,8.900000,1),(213,1,'VN101.8150.3kg (662)',40,20.000000,1),(214,1,'HP904.12,5kg (383)',40,0.000000,1),(215,1,'HP904.3kg',40,0.000000,1),(230,8,' Arizone Stul',40,63.000000,1),(231,8,'Socci Bil Kreslo',40,325.000000,1),(232,8,'Dubai Stul',40,55.000000,1),(233,8,'Cogan Stul',40,105.000000,1),(234,8,'Xagmur Stul',40,90.000000,1),(235,8,'Elif Stul',40,80.000000,1),(236,8,'Melodi Stul',40,100.000000,1),(237,8,'Kralet Stul',40,85.000000,1),(238,8,'Kantry Stul',40,65.000000,1),(239,8,'Papatya Stul',40,65.000000,1),(240,8,'Salyangoz Stul',35,80.000000,1),(241,8,'Mnekse Stul',40,80.000000,1),(242,8,'Nabor Mebel Yogoch N1',40,2220.000000,1),(243,8,'Nabor Mebel Yogoch N2',40,2100.000000,1),(334,8,'Istanbul Divan',40,700.000000,1),(245,8,'Gunay Divan',40,1000.000000,1),(246,8,'Bella Divan',40,1200.000000,1),(247,8,'Gozde Divan',40,1200.000000,1),(248,8,'Ayfin Divan',40,1000.000000,1),(249,8,'Lolezar Divan',40,650.000000,1),(250,8,'Hunker #2 Divan',40,1200.000000,1),(251,8,'Kral Divan',40,1200.000000,1),(252,8,'Elit Divan',40,1200.000000,1),(253,8,'Dubay Chestir Divan',40,1150.000000,1),(254,8,'Dubay Taj Divan',40,1200.000000,1),(255,8,'Elif Chestir Divan',40,1150.000000,1),(256,8,'Kristo Divan',40,1150.000000,1),(257,8,'Arizone Divan',40,1400.000000,1),(258,8,'Gulipek Divan',40,1350.000000,1),(259,8,'Kral Stul',40,70.000000,1),(260,8,'Elit Stul',40,70.000000,1),(261,8,'Mobilya Stul',40,65.000000,1),(262,8,'Bulgari Stul',40,70.000000,1),(263,8,'#1 Stul',40,70.000000,1),(264,8,'#2 Stul',40,70.000000,1),(265,8,'#3 Stul',40,65.000000,1),(266,8,'Kulakli Stul',40,85.000000,1),(267,8,'Tajli Stul',40,85.000000,1),(268,8,'Yogoch MDF Skof Kamod Stol',40,1500.000000,1),(269,8,'Shkaf #1',40,250.000000,1),(270,1,'BS600.8195.2.5kg',40,11.800000,1),(271,1,'BS600.2680.0.75kg',40,4.000000,1),(272,1,'BS600.4176.0.75kg',40,4.000000,1),(273,1,'HP904.12kg (475)',40,0.000000,1),(274,1,'VP509.40.3kg',40,24.000000,1),(275,1,'BP571.25.1000.12kg',32,72.000000,1),(328,1,'HX100.00.6kg Epokso Sert',40,0.000000,1),(278,1,'VU154.20',40,209.000000,1),(279,1,'HE400.0.225kg(Polyester)',40,0.000000,1),(280,5,'Buk Bruskiy Dlya Mebel',37,550.000000,1),(327,1,'VX100.00.18kg Epoksi',40,255.000000,1),(282,7,'D20-10-1-2 Std',40,27.500000,1),(283,7,'D20-5-1-2 Std',40,7.500000,1),(284,7,'D20-3-1-2 Std',40,8.250000,1),(285,7,'D20-2-1-2 Std',40,5.500000,1),(286,8,'Yildiray Divan',40,1350.000000,1),(287,8,'Mercan Divan',40,1600.000000,1),(288,8,'Gogdas Divan',40,1200.000000,1),(289,8,'Sarmasik Divan',40,1700.000000,1),(292,8,'Petek Divan',40,2400.000000,1),(291,8,'Hira Divan',40,1600.000000,1),(293,8,'Socci Divan',40,2400.000000,1),(294,8,'Apolet Divan Abivka ',40,2700.000000,1),(295,8,'Apolet Divan ',40,2400.000000,1),(296,8,'Cresida Divan',40,1700.000000,1),(297,8,'Roze Divan',40,1700.000000,1),(298,8,'Ares Divan',40,1.000000,1),(299,8,'Monica Divan',40,1400.000000,1),(300,8,'Beyza Divan',40,1100.000000,1),(301,8,'Gondol Divan',40,1200.000000,1),(302,8,'Kardelen Divan',40,1300.000000,1),(303,8,'Kral #2 Divan',40,2000.000000,1),(304,8,'Rapunzer Divan',40,1450.000000,1),(305,8,'Leonardo Divan',40,1100.000000,1),(306,8,'Papatya #2 Divan',40,1350.000000,1),(307,8,'Karen Divan',40,1350.000000,1),(308,8,'Gorkem Divan',40,1100.000000,1),(309,8,'Ofis Kreslo, 2ta Stul',40,1000.000000,1),(310,8,'Monolya Stul',40,250.000000,1),(311,8,'Oymali Stul',40,250.000000,1),(312,8,'Papatya #2 Stul',40,90.000000,1),(313,8,'Firuze Stul',40,24.000000,1),(314,8,'Gold Stul',40,90.000000,1),(315,1,'VU165.00.20kg ',40,198.000000,1),(316,1,'BN100.00.3205.12kg',40,55.000000,1),(317,1,'BN100.00.9123.12kg',40,61.000000,1),(318,1,'BN100.00.2183.12kg',40,55.000000,1),(319,1,'VA104.77.3kg',40,30.000000,1),(320,1,'BP133.77.1000.18kg',40,1.000000,1),(321,1,'HP133.6kg',40,0.000000,1),(322,7,'D20-4-1-2 Std',40,11.000000,1),(323,1,'KO610.3kg Katalizator',40,24.000000,1),(340,1,'P-180.1mt Shkurka',34,0.920000,1),(341,1,'P-320.1mt Shkurka',34,0.920000,1),(342,1,'P-400.1mt Shkurka',34,0.920000,1),(343,1,'P-280.1mt Shkurka',34,0.920000,1),(344,1,'P-220.1mt Shkurka',34,0.920000,1),(345,1,'BS600.4176.2.5Lt',40,11.800000,1),(346,1,'TP100.1kg',30,3.720000,1),(347,3,'Dastavka Damas',40,1.000000,1),(348,1,'VU190.77.20kg Bariyer (700)',40,320.000000,1),(349,1,'VN100.77.18kg',40,68.000000,1),(350,1,'HP123.12kg',40,0.000000,1),(351,1,'BN160.15.1000.12kg',40,1.000000,1),(352,1,'BN100.00.3205.3kg ',40,15.000000,1),(353,1,'BN100.00.2185.3kg',40,15.000000,1),(354,1,'BN100.00.8505.3kg',32,15.000000,1),(355,1,'BN100.00.8506.12kg',40,61.000000,1),(356,1,'BN100.00.8505.12kg',40,61.000000,1),(357,1,'P-180.25mt Karobka Shkurka',40,23.000000,1),(358,1,'P-220.25mt Karobka Shkurka (704)',40,23.000000,1),(359,1,'P-320.25mt Karobka Shkurka (766)',40,23.000000,1),(360,1,'BN100.77.9103.3kg',40,14.000000,1),(361,1,'Sadaf Toz EL103 25kg',40,450.000000,1),(362,1,'BE400.76 1.8/1 Polyester Shpaklyovka',40,6.500000,1),(363,1,'BN100.00.1140.12kg Krem.Sel.Boya (684)',40,61.000000,1),(364,1,'HP444.6kg Baryer Sert',40,0.000000,1),(365,1,'3kg Pasuda',40,0.500000,1),(366,1,'BL193.77.1000.12+3kg MDF BARIYERI (692)',40,75.000000,1),(367,1,'HP193.3kg (BL193.77.1000.12kg)',40,0.000000,1),(368,8,'Spalniy Garnitur',40,2300.000000,1),(369,1,'TN200 180kg',40,450.000000,1),(370,8,'Aytikin#1 Divan',40,1000.000000,1),(371,8,'Karen#2 Divan',40,1250.000000,1),(372,8,'Karen#3 Divan',40,1300.000000,1),(373,8,'Karen#1 Stul',40,80.000000,1),(374,8,'Avalon#2 Stul',40,60.000000,1),(375,1,'BN100.00.1810.12kg Metalik Altin (697)',40,89.000000,1),(376,1,'BN100.00.7069.12kg Metalik Gumush (698)',40,86.000000,1),(377,1,'BN100.00.3310.12kg Metalik Bronz',40,86.000000,1),(378,1,'P-400.25mt Karobka Shkurka (703)',40,23.000000,1),(379,1,'BN100.77.1000.3kg (701)',40,14.000000,1),(380,1,'BL193.77.20+6kg MDF BARIYERI (706)',40,120.000000,1),(381,1,'HP193.6kg (BL193.77.20kg)',40,0.000000,1),(382,1,'VP510.20.10Lt Cizilmes',40,70.000000,1),(383,1,'HP600.5Lt Cizilmes (686)',40,0.000000,1),(384,9,'DW209.90.1002.15LT',40,1.000000,1),(385,9,'DW209.90.1002.7.5LT',40,1.000000,1),(386,9,'DW209.90.1002.2.5LT',40,1.000000,1),(387,1,'TN200.1kg',30,2.130000,1),(388,9,'Prem Silicon Matt Beyaz 15Lt 1001 ',40,53.500000,1),(389,9,'Prem Silicon Matt Beyaz 7.5Lt 1001 ',40,28.000000,1),(390,9,'Prem Silicon Matt Beyaz 2.5Lt 1001 ',40,12.000000,1),(391,9,'Silicon D1 15Lt 1002 ',40,42.000000,1),(392,9,'Silicon D1 7.5Lt 1002 ',40,24.000000,1),(393,9,'Silicon D1 2.5Lt 1002 ',40,9.000000,1),(394,9,'Silicon D2 15Lt 1003',40,42.000000,1),(395,9,'Silicon D2 7.5Lt 1003',40,24.000000,1),(396,9,'Silicon D2 2.5Lt 1003',40,9.000000,1),(397,9,'Silicon D3 15Lt 1004',40,42.000000,1),(398,9,'Silicon D3 7.5Lt 1004',40,24.000000,1),(399,9,'Silicon D3 2.5Lt 1004',40,9.000000,1),(400,9,'Silicon D4 15Lt 1005',40,42.000000,1),(401,9,'Silicon D4 7.5Lt 1005',40,24.000000,1),(402,9,'Silicon D4 2.5Lt 1005',40,9.000000,1),(403,9,'Cover Primer 15LT 1001',40,27.000000,1),(404,9,'Cover Primer 2.5Lt 1001',40,7.000000,1),(405,9,'Ecosil St Matt Beyaz 12Lt 1001 ',40,32.000000,1),(406,9,'Ecosil St Matt Beyaz 6Lt 1001 ',40,18.000000,1),(407,9,'Ecosil St Matt Beyaz 2.2Lt 1001 ',40,7.500000,1),(408,9,'Silicon A1 15Lt 1001',40,49.500000,1),(409,9,'Silicon A1 7.5Lt 1001',40,24.000000,1),(410,9,'Silicon A1 2.5Lt 1001',40,9.000000,1),(411,9,'Plastic A1 12Lt 1001',40,32.000000,1),(412,9,'Plastic A1 6Lt 1001',40,18.000000,1),(413,9,'Plastic A1 2.2Lt 1001',40,7.500000,1),(414,9,'Plastic D1 12Lt 1002',40,32.000000,1),(415,9,'Plastic D1 6Lt 1002',40,18.000000,1),(416,9,'Plastic D1 2.2Lt 1002',40,7.500000,1),(417,9,'Plastic D2 12Lt 1003',40,32.000000,1),(418,9,'Plastic D2 6Lt 1003',40,18.000000,1),(419,9,'Plastic D2 2.2Lt 1003',40,7.500000,1),(420,9,'Plastic D3 12Lt 1004',40,32.000000,1),(421,9,'Plastic D3 6Lt 1004',40,18.000000,1),(422,9,'Plastic D3 2.2Lt 1004',40,7.500000,1),(423,9,'Silicon Sun Fassade A1 15Lt 1001',40,54.500000,1),(424,9,'Silicon Sun Fassade A1 7.5Lt 1001',40,30.000000,1),(425,9,'Silicon Sun Fassade A1 2.5Lt 1001',40,13.000000,1),(426,1,'VS102.40 2.5Lt Yat Vernik',40,11.000000,1),(427,1,'VS100.00 2.5Lt Parke Vernik',40,12.000000,1),(428,1,'VS100.20 2.5Lt Parke Vernik',40,12.000000,1),(429,9,'Silicon Satin 15Lt 1001 Beyaz',40,63.000000,1),(430,1,'BN100.40.1000 2.5Lt',40,16.000000,1),(431,1,'BN100.00.2001 2.5Lt (774)',40,16.000000,1),(432,8,'Gogan Divan',40,1.000000,1),(433,1,'BS600.00.4176.2.5lt Sent.Renkl.Venge',40,11.000000,1),(434,1,'Patal Yaproq Oltin (10000sht)',40,450.000000,1),(435,1,'Patal Yaproq Kumush (10000sht)',40,450.000000,1),(436,1,'P-150.25mt Karobka Shkurka (767)',40,23.000000,1),(437,1,'P-150 1mt Shkurka',40,0.920000,1),(438,1,'BP575.77.1000 12kg',40,90.000000,1),(439,1,'HP575 6kg',40,0.000000,1),(440,10,'Buk Taxta ',37,670.000000,1),(441,1,'BL193.77.2+0.25 kg MDF BARIYERI',40,14.000000,1),(442,1,'HP193.0.5 kg (BL193.77.2 kg)',40,0.000000,1),(443,1,'BL193.77.12+3 kg MDF BARIYERI (777)',40,70.000000,1),(444,1,'HP193.3 kg (BL193.77.12 kg)',40,0.000000,1),(445,8,'Nergiz Stul',40,70.000000,1),(446,8,'Zeytin Stul',40,70.000000,1),(447,8,'Crasida Stul',40,70.000000,1),(448,8,'Petek Stul',40,70.000000,1),(449,8,'Mesale Stul',40,70.000000,1),(450,8,'Dilek Divan',40,1.000000,1),(451,8,'Aristakrat Divan',40,1.000000,1),(452,8,'Yaren Divan',40,1.000000,1),(453,1,'VP510.40 10kg Cizilmes (781)',40,70.000000,1),(454,1,'BP475.77.1000 15kg Esnek Astar ',40,115.000000,1),(455,1,'HP475 6kg ',40,0.000000,1),(456,1,'F00081 Altin Boya 1kg',40,9.670000,1),(457,1,'CP585.50.0000 10.2kg',40,1.000000,1),(458,1,'CP585.50.1000 12kg',40,1.000000,1),(459,1,'VP510.10 3kg Cizilmes',32,24.000000,1),(461,1,'VP510.40 3kg Cizilmes',32,24.000000,1),(462,9,'COROB TINTING',40,10000.000000,1),(463,1,'VS100.00 12kg Parke Vernik',32,52.000000,1),(464,1,'VS102.00 12kg Yat Vernik',32,52.000000,1),(465,1,'Qaxva Patin 15kg',40,85.000000,1),(466,1,'Qaxva Patin 4kg',32,24.000000,1),(468,11,'10.DIYE - Sari 1lt',40,25.000000,1),(469,11,'1.Sari.2 EYL 1lt',40,95.000000,1),(470,11,'2.DGRN - Yesil 1lt',40,36.000000,1),(471,11,'8.IOR - Orange 1lt',40,58.000000,1),(472,11,'5.DOXY - Oksit Sari 1lt',40,21.000000,1),(473,11,'6.ERE1 - Kirmizi 1lt',40,69.000000,1),(474,11,'7.EBL - Mavi 1lt',40,46.000000,1),(475,11,'12.EBK1 - Siyah 1lt',40,25.000000,1),(476,11,'13.EVI1 - Viyole 1lt',40,109.000000,1),(477,11,'4.EXR1 - Oksit Kirmizi 1lt',40,21.000000,1),(478,11,'3.EWH1 - Beyaz 1lt',40,35.000000,1),(479,11,'9.ERE.3 - Kirmizi 1lt',40,67.000000,1),(480,11,'11.EOR - Turuncu 1lt',40,64.000000,1),(481,9,'Fassade Silicon Sun C 15Lt',40,45.000000,1),(482,9,'Fassade Silicon Sun D1 15Lt',40,57.000000,1),(483,9,'Fassade Silicon Sun D2 15Lt',40,54.500000,1),(484,9,'Fassade Silicon Sun D3 15Lt',40,52.500000,1),(485,9,'Fassade Silicon Sun D4 15Lt',40,45.000000,1),(486,9,'Plastic Mat St Beyaz 12Lt 1001',40,28.000000,1),(487,9,'Plastic Mat St Beyaz 6Lt 1001',40,15.000000,1),(488,9,'Plastic Mat St Beyaz 2.2Lt 1001',40,6.000000,1),(525,9,'Silicon Prem Silk Matt Beyaz 7.5Lt',40,39.500000,1),(490,9,'Latex Matt St Beyaz 20kg 1001',40,21.000000,1),(491,9,'Latex Matt St Beyaz 7.5Lt 1001',40,14.000000,1),(492,9,'Latex Matt St Beyaz 2.5Lt 1001',40,5.000000,1),(493,9,'Rock Impregnation Silicon 5Lt',40,17.000000,1),(494,9,'AKR Prem IC Cephe Duvar Macunu 25kg',40,21.000000,1),(495,9,'AKR Prem IC Cephe Duvar Macunu 5kg',40,5.000000,1),(496,9,' Fassade AKR DIS Cephe Duvar Macunu 25kg',40,27.000000,1),(497,9,'Fassade AKR  DIS Cephe Duvar Macunu 4kg',40,6.500000,1),(499,9,'Satin Prem Silicon Beyaz 1001 7.5Lt',40,35.500000,1),(523,1,'VX100.00. 21kg Epoksi',40,295.000000,1),(501,9,'Prem Transparent Primer 20Lt',40,18.000000,1),(502,9,'Prem Transparent Primer 5Lt',40,5.000000,1),(503,9,'Satin Prem Silicon Beyaz 1001 2.5Lt',40,14.000000,1),(504,9,'Fassade Silicon Sun Beyaz 15Lt 1001',40,57.000000,1),(505,9,'Fassade Silicon Sun Beyaz 7.5Lt 1001',40,31.000000,1),(506,9,'Fassade Eco Sun Beyaz 7.5Lt 1001',40,27.000000,1),(507,9,'Fassade Silicon Cover Primer Beyaz 15Lt ',40,34.500000,1),(508,9,'Fassade Silicon Cover Primer Beyaz 2.5Lt ',40,9.000000,1),(509,9,'Fassade Concrete Primer Kirmizi 12kg',40,18.500000,1),(510,9,'Fassade Eco Sun Beyaz 20kg 1001',40,41.000000,1),(511,9,'Fassade Eco Sun Beyaz 2.5Lt 1001',40,11.000000,1),(512,9,'Fassade Silicon Sun Beyaz 2.5Lt 1001',40,12.000000,1),(513,9,'Hydro Isolation Beyaz 20kg 1001',40,55.000000,1),(514,9,'Hydro Isolation Beyaz 3kg 1001',40,9.000000,1),(516,9,' Satin Prem Silicon Beyaz 15Lt 1001',40,66.500000,1),(531,1,'ZD421.3400 1lt Kizil Altin',40,17.000000,1),(530,1,'ZD421.2400 1lt Altin',40,17.000000,1),(524,9,'Silicon Prem Silk Matt Beyaz 15Lt',40,74.000000,1),(521,9,'Ceiling Arylic St Beyaz 17.5kg',40,14.000000,1),(522,9,'Ceiling Arylic St Beyaz 3.5kg',40,4.000000,1),(526,9,'Silicon Prem Silk Matt Beyaz 2.5Lt',40,15.000000,1),(527,9,'Concentrated Prem Primer 1:7 15Lt',40,35.000000,1),(528,9,'Concentrated Prem Primer 1:7 2.5Lt',40,7.000000,1),(532,1,'F00081 Gumush Boya 1kg',32,9.670000,1),(533,1,'TO172.00 RAPID Tiner 1kg',40,5.000000,1),(534,1,'VP510.10 10kg Cizilmes',40,70.000000,1),(535,1,'CP585.25.0000 10.2kg',40,63.000000,1),(536,1,'F00081 Altin Boya 2.5kg',40,30.000000,1),(537,1,'F00081 Champangne Boya 1kg',40,9.670000,1),(538,1,'VP380.77.200kg',40,1.000000,1),(539,1,'VU142.77 20kg',40,155.000000,1),(540,1,'VE401.77 10kg Polyester',40,80.000000,1),(541,8,'Kelibek Stul',40,70.000000,1),(542,1,'P-240.25mt Karobka Shkurka',40,23.000000,1),(543,1,'BU110.77.1590 Ral9010 20kg',40,280.000000,1),(544,1,'TO190.00 RAPID Tiner 1kg',32,1.000000,1),(545,1,'VU141.77 20kg',32,155.000000,1),(546,1,'P-240.1mt Shkurka',34,0.920000,1),(547,12,'PP600.0001',32,104.000000,1),(548,12,'PP600.0002',32,259.000000,1),(549,12,'PP600.0003',32,121.000000,1),(550,12,'PP600.0004',32,137.000000,1),(551,12,'PP600.0005',32,133.000000,1),(552,12,'PP600.0006',32,127.000000,1),(553,12,'PP600.0007',32,92.000000,1),(554,12,'PP600.0008',32,82.000000,1),(555,12,'PP600.0009',32,61.000000,1),(556,12,'PP600.00010',32,206.000000,1),(557,12,'PP600.00011',32,292.000000,1),(558,12,'PP600.00012',32,87.000000,1),(559,12,'PP600.00013',32,184.000000,1),(560,12,'PP600.00014',32,278.000000,1),(561,12,'PP600.00015',32,278.000000,1),(562,12,'PP600.00016',32,135.000000,1),(563,1,'IK380.10 15kg (IK981. 5kg) Barkhatistaya Tekstura',32,228.000000,1),(564,1,'IK981. 5kg',32,0.000000,1);

--
-- Table structure for table `unit`
--

CREATE TABLE `unit` (
  `id_unit` int(4) NOT NULL AUTO_INCREMENT,
  `name_unit` varchar(50) CHARACTER SET utf8 COLLATE utf8_unicode_ci NOT NULL DEFAULT '',
  PRIMARY KEY (`id_unit`)
) ENGINE=MyISAM AUTO_INCREMENT=41 DEFAULT CHARSET=latin1;

--
-- Dumping data for table `unit`
--

INSERT INTO `unit` VALUES (30,'кг'),(31,'литр'),(32,'банка'),(33,'гр'),(34,'метр'),(35,'см'),(36,'м2'),(37,'м3'),(39,'бочка'),(40,'шт');

--
-- Table structure for table `vozvrat`
--

CREATE TABLE `vozvrat` (
  `id_vozvrat` int(11) NOT NULL AUTO_INCREMENT,
  `id_prodaja` int(11) NOT NULL DEFAULT '0',
  `amount_vozvrat` decimal(20,6) NOT NULL DEFAULT '0.000000',
  `time_vozvrat` int(11) NOT NULL DEFAULT '0',
  `description_vozvrat` varchar(200) CHARACTER SET utf8 COLLATE utf8_unicode_ci NOT NULL DEFAULT '',
  PRIMARY KEY (`id_vozvrat`)
) ENGINE=MyISAM AUTO_INCREMENT=562 DEFAULT CHARSET=latin1;

--
-- Dumping data for table `vozvrat`
--

INSERT INTO `vozvrat` VALUES (1,38,31.190000,1578250800,''),(2,876,1.000000,1578682800,''),(3,877,1.000000,1578682800,''),(4,748,2.000000,1579028400,''),(5,749,2.000000,1579028400,''),(6,757,9.000000,1579201200,''),(7,758,9.000000,1579201200,''),(8,1808,1.000000,1579719600,''),(9,1848,3.000000,1580065200,''),(10,2389,1.000000,1580238000,''),(11,1565,1.000000,1580410800,''),(12,1566,1.000000,1580410800,''),(13,548,1.000000,1580410800,''),(14,549,1.000000,1580410800,''),(15,2767,1.000000,1580842800,''),(16,2768,1.000000,1580842800,''),(17,3195,1.000000,1581361200,''),(18,2966,1.000000,1581361200,''),(19,3636,1.000000,1581361200,''),(20,3640,1.000000,1581534000,''),(21,3639,1.000000,1581534000,''),(22,3714,1.000000,1581620400,''),(23,3715,1.000000,1581620400,''),(24,2913,10.000000,1581620400,''),(25,4409,8.000000,1582830000,''),(26,4410,8.000000,1582830000,''),(27,5257,1.000000,1582916400,''),(28,5063,1.000000,1583262000,''),(29,5064,1.000000,1583262000,''),(31,4323,1.000000,1583262000,''),(32,5060,1.000000,1583262000,''),(33,5061,1.000000,1583262000,''),(34,5261,1.000000,1583262000,''),(35,5260,1.000000,1583262000,''),(36,4313,1.000000,1583348400,''),(37,5984,2.000000,1583434800,''),(38,6024,1.000000,1583694000,''),(39,3049,3.000000,1583866800,''),(40,5054,1.000000,1583953200,''),(41,6439,1.000000,1583953200,''),(43,1983,1.000000,1584039600,''),(46,5343,1.000000,1584039600,''),(47,5344,1.000000,1584039600,''),(48,5903,1527.020000,1584298800,''),(49,1799,6.000000,1584298800,''),(50,6549,1.000000,1584385200,''),(51,12,1.000000,1584471600,''),(52,2006,1.000000,1584471600,''),(53,2006,2.000000,1584471600,''),(54,4644,1.000000,1584558000,''),(55,4645,1.000000,1584558000,''),(57,2000,1.000000,1584558000,''),(58,7053,1.000000,1584644400,''),(59,7093,1.000000,1584644400,''),(61,7094,1.000000,1584644400,''),(63,7179,2.000000,1584644400,''),(64,30,1.000000,1584903600,''),(65,1985,1.000000,1584903600,''),(66,16,1.000000,1584903600,''),(67,1970,1.000000,1584903600,''),(68,2025,1.000000,1584903600,''),(69,2026,1.000000,1584990000,''),(70,2024,1.000000,1584990000,''),(71,1999,1.000000,1584990000,''),(72,3184,1.000000,1584990000,''),(73,1982,1.000000,1584990000,''),(74,2005,2.000000,1585076400,''),(75,27,1.000000,1585076400,''),(76,23,1.000000,1585076400,''),(77,1981,1.000000,1585076400,''),(78,1972,1.000000,1585076400,''),(79,2001,1.000000,1585076400,''),(80,14,1.000000,1585076400,''),(81,13,1.000000,1585076400,''),(82,15,1.000000,1585076400,''),(83,17,1.000000,1585076400,''),(84,9,1.000000,1585076400,''),(85,10,1.000000,1585076400,''),(86,11,1.000000,1585076400,''),(87,19,1.000000,1585076400,''),(88,18,1.000000,1585076400,''),(89,20,1.000000,1585076400,''),(90,31,1.000000,1585076400,''),(91,1971,1.000000,1585076400,''),(92,28,1.000000,1585076400,''),(93,25,1.000000,1585076400,''),(94,26,1.000000,1585076400,''),(95,24,1.000000,1585076400,''),(96,21,1.000000,1585076400,''),(97,29,1.000000,1585076400,''),(98,1980,3.000000,1585076400,''),(99,2028,1.000000,1585076400,''),(100,2029,1.000000,1585076400,''),(101,2027,1.000000,1585076400,''),(102,3185,1.000000,1585076400,''),(103,3186,1.000000,1585076400,''),(104,2004,3.000000,1585076400,''),(105,2005,1.000000,1585076400,''),(106,2002,3.000000,1585076400,''),(107,2003,3.000000,1585076400,''),(108,1984,1.000000,1585076400,''),(109,2007,9.000000,1585076400,''),(110,5781,6.000000,1587927600,''),(112,8193,2.500000,1588359600,''),(113,2025,1.000000,1588618800,''),(114,8353,1.000000,1588705200,''),(115,3406,2.000000,1588791600,''),(116,1579,2.000000,1588791600,''),(117,8941,1.000000,1588878000,''),(118,8557,1.000000,1588878000,''),(119,9108,1.000000,1589137200,''),(120,9109,1.000000,1589137200,''),(121,8548,1.000000,1589223600,''),(122,8553,1.000000,1589310000,''),(123,9263,1.000000,1589310000,''),(124,9347,2.000000,1589396400,''),(127,9635,90.940000,1589569200,''),(128,9721,1.000000,1589742000,''),(129,5104,6.000000,1589828400,''),(130,9231,1.000000,1589914800,''),(131,9232,1.000000,1589914800,''),(132,8580,1.000000,1590087600,''),(133,10403,1.000000,1590174000,''),(134,8595,1.000000,1590433200,''),(135,8598,1.000000,1590519600,''),(136,10518,3.000000,1590519600,''),(137,8594,1.000000,1590692400,''),(138,11093,1.000000,1590951600,''),(139,8588,1.000000,1590951600,''),(140,11157,2.000000,1591038000,''),(141,11280,1.000000,1591038000,''),(142,11281,1.000000,1591038000,''),(143,9146,1.000000,1591038000,''),(144,9147,1.000000,1591038000,''),(145,8593,1.000000,1591210800,''),(146,8575,1.000000,1591383600,''),(148,11433,2.500000,1591383600,''),(149,8556,1.000000,1591383600,''),(150,8588,1.000000,1591383600,''),(151,8577,1.000000,1591556400,''),(152,8576,1.000000,1591642800,''),(155,5410,2.000000,1591815600,''),(154,9807,8.000000,1591815600,''),(157,8708,1.000000,1591902000,''),(158,8575,1.000000,1591902000,''),(159,12476,7.790000,1591988400,''),(160,8578,1.000000,1592247600,''),(161,12811,1.000000,1592334000,''),(162,11108,4.000000,1592420400,''),(163,8581,1.000000,1592420400,''),(164,11109,4.000000,1592420400,''),(165,8579,1.000000,1592420400,''),(166,8547,1.000000,1592766000,''),(167,13375,3.000000,1592766000,''),(168,13376,3.000000,1592766000,''),(169,8559,1.000000,1592938800,''),(170,13360,1.000000,1593025200,''),(171,8558,1.000000,1593111600,''),(172,8560,1.000000,1593370800,''),(173,8585,1.000000,1593370800,''),(174,8562,1.000000,1593370800,''),(175,8565,1.000000,1593802800,''),(176,13206,3.000000,1594062000,''),(177,13207,3.000000,1594062000,''),(178,8591,3.000000,1594234800,''),(179,8564,1.000000,1594580400,''),(180,8563,1.000000,1594580400,''),(181,15131,4.000000,1594666800,''),(182,15132,4.000000,1594666800,''),(184,15947,1.000000,1594666800,''),(185,15919,1.000000,1594666800,''),(186,15192,2.000000,1594666800,''),(187,14996,1.000000,1594753200,''),(188,16151,2.000000,1594753200,''),(189,15540,1.000000,1594839600,''),(190,8596,1.000000,1594926000,''),(191,16241,1.000000,1595185200,''),(192,16720,10.000000,1595271600,''),(193,16721,10.000000,1595271600,''),(194,17030,1.000000,1595271600,''),(195,17031,1.000000,1595271600,''),(196,17358,1.000000,1595530800,''),(197,17359,1.000000,1595530800,''),(198,8551,1.000000,1595790000,''),(199,17832,1.000000,1595962800,''),(200,8555,1.000000,1596394800,''),(201,18514,1.000000,1596567600,''),(202,8571,1.000000,1596567600,''),(203,18674,1.000000,1596740400,''),(204,18869,1.000000,1596740400,''),(205,18790,1.000000,1596740400,''),(206,18883,1.000000,1597086000,''),(207,18748,1.000000,1597086000,''),(208,18700,3.000000,1597086000,''),(209,16612,10.000000,1597086000,''),(210,19274,1.000000,1597258800,''),(211,19275,1.000000,1597258800,''),(212,19518,1.000000,1597258800,''),(213,19519,1.000000,1597258800,''),(214,19520,8.000000,1597258800,''),(215,18658,2.000000,1597345200,''),(216,8586,1.000000,1597345200,''),(218,18946,1.000000,1597431600,''),(219,18393,1.000000,1597690800,''),(220,18394,1.000000,1597690800,''),(221,18639,1.000000,1597690800,''),(222,1596,1.000000,1597777200,''),(224,1597,1.000000,1597777200,''),(225,17669,9.000000,1598209200,''),(226,8568,1.000000,1598382000,''),(227,8569,1.000000,1598554800,''),(237,8572,1.000000,1599073200,''),(230,21369,1.000000,1598554800,''),(231,21339,3.000000,1598554800,''),(232,8591,3.000000,1598554800,''),(233,18665,1.000000,1598641200,''),(234,18666,1.000000,1598814000,''),(235,18670,1.000000,1598986800,''),(238,21996,1.000000,1599159600,''),(239,21997,1.000000,1599159600,''),(240,18679,1.000000,1599418800,''),(241,22552,1.000000,1599591600,''),(242,22553,2.000000,1599591600,''),(251,1742,1.000000,1599591600,''),(244,18469,1.000000,1599591600,''),(245,8551,1.000000,1599591600,''),(246,8550,1.000000,1599678000,''),(247,23242,258.220000,1600023600,''),(248,23592,1.000000,1600023600,''),(250,22698,24.000000,1600110000,''),(252,22221,2.000000,1600196400,''),(253,22222,2.000000,1600196400,''),(254,24241,1.000000,1600369200,''),(255,8598,1.000000,1600455600,''),(256,2342,1.000000,1600628400,''),(257,8587,1.000000,1600887600,''),(258,25125,37.860000,1600974000,''),(259,24963,1.000000,1601060400,''),(260,25025,1.000000,1601060400,''),(261,25497,1.000000,1601319600,''),(262,18676,1.000000,1601406000,''),(263,18669,1.000000,1601406000,''),(266,25588,1.000000,1601492400,''),(265,25795,1.000000,1601492400,''),(267,25876,1.000000,1601492400,''),(268,26204,1.000000,1601924400,''),(269,26205,1.000000,1601924400,''),(270,8584,1.000000,1602010800,''),(271,15337,9.000000,1602097200,''),(272,26810,1.000000,1602097200,''),(273,26811,1.000000,1602097200,''),(274,27586,1.000000,1602702000,''),(275,27587,1.000000,1602702000,''),(276,25874,1.000000,1602788400,''),(277,25793,1.000000,1602788400,''),(278,27910,1.000000,1602874800,''),(279,27911,1.000000,1602874800,''),(285,2904,1.000000,1602702000,''),(283,2902,4.000000,1602702000,''),(287,21970,1.000000,1603306800,''),(288,25315,1.000000,1603479600,''),(290,28771,1.000000,1603652400,''),(291,23019,1.000000,1603738800,''),(292,28063,1.000000,1603825200,''),(293,28062,1.000000,1603825200,''),(294,26275,1.000000,1603825200,''),(295,26531,1.000000,1603825200,''),(296,29118,2.000000,1603825200,''),(297,26019,1.000000,1603998000,''),(298,26020,1.000000,1603998000,''),(299,29932,1.000000,1604343600,''),(300,29933,1.000000,1604343600,''),(301,28159,1.000000,1604516400,''),(302,29265,1.000000,1604516400,''),(303,2027,1.000000,1604602800,''),(304,24060,3.000000,1604689200,''),(305,24061,3.000000,1604689200,''),(306,29470,1.000000,1604689200,''),(307,30914,2.000000,1605121200,''),(308,30905,2.000000,1605121200,''),(309,31535,1.000000,1605639600,''),(310,31536,1.000000,1605639600,''),(311,25215,1.000000,1605639600,''),(312,25216,1.000000,1605639600,''),(313,31450,1.000000,1605639600,''),(314,31451,1.000000,1605639600,''),(315,8599,1.000000,1605898800,''),(316,27858,1.000000,1606676400,''),(318,32826,1.000000,1606849200,''),(319,29785,1.000000,1606849200,''),(320,8554,1.000000,1606849200,''),(321,28542,5.000000,1606849200,''),(322,33270,1.000000,1607108400,''),(323,33271,1.000000,1607108400,''),(324,35813,1.000000,1610564400,''),(325,37019,6.000000,1610910000,''),(326,37018,6.000000,1610910000,''),(327,36981,2.000000,1610910000,''),(328,36718,4.000000,1611169200,''),(329,36719,4.000000,1611169200,''),(330,36716,3.000000,1611169200,''),(331,36717,3.000000,1611169200,''),(332,35719,1.000000,1611255600,''),(336,28943,1.000000,1610650800,''),(335,2089,1.000000,1610650800,''),(337,38167,1.000000,1611687600,''),(338,38168,1.000000,1611687600,''),(339,38171,1.000000,1611687600,''),(340,38175,1.000000,1611687600,''),(341,38176,1.000000,1611687600,''),(343,38170,1.000000,1611687600,''),(344,18664,1.000000,1611946800,''),(345,36475,105.560000,1612206000,''),(346,38906,2.000000,1612292400,''),(347,38740,1.000000,1612292400,''),(348,25018,3.000000,1612465200,''),(349,35976,3.000000,1612551600,''),(350,31074,1.000000,1612551600,''),(351,19699,3.000000,1612551600,''),(352,39513,2.000000,1612551600,''),(353,8592,1.000000,1613329200,''),(354,39178,3.000000,1613761200,''),(355,39953,2.000000,1613761200,''),(356,40626,1.000000,1613934000,''),(357,40627,1.000000,1613934000,''),(358,41334,6.000000,1614193200,''),(359,29167,2.000000,1614625200,''),(360,29167,2.000000,1614625200,''),(366,42034,15.000000,1615316400,''),(362,14893,1.000000,1614884400,''),(363,30543,1.000000,1614884400,''),(364,40314,1.000000,1614970800,''),(367,38773,1.000000,1615748400,''),(368,39089,1.000000,1615834800,''),(369,39090,1.000000,1615834800,''),(370,29429,1.000000,1615834800,''),(371,29430,2.000000,1615834800,''),(372,24571,2.000000,1615834800,''),(373,24572,2.000000,1615834800,''),(374,22545,1.000000,1615834800,''),(375,22546,1.000000,1615834800,''),(376,6182,1.000000,1615834800,''),(377,6183,2.000000,1615834800,''),(378,19149,1.000000,1615834800,''),(379,19150,2.000000,1615834800,''),(380,39064,1.000000,1615834800,''),(381,39065,1.000000,1615834800,''),(382,29429,1.000000,1615834800,''),(383,18659,1.000000,1616353200,''),(384,18673,1.000000,1616439600,''),(385,18680,1.000000,1617044400,''),(386,8601,1.000000,1617303600,''),(387,44773,4.000000,1617303600,''),(388,9624,2.000000,1617303600,''),(389,9255,2.000000,1617303600,''),(390,41698,1.000000,1617390000,''),(391,41699,1.000000,1617390000,''),(392,44739,1.000000,1617390000,''),(393,44740,1.000000,1617390000,''),(394,43747,1.000000,1617390000,''),(395,43748,1.000000,1617390000,''),(396,45817,1.000000,1617908400,''),(397,46082,1.000000,1617994800,''),(398,46111,1.000000,1617994800,''),(399,44570,4.000000,1618167600,''),(400,44196,1.000000,1618167600,''),(401,25017,1.000000,1618254000,''),(402,44698,4.000000,1618599600,''),(403,41446,1.000000,1618599600,''),(404,25800,1.000000,1619118000,''),(405,46069,1.000000,1619377200,''),(427,42346,1.000000,1619550000,''),(407,42396,1.000000,1619463600,''),(408,42349,1.000000,1619463600,''),(409,18672,1.000000,1619550000,''),(410,38998,6.000000,1619550000,''),(411,38997,2.000000,1619550000,''),(412,38996,6.000000,1619550000,''),(413,38995,2.000000,1619550000,''),(414,38994,6.000000,1619550000,''),(415,38993,2.000000,1619550000,''),(416,38992,6.000000,1619550000,''),(417,38991,2.000000,1619550000,''),(418,38990,6.000000,1619550000,''),(419,38989,2.000000,1619550000,''),(420,38988,6.000000,1619550000,''),(421,38987,2.000000,1619550000,''),(422,38986,2.000000,1619550000,''),(423,38985,6.000000,1619550000,''),(424,38981,2.000000,1619550000,''),(425,38983,6.000000,1619550000,''),(426,38984,2.000000,1619550000,''),(428,48140,1.000000,1619636400,''),(429,28226,1.000000,1620068400,''),(430,25319,3.000000,1620759600,''),(431,18677,1.000000,1620759600,''),(432,34565,1.000000,1621018800,''),(433,48498,1.000000,1621278000,''),(434,48499,1.000000,1621278000,''),(436,25018,1.000000,1621537200,''),(437,29,1.000000,1621537200,''),(438,48707,5.000000,1621796400,''),(439,25018,2.000000,1621882800,''),(441,41570,5.000000,1622055600,''),(442,51259,4.000000,1622401200,''),(443,51255,4.000000,1622401200,''),(444,51266,4.000000,1622401200,''),(445,51273,4.000000,1622401200,''),(446,51272,4.000000,1622401200,''),(447,51258,1.000000,1622401200,''),(448,51269,3.000000,1622401200,''),(449,51265,6.000000,1622401200,''),(450,51205,1.000000,1622401200,''),(451,51206,2.000000,1622401200,''),(452,51244,1.000000,1622401200,''),(453,51243,2.000000,1622401200,''),(454,51242,1.000000,1622401200,''),(455,51253,1.000000,1622401200,''),(456,51211,1.000000,1622401200,''),(457,51240,1.000000,1622401200,''),(460,51241,1.000000,1622574000,''),(459,48460,1.000000,1622401200,''),(461,38773,1.000000,1622660400,''),(462,51840,3.000000,1623006000,''),(463,51839,3.000000,1623006000,''),(464,28225,4.000000,1623265200,''),(465,30399,2.000000,1623265200,''),(466,30400,2.000000,1623265200,''),(467,50244,1.000000,1623351600,''),(468,36536,1.000000,1623351600,''),(469,28213,2.000000,1623438000,''),(470,28214,2.000000,1623438000,''),(471,46303,3.000000,1623610800,''),(472,46304,3.000000,1623610800,''),(473,49013,1.000000,1623783600,''),(474,51652,1.000000,1624042800,''),(475,51650,1.000000,1624042800,''),(476,51651,1.000000,1624042800,''),(477,18682,1.000000,1624647600,''),(478,18657,2.000000,1624647600,''),(479,30399,1.000000,1625166000,''),(480,30400,1.000000,1625166000,''),(481,45275,1.000000,1625166000,''),(482,45276,1.000000,1625166000,''),(483,54788,4.000000,1625598000,''),(484,54789,4.000000,1625598000,''),(485,52662,3.000000,1625598000,''),(486,52663,3.000000,1625598000,''),(487,55613,3.000000,1625598000,''),(488,55614,3.000000,1625598000,''),(489,55618,1.000000,1625598000,''),(492,52197,5.000000,1625598000,''),(491,52196,5.000000,1625598000,''),(493,55984,1.000000,1625684400,''),(494,55440,1.000000,1625684400,''),(495,55439,1.000000,1625684400,''),(496,55183,39.000000,1625770800,''),(497,56305,30.000000,1626116400,''),(499,56415,9.000000,1626289200,''),(500,56422,9.000000,1626289200,''),(501,9590,3.000000,1626375600,''),(502,9591,3.000000,1626375600,''),(503,40950,1.000000,1626375600,''),(504,40952,1.000000,1626375600,''),(505,40945,1.000000,1626375600,''),(506,40947,1.000000,1626375600,''),(507,40949,2.000000,1626375600,''),(508,46303,3.000000,1626462000,''),(509,46304,3.000000,1626462000,''),(510,57229,1.000000,1626894000,''),(511,57230,1.000000,1626894000,''),(512,8552,1.000000,1626980400,''),(513,2030,3.000000,1626980400,''),(514,2032,9.000000,1626980400,''),(515,2035,14.000000,1626980400,''),(516,2037,3.000000,1626980400,''),(517,2034,11.000000,1626980400,''),(518,2033,20.000000,1626980400,''),(519,2036,4.000000,1626980400,''),(520,2031,8.000000,1626980400,''),(521,36651,21.000000,1627239600,''),(522,36278,33.000000,1627239600,''),(523,57897,1.000000,1627326000,''),(524,57898,1.000000,1627326000,''),(525,36527,2.000000,1627412400,''),(526,36528,2.000000,1627412400,''),(527,58667,1.000000,1627671600,''),(528,40430,4.000000,1628017200,''),(529,40427,4.000000,1628017200,''),(530,51513,23.000000,1628017200,''),(531,56323,1.000000,1628190000,''),(532,56052,1.000000,1628190000,''),(533,37580,3.000000,1628276400,''),(534,37581,3.000000,1628276400,''),(535,57814,1.000000,1628535600,''),(536,57813,1.000000,1628535600,''),(537,45059,1.000000,1628535600,''),(538,45060,1.000000,1628535600,''),(539,60055,2.000000,1628622000,''),(540,60054,2.000000,1628622000,''),(541,58870,1.000000,1629054000,''),(543,50766,2.000000,1629054000,''),(544,5781,6.000000,1629140400,''),(546,60883,1.000000,1629399600,''),(547,60917,1.000000,1629399600,''),(548,60918,1.000000,1629399600,''),(549,44218,20.000000,1629918000,''),(550,62872,1.000000,1630609200,''),(551,62873,1.000000,1630609200,''),(552,38770,1.000000,1631127600,''),(553,25019,1.000000,1631127600,''),(554,62740,1.000000,1631214000,''),(555,62156,6.000000,1630090800,''),(556,64523,5.000000,1631905200,''),(557,44157,1.000000,1632078000,''),(558,38774,1.000000,1632078000,''),(559,62261,1.000000,1632078000,''),(560,64879,1.000000,1632337200,''),(561,8582,1.000000,1632337200,'');

--
-- Table structure for table `vozvrat_pokupka`
--

CREATE TABLE `vozvrat_pokupka` (
  `id_vozvrat_pokupka` int(11) NOT NULL AUTO_INCREMENT,
  `id_siryo` int(11) NOT NULL DEFAULT '0',
  `amount_vozvrat_pokupka` decimal(20,6) NOT NULL DEFAULT '0.000000',
  `time_vozvrat_pokupka` int(11) NOT NULL DEFAULT '0',
  `description_vozvrat_pokupka` varchar(200) CHARACTER SET utf8 COLLATE utf8_unicode_ci NOT NULL DEFAULT '',
  PRIMARY KEY (`id_vozvrat_pokupka`)
) ENGINE=MyISAM DEFAULT CHARSET=latin1;

--
-- Dumping data for table `vozvrat_pokupka`
--



