(7157,1,2,'АК Узбектелеком ф-л ТШТТ  Предоплата 100% за доступ к сети интернет за Сентябрь -  2024 года',5,500500.000000,1.000000,1724698800,18),(7158,1,88,'Gaz va Obed',2,200000.000000,1.000000,1725303600,78),(7159,1,2,'Marli, Perchatka, Salafan',2,450000.000000,1.000000,1725303600,67),(7160,1,5,'Kanistira (450gr) 20 sht 14280 sum ООО \"MAVERA PLASTICS\"',2,214200.000000,1.000000,1725303600,45),(7161,1,4,'Oylik',1,300.000000,1.000000,1725303600,NULL),(7162,1,5,'Yulkira',1,20200.000000,1.000000,1725303600,44),(7163,1,5,'Yulkira',1,20200.000000,1.000000,1725303600,44),(7164,1,2,'Remond Oshxona Kafelshik Ish Xaqqi 116m2x8= 928 qushimcha ish jami 1000',1,1000.000000,1.000000,1725303600,52),(7165,1,88,'Buxoro Safarga Jasur Rajabov va Gukan Turk lakchi ',2,1890000.000000,1.000000,1725303600,79),(7167,1,2,'Obed',2,100000.000000,1.000000,1725303600,21),(7168,1,2,'337844441',2,33000.000000,1.000000,1725303600,18),(7169,1,82,'logistika',2,1000000.000000,1.000000,1725303600,58),(7170,1,2,'Labo 3chi Tent qilinvoti ',2,10260000.000000,1.000000,1725303600,63),(7171,1,2,'Labo Remont',2,800000.000000,1.000000,1725303600,63),(7172,1,82,'Gaz',2,271000.000000,1.000000,1725303600,26),(7173,1,88,'Benzin va Obed',2,390000.000000,1.000000,1725303600,65),(7174,1,57,'Gukan Turk Lakchi Oylik',1,100.000000,1.000000,1725303600,85),(7175,1,2,'Mardikor Namanganga 2ta Fura Yuklandi',2,1400000.000000,1.000000,1725303600,23),(7176,1,80,'OOO \"Arca group\" ',5,3338.000000,1.000000,1724958000,NULL),(7177,1,79,'Kamisiya Swift Usluga Bank',5,782000.000000,1.000000,1724958000,NULL),(7178,1,79,'Kamisiya Swift Usluga Bank',5,681750.540000,1.000000,1724958000,NULL),(7179,1,45,'18000 (12665)',5,227970000.000000,1.000000,1724958000,53),(7180,1,2,'Remond Oshxona Xom Ashyo',2,725000.000000,1.000000,1725390000,52),(7181,1,2,'Obed',2,100000.000000,1.000000,1725390000,21),(7182,1,2,'Musor Tukildi',2,200000.000000,1.000000,1725390000,22),(7183,1,88,'Benzin',2,100000.000000,1.000000,1725390000,65),(7184,1,82,'logistika',2,670000.000000,1.000000,1725390000,77),(7185,1,88,'Gaz va Obed',2,200000.000000,1.000000,1725390000,78),(7186,1,91,'Mix info lakchiga Quliga Shampan problemaga',2,1918000.000000,1.000000,1725390000,82),(7187,1,67,'R3 Kartaga utkazdim',2,5115000.000000,1.000000,1725390000,NULL),(7189,1,82,'Gaz',2,255000.000000,1.000000,1725390000,26),(7191,1,91,'Xaydar aka Rasulovga ',1,1500.000000,1.000000,1725390000,81),(7192,1,5,'Yulkira',1,10100.000000,1.000000,1725390000,44),(7193,1,79,'% Terminal',5,1626470.080000,1.000000,1725044400,NULL),(7194,1,5,'Yulkira',1,25250.000000,1.000000,1725476400,44),(7195,1,7,'120.Lak Mir Colors INVIF02024000000568 2024 yil Mardikor',2,1000000.000000,1.000000,1725390000,14),(7196,1,7,'120.Lak Mir Colors INVIF02024000000568 2024 yil Rastamoshkaga',5,86116583.200000,1.000000,1725390000,17),(7197,1,7,'121.Lak Mir Colors INVIF02024000000581 2024 yil Mardikor',2,1000000.000000,1.000000,1725476400,14),(7198,1,7,'122.Shpon Mir Colors KPS2024000003139 2024 yil Karra Ishladi',2,1700000.000000,1.000000,1725476400,14),(7199,1,7,'122.Shpon Mir Colors KPS2024000003139 2024 yil Rastamoshkaga',5,55065153.970000,1.000000,1725390000,17),(7200,1,7,'123.Lak Mir Colors INVIF02024000000280 2024 yil Mardikor',2,1000000.000000,1.000000,1725562800,14),(7201,1,7,'124.Lak Mir Colors INVIF02024000000571 2024 yil Mardikor',2,1000000.000000,1.000000,1725562800,14),(7202,1,7,'121.Lak Mir Colors INVIF02024000000581 2024 yil Rastamoshkaga',5,48941228.420000,1.000000,1725476400,17),(7203,1,7,'123.124 Lak Mir Colors INVIF02024000000280, INV571 2024 yil Rastamoshkaga',5,153925968.080000,1.000000,1725562800,17),(7204,1,79,'Kamisiya Swift Usluga Bank',5,1285492.070000,1.000000,1725390000,NULL),(7205,1,79,'Kamisiya Swift Usluga Bank',5,782000.000000,1.000000,1725390000,NULL),(7206,1,79,'Комиссия за пользование по Internet-Банк-Клиент за  2024 г.(04.09.2024)    ',5,204000.000000,1.000000,1725390000,NULL),(7207,1,45,'33900 (12680)',5,429852000.000000,1.000000,1725390000,53),(7208,1,7,'Ujin',2,110000.000000,1.000000,1725390000,16),(7209,1,5,'Yulkira',1,33835.000000,1.000000,1725562800,44),(7210,1,5,'Yulkira',1,925.000000,1.000000,1725562800,44),(7211,1,88,'Gaz ',2,90000.000000,1.000000,1725390000,65),(7212,1,88,'Gaz va Obed',2,200000.000000,1.000000,1725390000,78),(7213,1,5,'Kanistira (450gr) 216 sht 14280 sum ООО \"MAVERA PLASTICS\"',2,3084480.000000,1.000000,1725390000,45),(7214,1,2,'Damas Doverinis Abbosga , Rasulga Qilindi',2,700000.000000,1.000000,1725390000,63),(7215,1,2,'Obed',2,98000.000000,1.000000,1725390000,21),(7216,1,2,'Moyishi Sredstva',2,43000.000000,1.000000,1725390000,68),(7217,1,2,'Labo 3chi Balon Olindi',1,147.400000,1.000000,1725390000,63),(7218,1,7,'Shpon Karantinga Paymidan',2,340000.000000,1.000000,1725390000,17),(7219,1,7,'Ujin',2,720000.000000,1.000000,1725476400,16),(7220,1,82,'Gaz',2,230000.000000,1.000000,1725476400,26),(7222,1,88,'Gaz va Obed',2,150000.000000,1.000000,1725562800,78),(7223,1,88,'Gaz',2,50000.000000,1.000000,1725562800,74),(7224,1,88,'Benzin va Obed',2,100000.000000,1.000000,1725562800,65),(7225,1,2,'977844441',2,100000.000000,1.000000,1725562800,18),(7226,1,2,'997844441',2,30000.000000,1.000000,1725562800,18),(7228,1,82,'logistika',2,1033000.000000,1.000000,1725562800,58),(7229,1,67,'R3 Kartaga utkazdim',2,2222000.000000,1.000000,1725562800,NULL),(7230,1,2,'Obed',2,185000.000000,1.000000,1725562800,21),(7231,1,82,'Gaz',2,195000.000000,1.000000,1725562800,26),(7233,1,5,'Yulkira',1,25250.000000,1.000000,1725649200,44),(7234,1,5,'Yulkira',1,30300.000000,1.000000,1725649200,44),(7235,1,7,'OOO HighwayLogistics Center Предоплата 100% за хранение автомобиля, оформление',5,2002000.000000,1.000000,1725562800,17),(7236,1,79,'Kamisiya Swift Usluga Bank',5,782000.000000,1.000000,1725476400,NULL),(7237,1,79,'Kamisiya Swift Usluga Bank',5,782000.000000,1.000000,1725476400,NULL),(7238,1,79,'Kamisiya Swift Usluga Bank',5,721064.820000,1.000000,1725476400,NULL),(7239,1,79,'Kamisiya Swift Usluga Bank',5,379507.800000,1.000000,1725476400,NULL),(7240,1,45,'10000 (12710)',5,127100000.000000,1.000000,1725476400,53),(7241,1,45,'19000 (12710)',5,241490000.000000,1.000000,1725476400,53),(7242,1,5,'Yulkira',1,30300.000000,1.000000,1725822000,44),(7244,1,7,'Ujin',2,190000.000000,1.000000,1725822000,16),(7245,1,88,'Gaz va Obed',2,150000.000000,1.000000,1725822000,78),(7246,1,2,'Obed',2,266000.000000,1.000000,1725822000,21),(7247,1,5,'Kanistira (450gr) 240 sht 14280 sum ООО \"MAVERA PLASTICS\"',2,3427200.000000,1.000000,1725822000,45),(7248,1,88,'Gaz va Obed',2,152000.000000,1.000000,1725822000,65),(7249,1,2,'kara Ishladi',2,500000.000000,1.000000,1725822000,23),(7250,1,82,'Gaz',2,430000.000000,1.000000,1725822000,26),(7251,1,2,'Ovqat puli Bollaga Yakshanbali',2,200000.000000,1.000000,1725822000,21),(7252,1,82,'Taksi',2,35000.000000,1.000000,1725822000,26),(7253,1,82,'logistika',2,1360000.000000,1.000000,1725822000,58),(7254,1,82,'logistika',2,1290000.000000,1.000000,1725822000,61),(7255,1,88,'Gaz va Obed',2,150000.000000,1.000000,1725822000,78),(7256,1,2,'Bozor',2,2341000.000000,1.000000,1725822000,21),(7257,1,57,'Uy arenda Gukan turk lakchi Sentyabr 2024 yil ',1,550.000000,1.000000,1725822000,49),(7258,1,88,'Buxoro Safarga Jasur Rajabov va Gukan Turk lakchi Otelga tulandi',2,2424000.000000,1.000000,1725822000,79),(7259,1,88,'Gaz',2,50000.000000,1.000000,1725822000,74),(7260,1,82,'logistika',2,700000.000000,1.000000,1725822000,77),(7261,1,2,'Remond Oshxona Rakvina, Perchatka',2,720000.000000,1.000000,1725822000,52),(7262,1,2,'Remond Oshxona Uborka',2,113000.000000,1.000000,1725822000,52),(7263,1,2,'Obed',2,36000.000000,1.000000,1725822000,21),(7264,1,82,'Gaz',2,250000.000000,1.000000,1725822000,26),(7265,1,7,'125.Lak Mir Colors INVIF02024000000598 2024 yil Mardikor',2,1000000.000000,1.000000,1725822000,14),(7266,1,7,'126.126/1.Lak Mir Colors INVIF02024000000598,Savash Shkurka 2024 yil Mardikor',2,1000000.000000,1.000000,1725822000,14),(7267,1,7,'125.126.Lak Mir Colors INVIF02024000000598, INV576 2024 yil Rastamoshkaga',5,111747843.770000,1.000000,1725822000,17),(7268,1,5,'Kanistira (450gr) 2000 sht 14280 sum ООО \"MAVERA PLASTICS\"',5,28588560.000000,1.000000,1725822000,44),(7269,1,85,'Оплата за 44 Налог на имущество с юридических лиц за сентябрь 2024 года',5,7852000.000000,1.000000,1725822000,35),(7270,1,7,'Оплата за 53 Налог на землю с юридических лиц  за сентябрь 2024 года',5,4574169.600000,1.000000,1725822000,15),(7271,1,85,'Оплата за 53 Налог на землю с юридических лиц  за сентябрь 2024 года',5,2747250.000000,1.000000,1725822000,36),(7272,1,79,'Kamisiya Swift Usluga Bank',5,800106.300000,1.000000,1725822000,NULL),(7273,1,79,'Kamisiya Swift Usluga Bank',5,782000.000000,1.000000,1725822000,NULL),(7274,1,45,'21000 (12720)',5,267540000.000000,1.000000,1725822000,53),(7276,1,65,'Nabi Petrol',1,580.000000,1.000000,1725908400,NULL),(7277,1,5,'Yulkira',1,5000.000000,1.000000,1725908400,44),(7278,1,67,'R3',1,225.000000,1.000000,1725908400,NULL),(7279,1,67,'R3',1,500.000000,1.000000,1725908400,NULL),(7280,1,2,'Remond Oshxona Malyar Ish Xaqqi',2,7660000.000000,1.000000,1725908400,52),(7281,1,7,'Ujin',2,100000.000000,1.000000,1725908400,16),(7282,1,88,'Gaz va Obed',2,150000.000000,1.000000,1725908400,78),(7283,1,2,'Obed',2,87000.000000,1.000000,1725908400,21),(7285,1,2,'Labo 3chi Nomer va Afarmleniya qilindi',2,3030000.000000,1.000000,1725908400,63),(7286,1,82,'Gaz',2,270000.000000,1.000000,1725908400,26),(7287,1,67,'R3 Kartaga utkazdim',2,12847200.000000,1.000000,1725908400,NULL),(7288,1,85,'оплата 100% эл.энергия за август 2024  года, согл. дог.№ 748 от 01.01.2022 года',5,5241317.500000,1.000000,1725908400,38),(7289,1,79,'Kamisiya Swift Usluga Bank',5,782000.000000,1.000000,1725908400,NULL),(7290,1,85,'Предоплата 100% за газ природный за август  2024  года',5,612000.000000,1.000000,1725908400,39),(7291,1,79,'Kamisiya Swift Usluga Bank',5,456544.440000,1.000000,1725908400,NULL),(7292,1,80,'ООО \"Didox Tech\"Оплата 100% за электронный документо оорот за август 2024 года',5,107207.100000,1.000000,1725908400,NULL),(7293,1,45,'12000 (12720)',5,152640000.000000,1.000000,1725908400,53),(7294,1,79,'Kamisiya Swift Usluga Bank',5,782000.000000,1.000000,1725994800,NULL),(7295,1,79,'Kamisiya Swift Usluga Bank',5,342541.170000,1.000000,1725994800,NULL),(7296,1,2,'Филиал ТШТТ АК Узбектелеком  Предоплата 100% абонплата за номер 71 250 0047 ',5,300300.000000,1.000000,1725994800,18),(7297,1,45,'9000 (12740)',5,114660000.000000,1.000000,1725994800,53),(7299,1,2,'Labo 3chi Sugurta, Doverinis, Razval Balansirovka, Resor Moshinani kutarishga, Karbirator',2,2160000.000000,1.000000,1725994800,63),(7300,1,82,'logistika',2,970000.000000,1.000000,1725994800,58),(7301,1,88,'Gaz va Obed',2,150000.000000,1.000000,1725994800,78),(7302,1,2,'Remond Oshxona Elektrik Ish Xaqqi',2,960000.000000,1.000000,1725994800,52),(7303,1,88,'Gaz',2,50000.000000,1.000000,1725994800,74),(7304,1,2,'Obed',2,88000.000000,1.000000,1725994800,21),(7305,1,2,'Remond Oshxona Eshik va Kuxinniy olindi',1,850.000000,1.000000,1725994800,63),(7306,1,2,'Remond Oshxona Xolodilnik',1,744.000000,1.000000,1725994800,63),(7307,1,2,'Remond Oshxona Lesaga arendaga',2,568000.000000,1.000000,1725994800,52),(7308,1,67,'Prarabga Baxtiyorga',2,900000.000000,1.000000,1725994800,NULL),(7309,1,5,'Yulkira',1,27270.000000,1.000000,1725994800,44),(7310,1,88,'Gaz',2,90000.000000,1.000000,1725994800,65),(7311,1,82,'Gaz va Benzin',2,445000.000000,1.000000,1725994800,26),(7312,1,2,'Remond Oshxona Galagen olindi',2,1522000.000000,1.000000,1725994800,52),(7313,1,2,'Remond Oshxona Galagen olindi',1,100.000000,1.000000,1725994800,52),(7314,1,88,'Gaz va Obed',2,150000.000000,1.000000,1726081200,78),(7315,1,88,'Gaz va Obed',2,130000.000000,1.000000,1726081200,78),(7316,1,88,'Gaz va Obed',2,200000.000000,1.000000,1726081200,56),(7317,1,57,'Gukan Turk Lakchi Registrasiya va Shtrafxam bulgan',2,1296000.000000,1.000000,1726081200,49),(7318,1,2,'Remond Oshxona Stol Stul',2,2200000.000000,1.000000,1726081200,52),(7319,1,2,'Obed',2,87000.000000,1.000000,1726081200,21),(7320,1,2,'tinting Aparatga Klaviatura va mishka',2,330000.000000,1.000000,1726081200,63),(7321,1,82,'Gaz',2,244000.000000,1.000000,1726081200,26),(7322,1,7,'127.Lak Mir Colors INVIF02024000000596 2024 yil Mardikor',2,1000000.000000,1.000000,1726081200,14),(7324,1,7,'127.Lak Mir Colors INVIF02024000000596 2024 yil Rastamoshkaga',5,87229894.190000,1.000000,1726081200,17),(7325,1,7,'Ujin',2,100000.000000,1.000000,1726081200,16),(7326,1,88,'Abbos gaz va obed',2,130000.000000,1.000000,1726167600,78),(7327,1,88,'Abbos va Sunnat gaz va obed',2,150000.000000,1.000000,1726167600,78),(7328,1,88,'Benzin va Obed',2,200000.000000,1.000000,1726167600,56),(7329,1,88,'Gaz',2,50000.000000,1.000000,1726167600,74),(7330,1,82,'logistika',2,205000.000000,1.000000,1726167600,26),(7331,1,2,'Obed',2,89000.000000,1.000000,1726167600,21),(7332,1,5,'Yulkira',1,55550.000000,1.000000,1726167600,44),(7333,1,7,'128.Lak Mir Colors INVIF02024000000609 2024 yil Mardikor',2,1000000.000000,1.000000,1726167600,14),(7334,1,7,'129.Cobler STABIL GOLDENAGE GROUP DI02024000000003 2024 yil Mardikor ',2,1000000.000000,1.000000,1726167600,14),(7335,1,7,'Ujin',2,200000.000000,1.000000,1726167600,16),(7336,1,88,'Benzin va Obed',2,200000.000000,1.000000,1726254000,78),(7337,1,2,'Obed',2,86000.000000,1.000000,1726254000,21),(7338,1,2,'Santexnik Rustam 13.09.24 Emulsiya Sklad Xom Ashyo',2,200000.000000,1.000000,1726254000,52),(7340,1,7,'129.Cobler STABIL GOLDENAGE GROUP DI02024000000003 2024 yil Stoyankaga Tulandi',2,188000.000000,1.000000,1726254000,14),(7341,1,88,'Xorazimga Kamandirovkaga Sardor oga Jasur Rajabov va Gukan',2,2356000.000000,1.000000,1726254000,79),(7342,1,2,'Ovqat puli Bollaga Yakshanbali',2,160000.000000,1.000000,1726254000,21),(7343,1,82,'Gaz',2,275000.000000,1.000000,1726254000,26),(7344,1,88,'Gaz',2,50000.000000,1.000000,1726254000,74),(7345,1,7,'108.Lak Mir Colors INVIF02024000000241 2024 yil Zilolapaga',1,800.000000,1.000000,1726254000,13),(7346,1,7,'109.Lak Mir Colors INVIF02024000000520 2024 yil Zilolapaga',1,800.000000,1.000000,1726254000,13),(7347,1,7,'110.Lak Mir Colors INVIF02024000000517 2024 yil Zilolapaga',1,800.000000,1.000000,1726254000,13),(7348,1,7,'111.Cobler STABIL GOLDENAGE GROUP DI02024000000055 2024 yil Zilolapaga',1,800.000000,1.000000,1726254000,13),(7349,1,7,'112.Lak Mir Colors INVIF02024000000526 2024 yil Zilolapaga',1,800.000000,1.000000,1726254000,13),(7350,1,7,'113.Lak Mir Colors INVIF02024000000546 2024 yil Zilolapaga',1,800.000000,1.000000,1726254000,13),(7351,1,7,'114.Lak Mir Colors INVIF02024000000524 2024 yil Zilolapaga',1,800.000000,1.000000,1726254000,13),(7352,1,7,'115.Lak Mir Colors INVIF02024000000249 2024 yil Zilolapaga',1,800.000000,1.000000,1726254000,13),(7353,1,7,'116.Lak Mir Colors INVIF02024000000553 2024 yil Zilolapaga',1,800.000000,1.000000,1726254000,13),(7354,1,7,'117.Lak Mir Colors INVIF02024000000556 2024 yil Zilolapaga',1,800.000000,1.000000,1726254000,13),(7355,1,7,'118.Lak Mir Colors INVIF02024000000259-262-263 2024 yil Zilolapaga',1,800.000000,1.000000,1726254000,13),(7356,1,7,'119.Lak Mir Colors INVIF02024000000548 2024 yil Zilolapaga',1,800.000000,1.000000,1726254000,13),(7357,1,7,'120.Lak Mir Colors INVIF02024000000568 2024 yil Zilolapaga',1,800.000000,1.000000,1726254000,13),(7358,1,7,'121.Lak Mir Colors INVIF02024000000581 2024 yil Zilolapaga',1,800.000000,1.000000,1726254000,13),(7359,1,7,'122.Shpon Mir Colors KPS2024000003139 2024 yil Zilolapaga',1,800.000000,1.000000,1726254000,13),(7360,1,7,'123.Lak Mir Colors INVIF02024000000280 2024 yil Zilolapaga',1,800.000000,1.000000,1726254000,13),(7361,1,7,'124.Lak Mir Colors INVIF02024000000571 2024 yil Zilolapaga',1,800.000000,1.000000,1726254000,13),(7362,1,7,'125.Lak Mir Colors INVIF02024000000598 2024 yil Zilolapaga',1,800.000000,1.000000,1726254000,13),(7363,1,7,'126.126/1.Lak Mir Colors INVIF02024000000598,Savash Shkurka 2024 yil Zilolapaga',1,800.000000,1.000000,1726254000,13),(7364,1,7,'127.Lak Mir Colors INVIF02024000000596 2024 yil Zilolapaga',1,800.000000,1.000000,1726254000,13),(7365,1,82,'Gaz',2,40000.000000,1.000000,1726254000,26),(7366,1,5,'Yulkira',1,40400.000000,1.000000,1726254000,44),(7368,1,7,'130.Lak Mir Colors INVIF02024000000610 2024 yil Rastamoshkaga',5,85000966.220000,1.000000,1726167600,17),(7371,1,91,'Rasulov lakchiga',2,1515000.000000,1.000000,1726340400,81),(7372,1,88,'Gaz va Obed',2,200000.000000,1.000000,1726426800,78),(7373,1,82,'Gaz va Benzin',2,375000.000000,1.000000,1726426800,26),(7374,1,2,'Santexnik Rustam 13.09.24 Emulsiya Sklad Xom Ashyo',2,4583700.000000,1.000000,1726426800,52),(7375,1,2,'Santexnik Rustam 13.09.24 Emulsiya Sklad Ishxaqqi Aavans',2,1500000.000000,1.000000,1726426800,52),(7376,1,5,'Yulkira',1,30300.000000,1.000000,1726426800,44),(7377,1,2,'Obed',2,670000.000000,1.000000,1726426800,21),(7378,1,2,'Remond Oshxona Stol Stul',2,500000.000000,1.000000,1726426800,52),(7379,1,79,'Kamisiya Swift Usluga Bank',5,1912462.500000,1.000000,1726426800,NULL),(7380,1,79,'Kamisiya Swift Usluga Bank',5,782000.000000,1.000000,1726426800,NULL),(7381,1,79,'Kamisiya Swift Usluga Bank',5,782000.000000,1.000000,1726426800,NULL),(7382,1,79,'Kamisiya Swift Usluga Bank',5,764985.000000,1.000000,1726426800,NULL),(7383,1,80,'Оплата за 36 Социальный налог за август 2024г.',5,215000.000000,1.000000,1726426800,NULL),(7384,1,80,'Оплата за 46 Налог на доходы физических лиц (НДФЛ) за август 2024г. ',5,210000.000000,1.000000,1726426800,NULL),(7385,1,80,'Сергели тумани ДСИ',5,2500.000000,1.000000,1726426800,NULL),(7386,1,45,'50000 (12790)',5,639500000.000000,1.000000,1726426800,53),(7387,1,45,'20000 (12790)',5,255800000.000000,1.000000,1726426800,53),(7388,1,7,'130.Lak Mir Colors INVIF02024000000610 2024 yil Mardikor',2,1000000.000000,1.000000,1726513200,14),(7389,1,91,'Rasulov lakchiga Otebekga Astar,Kraska Nachalnik Sentyabrga',1,400.000000,1.000000,1726513200,81),(7390,1,2,'Bozor',2,2452000.000000,1.000000,1726513200,21),(7391,1,2,'Moyishi Sredstva',2,241000.000000,1.000000,1726513200,68),(7392,1,88,'Gaz va Obed',2,200000.000000,1.000000,1726513200,78),(7393,1,82,'logistika',2,415000.000000,1.000000,1726513200,61),(7394,1,82,'logistika',2,1300000.000000,1.000000,1726513200,58),(7395,1,5,'Kanistira (450gr) 152 sht 14280 sum ООО \"MAVERA PLASTICS\"',2,2170000.000000,1.000000,1726513200,45),(7396,1,82,'logistika',2,217000.000000,1.000000,1726513200,26),(7397,1,67,'R3',2,5000000.000000,1.000000,1726513200,NULL),(7398,1,7,'129.Cobler STABIL GOLDENAGE GROUP DI02024000000003 2024 yil Rastamoshkaga',1,8242.000000,1.000000,1726513200,17),(7399,1,2,'Santexnik Rustam 13.09.24 Emulsiya Sklad Xom Ashyo',2,920000.000000,1.000000,1726513200,52),(7400,1,7,'131.Lak Mir Colors INVIF02024000000611 2024 yil Mardikor',2,1000000.000000,1.000000,1726599600,14),(7401,1,7,'Ujin',2,200000.000000,1.000000,1726513200,16),(7402,1,2,'Generatorga Salarka olindi',2,574000.000000,1.000000,1726513200,63),(7403,1,7,'131.Lak Mir Colors INVIF02024000000611 2024 yil Rastamoshkaga',5,84869815.580000,1.000000,1726513200,17),(7404,1,7,'132.Lak Mir Colors INVIF02024000000291 2024 yil Rastamoshkaga',5,88431266.440000,1.000000,1726513200,17),(7405,1,7,'131.Lak Mir Colors INVIF02024000000611 2024 yil Rastamoshkaga Qushimcha tulandi',5,1000000.000000,1.000000,1726513200,17),(7406,1,7,'132.Lak Mir Colors INVIF02024000000291 2024 yil Mardikor',2,1000000.000000,1.000000,1726599600,14),(7407,1,2,'Suv 31x20000',2,620000.000000,1.000000,1726599600,19),(7408,1,82,'logistika',2,317000.000000,1.000000,1726599600,61),(7409,1,88,'Gaz va Obed',2,200000.000000,1.000000,1726599600,78),(7410,1,2,'Emulsiya Sklad Elektrik chiroqlar Quyildi Ish Xaqqi',2,2530000.000000,1.000000,1726599600,52),(7411,1,2,'Obed',2,78000.000000,1.000000,1726599600,21),(7412,1,82,'Taksi',2,26000.000000,1.000000,1726599600,26),(7413,1,82,'Gaz',2,178000.000000,1.000000,1726599600,26),(7415,1,7,'OOO HighwayLogistics Center  ',5,2002000.000000,1.000000,1726599600,17),(7416,1,7,'ЧП  SHBS DEKLARANT SERVIS   ',5,1524723.200000,1.000000,1726599600,15),(7417,1,79,'Kamisiya Swift Usluga Bank',5,1451511.840000,1.000000,1726599600,NULL),(7418,1,7,'132.Lak Mir Colors INVIF02024000000291 2024 yil Rastamoshkaga Qushimcha tulandi',5,1000000.000000,1.000000,1726599600,17),(7419,1,85,'АО\"Тошкент шахар сув таъминоти\" за период 01.08.2024-31.08.2024 ',5,416165.350000,1.000000,1726599600,37),(7420,1,79,'Kamisiya Swift Usluga Bank',5,782000.000000,1.000000,1726599600,NULL),(7421,1,7,'133.Lak Mir Colors INVIF02024000000612 2024 yil Rastamoshkaga',5,49254100.100000,1.000000,1726599600,17),(7422,1,45,'38000 (12775)',5,485450000.000000,1.000000,1726599600,53),(7423,1,7,'Ujin',2,143000.000000,1.000000,1726599600,16),(7425,1,88,'Gaz va Obed',2,200000.000000,1.000000,1726686000,78),(7426,1,82,'Gaz va Benzin',2,160000.000000,1.000000,1726686000,26),(7427,1,82,'logistika',2,870000.000000,1.000000,1726686000,58),(7428,1,2,'Obed',2,87000.000000,1.000000,1726686000,21),(7429,1,5,'Yulkira',1,50500.000000,1.000000,1726686000,44),(7430,1,5,'Yulkira',1,4000.000000,1.000000,1726686000,44),(7432,1,5,'Yulkira',1,110000.000000,1.000000,1726772400,44),(7433,1,88,'Gaz va Obed',2,200000.000000,1.000000,1726772400,78),(7434,1,7,'Ujin',2,125000.000000,1.000000,1726772400,16),(7435,1,7,'133.Lak Mir Colors INVIF02024000000612 2024 yil Mardikor',2,1000000.000000,1.000000,1726686000,14),(7436,1,7,'134.Lak Mir Colors INVIF02024000000613 2024 yil Mardikor',2,1000000.000000,1.000000,1726686000,14),(7437,1,2,'Obed',2,116000.000000,1.000000,1726772400,21),(7438,1,5,'Kanistira (450gr) 230 sht 14280 sum ООО \"MAVERA PLASTICS\"',2,3284400.000000,1.000000,1726772400,45),(7439,1,2,'Musor Tukildi Oylik Sentyabr',2,700000.000000,1.000000,1726772400,22),(7440,1,2,'917844441',2,70000.000000,1.000000,1726858800,18),(7441,1,82,'Benzin',2,100000.000000,1.000000,1726772400,26),(7442,1,67,'Oylik',2,5000000.000000,1.000000,1726772400,NULL),(7443,1,82,'gaz ',2,190000.000000,1.000000,1726772400,26),(7444,1,7,'Ujin',2,110000.000000,1.000000,1726858800,16),(7445,1,88,'Gaz va Obed',2,200000.000000,1.000000,1726858800,78),(7446,1,5,'Kanistira (450gr) 133 sht 14280 sum ООО \"MAVERA PLASTICS\"',2,1900000.000000,1.000000,1726858800,45),(7447,1,2,'Obed',2,134000.000000,1.000000,1726858800,21),(7449,1,82,'Gaz',2,290000.000000,1.000000,1726858800,26),(7450,1,5,'Yulkira',1,46460.000000,1.000000,1726858800,44),(7451,1,2,'Ofisga Akfa Quyildi',1,5000.000000,1.000000,1726858800,52),(7452,1,2,'Ovqat puli Bollaga Yakshanbali',2,160000.000000,1.000000,1726858800,21),(7454,1,88,'Gaz',2,50000.000000,1.000000,1727031600,74),(7455,1,88,'Gaz va Obed',2,250000.000000,1.000000,1727031600,78),(7456,1,88,'Gaz va Obed',2,240000.000000,1.000000,1727031600,65),(7457,1,2,'Bozor',2,2233000.000000,1.000000,1727031600,21),(7458,1,2,'Moyishi Sredstva',2,300000.000000,1.000000,1727031600,68),(7459,1,2,'Santexnik Rustam 13.09.24 Emulsiya Sklad Ishxaqqi Aavans',2,1000000.000000,1.000000,1727031600,52),(7460,1,2,'Remond Oshxona  Stul olindi ',1,600.000000,1.000000,1727031600,52),(7462,1,82,'Gaz',2,325000.000000,1.000000,1727031600,26),(7463,1,2,'Generatorga Salarka olindi 100lt',1,70.000000,1.000000,1727031600,63),(7465,1,5,'Yulkira',1,33330.000000,1.000000,1727031600,44),(7466,1,7,'135.Lak Mir Colors INVIF02024000000298 2024 yil Mardikor',2,1000000.000000,1.000000,1727031600,14),(7467,1,7,'136.Lak Mir Colors INVIF02024000000297 2024 yil Mardikor',2,1000000.000000,1.000000,1727031600,14),(7468,1,7,'137.Lak Mir Colors INVIF02024000000627-628-629 2024 yil Mardikor',2,1000000.000000,1.000000,1727031600,14),(7469,1,57,'Gukan Turk Lakchi Oylik',1,200.000000,1.000000,1727118000,85),(7470,1,5,'Yulkira',1,31310.000000,1.000000,1727118000,44),(7471,1,82,'logistika',2,1960000.000000,1.000000,1727118000,58),(7472,1,88,'Gaz va Obed',2,400000.000000,1.000000,1727118000,78),(7474,1,2,'Santexnik Rustam 13.09.24 Emulsiya Sklad galagen Lampochka va Tros olindi',2,4565000.000000,1.000000,1727118000,52),(7475,1,2,'Obed',2,94000.000000,1.000000,1727118000,21),(7476,1,82,'Gaz',2,137000.000000,1.000000,1727118000,26),(7477,1,7,'Ujin',2,200000.000000,1.000000,1727118000,16),(7478,1,82,'logistika',2,70000.000000,1.000000,1727118000,26),(7479,1,67,'R3',2,10000000.000000,1.000000,1727204400,NULL),(7480,1,2,'Damas 001 ga Abbos va Sunnat Doverinis qilindi',2,700000.000000,1.000000,1727204400,63),(7481,1,91,'Xaydar aka Rasulovga ',1,2000.000000,1.000000,1727204400,81),(7482,1,5,'Yulkira',1,18180.000000,1.000000,1727204400,44),(7483,1,88,'Gaz va Obed',2,300000.000000,1.000000,1727204400,78),(7484,1,91,'Mix info lakchiga Quliga Sentyabr 2014 yil',1,200.000000,1.000000,1727204400,82),(7485,1,91,'Keng Makon Lakchiga Quliga ',1,100.000000,1.000000,1727204400,83),(7486,1,91,'Akbar Rich Kraskachiga ',1,100.000000,1.000000,1727204400,80),(7487,1,91,'Kashtan Lakchiga va Ish Yurutuvchuga ',1,200.000000,1.000000,1727204400,84),(7488,1,91,'Rasulov lakchiga Otebekga Astar,Kraska Nachalnik Sentyabrga ',1,1000.000000,1.000000,1727204400,81),(7490,1,88,'Gaz',2,90000.000000,1.000000,1727204400,65),(7491,1,2,'Obed',2,100000.000000,1.000000,1727204400,21),(7492,1,88,'Gaz va Obed',2,75000.000000,1.000000,1727204400,78),(7493,1,82,'Gaz',2,200000.000000,1.000000,1727204400,26),(7494,1,2,'Vitishka Oshxonaga olindi',2,2621000.000000,1.000000,1727204400,52),(7496,1,88,'Benzin va Obed',2,200000.000000,1.000000,1727290800,56),(7497,1,88,'Gaz va Obed',2,100000.000000,1.000000,1727290800,78),(7498,1,88,'Gaz va Obed',2,150000.000000,1.000000,1727290800,78),(7499,1,82,'logistika',2,900000.000000,1.000000,1727290800,61),(7500,1,82,'logistika',2,2045000.000000,1.000000,1727290800,58),(7502,1,2,'Obed',2,80000.000000,1.000000,1727290800,21),(7503,1,82,'logistika',2,605000.000000,1.000000,1727290800,77),(7504,1,2,'Elektrik Xovlidagi Sklad Chiroq urnatvoti Avans',2,1000000.000000,1.000000,1727290800,52),(7505,1,82,'Gaz',2,194000.000000,1.000000,1727290800,26),(7506,1,2,'Elektrik Xovlidagi Sklad Chiroq urnatvoti Xom Ashyo',2,517000.000000,1.000000,1727290800,52),(7508,1,5,'Yulkira',1,23230.000000,1.000000,1727290800,44),(7509,1,67,'R3 ga Islombek berdi',1,15200.000000,1.000000,1727377200,NULL),(7510,1,7,'138.Lak Mir Colors INVIF02024000000649 2024 yil Mardikor',2,1000000.000000,1.000000,1727290800,14),(7511,1,62,'Bellezio Instagram Reklama Sentyabr',1,500.000000,1.000000,1727377200,87),(7512,1,2,'Abdulazizga Kompyutir olindi',1,780.000000,1.000000,1727377200,63),(7513,1,62,'Fyoz Guideline Reklama Qilib Berdi',1,650.000000,1.000000,1727377200,NULL),(7514,1,7,'Ujin',2,90000.000000,1.000000,1727377200,16),(7515,1,88,'Benzin va Obed',2,200000.000000,1.000000,1727377200,56),(7516,1,88,'Gaz va Obed',2,250000.000000,1.000000,1727377200,78),(7517,1,88,'Benzin',2,195000.000000,1.000000,1727377200,65),(7518,1,82,'Gaz',2,190000.000000,1.000000,1727377200,26),(7519,1,2,'Obed',2,195000.000000,1.000000,1727377200,21),(7520,1,5,'Yulkira',1,25250.000000,1.000000,1727377200,44),(7521,1,82,'logistika',2,180000.000000,1.000000,1727377200,26),(7523,1,88,'Gaz va Obed 3x',2,450000.000000,1.000000,1727463600,78),(7524,1,7,'139.Lak Mir Colors INVIF02024000000303 2024 yil Mardikor',2,1000000.000000,1.000000,1727377200,14),(7525,1,7,'Ujin',2,70000.000000,1.000000,1727463600,16),(7526,1,88,'Gaz va Obed',2,100000.000000,1.000000,1727463600,65),(7527,1,82,'logistika',2,345000.000000,1.000000,1727463600,26),(7528,1,2,'Obed',2,554000.000000,1.000000,1727463600,21),(7529,1,5,'Yulkira',1,30300.000000,1.000000,1727463600,44),(7530,1,2,'Ovqat puli Bollaga Yakshanbali',2,200000.000000,1.000000,1727463600,21),(7531,1,82,'Gaz',2,265000.000000,1.000000,1727463600,26),(7532,1,2,'5 ta moshinaga gps Quyildi 1ta 750000 sumdan +90000 sum',2,3840000.000000,1.000000,1727463600,63),(7534,1,67,'R3 Kartaga utkazdim',2,3090600.000000,1.000000,1727550000,NULL),(7535,1,88,'Remond Qilindi Damasni',2,1007000.000000,1.000000,1727550000,73),(7536,1,67,'R3',1,2523.000000,1.000000,1727636400,NULL),(7537,1,4,'Oylik',1,50.000000,1.000000,1727636400,NULL),(7538,1,2,'Bozor',2,2297000.000000,1.000000,1727636400,21),(7539,1,88,'Gaz va Obed',2,450000.000000,1.000000,1727636400,78),(7540,1,2,'Moyishi Sredstva',2,200000.000000,1.000000,1727636400,68),(7542,1,82,'Gaz',2,288000.000000,1.000000,1727636400,26),(7543,1,5,'Yulkira',1,151500.000000,1.000000,1727636400,44),(7544,1,57,'Gukan Turk Lakchi Oylik ',1,200.000000,1.000000,1727636400,85),(7545,1,7,'140.Lak Mir Colors INVIF02024000000632 2024 yil Mardikor',2,1000000.000000,1.000000,1727636400,14),(7546,1,7,'141.Lak Mir Colors INVIF02024000000631 2024 yil Mardikor',2,1000000.000000,1.000000,1727636400,14),(7547,1,7,'142.Lak Mir Colors INVIF02024000000642 2024 yil Mardikor',2,1000000.000000,1.000000,1727636400,14),(7548,1,7,'143.Lak Mir Colors INVIF02024000000646 2024 yil Mardikor',2,1000000.000000,1.000000,1727636400,14),(7549,1,7,'144.Lak Mir Colors INVIF02024000000307 2024 yil Mardikor',2,1000000.000000,1.000000,1727636400,14),(7550,1,88,'Adijonga Safarga Islombek va Ziyovuddin Emulsiya Aparat Sozlashga ketdi',2,1500000.000000,1.000000,1727636400,79),(7551,1,7,'134.Lak Mir Colors INVIF02024000000613 2024 yil Rastamoshkaga',5,92011453.220000,1.000000,1726686000,17),(7552,1,79,'Kamisiya Swift Usluga Bank',5,782000.000000,1.000000,1726686000,NULL),(7553,1,79,'Kamisiya Swift Usluga Bank',5,1261255.050000,1.000000,1726686000,NULL),(7554,1,45,'33000 (12780)',5,421740000.000000,1.000000,1726686000,53),(7555,1,79,'Kamisiya Swift Usluga Bank',5,839839.440000,1.000000,1726772400,NULL),(7556,1,79,'Kamisiya Swift Usluga Bank',5,782000.000000,1.000000,1726772400,NULL),(7557,1,7,'135.Lak Mir Colors INVIF02024000000298 2024 yil Rastamoshkaga',5,49224751.240000,1.000000,1726772400,17),(7558,1,45,'22000 (12765)',5,280830000.000000,1.000000,1726772400,53),(7559,1,7,'138.Lak Mir Colors INVIF02024000000649 2024 yil Rastamoshkaga',5,49243721.720000,1.000000,1727031600,17),(7560,1,7,'136.Lak Mir Colors INVIF02024000000297 2024 yil Rastamoshkaga',5,108591154.490000,1.000000,1727031600,17),(7561,1,7,'137.Lak Mir Colors INVIF02024000000627-628-629 2024 yil Rastamoshkaga',5,111514943.840000,1.000000,1727031600,17),(7562,1,7,'OOO HighwayLogistics Center Предоплата 100% за хранение автомобиля, оформление',5,2002000.000000,1.000000,1727031600,17),(7563,1,79,'Kamisiya Swift Usluga Bank',5,782000.000000,1.000000,1727031600,NULL),(7564,1,79,'Kamisiya Swift Usluga Bank',5,1069305.720000,1.000000,1727031600,NULL),(7565,1,45,'28000 (12770)',5,357560000.000000,1.000000,1727031600,53),(7566,1,79,'Kamisiya Swift Usluga Bank',5,782000.000000,1.000000,1727118000,NULL),(7567,1,79,'Kamisiya Swift Usluga Bank',5,1453191.060000,1.000000,1727118000,NULL),(7568,1,45,'38000 (12790)',5,486020000.000000,1.000000,1727118000,53),(7569,1,79,'Kamisiya Swift Usluga Bank',5,782000.000000,1.000000,1727204400,NULL),(7570,1,79,'Kamisiya Swift Usluga Bank',5,1186199.190000,1.000000,1727204400,NULL),(7571,1,79,'ЧП \"MIR COLORS\" аренда терминала',5,25000.000000,1.000000,1727204400,NULL),(7572,1,45,'31000 (12795)',5,396645000.000000,1.000000,1727204400,53),(7573,1,7,'139.Lak Mir Colors INVIF02024000000303 2024 yil Rastamoshkaga',5,85440807.770000,1.000000,1727290800,17),(7574,1,7,'140.Lak Mir Colors INVIF02024000000632 2024 yil Rastamoshkaga',5,87767601.230000,1.000000,1727377200,17),(7575,1,7,'ЧП  SHBS DEKLARANT SERVIS  ',5,3800596.800000,1.000000,1727377200,15),(7576,1,79,'Kamisiya Swift Usluga Bank',5,1123357.540000,1.000000,1727377200,NULL),(7577,1,79,'Kamisiya Swift Usluga Bank',5,782000.000000,1.000000,1727377200,NULL),(7578,1,45,'29400',5,375732000.000000,1.000000,1727377200,53),(7579,1,7,'141.Lak Mir Colors INVIF02024000000631 2024 yil Rastamoshkaga',5,87634383.330000,1.000000,1727636400,17),(7580,1,7,'142.143.144.Lak Mir Colors INVIF02024000000642 2024 yil Rastamoshkaga',5,272636221.740000,1.000000,1727636400,17),(7581,1,79,'Kamisiya Swift Usluga Bank',5,782000.000000,1.000000,1727636400,NULL),(7582,1,7,'ЧП  SHBS DEKLARANT SERVIS  ',5,773572.800000,1.000000,1727636400,15),(7583,1,79,'Kamisiya Swift Usluga Bank',5,568379.270000,1.000000,1727636400,NULL),(7584,1,2,'АК Узбектелеком ф-л ТШТТ Предоплата 100% за доступ к сети интернет за октябрь -  2024 го',5,500500.000000,1.000000,1727636400,18),(7585,1,2,'Филиал ТШТТ АК Узбектелеком  Предоплата 100% абонплата за номер 71 250 00 47 ,',5,300300.000000,1.000000,1727636400,18),(7586,1,45,'14900 (12770)',5,190273000.000000,1.000000,1727636400,53),(7587,1,5,'129.Cobler STABIL GOLDENAGE GROUP DI02024000000003 2024 yil Yulkira',1,31221.000000,1.000000,1727722800,44),(7588,1,7,'Ujin',2,238000.000000,1.000000,1727636400,16),(7589,1,88,'Gaz',2,90000.000000,1.000000,1727722800,65),(7590,1,88,'Gaz va Obed 5 kishi',2,450000.000000,1.000000,1727722800,78),(7591,1,2,'Obed',2,98000.000000,1.000000,1727722800,21),(7592,1,2,'Perchatka, Salafan',2,80000.000000,1.000000,1727722800,67),(7593,1,82,'Gaz',2,85000.000000,1.000000,1727722800,26),(7595,1,91,'Rasulov lakchiga Otebekga Astar,Kraska Nachalnik Oktyabrga',1,100.000000,1.000000,1727722800,81),(7596,1,5,'Yulkira',1,24240.000000,1.000000,1727722800,44),(7597,1,67,'R3',1,500.000000,1.000000,1727809200,NULL),(7598,1,88,'Benzin va Obed 5 kishiga',2,400000.000000,1.000000,1727809200,56),(7599,1,82,'logistika',2,647000.000000,1.000000,1727809200,61),(7600,1,82,'Gaz',2,314000.000000,1.000000,1727809200,26),(7601,1,5,'Yulkira',1,62620.000000,1.000000,1727809200,44),(7602,1,5,'Yulkira',1,2400.000000,1.000000,1727809200,44),(7603,1,62,'Shuxrat aka Qarshi diller Reklama Qilindi ',1,380.000000,1.000000,1727809200,87),(7605,1,2,'Obed',2,92000.000000,1.000000,1727809200,21),(7606,1,7,'Ujin',2,105000.000000,1.000000,1727809200,16),(7607,1,4,'Oylik',1,130.000000,1.000000,1727809200,NULL),(7609,1,62,'Abdulbosit Blogirga Oktyabrga berdik ',1,1700.000000,1.000000,1727895600,NULL),(7610,1,87,'Arenda Dukonga Oktyabr, Noyabr, Dekabr 2024 yil 1200dan ',1,3600.000000,1.000000,1727895600,47),(7611,1,62,'Andijon Islombek Klienti Emulsiychi Dukonga Reklama Qilindi',1,1670.000000,1.000000,1727895600,NULL),(7612,1,62,'Instagramga oyligi May, Iyun, Iyul, Avgust, Sentyabr 2024 yil 600 dan ',1,3000.000000,1.000000,1727895600,NULL),(7613,1,7,'145.Lak Mir Colors INVIF02024000000316 2024 yil Mardikor',2,1000000.000000,1.000000,1727809200,14),(7614,1,67,'Oylik Plastik',5,3960000.000000,1.000000,1727809200,NULL),(7615,1,67,'Oylik Plastik',5,3080000.000000,1.000000,1727809200,NULL),(7616,1,67,'Oylik Plastik Buxgalter',5,2915000.000000,1.000000,1727809200,NULL),(7617,1,4,'Oylik Plastik',1,302.430000,1.000000,1727809200,NULL),(7618,1,5,'Yulkira',1,40400.000000,1.000000,1727895600,44),(7619,1,88,'Gaz va Obed 5 kishi',2,450000.000000,1.000000,1727895600,78),(7620,1,88,'Gaz',2,100000.000000,1.000000,1727895600,65),(7621,1,2,'Obed',2,121000.000000,1.000000,1727895600,21),(7622,1,82,'logistika',2,342000.000000,1.000000,1727895600,26),(7623,1,82,'logistika',2,675000.000000,1.000000,1727895600,58),(7624,1,2,'337844441',2,35000.000000,1.000000,1727895600,18),(7625,1,2,'Redmi note13pro 4x230 menejerlarga olindi chixol stiklo',1,955.000000,1.000000,1727895600,63),(7626,1,4,'Oylik',1,30.000000,1.000000,1727895600,NULL),(7627,1,4,'Oylik',1,874.000000,1.000000,1727895600,NULL),(7628,1,4,'Oylik',1,663.570000,1.000000,1727895600,NULL),(7629,1,80,'OOO \"Arca group\"',5,3338000.000000,1.000000,1724958000,NULL),(7630,1,79,'% Terminal',5,984667.170000,1.000000,1727636400,NULL),(7631,1,7,'146.Lak Mir Colors INVIF02024000000661 2024 yil Mardikor',2,1000000.000000,1.000000,1727895600,14),(7632,1,7,'147.Lak Mir Colors INVIF02024000000666 2024 yil Mardikor',2,1000000.000000,1.000000,1727895600,14),(7633,1,7,'Ujin',2,175000.000000,1.000000,1727895600,16),(7634,1,2,'Mardikor ',2,150000.000000,1.000000,1727895600,23),(7635,1,88,'Gaz va Obed 5 kishi',2,450000.000000,1.000000,1727982000,78),(7636,1,2,'5 ta moshinaga gps Abonent plata',2,228000.000000,1.000000,1727982000,63),(7637,1,2,'Obed',2,90000.000000,1.000000,1727982000,21),(7638,1,67,'R3',1,2356.630000,1.000000,1727982000,NULL),(7639,1,2,'Labo 300 moy almashtirish',2,350000.000000,1.000000,1727982000,63),(7640,1,88,'Gaz',2,30000.000000,1.000000,1727982000,74),(7641,1,82,'Gaz',2,200000.000000,1.000000,1727982000,26),(7642,1,2,'Rustam Santexnik Radiyator olindi 8x8.5=680',1,680.000000,1.000000,1728068400,52),(7643,1,7,'Ujin',2,200000.000000,1.000000,1728068400,16),(7644,1,57,'Gukan Turk Lakchi Registrasiya',2,400000.000000,1.000000,1728068400,49),(7645,1,88,'Gaz va Obed 5 kishi',2,300000.000000,1.000000,1728068400,78),(7646,1,2,'Perchatka, paket',2,515000.000000,1.000000,1728068400,67),(7647,1,82,'logistika',2,865000.000000,1.000000,1728068400,61),(7648,1,2,'Obed',2,74000.000000,1.000000,1728068400,21),(7649,1,2,'Rustam Santexnik Emulsiya xonaga xom ashyo olindi',2,2000000.000000,1.000000,1728068400,52),(7650,1,82,'logistika',2,3745000.000000,1.000000,1728068400,58),(7651,1,2,'Ovqat puli Bollaga Yakshanbali',2,160000.000000,1.000000,1728068400,21),(7652,1,82,'Gaz',2,235000.000000,1.000000,1728068400,26),(7653,1,7,'148.Lak Mir Colors INVIF02024000000668 2024 yil Mardikor',2,1000000.000000,1.000000,1727982000,14),(7654,1,7,'149.Lak Mir Colors INVIF02024000000317 2024 yil Mardikor',2,1000000.000000,1.000000,1727982000,14),(7655,1,82,'Taksi',2,50000.000000,1.000000,1728068400,26),(7656,1,57,'Uy arenda Gukan va Yusuf turk lakchi Oktyabr 2024 yil 600 dan , 200 Balans , 200 Maklerga jami 1050',1,1050.000000,1.000000,1727982000,49),(7657,1,88,'Remond qilindi dvornik',2,110000.000000,1.000000,1728068400,74),(7658,1,5,'Yulkira',1,40000.000000,1.000000,1728068400,44),(7659,1,2,'Bozor',2,2538000.000000,1.000000,1728241200,21),(7660,1,88,'Gaz',2,45000.000000,1.000000,1728241200,74),(7661,1,88,'Gaz va Obed 5 kishi',2,400000.000000,1.000000,1728241200,78),(7662,1,2,'Moyishi Sredstva',2,68000.000000,1.000000,1728241200,68),(7663,1,2,'997844441, 957904441,977844441',2,185000.000000,1.000000,1728241200,18),(7664,1,82,'Gaz',2,270000.000000,1.000000,1728241200,26),(7665,1,5,'Yulkira',1,85850.000000,1.000000,1728241200,44),(7666,1,67,'R3',2,22000000.000000,1.000000,1728241200,NULL),(7667,1,82,'Gaz',2,85000.000000,1.000000,1728241200,26),(7668,1,79,'Kamisiya Swift Usluga Bank',5,862500.000000,1.000000,1728241200,NULL),(7669,1,79,'Kamisiya Swift Usluga Bank',5,383250.600000,1.000000,1728241200,NULL),(7670,1,80,' ООО \"Didox Tech\"Оплата 100% за электронный документооборот засентябрь 2024 года . Без НДС.   ',5,144144.000000,1.000000,1728241200,NULL),(7671,1,45,'10000 (12830)',5,128300000.000000,1.000000,1728241200,53),(7672,1,80,'Начисленные %% ЧП \"MIR COLORS\"',5,4700.000000,1.000000,1727982000,NULL),(7673,1,7,'145.Lak Mir Colors INVIF02024000000316 2024 yil Rastamoshkaga',5,83841845.490000,1.000000,1727809200,17),(7674,1,80,'Оплата за 36 Социальный налог за сентябрь 2024 года.',5,5180454.000000,1.000000,1727809200,NULL),(7675,1,80,'Оплата за 46 Налог на доходы физических лиц (НДФЛ) сентябрь 2024 года ',5,5137284.150000,1.000000,1727809200,NULL),(7676,1,7,'OOO HighwayLogistics Center   Предоплата 100% за хранение автомобиля,оформление документов',5,2002000.000000,1.000000,1727809200,17),(7677,1,79,'Kamisiya Swift Usluga Bank',5,840839.340000,1.000000,1727809200,NULL),(7678,1,79,'Kamisiya Swift Usluga Bank',5,782000.000000,1.000000,1727809200,NULL),(7679,1,79,'Комиссия за пользование по Internet-Банк-Клиент за  2024 г.(02.10.2024)',5,225000.000000,1.000000,1727809200,NULL),(7680,1,80,'Сергели тумани ДСИ Оплата за 101 Отчисление в ИНПС за сентябрь 2024 года. ',5,43170.450000,1.000000,1727809200,NULL),(7681,1,80,'Начисленные %% ЧП \"MIR COLORS\" ',5,12500.000000,1.000000,1727809200,NULL),(7682,1,79,'Kamisiya Swift Usluga Bank',5,2500.000000,1.000000,1727809200,NULL),(7683,1,45,'22000 (12780)',5,281160000.000000,1.000000,1727809200,53),(7684,1,7,'147.Lak Mir Colors INVIF02024000000666 2024 yil Zilolapaga',5,88347645.110000,1.000000,1727895600,17),(7685,1,7,'146.Lak Mir Colors INVIF02024000000661 2024 yil Rastamoshkaga',5,90000000.000000,1.000000,1727895600,17),(7686,1,79,'Kamisiya Swift Usluga Bank',5,3865655.820000,1.000000,1727895600,NULL),(7687,1,79,'Kamisiya Swift Usluga Bank',5,862500.000000,1.000000,1727895600,NULL),(7688,1,45,'101000 (12800)',5,1292800000.000000,1.000000,1727895600,53),(7689,1,7,'148.149.Lak Mir Colors INVIF02024000000668, INV317 2024 yil Rastamoshkaga',5,167723293.410000,1.000000,1727982000,17),(7690,1,7,'150.Cobler OOO Oneelite Trade Stabil 2024 yil Mardikor',2,1000000.000000,1.000000,1728241200,17),(7691,1,7,'Ujin',2,50000.000000,1.000000,1728241200,16),(7692,1,88,'Gaz va Obed 5 kishi',2,500000.000000,1.000000,1728327600,78),(7693,1,88,'Gaz va Obed',2,219000.000000,1.000000,1728327600,65),(7694,1,2,'Begzod Elektrik Avans',2,200000.000000,1.000000,1728327600,52),(7695,1,2,'Labo 505 Remont ',2,100000.000000,1.000000,1728327600,63),(7696,1,2,'Obed',2,95000.000000,1.000000,1728327600,21),(7697,1,2,'Buzildi Perfaratorchiga',2,500000.000000,1.000000,1728327600,52),(7698,1,5,'Yulkira',1,30300.000000,1.000000,1728327600,44),(7699,1,88,'Gaz',2,50000.000000,1.000000,1728327600,74),(7700,1,45,'20000 (12835)',5,256700000.000000,1.000000,1728327600,53),(7701,1,79,'Kamisiya Swift Usluga Bank',5,862500.000000,1.000000,1728327600,NULL),(7702,1,79,'Kamisiya Swift Usluga Bank',5,767692.800000,1.000000,1728327600,NULL),(7703,1,88,'Gaz va Obed 6 kishi',2,500000.000000,1.000000,1728414000,56),(7704,1,2,'Moyishi Sredstva',2,26000.000000,1.000000,1728414000,68),(7705,1,2,'Obed',2,83000.000000,1.000000,1728414000,21),(7706,1,2,'Buzildi Perfaratorchiga',2,1500000.000000,1.000000,1728414000,52),(7707,1,82,'logistika',2,425000.000000,1.000000,1728414000,61),(7708,1,82,'logistika',2,522000.000000,1.000000,1728414000,58),(7709,1,82,'Gaz ',2,157000.000000,1.000000,1728414000,26),(7710,1,7,'Shpon Karantinga Paymidan',2,375000.000000,1.000000,1728414000,17),(7711,1,7,'150.Cobler OOO Oneelite Trade Stabil 2024 yil Rastamoshkaga',1,8283.000000,1.000000,1728414000,17),(7712,1,4,'Oylik',1,100.000000,1.000000,1728414000,NULL),(7713,1,7,'Ujin',2,100000.000000,1.000000,1728414000,16),(7714,1,7,'151.Lak Mir Colors INVIF02024000000322 2024 yil Mardikor',2,1000000.000000,1.000000,1728414000,14),(7715,1,82,'logistika',2,746000.000000,1.000000,1728414000,58),(7716,1,57,'Yusuf Turk Lakchi Registrasiya qilindi',2,275000.000000,1.000000,1728414000,49),(7717,1,88,'Gaz',2,98000.000000,1.000000,1728414000,65),(7718,1,2,'Labo 005 Moy almashtirishdi',2,280000.000000,1.000000,1728414000,63),(7719,1,82,'Gaz',2,110000.000000,1.000000,1728414000,26),(7720,1,7,'128.Lak Mir Colors INVIF02024000000609 2024 yil Zilolapaga',1,800.000000,1.000000,1728500400,13),(7721,1,7,'129.Cobler STABIL GOLDENAGE GROUP DI02024000000003 2024 yil Zilolapaga',1,800.000000,1.000000,1728500400,13),(7722,1,7,'130.Lak Mir Colors INVIF02024000000610 2024 yil Zilolapaga',1,800.000000,1.000000,1728500400,13),(7723,1,7,'131.Lak Mir Colors INVIF02024000000611 2024 yil Zilolapaga',1,800.000000,1.000000,1728500400,13),(7724,1,7,'132.Lak Mir Colors INVIF02024000000291 2024 yil Zilolapaga',1,800.000000,1.000000,1728500400,13),(7725,1,7,'133.Lak Mir Colors INVIF02024000000612 2024 yil Zilolapaga',1,800.000000,1.000000,1728500400,13),(7726,1,7,'134.Lak Mir Colors INVIF02024000000613 2024 yil Zilolapaga',1,800.000000,1.000000,1728500400,13),(7727,1,7,'135.Lak Mir Colors INVIF02024000000298 2024 yil Zilolapaga',1,800.000000,1.000000,1728500400,13),(7728,1,7,'136.Lak Mir Colors INVIF02024000000297 2024 yil Zilolapaga',1,800.000000,1.000000,1728500400,13),(7729,1,7,'137.Lak Mir Colors INVIF02024000000627-628-629 2024 yil Zilolapaga',1,800.000000,1.000000,1728500400,13),(7730,1,7,'138.Lak Mir Colors INVIF02024000000649 2024 yil Zilolapaga',1,800.000000,1.000000,1728500400,13),(7731,1,7,'139.Lak Mir Colors INVIF02024000000303 2024 yil Zilolapaga',1,800.000000,1.000000,1728500400,13),(7732,1,7,'140.Lak Mir Colors INVIF02024000000632 2024 yil Zilolapaga',1,800.000000,1.000000,1728500400,13),(7733,1,7,'141.Lak Mir Colors INVIF02024000000631 2024 yil Zilolapaga',1,800.000000,1.000000,1728500400,13),(7734,1,7,'142.Lak Mir Colors INVIF02024000000642 2024 yil Zilolapaga',1,800.000000,1.000000,1728500400,13),(7735,1,7,'143.Lak Mir Colors INVIF02024000000646 2024 yil Zilolapaga',1,800.000000,1.000000,1728500400,13),(7736,1,7,'144.Lak Mir Colors INVIF02024000000307 2024 yil Zilolapaga',1,800.000000,1.000000,1728500400,13),(7737,1,7,'145.Lak Mir Colors INVIF02024000000316 2024 yil Zilolapaga',1,800.000000,1.000000,1728500400,13),(7738,1,7,'146.Lak Mir Colors INVIF02024000000661 2024 yil Zilolapaga',1,800.000000,1.000000,1728500400,13),(7739,1,7,'147.Lak Mir Colors INVIF02024000000666 2024 yil Zilolapaga',1,800.000000,1.000000,1728500400,13),(7740,1,7,'148.Lak Mir Colors INVIF02024000000668 2024 yil Zilolapaga',1,800.000000,1.000000,1728500400,13),(7741,1,7,'149.Lak Mir Colors INVIF02024000000317 2024 yil Zilolapaga',1,800.000000,1.000000,1728500400,13),(7742,1,7,'150.Cobler OOO Oneelite Trade Stabil 2024 yil Zilolapaga',1,800.000000,1.000000,1728500400,13),(7743,1,7,'151.Lak Mir Colors INVIF02024000000322 2024 yil Zilolapaga',1,800.000000,1.000000,1728500400,13),(7744,1,7,'152.Lak Mir Colors INVIF02024000000679 2024 yil Zilolapaga',1,800.000000,1.000000,1728500400,13),(7745,1,88,'Gaz va Obed 6 kishi',2,500000.000000,1.000000,1728500400,56),(7746,1,2,'Obed',2,56000.000000,1.000000,1728500400,21),(7747,1,91,'Rasulov lakchiga Otebekga Astar,Kraska Nachalnik Oktyabrga',1,300.000000,1.000000,1728500400,81),(7748,1,2,'Labo 5 chi oldik',2,48185000.000000,1.000000,1728500400,63),(7749,1,82,'Gaz',2,237000.000000,1.000000,1728500400,26),(7750,1,7,'Karantin Olishga Shponga Rasteniya ',2,2500000.000000,1.000000,1728586800,17),(7751,1,57,'Turk Bilet Aviya kassaga Tulandi',2,9200000.000000,1.000000,1728586800,49),(7752,1,67,'R3',1,500.000000,1.000000,1728586800,NULL),(7754,1,67,'R3',1,2960.000000,1.000000,1728586800,NULL),(7755,1,5,'Yulkira',1,26058.000000,1.000000,1728586800,44),(7756,1,7,'152.Lak Mir Colors INVIF02024000000679 2024 yil Mardikor',2,1000000.000000,1.000000,1728500400,17),(7757,1,7,'Ujin',2,215000.000000,1.000000,1728500400,16),(7758,1,88,'Gaz va Obed 6 kishi',2,500000.000000,1.000000,1728586800,56),(7759,1,2,'Obed',2,83000.000000,1.000000,1728586800,21),(7760,1,82,'logistika',2,1274000.000000,1.000000,1728586800,58),(7761,1,82,'Gaz',2,345000.000000,1.000000,1728586800,26),(7762,1,57,'Gukan Turk Lakchi Oktyabr Ovqat Puli',1,100.000000,1.000000,1728586800,49),(7763,1,5,'Yulkira',1,60600.000000,1.000000,1728759600,44),(7764,1,4,'Oylik',1,110.000000,1.000000,1728759600,NULL),(7765,1,88,'Gaz va Obed 5 kishi',2,450000.000000,1.000000,1728673200,56),(7766,1,88,'Gaz va Obed',2,200000.000000,1.000000,1728673200,65),(7767,1,2,'Musor Tukildi Oylik Oktyabr',2,700000.000000,1.000000,1728673200,22),(7768,1,2,'kara Ishladi',2,400000.000000,1.000000,1728673200,23),(7769,1,2,'supurgi',2,90000.000000,1.000000,1728673200,68),(7770,1,2,'Ovqat puli Bollaga Yakshanbali',2,160000.000000,1.000000,1728673200,21),(7771,1,82,'Gaz',2,320000.000000,1.000000,1728673200,26),(7772,1,2,'Obed',2,784000.000000,1.000000,1728673200,21),(7773,1,67,'R3',1,500.000000,1.000000,1728846000,NULL),(7774,1,67,'R3',1,3127.440000,1.000000,1728846000,NULL),(7775,1,2,'Bozor',2,2500000.000000,1.000000,1728846000,21),(7776,1,2,'Moyishi Sredstva',2,60000.000000,1.000000,1728846000,68),(7777,1,88,'Gaz va Obed 5 kishi',2,450000.000000,1.000000,1728846000,56),(7778,1,57,'Yusuf Turk Lakchi Ovqat Puli Oktyabr 2024 yil ',1,100.000000,1.000000,1728846000,49),(7779,1,82,'logistika',2,380000.000000,1.000000,1728846000,61),(7780,1,2,'konstovar',2,65000.000000,1.000000,1728846000,11),(7781,1,88,'Gaz va Obed',2,200000.000000,1.000000,1728846000,65),(7782,1,82,'logistika',2,900000.000000,1.000000,1728846000,58),(7783,1,5,'Pasuda 3kg 900x0,55=495, 1litr 500shx0,35=175 ',1,670.000000,1.000000,1728846000,46),(7784,1,82,'Gaz',2,260000.000000,1.000000,1728846000,26),(7785,1,65,'Nabi Petrol',1,500.000000,1.000000,1728846000,NULL),(7786,1,82,'Benzin',2,100000.000000,1.000000,1728846000,26),(7787,1,7,'151.Lak Mir Colors INVIF02024000000322 2024 yil Rastamoshkaga',5,88456383.220000,1.000000,1728414000,17),(7788,1,7,'152.Lak Mir Colors INVIF02024000000679 2024 yil Rastamoshkaga',5,97001551.280000,1.000000,1728414000,17),(7789,1,85,'Оплата за 44 Налог на имущество с юридических лиц за октябрь 2024года  ',5,7852000.000000,1.000000,1728414000,35),(7790,1,85,'Оплата за 53 Налог на землю с юридических лиц за октябрь 2024 года ',5,2747250.000000,1.000000,1728414000,36),(7791,1,79,'Kamisiya Swift Usluga Bank',5,1534443.600000,1.000000,1728414000,NULL),(7792,1,79,'Kamisiya Swift Usluga Bank',5,862500.000000,1.000000,1728414000,NULL),(7793,1,7,'151.Lak Mir Colors INVIF02024000000322 2024 yil Rastamoshkaga Qushimcha Tulandi',5,1000000.000000,1.000000,1728414000,17),(7794,1,45,'40000 (12825)',5,513000000.000000,1.000000,1728414000,53),(7795,1,5,'Kanistira (450gr) 2000 sht 14280 sum ООО \"MAVERA PLASTICS\"',5,28588560.000000,1.000000,1728500400,45),(7796,1,85,'оплата 100% эл.энергия за сентябрь 2024  года',5,2470365.000000,1.000000,1728500400,38),(7797,1,85,'Предоплата 100% за газ природный за сентябрь  2024  года',5,700500.000000,1.000000,1728500400,39),(7798,1,7,'ЧП  SHBS DEKLARANT SERVIS  ',5,3626823.200000,1.000000,1728586800,15),(7799,1,79,'Kamisiya Swift Usluga Bank',5,1340671.500000,1.000000,1728586800,NULL),(7800,1,79,'Kamisiya Swift Usluga Bank',5,862500.000000,1.000000,1728586800,NULL),(7801,1,45,'35000 (12810)',5,448350000.000000,1.000000,1728586800,53),(7802,1,7,'153.Lak Mir Colors INVIF02024000000686 2024 yil Rastamoshkaga',5,88000000.000000,1.000000,1728846000,17),(7803,1,7,'OOO HighwayLogistics Center   Предоплата 100% за хранение автомобиля,оформление документов',5,2002000.000000,1.000000,1728846000,17),(7804,1,79,'Kamisiya Swift Usluga Bank',5,996850.920000,1.000000,1728846000,NULL),(7805,1,79,'Kamisiya Swift Usluga Bank',5,862500.000000,1.000000,1728846000,NULL),(7806,1,45,'26000 (12820)',5,333580000.000000,1.000000,1728846000,53),(7807,1,88,'Gaz va Obed 5 kishi',2,450000.000000,1.000000,1728932400,56),(7808,1,88,'Gaz va Obed',2,200000.000000,1.000000,1728932400,65),(7809,1,2,'Obed',2,255000.000000,1.000000,1728932400,21),(7810,1,2,'Rustam Santexnik Kabil olindi',2,9057000.000000,1.000000,1728932400,52),(7811,1,2,'Labo 5 chi Gaz quyildi',2,3700000.000000,1.000000,1728932400,63),(7812,1,82,'Gaz',2,263000.000000,1.000000,1728932400,26),(7813,1,5,'Yulkira',1,10100.000000,1.000000,1728932400,44),(7814,1,2,'Generatorga Salarka olindi 50lt',1,36.000000,1.000000,1728932400,63),(7815,1,79,'Kamisiya Swift Usluga Bank',5,1372858.250000,1.000000,1728932400,NULL),(7816,1,2,'Begzod Elektrik Xom ashyo , prajektor va boshqa',2,690000.000000,1.000000,1729018800,52),(7817,1,82,'Gaz',2,370000.000000,1.000000,1729018800,26),(7818,1,2,'Begzod Elektrik Avans',2,200000.000000,1.000000,1729018800,52),(7819,1,2,'Obed',2,914000.000000,1.000000,1729018800,21),(7820,1,82,'logistika',2,535000.000000,1.000000,1729018800,77),(7821,1,2,'Bilet Turkiyaga Klientlani olib ketvomiz 15 kishi',2,60849000.000000,1.000000,1729018800,63),(7822,1,88,'Gaz va Obed 5 kishi',2,450000.000000,1.000000,1729018800,56),(7823,1,7,'Ujin',2,457000.000000,1.000000,1728932400,16),(7824,1,7,'153.Lak Mir Colors INVIF02024000000686 2024 yil Mardikor',2,1000000.000000,1.000000,1729018800,14),(7825,1,67,'R3',1,300.000000,1.000000,1729105200,NULL),(7826,1,88,'Gaz va Obed 5 kishi',2,450000.000000,1.000000,1729105200,56),(7827,1,57,'Uyiga Svetga Tulandi',2,150000.000000,1.000000,1729105200,49),(7828,1,2,'Obed',2,149000.000000,1.000000,1729105200,21),(7829,1,88,'Gaz',2,100000.000000,1.000000,1729105200,65),(7830,1,2,'Begzod Elektrik Avans',2,500000.000000,1.000000,1729105200,52),(7831,1,82,'Gaz',2,330000.000000,1.000000,1729105200,26),(7832,1,5,'Yulkira',1,50500.000000,1.000000,1729105200,44),(7833,1,5,'Yulkira',1,14140.000000,1.000000,1729105200,44),(7834,1,2,'Bilet Turkiyaga Klientlani olib ketvomiz 15 kishi',2,30000000.000000,1.000000,1729105200,63),(7835,1,4,'Oylik',1,25.000000,1.000000,1729105200,NULL),(7836,1,88,'Gaz va Obed',2,350000.000000,1.000000,1729191600,56),(7837,1,82,'Gaz',2,120000.000000,1.000000,1729191600,26),(7838,1,88,'Gaz va Obed',2,130000.000000,1.000000,1729191600,65),(7839,1,2,'Generatorga Salarka olindi 100lt',2,1130000.000000,1.000000,1729191600,63),(7840,1,2,'Obed',2,71000.000000,1.000000,1729191600,21),(7841,1,2,'Begzod Elektrik Ish xaqqi ',2,5410000.000000,1.000000,1729191600,52),(7842,1,82,'logistika',2,230000.000000,1.000000,1729191600,58),(7843,1,82,'Gaz',2,280000.000000,1.000000,1729191600,26),(7844,1,57,'Gukan Turk Lakchi Oylik',1,200.000000,1.000000,1729191600,85),(7845,1,5,'Yulkira',1,17170.000000,1.000000,1729191600,44),(7846,1,67,'R3',1,700.000000,1.000000,1729278000,NULL),(7847,1,4,'Oylik',1,80.000000,1.000000,1729191600,NULL),(7848,1,79,'Kamisiya Swift Usluga Bank',5,862500.000000,1.000000,1728932400,NULL),(7849,1,80,'Оплата за 36 Социальный налог за сентябрь 2024г.',5,722727.870000,1.000000,1728932400,NULL),(7850,1,80,'Оплата за  46 Налог на доходы физических лиц (НДФЛ) за сентябрь 2024г.',5,716704.540000,1.000000,1728932400,NULL),(7851,1,80,'Оплата за 101 Отчисление в ИНПС за сентябрь 2024г.',5,6022.730000,1.000000,1728932400,NULL),(7852,1,45,'35743 (12845)',5,458403975.000000,1.000000,1728932400,51),(7853,1,79,'Kamisiya Swift Usluga Bank',5,1611921.780000,1.000000,1729018800,NULL),(7854,1,79,'Kamisiya Swift Usluga Bank',5,862500.000000,1.000000,1729018800,NULL),(7855,1,79,'Kamisiya Swift Usluga Bank',5,399.630000,1.000000,1729018800,NULL),(7856,1,45,'42000 (12835)',5,539070000.000000,1.000000,1729018800,53),(7857,1,85,'АО\"Тошкент шахар сув таъминоти\" за период 01.09.2024-30.09.2024     ',5,399631.690000,1.000000,1729105200,37),(7858,1,79,'Kamisiya Swift Usluga Bank',5,613298.880000,1.000000,1729105200,NULL),(7859,1,79,'Kamisiya Swift Usluga Bank',5,862500.000000,1.000000,1729105200,NULL),(7860,1,45,'16000 (12815)',5,205280000.000000,1.000000,1729105200,53),(7861,1,7,'ЧП  SHBS DEKLARANT SERVIS',5,1631229.600000,1.000000,1729191600,15),(7862,1,79,'Kamisiya Swift Usluga Bank',5,862500.000000,1.000000,1729191600,NULL),(7863,1,79,'Kamisiya Swift Usluga Bank',5,460910.160000,1.000000,1729191600,NULL),(7864,1,45,'12000 (12845)',5,154140000.000000,1.000000,1729191600,53),(7865,1,88,'Gaz va Obed 5 kishi',2,400000.000000,1.000000,1729278000,56),(7866,1,88,'Gaz va Obed',2,300000.000000,1.000000,1729278000,65),(7867,1,2,'Obed',2,112000.000000,1.000000,1729278000,21),(7868,1,2,'Strech 2ta shponga',2,700000.000000,1.000000,1729278000,67),(7869,1,2,'Kuchadagi tok schotchikni yangi joyga kuchirildi',2,3500000.000000,1.000000,1729278000,52),(7870,1,2,'Ovqat puli Bollaga Yakshanbali',2,200000.000000,1.000000,1729278000,21),(7871,1,82,'Gaz',2,130000.000000,1.000000,1729278000,26),(7872,1,91,'Rasulov lakchiga Otebekga Astar,Kraska Nachalnik Oktyabrga ',1,1000.000000,1.000000,1729278000,81),(7873,1,91,'Otk ga Oktyabrga',1,500.000000,1.000000,1729278000,81),(7874,1,82,'logistika',2,355000.000000,1.000000,1729278000,77),(7875,1,82,'Gaz',2,70000.000000,1.000000,1729278000,26),(7876,1,4,'Oylik',1,115.000000,1.000000,1729364400,NULL),(7877,1,7,'154.Lak Mir Colors INVIF02024000000328 2024 yil Mardikor',2,1000000.000000,1.000000,1729450800,14),(7878,1,7,'154.Lak Mir Colors INVIF02024000000328 2024 yil Rastamoshkaga',5,98000000.000000,1.000000,1729450800,17),(7879,1,4,'Oylik',1,70.000000,1.000000,1729450800,NULL),(7880,1,2,'Musor Tukildi',2,100000.000000,1.000000,1729450800,22),(7881,1,88,'Gaz va Obed 5 kishi',2,450000.000000,1.000000,1729450800,56),(7882,1,2,'917844441',2,80000.000000,1.000000,1729450800,18),(7883,1,2,'Bozor',2,2614000.000000,1.000000,1729450800,21),(7884,1,82,'logistika',2,1034000.000000,1.000000,1729450800,58),(7885,1,82,'logistika',2,150000.000000,1.000000,1729450800,77),(7886,1,88,'Gaz',2,100000.000000,1.000000,1729450800,65),(7887,1,82,'Gaz',2,280000.000000,1.000000,1729450800,26),(7888,1,5,'Yulkira',1,25250.000000,1.000000,1729450800,44),(7889,1,80,'Оплата за 32 Налог на прибыль(доходы) предпр.и орг-ий за 3 кв.2024 года ',5,550000000.000000,1.000000,1729450800,NULL),(7890,1,2,'Sarvar sagbon mebel 375 qarzi bor edi urniga Macbook berdi',1,375.000000,1.000000,1729537200,63),(7891,1,4,'Oylik',1,1945.000000,1.000000,1709146800,NULL),(7892,1,4,'Oylik',1,1843.000000,1.000000,1711738800,NULL),(7893,1,4,'Oylik Plastik',1,165.210000,1.000000,1712084400,NULL),(7894,1,4,'Oylik',1,2378.000000,1.000000,1714417200,NULL),(7895,1,4,'Oylik',1,2871.000000,1.000000,1717095600,NULL),(7896,1,2,'Obed',2,54000.000000,1.000000,1729537200,21),(7897,1,7,'Ujin',2,75000.000000,1.000000,1729450800,16),(7898,1,2,'333160500',2,50000.000000,1.000000,1729537200,18),(7899,1,5,'Yulkira',1,35350.000000,1.000000,1729537200,44),(7900,1,82,'logistika',2,655000.000000,1.000000,1729537200,61),(7901,1,88,'Gaz va Obed 5 kishi',2,450000.000000,1.000000,1729537200,56),(7902,1,2,'Perchatka, Marli, Salafan, Marker, Stakan',2,1058000.000000,1.000000,1729537200,67),(7903,1,88,'obed turk Gukan bilan 3kishi',2,306000.000000,1.000000,1729537200,65),(7904,1,2,'1 Baxtiyor aka Prarab Avans',2,5000000.000000,1.000000,1729537200,52),(7905,1,2,'Labo 5 chi Tent Qilindi',2,11900000.000000,1.000000,1729537200,63),(7906,1,82,'Gaz',2,430000.000000,1.000000,1729537200,26),(7907,1,4,'Oylik',1,50.000000,1.000000,1729537200,NULL),(7909,1,62,'Abdulbosit Blogirga Uyushmada Dars berishiga bizani reklama qiladi',1,1600.000000,1.000000,1729623600,NULL),(7910,1,5,'Yulkira R3 uylaridan 60000, kassadan 30900jami 90900',1,30900.000000,1.000000,1729623600,44),(7911,1,88,'Gaz va Obed 5 kishi',2,500000.000000,1.000000,1729623600,56),(7912,1,2,'1 Baxtiyor aka Prarab Simonga',2,3000000.000000,1.000000,1729623600,52),(7913,1,5,'Kanistira (450gr) 30 sht 14280 sum ООО \"MAVERA PLASTICS\"',2,428400.000000,1.000000,1729623600,45),(7914,1,2,'Obed',2,61000.000000,1.000000,1729623600,21),(7915,1,62,'100 sht Reklamniy Paket',2,1818000.000000,1.000000,1729623600,NULL),(7916,1,2,'Labo 5 chi Oformleniya',2,3205000.000000,1.000000,1729623600,63),(7917,1,67,'R3',2,35000000.000000,1.000000,1729623600,NULL),(7918,1,82,'Gaz',2,225000.000000,1.000000,1729623600,26),(7919,1,67,'R3',1,2750.000000,1.000000,1729710000,NULL),(7920,1,88,'Gaz va Obed 5 kishi',2,450000.000000,1.000000,1729710000,56),(7921,1,2,'1 Baxtiyor aka Prarab Temirga Armatura',1,700.000000,1.000000,1729710000,52),(7922,1,2,'1 Baxtiyor aka Prarab Temirga Armatura',2,1150000.000000,1.000000,1729710000,52),(7923,1,2,'1 Baxtiyor aka Prarab Shlaka Blok',2,1980000.000000,1.000000,1729710000,52),(7924,1,2,'Obed',2,56000.000000,1.000000,1729710000,21),(7925,1,2,'1 Baxtiyor aka Prarab Klines',2,1400000.000000,1.000000,1729710000,52),(7926,1,2,'Labo 5 chi Sugurta va doverinis',2,970000.000000,1.000000,1729710000,63),(7927,1,2,'Labo 5 chi Balon oldik',1,120.000000,1.000000,1729710000,63),(7928,1,2,'Labo 5 chi Balansirovka , Razval , Resor, Padushka ,polik',2,1650000.000000,1.000000,1729710000,63),(7930,1,91,'Lakchisiga berdik qushimcha',2,515000.000000,1.000000,1729710000,80),(7931,1,82,'Gaz',2,302000.000000,1.000000,1729710000,26),(7932,1,88,'Gaz va Obed',2,400000.000000,1.000000,1729710000,65),(7933,1,5,'Yulkira',1,20200.000000,1.000000,1729710000,44),(7934,1,80,'Оплата за32 Налог на прибыль(доходы) предпр.и орг-ий аванс за октябрь 2024 года',5,183000000.000000,1.000000,1729537200,NULL),(7935,1,79,'Kamisiya Swift Usluga Bank',5,862500.000000,1.000000,1729537200,NULL),(7936,1,79,'Kamisiya Swift Usluga Bank',5,576229.050000,1.000000,1729537200,NULL),(7937,1,45,'15000 (12845)',5,192675000.000000,1.000000,1729537200,53),(7938,1,79,'Kamisiya Swift Usluga Bank',5,1153606.500000,1.000000,1729623600,NULL),(7939,1,79,'Kamisiya Swift Usluga Bank',5,862500.000000,1.000000,1729623600,NULL),(7940,1,45,'30000 (12860)',5,385800000.000000,1.000000,1729623600,53),(7941,1,7,'155.Lak Mir Colors INVIF02024000000339 2024 yil Mardikor',2,1000000.000000,1.000000,1729796400,14),(7942,1,7,'156.Lak Mir Colors INVIF02024000000700 2024 yil Mardikor',2,1000000.000000,1.000000,1729796400,14),(7943,1,88,'Gaz va Obed 6 kishi',2,500000.000000,1.000000,1729796400,56),(7945,1,82,'logistika',2,290000.000000,1.000000,1729796400,77),(7946,1,2,'Turkiyaga olib ketishga Kley olindi va Turkiyadan kraska olib kelindi',2,1498000.000000,1.000000,1729796400,63),(7947,1,2,'Rustam Santexnik Emulsiya xonaga xom ashyo olindi',2,2480000.000000,1.000000,1729796400,52),(7948,1,67,'R3 Kartaga utkazdim',2,566000.000000,1.000000,1729796400,NULL),(7949,1,2,'Labo 5 chi GPS quyildi',2,750000.000000,1.000000,1729796400,63),(7950,1,82,'Gaz',2,160000.000000,1.000000,1729796400,26),(7951,1,2,'Obed',2,180000.000000,1.000000,1729796400,21),(7953,1,7,'Ujin',2,255000.000000,1.000000,1729796400,16),(7954,1,7,'155.Lak Mir Colors INVIF02024000000339 2024 yil Rastamoshkaga',5,50000000.000000,1.000000,1729710000,17),(7955,1,7,'156.Lak Mir Colors INVIF02024000000700 2024 yil Rastamoshkaga',5,90000000.000000,1.000000,1729710000,17),(7956,1,5,'Kanistira (450gr) 2000 sht 14280 sum ООО \"MAVERA PLASTICS\"',5,28560000.000000,1.000000,1729710000,45),(7957,1,79,'Kamisiya Swift Usluga Bank',5,1693282.800000,1.000000,1729710000,NULL),(7958,1,79,'Kamisiya Swift Usluga Bank',5,862500.000000,1.000000,1729710000,NULL),(7959,1,79,'Kamisiya Swift Usluga Bank',5,28560.000000,1.000000,1729710000,NULL),(7960,1,45,'44000 (12870)',5,566280000.000000,1.000000,1729710000,53),(7961,1,79,'ЧП \"MIR COLORS\" аренда терминала ',5,25000.000000,1.000000,1729796400,NULL),(7962,1,79,'Kamisiya Swift Usluga Bank',5,384483.300000,1.000000,1729796400,NULL),(7963,1,79,'Kamisiya Swift Usluga Bank',5,862500.000000,1.000000,1729796400,NULL),(7964,1,45,'10000 (12855)',5,128550000.000000,1.000000,1729796400,53),(7965,1,88,'Gaz va Obed 5 kishi',2,400000.000000,1.000000,1729882800,56),(7966,1,2,'5 ta Skladda bollani Vremminyi Prapiska qildik 50000x5 kishi',2,400000.000000,1.000000,1729882800,63),(7967,1,2,'Suv 30x20000',2,600000.000000,1.000000,1729882800,19),(7969,1,82,'Gaz',2,210000.000000,1.000000,1729882800,26),(7970,1,88,'Gaz va Obed',2,200000.000000,1.000000,1729882800,65),(7971,1,2,'Obed',2,295000.000000,1.000000,1729882800,21),(7972,1,2,'Ovqat puli Bollaga Yakshanbali',2,120000.000000,1.000000,1729882800,21),(7973,1,2,'Obed',2,40000.000000,1.000000,1729882800,21),(7974,1,5,'Yulkira',1,29290.000000,1.000000,1729969200,44),(7976,1,82,'gaz',2,170000.000000,1.000000,1729882800,26),(7977,1,5,'Yulkira',1,27270.000000,1.000000,1730055600,44),(7978,1,88,'Gaz va Obed 6 kishi',2,500000.000000,1.000000,1730055600,56),(7979,1,2,'Bozor',2,2573000.000000,1.000000,1730055600,21),(7981,1,2,'1 Baxtiyor aka Prarab Shlaka Blok',2,3960000.000000,1.000000,1730055600,52),(7982,1,2,'Moyishi Sredstva',2,80000.000000,1.000000,1730055600,22),(7983,1,82,'Gaz',2,190000.000000,1.000000,1730055600,26),(7984,1,57,'Gukan Turk Lakchi Oylik Avgust, Sentyabr, Oktyabr 1800 x3=5400-1100 olgan 3000 bervomman ost 1300 qoldi',1,3000.000000,1.000000,1730055600,85),(7985,1,67,'R3',1,400.000000,1.000000,1730055600,NULL),(7986,1,57,'Gukan Turk Lakchi Oylik oktyabr 2024 yil',1,200.000000,1.000000,1730055600,85),(7987,1,82,'logistika',2,2187000.000000,1.000000,1730055600,58),(7988,1,82,'Gaz',2,140000.000000,1.000000,1730055600,26),(7989,1,91,'Mix info lakchiga Quliga Oktyabr 2014 yil ',1,200.000000,1.000000,1730055600,82),(7990,1,91,'Keng Makon Lakchiga Quliga Ulugbek',1,100.000000,1.000000,1730055600,83),(7991,1,91,'Keng Makon Lakchiga Quliga Jalol',1,100.000000,1.000000,1730055600,83),(7992,1,91,'Akbar Rich Kraskachiga ',1,100.000000,1.000000,1730055600,80),(7993,1,91,'Kashtan Lakchiga ',1,100.000000,1.000000,1730055600,84),(7994,1,91,'Kashtan Lakchiga va Ish Yurutuvchuga ',1,100.000000,1.000000,1730055600,84),(7995,1,7,'157.158.159.Lak Mir Colors INVIF02024000000711, INV721, INV718 2024 yil Rastamoshkaga',5,255000000.000000,1.000000,1730055600,17),(7996,1,7,'157.158.159.Lak Mir Colors INVIF02024000000711, INV721, INV718 2024 yil Mardokir',2,3000000.000000,1.000000,1730055600,14),(7997,1,7,'160.Lak Mir Colors INVIF02024000000745 2024 yil Mardikor',2,1000000.000000,1.000000,1730142000,14),(7998,1,67,'R3',1,1400.000000,1.000000,1730142000,NULL),(7999,1,7,'160.Lak Mir Colors INVIF02024000000745 2024 yil Rastamoshkaga',5,84000000.000000,1.000000,1730142000,17),(8000,1,7,'OOO HighwayLogistics Center   Предоплата 100% за хранение автомобиля,оформление документов',5,2002000.000000,1.000000,1730055600,17),(8001,1,7,'Ujin',2,100000.000000,1.000000,1730055600,16),(8002,1,88,'Gaz',2,100000.000000,1.000000,1730142000,65),(8003,1,88,'Gaz va Obed 6 kishi',2,500000.000000,1.000000,1730142000,56),(8004,1,91,'Rasulov lakchiga Otebekga Astar,Kraska Nachalnik Noyabr 2024 yil',1,300.000000,1.000000,1730142000,81),(8005,1,2,'Rustam Santexnik Xom ashyo',2,280000.000000,1.000000,1730142000,52),(8006,1,2,'Obed',2,49000.000000,1.000000,1730142000,21),(8008,1,82,'Gaz',2,160000.000000,1.000000,1730142000,26),(8010,1,82,'Gaz',2,50000.000000,1.000000,1730142000,26),(8012,1,5,'Yulkira',1,30300.000000,1.000000,1730142000,44),(8013,1,88,'Gaz va Obed 6 kishi',2,500000.000000,1.000000,1730228400,56),(8014,1,2,'Rustam Santexnik Xom ashyo',2,5049000.000000,1.000000,1730228400,63),(8015,1,91,'Xaydar aka Rasulovga ',1,2000.000000,1.000000,1730228400,81),(8017,1,7,'Ujin',2,250000.000000,1.000000,1730142000,16),(8018,1,2,'Mardikor Rasuljon Namangan fura yuklandi',2,598000.000000,1.000000,1730228400,23),(8019,1,2,'Obed',2,50000.000000,1.000000,1730228400,21),(8020,1,82,'Gaz',2,247000.000000,1.000000,1730228400,26),(8021,1,82,'logistika',2,1220000.000000,1.000000,1730228400,61),(8022,1,5,'Yulkira',1,15150.000000,1.000000,1730228400,44),(8023,1,57,'Gukan Turk Lakchi Oylik oktyabr 2024 yil',1,100.000000,1.000000,1730228400,85),(8024,1,67,'R3',1,200.000000,1.000000,1730314800,NULL),(8025,1,5,'Yulkira',1,18180.000000,1.000000,1730314800,44),(8026,1,88,'Gaz va Obed ',2,200000.000000,1.000000,1730314800,56),(8028,1,82,'logistika',2,420000.000000,1.000000,1730314800,61),(8029,1,2,'Obed',2,177000.000000,1.000000,1730314800,21),(8030,1,88,'Gaz',2,280000.000000,1.000000,1730314800,65),(8031,1,2,'Rustam Santexnik Avans',2,4000000.000000,1.000000,1730314800,52),(8032,1,82,'Gaz',2,257000.000000,1.000000,1730314800,26),(8033,1,2,'Rustam Santexnik Xom ashyo',2,160000.000000,1.000000,1730314800,52),(8034,1,5,'Yulkira',1,25250.000000,1.000000,1730401200,44),(8035,1,7,'Ujin',2,92000.000000,1.000000,1730314800,16),(8037,1,88,'Gaz va Obed 5 kishi',2,250000.000000,1.000000,1730401200,56),(8038,1,2,'Obed',2,116000.000000,1.000000,1730401200,21),(8039,1,2,'Savat 2ta mesnoy Akbar, Rasulov',2,5252000.000000,1.000000,1730401200,63),(8040,1,2,'1 Baxtiyor aka Prarab Shlaka Blok, Simon',2,4960000.000000,1.000000,1730401200,52),(8041,1,7,'Shpon Karantinga Paymidan',2,375000.000000,1.000000,1730401200,17),(8042,1,82,'Gaz',2,313000.000000,1.000000,1730401200,26),(8043,1,2,'953160500',2,50000.000000,1.000000,1730401200,18),(8045,1,67,'R3',1,2143.180000,1.000000,1730487600,NULL),(8046,1,2,'Biletga Tulandi',2,19651728.000000,1.000000,1730487600,63),(8047,1,57,'Uy arenda Gukan va Yusuf turk lakchi Noyabrga 2024 yil',1,600.000000,1.000000,1730487600,49),(8048,1,57,'Yusuf Turk va Gukan Lakchi Registrasiya qilindi',2,526000.000000,1.000000,1730487600,49),(8049,1,7,'Ujin',2,100000.000000,1.000000,1730401200,16),(8050,1,88,'Gaz va Obed',2,190000.000000,1.000000,1730487600,56),(8051,1,2,'Gps 6 ta Moshina Abonentskiy plata',2,273000.000000,1.000000,1730487600,63),(8052,1,88,'Gaz va Obed',2,180000.000000,1.000000,1730487600,65),(8054,1,7,'161.Lak Mir Colors INVIF02024000000733 2024 yil Mardikor',2,1000000.000000,1.000000,1730401200,14),(8055,1,7,'162.Lak Mir Colors INVIF02024000000734 2024 yil Mardikor',2,1000000.000000,1.000000,1730401200,14),(8056,1,7,'161.Lak Mir Colors INVIF02024000000733 2024 yil Rastamoshkaga',5,100000000.000000,1.000000,1730314800,17),(8057,1,7,'162.Lak Mir Colors INVIF02024000000734 2024 yil Rastamoshkaga',5,70000000.000000,1.000000,1730401200,17),(8058,1,7,'163.Shpon Mir Colors HSP2024000001608 2024 yil Rastamoshkaga ',5,55753350.820000,1.000000,1730401200,17),(8059,1,67,'R3',2,5000000.000000,1.000000,1730487600,NULL),(8060,1,4,'Oylik',1,100.000000,1.000000,1730487600,NULL),(8061,1,4,'Oylik',1,450.000000,1.000000,1730314800,NULL),(8062,1,4,'Oylik',1,159.000000,1.000000,1730401200,NULL),(8063,1,5,'Yulkira',1,80800.000000,1.000000,1730487600,44),(8064,1,2,'Obed',2,209000.000000,1.000000,1730487600,21),(8065,1,2,'1 Baxtiyor aka Prarab Klines',2,1400000.000000,1.000000,1730487600,52),(8066,1,82,'logistika',2,1895000.000000,1.000000,1730487600,58),(8067,1,57,'Prastina, Yastiq, Nalichka 2kishiga',2,736000.000000,1.000000,1730487600,49),(8068,1,2,'Mardikor Rasuljon Namangan fura yuklandi',2,600000.000000,1.000000,1730487600,23),(8069,1,82,'Gaz',2,170000.000000,1.000000,1730487600,26),(8070,1,5,'Yulkira',1,90900.000000,1.000000,1730574000,44),(8071,1,2,'Akfa skladga fortichka qilishga',1,2000.000000,1.000000,1730574000,52),(8072,1,62,'	Abdulbosit Blogirga Noyabrga berdik',1,1700.000000,1.000000,1730574000,NULL),(8073,1,7,'163.Shpon Mir Colors HSP2024000001608 2024 yil Kara Ishladi',2,2000000.000000,1.000000,1730487600,14),(8074,1,2,'773160500',2,50000.000000,1.000000,1730660400,18),(8075,1,7,'Ujin',2,1103000.000000,1.000000,1730487600,16),(8078,1,85,'Оплата 100% за газ природный за октябрь  2024  года',5,2329500.000000,1.000000,1730314800,39),(8079,1,7,'ЧП  SHBS DEKLARANT SERVIS',5,1261260.000000,1.000000,1730314800,15),(8080,1,2,'Предоплата 100% за доступ к сети интернет за ноябрь -  2024 года, согл.',5,500500.000000,1.000000,1730314800,18),(8081,1,79,'Kamisiya Swift Usluga Bank',5,862500.000000,1.000000,1730228400,NULL),(8082,1,79,'Kamisiya Swift Usluga Bank',5,1342421.850000,1.000000,1730228400,NULL),(8083,1,45,'35000 (12825)',5,448875000.000000,1.000000,1730228400,53),(8084,1,79,'Kamisiya Swift Usluga Bank',5,862500.000000,1.000000,1730142000,NULL),(8085,1,79,'Kamisiya Swift Usluga Bank',5,449101.690000,1.000000,1730142000,NULL),(8086,1,45,'11700 (12835)',5,150169500.000000,1.000000,1730142000,53),(8087,1,88,'Nukusga Odil oga Safarga Ziyovuddin Corob Aparatni Ishga Tushirib keladi',2,1883000.000000,1.000000,1730660400,79),(8088,1,88,'Xorazimga Safarga Jasur, Gukan, Shoxjoxonga ',2,1220000.000000,1.000000,1730660400,79),(8090,1,88,'Gaz va Obed',2,200000.000000,1.000000,1730660400,56),(8091,1,2,'Bozor',2,2730000.000000,1.000000,1730660400,21),(8092,1,82,'Gaz',2,137000.000000,1.000000,1730660400,26),(8093,1,82,'Gaz',2,60000.000000,1.000000,1730660400,26),(8094,1,7,'164.Emulsiya Mir Colors INVIF02024000000753 2024 yil Mardikor',2,1000000.000000,1.000000,1730660400,14),(8095,1,7,'Ujin',2,175000.000000,1.000000,1730660400,16),(8096,1,82,'benzin',2,75000.000000,1.000000,1730746800,26),(8097,1,57,'Gukan Turk Lakchi Oylik oktyabr 2024 yil',1,200.000000,1.000000,1730746800,85),(8098,1,88,'Gaz va Obed 4 kishi',2,300000.000000,1.000000,1730746800,56),(8099,1,82,'logistika',2,1476000.000000,1.000000,1730746800,58),(8100,1,2,'Hovlidagi Naves Patalogiga Pinya Izalatsiya qilindi 416m2x85000 sumdan',1,2762.000000,1.000000,1730746800,52),(8101,1,2,'Obed',2,100000.000000,1.000000,1730746800,21),(8102,1,82,'Gaz',2,50000.000000,1.000000,1730746800,26),(8103,1,82,'Benzin',2,15000.000000,1.000000,1730746800,26),(8104,1,2,'330844441',2,35000.000000,1.000000,1730746800,18),(8106,1,82,'Gaz',2,232000.000000,1.000000,1730833200,26),(8107,1,5,'150.Cobler OOO Oneelite Trade Stabil 2024 yil Yulkira',1,30922.000000,1.000000,1730833200,44),(8108,1,5,'Yulkira',1,30300.000000,1.000000,1730833200,44),(8109,1,88,'Gaz va Obed 4 kishi',2,300000.000000,1.000000,1730833200,56),(8110,1,2,'770844441',2,50000.000000,1.000000,1730833200,18),(8111,1,2,'977844441',2,70000.000000,1.000000,1730833200,18),(8113,1,7,'165.Cobler OOO Oneelite Trade Stabil 2024 yil Stoyankaga',2,286000.000000,1.000000,1730833200,17),(8114,1,82,'Gaz',2,232000.000000,1.000000,1730833200,26),(8115,1,2,'Obed',2,63000.000000,1.000000,1730833200,21),(8116,1,45,'26000 (12820)',5,333320000.000000,1.000000,1730401200,53),(8117,1,79,'Kamisiya Swift Usluga Bank',5,996847.020000,1.000000,1730401200,NULL),(8118,1,79,'Kamisiya Swift Usluga Bank',5,862500.000000,1.000000,1730401200,NULL),(8119,1,79,'Kamisiya Swift Usluga Bank',5,225000.000000,1.000000,1730401200,NULL),(8120,1,67,'Oylik Plastik Buxgalter',5,2915000.000000,1.000000,1730660400,NULL),(8121,1,67,'Oylik Plastik',5,3080000.000000,1.000000,1730660400,NULL),(8122,1,4,'Oylik Plastik',1,300.310000,1.000000,1730660400,NULL),(8123,1,67,'Oylik Plastik',5,3960000.000000,1.000000,1730660400,NULL),(8124,1,7,'164.Emulsiya Mir Colors INVIF02024000000753 2024 yil Rastamoshkaga',5,50484109.970000,1.000000,1730660400,17),(8125,1,80,'Оплата за 36 Социальный налог за октябрь 2024 года',5,5903181.880000,1.000000,1730660400,NULL),(8126,1,80,'Оплата за 46 Налог на доходы физических лиц (НДФЛ) за октябрь 2024 года',5,5853988.690000,1.000000,1730660400,NULL),(8127,1,80,'Оплата за 101 Отчисление в ИНПС за октябрь 2024 года',5,49193.190000,1.000000,1730660400,NULL),(8128,1,79,'Комиссия на транзитные счета12500.00,',5,12500.000000,1.000000,1730660400,NULL),(8129,1,79,'Kamisiya Swift Usluga Bank',5,2500.000000,1.000000,1730660400,NULL),(8130,1,79,'Kamisiya Swift Usluga Bank',5,2500.000000,1.000000,1730660400,NULL),(8131,1,57,'Yusuf Turk Lakchi Ovqat Puli Noyabr uchun 2024 yil ',2,1282000.000000,1.000000,1730833200,49),(8132,1,7,'165.Cobler OOO Oneelite Trade Stabil 2024 yil Rastamoshkaga',2,1000000.000000,1.000000,1730833200,14),(8133,1,7,'Ujin',2,170000.000000,1.000000,1730833200,16),(8134,1,82,'Gaz',2,370000.000000,1.000000,1730919600,26),(8135,1,2,'997844441',2,30000.000000,1.000000,1730919600,18),(8136,1,2,'Obed',2,313000.000000,1.000000,1730919600,21),(8137,1,82,'logistika',2,1005000.000000,1.000000,1730919600,77),(8138,1,2,'1 Baxtiyor aka Prarab Shlaka Blok',1,153.000000,1.000000,1730919600,52),(8139,1,82,'logistika',2,1025000.000000,1.000000,1730919600,58),(8140,1,2,'karra Tojikistonga shpon yukladi',2,400000.000000,1.000000,1730919600,23),(8142,1,82,'Gaz ',2,90000.000000,1.000000,1731006000,26),(8143,1,88,'Gaz va Obed',2,330000.000000,1.000000,1731006000,56),(8144,1,88,'Gaz va Obed 5 kishi',2,300000.000000,1.000000,1731006000,56),(8146,1,82,'logistika',2,302000.000000,1.000000,1731006000,26),(8147,1,2,'Obed',2,94000.000000,1.000000,1731006000,21),(8148,1,62,'Dombirabod Arenda Reklamaga Dog 95/1-121 ot 05.12.2023 Oktyabr, Noyabr, Dekabr 2024 yil ',2,6120000.000000,1.000000,1731006000,NULL),(8149,1,67,'R3',1,400.000000,1.000000,1731006000,NULL),(8150,1,5,'Yulkira',1,62620.000000,1.000000,1731006000,44),(8151,1,2,'Ovqat puli Bollaga Yakshanbali',2,160000.000000,1.000000,1731092400,21),(8152,1,2,'Elektrik Transfarmator Schetchik Gostandart va Plomba',2,650000.000000,1.000000,1731092400,52),(8153,1,2,'1 Baxtiyor aka Prarab 2chi Etajga Profil',1,1371.000000,1.000000,1731092400,52),(8154,1,88,'Gaz va Obed 4 kishi',2,300000.000000,1.000000,1731092400,56),(8155,1,2,'1 Baxtiyor aka Prarab 2chi Etajga Elektrod',1,120.000000,1.000000,1731092400,52),(8156,1,2,'Obed',2,98000.000000,1.000000,1731092400,21),(8157,1,2,'1 Baxtiyor aka Prarab Avans 3 ta obyektga 2mldan',2,6000000.000000,1.000000,1731092400,52),(8158,1,2,'1 Baxtiyor aka Prarab Qum, Simon, Mix, Salafan, Perchatka ,Leska',2,7020000.000000,1.000000,1731006000,52),(8160,1,88,'Xorazimga Safarga Jasur, Gukan, Shoxjoxonga otelga',2,2376000.000000,1.000000,1731092400,79),(8161,1,82,'Gaz',2,414000.000000,1.000000,1731092400,26),(8162,1,88,'Gaz va Obed 4 kishi',2,300000.000000,1.000000,1731265200,56),(8163,1,65,'Nabi Petrol',1,520.000000,1.000000,1731265200,NULL),(8165,1,2,'Savat 2ta mesnoy Mix Ifo, Yassi obod',2,5252000.000000,1.000000,1731265200,63),(8166,1,82,'Gaz',2,160000.000000,1.000000,1731265200,26),(8167,1,2,'Bozor',2,2668000.000000,1.000000,1731265200,21),(8168,1,2,'karra shpon Yukladi',2,300000.000000,1.000000,1731265200,23),(8169,1,88,'Gaz va Obed',2,300000.000000,1.000000,1731265200,65),(8170,1,82,'logistika',2,595000.000000,1.000000,1731265200,61),(8171,1,5,'Kanistira (450gr) 190 sht 14280 sum ООО \"MAVERA PLASTICS\"',2,2713200.000000,1.000000,1731265200,45),(8172,1,91,'Rasulov lakchiga Otebekga Astar,Kraska Nachalnik Noyabr 2024 yil ',1,200.000000,1.000000,1731265200,81),(8173,1,5,'Yulkira',1,30300.000000,1.000000,1731265200,44),(8175,1,5,'Yulkira',1,8000.000000,1.000000,1731351600,44),(8176,1,57,'Oylik',1,2000.000000,1.000000,1731351600,50),(8177,1,2,'Turkiyaga Ibrohim va Islom Klientlari Genc fabrikaga olib ketdi Rasxod qilindi',1,2500.000000,1.000000,1731351600,63),(8178,1,62,'Targetga Instagram Iyul,Avgust,Sentyabr,Oktyabr, 2024 yil',1,2000.000000,1.000000,1731351600,NULL),(8179,1,62,'Bellezio Instagram Reklama Oktyabr 2024 yil',1,400.000000,1.000000,1731351600,87),(8180,1,62,'Tulqin Diller Dukonga Reklama Yangilandi',1,570.000000,1.000000,1731351600,NULL),(8181,1,2,'Pachi 565, 6750000 sum Yogoch Quti, 350000 sum Taklifnoma, 1400000 sum Kamera jami 1228',1,1228.000000,1.000000,1731351600,NULL),(8182,1,2,'Ofisni Remont Dizayinga Chizdirdik Avans',1,300.000000,1.000000,1731351600,63),(8183,1,67,'R3',1,400.000000,1.000000,1731351600,NULL),(8184,1,7,'166.Lak Mir Colors INVIF02024000000356 2024 yil Mardikor',2,1000000.000000,1.000000,1731265200,14),(8185,1,7,'167.Lak Mir Colors INVIF02024000000758 2024 yil Mardikor',2,1000000.000000,1.000000,1731265200,14),(8186,1,7,'Ujin',2,200000.000000,1.000000,1731265200,16),(8187,1,88,'Gaz va Obed',2,250000.000000,1.000000,1731351600,56),(8188,1,82,'Gaz',2,70000.000000,1.000000,1731351600,26),(8189,1,82,'logistika',2,2040000.000000,1.000000,1731351600,58),(8190,1,82,'Gaz',2,57000.000000,1.000000,1731351600,26),(8191,1,2,'Obed',2,100000.000000,1.000000,1731351600,21),(8192,1,82,'Gaz',2,126000.000000,1.000000,1731351600,26),(8193,1,5,'Yulkira',1,20200.000000,1.000000,1731351600,44),(8197,1,2,'1 Baxtiyor aka Prarab Xom Ashyo Simon, Salafan',2,3710000.000000,1.000000,1731438000,52),(8198,1,88,'Gaz va Obed',2,100000.000000,1.000000,1731438000,56),(8199,1,82,'logistika',2,580000.000000,1.000000,1731438000,57),(8200,1,2,'Obed',2,100000.000000,1.000000,1731438000,21),(8202,1,82,'Gaz',2,232000.000000,1.000000,1731438000,26),(8203,1,88,'Xorazimga Safarga Jasur, Gukan, Shoxjoxonga Biletga poyizga',2,747400.000000,1.000000,1731438000,79),(8204,1,7,'165.Cobler OOO Oneelite Trade Stabil 2024 yil Rastamoshkaga',1,8210.000000,1.000000,1731438000,17),(8205,1,2,'Obed',2,30000.000000,1.000000,1731438000,21),(8206,1,88,'Xorazimga Safarga Jasur, Gukan, Sardor Otelga tulandi',2,2020000.000000,1.000000,1731438000,79),(8207,1,4,'Oylik',1,50.000000,1.000000,1731438000,NULL),(8208,1,82,'Gaz',2,80000.000000,1.000000,1731524400,26),(8209,1,57,'Oylik',1,450.000000,1.000000,1731524400,50),(8210,1,88,'Gaz va Obed 4 kishi',2,250000.000000,1.000000,1731524400,56),(8211,1,67,'R3',1,500.000000,1.000000,1731524400,NULL),(8213,1,2,'1 Baxtiyor aka Prarab Xom ashyo Shlaka Blok',2,1750000.000000,1.000000,1731524400,52),(8214,1,88,'Pechka Remond qilindi',2,707000.000000,1.000000,1731524400,73),(8215,1,2,'Obed',2,140000.000000,1.000000,1731524400,21),(8216,1,82,'logistika',2,1017000.000000,1.000000,1731524400,58),(8217,1,88,'Gaz va Obed',2,486000.000000,1.000000,1731524400,65),(8218,1,2,'Turkiyaga Chaq Chuq olindi',2,2262400.000000,1.000000,1731524400,63),(8219,1,82,'Gaz',2,177000.000000,1.000000,1731524400,26),(8220,1,82,'Benzin',2,100000.000000,1.000000,1731524400,26),(8221,1,5,'Yulkira',1,35350.000000,1.000000,1731524400,44),(8223,1,88,'Gaz va Obed 4 kishi',2,300000.000000,1.000000,1731610800,56),(8224,1,2,'Obed',2,93000.000000,1.000000,1731610800,21),(8225,1,82,'logistika',2,350000.000000,1.000000,1731610800,61),(8227,1,2,'Begzod Elektrik Eski simni Dimontaj olib tashladik 108metrx10000 sumdan',2,1000000.000000,1.000000,1731610800,52),(8228,1,88,'Gaz va Obed',2,100000.000000,1.000000,1731610800,65),(8229,1,2,'Kreslo 3 ta 1250000 sumdan',2,3750000.000000,1.000000,1731610800,63),(8230,1,82,'logistika',2,212000.000000,1.000000,1731610800,61),(8231,1,82,'Gaz',2,277000.000000,1.000000,1731610800,26),(8232,1,7,'168.Emulsiya Mir Colors INVIF12024000000365-365-367-368 2024 yil Mardikor',2,1000000.000000,1.000000,1731610800,14),(8233,1,7,'169.Lak Mir Colors INVIF02024000000761 2024 yil Mardikor',2,1000000.000000,1.000000,1731610800,14),(8234,1,7,'170.Lak Mir Colors INVIF02024000000767 2024 yil Mardikor',2,1000000.000000,1.000000,1731610800,14),(8235,1,7,'Ujin',2,100000.000000,1.000000,1731610800,16),(8236,1,88,'Gaz va Obed 6 kishi',2,500000.000000,1.000000,1731697200,56),(8237,1,2,'Obed',2,95000.000000,1.000000,1731697200,21),(8239,1,2,'1 Baxtiyor aka Prarab Avans',2,2300000.000000,1.000000,1731697200,52),(8240,1,2,'1 Baxtiyor aka Prarab Xom ashyo Antimaroz, sim',2,380000.000000,1.000000,1731697200,52),(8241,1,2,'Bumaga, Salfetka, Mokriy Salfetka',2,1008000.000000,1.000000,1731697200,70),(8242,1,82,'logistika',2,841000.000000,1.000000,1731697200,58),(8243,1,82,'Gaz',2,218000.000000,1.000000,1731697200,26),(8244,1,88,'Labo 005 Razval, Labo 008 Moy almashdi',2,523000.000000,1.000000,1731697200,NULL),(8245,1,5,'Yulkira',1,20200.000000,1.000000,1731697200,44),(8246,1,2,'Ovqat puli Bollaga Yakshanbali',2,160000.000000,1.000000,1731697200,21),(8247,1,67,'R3',1,600.000000,1.000000,1731697200,NULL),(8249,1,82,'Gaz',2,90000.000000,1.000000,1731870000,26),(8250,1,2,'Bozor',2,2768000.000000,1.000000,1731870000,21),(8251,1,2,'Moyishi Sredstva',2,300000.000000,1.000000,1731870000,68),(8252,1,88,'Gaz va Obed 6 kishi',2,500000.000000,1.000000,1731870000,56),(8253,1,88,'Gaz va Obed',2,100000.000000,1.000000,1731870000,65),(8254,1,2,'1 Baxtiyor aka Prarab Xom ashyo Simon olindi , Musor tukildi',2,3500000.000000,1.000000,1731870000,52),(8255,1,82,'Gaz',2,290000.000000,1.000000,1731870000,26),(8256,1,5,'Yulkira',1,70700.000000,1.000000,1731870000,44),(8258,1,88,'Gaz va Obed 5 kishi',2,450000.000000,1.000000,1731956400,56),(8259,1,88,'Gaz va Obed',2,400000.000000,1.000000,1731956400,65),(8260,1,2,'1 Baxtiyor aka Prarab Lesa arenda, Taxta olindi',2,6765000.000000,1.000000,1731956400,52),(8261,1,2,'Obed',2,100000.000000,1.000000,1731956400,21),(8262,1,82,'Gaz',2,305000.000000,1.000000,1731956400,26),(8263,1,2,'1 Baxtiyor aka Prarab Salafan',2,100000.000000,1.000000,1731956400,52),(8264,1,2,'Turkiyaga Bilet Aviya kassaga Tulandi',2,29810000.000000,1.000000,1731956400,63),(8266,1,2,'konstovar',2,157000.000000,1.000000,1731956400,11),(8268,1,82,'Gaz',2,110000.000000,1.000000,1731956400,26),(8269,1,5,'Yulkira',1,60600.000000,1.000000,1731956400,44),(8271,1,88,'Gaz va Obed',2,200000.000000,1.000000,1732042800,56),(8272,1,2,'1 Baxtiyor aka Prarab 2chi Etajga Profil ',2,30978000.000000,1.000000,1732042800,52),(8273,1,67,'R3 Kartaga utkazdim',2,16376500.000000,1.000000,1732042800,NULL),(8274,1,88,'Gaz va Obed',2,300000.000000,1.000000,1732042800,56),(8275,1,2,'Obed',2,93000.000000,1.000000,1732042800,21),(8276,1,2,'Musor Tukildi Oylik Noyabr',2,600000.000000,1.000000,1732042800,22),(8277,1,82,'Gaz',2,321000.000000,1.000000,1732042800,26),(8278,1,5,'Yulkira',1,60600.000000,1.000000,1732042800,44),(8279,1,82,'Gaz ',2,40000.000000,1.000000,1732042800,26),(8281,1,7,'171.Lak Mir Colors INVIF12024000000371-372-373 2024 yil Mardikor',2,1000000.000000,1.000000,1732042800,14),(8282,1,7,'Ujin',2,140000.000000,1.000000,1732042800,16),(8283,1,7,'172.Lak Mir Colors INVIF02024000000781 2024 yil Mardikor',2,1000000.000000,1.000000,1732129200,14),(8284,1,7,'173.Lak Mir Colors INVIF02024000000792 2024 yil Mardikor',2,1000000.000000,1.000000,1732129200,14),(8285,1,88,'Gaz va Obed 5 kishi',2,450000.000000,1.000000,1732129200,56),(8286,1,88,'Gaz va Obed',2,200000.000000,1.000000,1732129200,65),(8287,1,2,'Perchatka, Marli, Lezva, Skoch, Marker, Qaychi',2,1000000.000000,1.000000,1732129200,67),(8288,1,2,'1 Baxtiyor aka Prarab 2chi Etajga Elektrod',2,1145700.000000,1.000000,1732129200,52),(8289,1,2,'Obed',2,108000.000000,1.000000,1732129200,21),(8290,1,82,'Gaz',2,344000.000000,1.000000,1732129200,26),(8291,1,5,'Yulkira',1,40400.000000,1.000000,1732129200,44),(8292,1,2,'Mardikor ishladi sklad Tozaladi',2,800000.000000,1.000000,1732129200,23),(8293,1,82,'Gaz',2,50000.000000,1.000000,1732129200,26),(8294,1,2,'1 Baxtiyor aka Prarab 2chi Etajga Ish Xaqqi',2,8900000.000000,1.000000,1732129200,52),(8296,1,5,'Yulkira',1,10100.000000,1.000000,1732215600,44),(8297,1,88,'Gaz va Obed 6 kishi',2,500000.000000,1.000000,1732215600,56),(8298,1,7,'Ujin',2,584000.000000,1.000000,1732215600,16),(8299,1,91,'Rasulov lakchiga Otebekga Astar,Kraska Nachalnik Noyabr 2024 yil ',1,900.000000,1.000000,1732302000,81),(8300,1,91,'Xaydar aka Rasulovga Noyabr',1,1500.000000,1.000000,1732302000,81),(8301,1,91,'Otk ga Alisher Noyabrga',1,800.000000,1.000000,1732302000,81),(8302,1,2,'Obed',2,87000.000000,1.000000,1732215600,21),(8303,1,67,'R3 Abdulaziz Jiyanga Berdim',2,2400000.000000,1.000000,1732215600,NULL),(8304,1,91,'Atxam Lakchiga Akbar Rich Paynet',2,200000.000000,1.000000,1732215600,80),(8305,1,7,'174.Lak Mir Colors INVIF02024000000789-790 2024 yil Mardikor',2,1000000.000000,1.000000,1732215600,14),(8306,1,7,'175.Lak Mir Colors INVIF02024000000375 2024 yil Mardikor',2,1000000.000000,1.000000,1732215600,14),(8308,1,7,'Ujin',2,136000.000000,1.000000,1732215600,16),(8309,1,2,'Nakleyka Kanistraga Rostvoritelga 10000shtx300 sumdan',2,3000000.000000,1.000000,1732302000,63),(8310,1,82,'logistika',2,412000.000000,1.000000,1732215600,26),(8311,1,88,'Gaz va Obed 6 kishi',2,500000.000000,1.000000,1732302000,56),(8312,1,2,'Obed',2,103000.000000,1.000000,1732302000,21),(8313,1,82,'logistika',2,2355000.000000,1.000000,1732302000,58),(8314,1,2,'917844441',2,80000.000000,1.000000,1732302000,18),(8315,1,4,'Oylik',1,2391.000000,1.000000,1719687600,NULL),(8316,1,4,'Oylik',1,2159.000000,1.000000,1722366000,NULL),(8317,1,7,'153.Lak Mir Colors INVIF02024000000686 2024 yil Zilolapaga',1,800.000000,1.000000,1732302000,13),(8318,1,7,'154.Lak Mir Colors INVIF02024000000328 2024 yil Zilolapa',1,800.000000,1.000000,1732302000,13),(8319,1,7,'155.Lak Mir Colors INVIF02024000000339 2024 yil Zilolapaga',1,800.000000,1.000000,1732302000,13),(8320,1,7,'156.Lak Mir Colors INVIF02024000000700 2024 yil Zilolapaga',1,800.000000,1.000000,1732302000,13),(8321,1,7,'157.158.159.Lak Mir Colors INVIF02024000000711, INV721, INV718 2024 yil Zilolapaga',1,2400.000000,1.000000,1732302000,13),(8322,1,7,'160.Lak Mir Colors INVIF02024000000745 2024 yil Zilolapaga',1,800.000000,1.000000,1732302000,13),(8323,1,7,'161.Lak Mir Colors INVIF02024000000733 2024 yil Zilolapaga',1,800.000000,1.000000,1732302000,13),(8324,1,7,'162.Lak Mir Colors INVIF02024000000734 2024 yil Zilolapaga',1,800.000000,1.000000,1732302000,13),(8325,1,7,'163.Shpon Mir Colors HSP2024000001608 2024 yil Zilolapaga',1,800.000000,1.000000,1732302000,13),(8326,1,7,'164.Emulsiya Mir Colors INVIF02024000000753 2024 yil Zilolapaga',1,800.000000,1.000000,1732302000,13),(8327,1,7,'165.Cobler OOO Oneelite Trade Stabil 2024 yil Zilolapaga',1,800.000000,1.000000,1732302000,13),(8328,1,7,'166.Lak Mir Colors INVIF02024000000356 2024 yil Zilolapaga',1,800.000000,1.000000,1732302000,13),(8329,1,7,'167.Lak Mir Colors INVIF02024000000758 2024 yil Zilolapaga',1,800.000000,1.000000,1732302000,13),(8330,1,7,'168.Emulsiya Mir Colors INVIF12024000000365-365-367-368 2024 yil Zilolapaga',1,800.000000,1.000000,1732302000,13),(8331,1,7,'169.Lak Mir Colors INVIF02024000000761 2024 yil Zilolapaga',1,800.000000,1.000000,1732302000,13),(8332,1,7,'170.Lak Mir Colors INVIF02024000000767 2024 yil Zilolapaga',1,800.000000,1.000000,1732302000,13),(8333,1,7,'171.Lak Mir Colors INVIF12024000000371-372-373 2024 yil Mardikor',1,800.000000,1.000000,1732302000,13),(8334,1,7,'172.Lak Mir Colors INVIF02024000000781 2024 yil Zilolapaga',1,800.000000,1.000000,1732302000,13),(8335,1,7,'173.Lak Mir Colors INVIF02024000000792 2024 yil Zilolapaga',1,800.000000,1.000000,1732302000,13),(8336,1,7,'174.Lak Mir Colors INVIF02024000000789-790 2024 yil Zilolapaga',1,800.000000,1.000000,1732302000,13),(8337,1,7,'175.Lak Mir Colors INVIF02024000000375 2024 yil Zilolapaga',1,800.000000,1.000000,1732302000,13),(8338,1,2,'1 Baxtiyor aka Prarab Suvoqchilaga Reyka',2,700000.000000,1.000000,1732302000,52),(8340,1,2,'Ovqat puli Bollaga Yakshanbali',2,160000.000000,1.000000,1732302000,21),(8341,1,82,'Gaz',2,107000.000000,1.000000,1732302000,26),(8342,1,67,'R3 Abdulaziz Jiyanga Berdim',2,3000000.000000,1.000000,1732302000,NULL),(8343,1,4,'Oylik',1,539.850000,1.000000,1719687600,NULL),(8344,1,4,'Oylik',1,267.000000,1.000000,1732388400,NULL),(8346,1,4,'Oylik',1,100.000000,1.000000,1732474800,NULL),(8347,1,4,'Oylik',1,2023.700000,1.000000,1732388400,NULL),(8348,1,4,'Oylik',1,10.000000,1.000000,1732474800,NULL),(8349,1,7,'176.Lak Mir Colors INVIF02024000000801-802 2024 yil Mardikor',2,1000000.000000,1.000000,1732474800,14),(8350,1,7,'177.Lak Mir Colors INVIF02024000000810 2024 yil Mardikor',2,1000000.000000,1.000000,1732474800,14),(8351,1,7,'178.Lak Mir Colors INVIF2202400000016-17-18 2024 yil Mardikor',2,1000000.000000,1.000000,1732474800,14),(8352,1,57,'Gukan Turk Lakchi Oylik oktyabr 2024 yil ',1,100.000000,1.000000,1732474800,85),(8353,1,5,'Yulkira',1,30300.000000,1.000000,1732474800,44),(8354,1,67,'R3 5300 kassa r3 uylaridan 1600 jami. 6900',1,5300.000000,1.000000,1732474800,NULL),(8355,1,88,'Gaz va Obed 5 kishi',2,450000.000000,1.000000,1732474800,56),(8356,1,2,'Bozor',2,2960000.000000,1.000000,1732474800,21),(8357,1,2,'Moyishi Sredstva',2,100000.000000,1.000000,1732474800,68),(8358,1,82,'logistika',2,980000.000000,1.000000,1732474800,77),(8359,1,82,'Gaz',2,404000.000000,1.000000,1732474800,26),(8360,1,2,'Mardikor ishladi sklad Tozaladi',2,1200000.000000,1.000000,1732474800,23),(8361,1,82,'logistika',2,50000.000000,1.000000,1732474800,26),(8362,1,2,'Mardikor ishladi sklad Tozaladi',2,500000.000000,1.000000,1732474800,23),(8363,1,88,'Gaz va Obed',2,200000.000000,1.000000,1732474800,65),(8364,1,67,'R3',2,2000000.000000,1.000000,1732561200,NULL),(8365,1,88,'Gaz va Obed',2,100000.000000,1.000000,1732561200,65),(8366,1,7,'Ujin',2,420000.000000,1.000000,1732474800,16),(8367,1,88,'Gaz va Obed',2,480000.000000,1.000000,1732561200,56),(8368,1,2,'1 Baxtiyor aka Prarab 2chi Etajga Taxta olindi',2,5500000.000000,1.000000,1732561200,52),(8369,1,2,'1 Baxtiyor aka Prarab Qum olindi',2,845000.000000,1.000000,1732561200,52),(8370,1,2,'Labo 200 Moy Almashtirildi',2,323000.000000,1.000000,1732561200,63),(8371,1,2,'Obed',2,179000.000000,1.000000,1732561200,21),(8372,1,2,'1 Baxtiyor aka Prarab Perfaratorchi buzdi',2,1500000.000000,1.000000,1732561200,52),(8373,1,82,'logistika',2,1167000.000000,1.000000,1732561200,58),(8374,1,82,'Gaz',2,200000.000000,1.000000,1732561200,26),(8375,1,91,'Kashtan Lakchiga va Ish Yurutuvchuga  Noyabrga 2024 yil',1,200.000000,1.000000,1732561200,84),(8376,1,91,'Keng Makon Lakchiga Quliga Ulugbek Noyabr 2024 yil',1,100.000000,1.000000,1732561200,83),(8377,1,91,'Keng Makon Lakchiga Quliga Jalol Noyabrga 2024 yil',1,100.000000,1.000000,1732561200,83),(8378,1,91,'Akbar Rich Kraskachiga Noyabr 2024 yil',1,100.000000,1.000000,1732561200,80),(8379,1,2,'Karra shtabilor 1500 kg 3 metg olindi',1,2700.000000,1.000000,1732561200,63),(8380,1,91,'Mix info lakchiga Quliga Noyabr 2014 yil ',1,200.000000,1.000000,1732561200,82),(8381,1,4,'Oylik',1,100.000000,1.000000,1732561200,NULL),(8382,1,67,'R3',2,4000000.000000,1.000000,1732647600,NULL),(8383,1,7,'179.Lak Mir Colors INVIF02024000000811 2024 yil Mardikor',2,1000000.000000,1.000000,1732647600,14),(8384,1,7,'180.Lak Mir Colors INVIF02024000000805-806 2024 yil Mardikor',2,1000000.000000,1.000000,1732647600,14),(8385,1,7,'Ujin',2,200000.000000,1.000000,1732561200,16),(8386,1,2,'Strech  shponga',2,426000.000000,1.000000,1732647600,67),(8387,1,88,'Gaz va Obed 5 kishi',2,350000.000000,1.000000,1732647600,56),(8388,1,5,'Pasuda 3kg 900x0,55=495',1,495.000000,1.000000,1732647600,46),(8389,1,67,'R3',2,1000000.000000,1.000000,1732647600,NULL),(8390,1,2,'Obed',2,100000.000000,1.000000,1732647600,21),(8391,1,82,'logistika',2,241000.000000,1.000000,1732647600,26),(8392,1,5,'Yulkira',1,30300.000000,1.000000,1732647600,44),(8393,1,82,'Gaz',2,220000.000000,1.000000,1732647600,26),(8394,1,4,'Oylik',1,3363.000000,1.000000,1725044400,NULL),(8395,1,2,'1 Baxtiyor aka Prarab 2chi Etajga Ish Xaqqi',2,10000000.000000,1.000000,1732734000,52),(8396,1,2,'1 Baxtiyor aka Prarab 2chi Etajga  Sim, Disk, Sim ',2,245000.000000,1.000000,1732734000,52),(8397,1,4,'Oylik',1,50.000000,1.000000,1732734000,NULL),(8398,1,2,'Obed',2,95000.000000,1.000000,1732734000,21),(8399,1,88,'Gaz va Obed 7 kishi',2,550000.000000,1.000000,1732734000,56),(8400,1,91,'Rasulov lakchiga Otebekga Astar,Kraska Nachalnik Dekabrga 2024 yil ',1,100.000000,1.000000,1732734000,81),(8401,1,82,'logistika',2,462000.000000,1.000000,1732734000,58),(8402,1,2,'1 Baxtiyor aka Prarab Musor tukildi',2,500000.000000,1.000000,1732734000,52),(8403,1,82,'Gaz',2,299000.000000,1.000000,1732734000,26),(8404,1,7,'Ujin',2,300000.000000,1.000000,1732734000,16),(8405,1,5,'Yulkira',1,29290.000000,1.000000,1732734000,44),(8406,1,7,'181.Lak Mir Colors INVIF02024000000825-826-827 2024 yil Mardikor',2,1000000.000000,1.000000,1732734000,14),(8407,1,67,'R3',1,300.000000,1.000000,1732820400,NULL),(8408,1,7,'Ujin',2,300000.000000,1.000000,1732820400,16),(8409,1,88,'Gaz va Obed 6 kishi',2,550000.000000,1.000000,1732820400,56),(8410,1,2,'Obed',2,259000.000000,1.000000,1732820400,21),(8411,1,2,'Mardikor ishladi sklad Tozaladi',2,1200000.000000,1.000000,1732734000,23),(8412,1,82,'logistika',2,140000.000000,1.000000,1732820400,26),(8413,1,57,'Gukan Turk Lakchi Oylik oktyabr 2024 yil ',1,100.000000,1.000000,1732820400,85),(8414,1,82,'Gaz ',2,80000.000000,1.000000,1732820400,26),(8415,1,88,'Gaz',2,80000.000000,1.000000,1732820400,65),(8416,1,5,'Yulkira',1,15150.000000,1.000000,1732820400,44),(8417,1,67,'R3 Prarabga 7171',1,4000.000000,1.000000,1732820400,NULL),(8418,1,4,'Oylik',1,2412.000000,1.000000,1727636400,NULL),(8419,1,45,'15000 (12830)',5,192450000.000000,1.000000,1730746800,53),(8420,1,79,'Kamisiya Swift Usluga Bank',5,862500.000000,1.000000,1730746800,NULL),(8421,1,79,'Kamisiya Swift Usluga Bank',5,575555.400000,1.000000,1730746800,NULL),(8422,1,88,'Gaz va Obed 7 kishi',2,550000.000000,1.000000,1732906800,56),(8423,1,4,'Oylik',1,35.500000,1.000000,1732906800,NULL),(8424,1,82,'logistika',2,230000.000000,1.000000,1732906800,26),(8425,1,2,'Obed',2,363000.000000,1.000000,1732906800,21),(8426,1,2,'Ovqat puli Bollaga Yakshanbali',2,160000.000000,1.000000,1732906800,21),(8427,1,2,'Mardikor ishladi sklad Tozaladi',2,800000.000000,1.000000,1732906800,23),(8428,1,4,'Oylik',1,487.000000,1.000000,1732993200,NULL),(8429,1,4,'Oylik',1,163.680000,1.000000,1732993200,NULL),(8430,1,5,'Yulkira',1,21210.000000,1.000000,1732906800,44),(8431,1,2,'1 Baxtiyor aka Prarab Suvoqchilaga Ish Xaqqi',1,2800.000000,1.000000,1733079600,52),(8432,1,67,'R3',1,300.000000,1.000000,1733079600,NULL),(8433,1,67,'Oylik Plastik',5,3960000.000000,1.000000,1733079600,NULL),(8434,1,4,'Oylik Plastik',1,299.610000,1.000000,1733079600,NULL),(8435,1,67,'Oylik Plastik',5,3080000.000000,1.000000,1733079600,NULL),(8436,1,5,'Yulkira',1,95950.000000,1.000000,1733079600,44),(8437,1,82,'Gaz',2,365000.000000,1.000000,1733079600,26),(8438,1,88,'Gaz va Obed',2,350000.000000,1.000000,1733079600,56),(8439,1,2,'1 Baxtiyor aka Prarab Lesa arenda',2,1000000.000000,1.000000,1733079600,52),(8440,1,88,'Gaz va Obed',2,200000.000000,1.000000,1733079600,65),(8441,1,82,'logistika',2,1740000.000000,1.000000,1733079600,58),(8442,1,2,'Gps 8 ta Moshina Abonentskiy plata',2,363600.000000,1.000000,1733079600,63),(8443,1,2,'Bozor',2,3851000.000000,1.000000,1733079600,21),(8444,1,57,'Uy arenda Gukan va Yusuf turk lakchi Dekabr 2024 yil ',1,600.000000,1.000000,1733079600,49),(8445,1,57,'Yusuf Turk va Gukan Lakchi Registrasiya qilindi',2,445000.000000,1.000000,1733079600,NULL),(8446,1,7,'182.Lak Mir Colors INVIF02024000000824 2024 yil Mardikor',2,1000000.000000,1.000000,1733079600,14),(8447,1,7,'Ujin',2,50000.000000,1.000000,1733079600,16),(8448,1,88,'Gaz va Obed 6 kishi',2,500000.000000,1.000000,1733166000,56),(8449,1,88,'Gaz va Obed',2,100000.000000,1.000000,1733166000,65),(8450,1,2,'953160500, 333160500',2,100000.000000,1.000000,1733166000,18),(8451,1,82,'logistika',2,510000.000000,1.000000,1733166000,61),(8452,1,82,'Gaz',2,80000.000000,1.000000,1733166000,26),(8453,1,2,'1 Baxtiyor aka Prarab 2chi Etajga Shpon Skladga',1,4815.000000,1.000000,1733166000,52),(8454,1,91,'Rasulov lakchiga Otebekga Astar,Kraska Nachalnik Dekabrga 2024 yil',1,100.000000,1.000000,1733166000,81),(8455,1,5,'165.Cobler OOO Oneelite Trade Stabil 2024 yil Yulkira',1,30970.000000,1.000000,1733166000,44),(8456,1,82,'logistika',2,1335000.000000,1.000000,1733166000,58),(8457,1,2,'Obed',2,68000.000000,1.000000,1733166000,21),(8458,1,4,'Oylik',1,100.000000,1.000000,1733166000,NULL),(8459,1,82,'Gaz',2,172000.000000,1.000000,1733166000,26),(8460,1,45,'85000 (12880)',5,1095650000.000000,1.000000,1733079600,53),(8461,1,7,'182.Lak Mir Colors INVIF02024000000824 2024 yil Rastamoshkaga',5,82207677.200000,1.000000,1733079600,17),(8462,1,80,'Оплата за 36 Социальный налог за ноябрь 2024г.',5,5903181.870000,1.000000,1733079600,NULL),(8463,1,80,'Оплата за 46 Налог на доходы физических лиц (НДФЛ) за ноябрь 2024г. ',5,5853988.680000,1.000000,1733079600,NULL),(8464,1,79,'Kamisiya Swift Usluga Bank',5,3277260.000000,1.000000,1733079600,NULL),(8465,1,7,'OOO HighwayLogistics Center   Предоплата 100% за хранение автомобиля,оформление документов',5,2002000.000000,1.000000,1733079600,17),(8466,1,2,'АК Узбектелеком ф-л ТШТТ Предоплата 100% за доступ к сети интернет за декабрь -  2024 года',5,500500.000000,1.000000,1733079600,18),(8467,1,79,'Комиссия за пользование по Internet-Банк-Клиент за  2024 г.(02.12.2024) ',5,225000.000000,1.000000,1733079600,NULL),(8468,1,80,'Сергели тумани ДСИ Оплата за 101 Отчисление в ИНПС за ноябрь 2024г. ',5,49193.190000,1.000000,1733079600,NULL),(8469,1,79,'Kamisiya Swift Usluga Bank',5,862500.000000,1.000000,1733079600,NULL),(8470,1,79,'Kamisiya Swift Usluga Bank',5,12500.000000,1.000000,1733079600,NULL),(8471,1,79,'Kamisiya Swift Usluga Bank',5,2500.000000,1.000000,1733079600,NULL),(8472,1,79,'Kamisiya Swift Usluga Bank',5,2500.000000,1.000000,1733079600,NULL),(8473,1,67,'Oylik Plastik Buxgalter',5,2915000.000000,1.000000,1733079600,NULL),(8474,1,45,'59000 (12815)',5,756085000.000000,1.000000,1730833200,53),(8475,1,79,'Kamisiya Swift Usluga Bank',5,2261171.460000,1.000000,1730833200,NULL),(8476,1,79,'Kamisiya Swift Usluga Bank',5,862500.000000,1.000000,1730833200,NULL),(8477,1,45,'28000 (12850)',5,359800000.000000,1.000000,1731006000,53),(8478,1,85,'Оплата за 44 Налог на имущество с юридических лиц за ноябрь 2024 года',5,7852000.000000,1.000000,1731006000,35),(8479,1,85,'Оплата за 53 Налог на землю с юридических лиц за ноябрь 2024 года ',5,2747250.000000,1.000000,1731006000,36),(8480,1,79,'Kamisiya Swift Usluga Bank',5,1075960.200000,1.000000,1731006000,NULL),(8481,1,79,'Kamisiya Swift Usluga Bank',5,862500.000000,1.000000,1731006000,NULL),(8482,1,7,'166.Lak Mir Colors INVIF02024000000356 2024 yil Rastamoshkaga',5,85832936.690000,1.000000,1731265200,17),(8483,1,7,'167.Lak Mir Colors INVIF02024000000758 2024 yil Rastamoshkaga',5,49685340.770000,1.000000,1731265200,17),(8484,1,85,'оплата 100% эл.энергия за ОКТЯБРЬ  2024  года, согл. дог.№ 748 от 01.01.2022 года ',5,2047815.000000,1.000000,1731265200,38),(8485,1,80,'ООО \"Didox Tech\" ',5,132432.300000,1.000000,1731265200,NULL),(8486,1,5,'Kanistira (450gr) 2000 sht 14280 sum ООО \"MAVERA PLASTICS\"',5,28588560.000000,1.000000,1731351600,45),(8487,1,79,'Kamisiya Swift Usluga Bank',5,862500.000000,1.000000,1731351600,NULL),(8488,1,79,'Kamisiya Swift Usluga Bank',5,775910.890000,1.000000,1731351600,NULL),(8489,1,45,'20200 (12845)',5,259469000.000000,1.000000,1731351600,53),(8490,1,79,'Kamisiya Swift Usluga Bank',5,2341188.540000,1.000000,1731438000,NULL),(8491,1,79,'Kamisiya Swift Usluga Bank',5,862500.000000,1.000000,1731438000,NULL),(8492,1,80,'Научно информ.центр ГНК РУз ',5,35035.000000,1.000000,1731438000,NULL),(8493,1,67,'Oylik',1,5300.000000,1.000000,1733252400,NULL),(8494,1,67,'R3',2,341000.000000,1.000000,1733252400,NULL),(8495,1,5,'Yulkira',1,22220.000000,1.000000,1733252400,44),(8496,1,88,'Gaz va Obed 6 kishi',2,500000.000000,1.000000,1733252400,56),(8497,1,2,'330844441, 773160500',2,85000.000000,1.000000,1733252400,18),(8498,1,2,'Obed',2,95000.000000,1.000000,1733252400,21),(8499,1,82,'Gaz',2,311000.000000,1.000000,1733252400,26),(8500,1,2,'Nukusga Odil oga Ishchisi Keldi otelga tuladik',2,1750000.000000,1.000000,1733252400,63),(8501,1,45,'61000 (12835)',5,782935000.000000,1.000000,1731438000,53),(8502,1,7,'168.Emulsiya Mir Colors INVIF12024000000365-365-367-368 2024 yil Rastamoshkaga',5,66964097.590000,1.000000,1731524400,17),(8503,1,79,'Kamisiya Swift Usluga Bank',5,862500.000000,1.000000,1731524400,NULL),(8504,1,79,'Kamisiya Swift Usluga Bank',5,768481.800000,1.000000,1731524400,NULL),(8505,1,45,'20000 (12850)',5,257000000.000000,1.000000,1731524400,53),(8506,1,7,'169.Lak Mir Colors INVIF02024000000761 2024 yil Rastamoshkaga',5,51904217.940000,1.000000,1731610800,17),(8507,1,7,'170.Lak Mir Colors INVIF02024000000767 2024 yil Rastamoshkaga',5,89816098.680000,1.000000,1731610800,17),(8508,1,7,'OOO HighwayLogistics Center   Предоплата 100% за хранение автомобиля,оформление документов',5,2002000.000000,1.000000,1731610800,17),(8509,1,80,'Оплата за 138 Налог на доходы, получ в в виде дивидендов физ.лица ',5,20757500.000000,1.000000,1731870000,NULL),(8510,1,79,'Kamisiya Swift Usluga Bank',5,2075750.000000,1.000000,1731870000,NULL),(8511,1,80,'Оплата за 138 Налог на доходы, получ в в виде дивидендов физ.лица ',5,16894736.840000,1.000000,1731956400,NULL),(8512,1,79,'Kamisiya Swift Usluga Bank',5,1605000.000000,1.000000,1731956400,NULL),(8513,1,85,'АО\"Тошкент шахар сув таъминоти\"  за период 01.10.2024-31.10.2024',5,311622.020000,1.000000,1731956400,37),(8514,1,7,'171.Lak Mir Colors INVIF12024000000371-372-373 2024 yil Rastamoshkaga',5,91053537.900000,1.000000,1732042800,17),(8515,1,80,'Оплата за 138 Налог на доходы, получ в в виде дивидендов физ.лица',5,16907894.740000,1.000000,1732042800,NULL),(8516,1,7,'ЧП  SHBS DEKLARANT SERVIS    ',5,5465460.000000,1.000000,1732042800,15),(8517,1,79,'Kamisiya Swift Usluga Bank',5,1606250.000000,1.000000,1732042800,NULL),(8518,1,79,'Kamisiya Swift Usluga Bank',5,1000.000000,1.000000,1732042800,NULL),(8519,1,7,'172.173.Lak Mir Colors INVIF0202400000078, INV7921 2024 yil Rastamoshkaga',5,136004614.040000,1.000000,1732129200,17),(8520,1,79,'Kamisiya Swift Usluga Bank',5,80500.000000,1.000000,1732129200,NULL),(8521,1,7,'174.Lak Mir Colors INVIF02024000000789-790 2024 yil Rastamoshkaga',5,84702365.720000,1.000000,1732215600,17),(8522,1,7,'175.Lak Mir Colors INVIF02024000000801-802 2024 yil Rastamoshkaga',5,49766048.740000,1.000000,1732215600,17),(8523,1,7,'ЧП  SHBS DEKLARANT SERVIS',5,2102100.000000,1.000000,1732215600,15),(8524,1,7,'OOO HighwayLogistics Center   Предоплата 100% за хранение автомобиля,оформление документов',5,2002000.000000,1.000000,1732215600,17),(8525,1,7,'176.Lak Mir Colors INVIF02024000000801-802 2024 yil Rastamoshkaga',5,81468149.510000,1.000000,1732474800,17),(8526,1,7,'177.Lak Mir Colors INVIF02024000000810 2024 yil Rastamoshkaga',5,49708492.520000,1.000000,1732474800,17),(8527,1,7,'178.Lak Mir Colors INVIF2202400000016-17-18 2024 yil Rastamoshkaga',5,87174693.300000,1.000000,1732474800,17),(8528,1,79,'ЧП \"MIR COLORS\" аренда терминала ',5,25000.000000,1.000000,1732474800,NULL),(8529,1,79,'Kamisiya Swift Usluga Bank',5,862500.000000,1.000000,1732561200,NULL),(8530,1,91,'Kamisiya Swift Usluga Bank',5,845775.480000,1.000000,1732561200,NULL),(8531,1,45,'22000 (12855)',5,282810000.000000,1.000000,1732561200,53),(8532,1,7,'179.Lak Mir Colors INVIF02024000000811 2024 yil Rastamoshkaga',5,50000000.000000,1.000000,1732647600,17),(8533,1,7,'180.Lak Mir Colors INVIF02024000000805-806 2024 yil Rastamoshkaga',5,88000000.000000,1.000000,1732647600,17),(8534,1,7,'181.Lak Mir Colors INVIF02024000000825-826-827 2024 yil Rastamoshkaga',5,78635811.630000,1.000000,1732734000,17),(8535,1,2,'Ofisga Akfa Quyildi',1,1000.000000,1.000000,1733338800,52),(8536,1,88,'Gaz va Obed',2,400000.000000,1.000000,1733338800,56),(8537,1,88,'Gaz va Obed',2,100000.000000,1.000000,1733338800,65),(8538,1,2,'Obed',2,108000.000000,1.000000,1733338800,21),(8539,1,67,'R3 Rustam Sntexnikga',2,1100000.000000,1.000000,1733338800,NULL),(8540,1,2,'Musor Tukildi',2,500000.000000,1.000000,1733338800,52),(8541,1,57,'Yusuf Turk Lakchi Ovqat Puli Dekabr uchun 2024 yil ',2,1284000.000000,1.000000,1733338800,49),(8542,1,82,'logistika',2,633000.000000,1.000000,1733338800,58),(8543,1,82,'Gaz',2,372000.000000,1.000000,1733338800,26),(8544,1,5,'Yulkira',1,40400.000000,1.000000,1733338800,44),(8545,1,2,'1 Baxtiyor aka Prarab 2chi Etajga Shpon Skladga Xom Ashyo',2,855000.000000,1.000000,1733338800,52),(8546,1,79,'Kamisiya Swift Usluga Bank',5,862500.000000,1.000000,1732734000,NULL),(8547,1,79,'Kamisiya Swift Usluga Bank',5,578177.100000,1.000000,1732734000,NULL),(8548,1,45,'15000',5,193350000.000000,1.000000,1732734000,53),(8550,1,79,'Kamisiya Swift Usluga Bank',5,862500.000000,1.000000,1732820400,NULL),(8551,1,79,'Kamisiya Swift Usluga Bank',5,771903.000000,1.000000,1732820400,NULL),(8552,1,45,'20000 (12905)',5,258100000.000000,1.000000,1732820400,53),(8554,1,79,'% Terminal',5,2776418.920000,1.000000,1732906800,NULL),(8555,1,45,'20000 (12880)',5,257600000.000000,1.000000,1733166000,53),(8556,1,79,'Kamisiya Swift Usluga Bank',5,770299.800000,1.000000,1733166000,NULL),(8557,1,79,'Kamisiya Swift Usluga Bank',5,862500.000000,1.000000,1733166000,NULL),(8558,1,80,'Оплата за 138 Налог на доходы, получ в в виде дивидендов физ.лица ',5,11197763.160000,1.000000,1733252400,NULL),(8559,1,79,'Kamisiya Swift Usluga Bank',5,960000.000000,1.000000,1733252400,NULL),(8560,1,80,'ООО \"Didox Tech\" ',5,151351.200000,1.000000,1733252400,NULL),(8561,1,7,'ЧП  SHBS DEKLARANT SERVIS  ',5,2152550.400000,1.000000,1733338800,15),(8562,1,67,'R3',1,200.000000,1.000000,1733425200,NULL),(8563,1,2,'977844441, 957904441',2,115000.000000,1.000000,1733425200,18),(8564,1,88,'Gaz va Obed 4 kishi',2,500000.000000,1.000000,1733425200,56),(8565,1,2,'Obed',2,116000.000000,1.000000,1733425200,21),(8566,1,82,'Gaz',2,185000.000000,1.000000,1733425200,26),(8567,1,5,'Yulkira',1,20200.000000,1.000000,1733425200,44),(8568,1,88,'Gaz va Obed 4 kishi',2,350000.000000,1.000000,1733511600,56),(8569,1,2,'Obed',2,150000.000000,1.000000,1733511600,21),(8570,1,2,'Moyishi Sredstva',2,84000.000000,1.000000,1733511600,68),(8571,1,2,'99784444, 770844441',2,80000.000000,1.000000,1733511600,18),(8572,1,82,'Gaz',2,120000.000000,1.000000,1733511600,26),(8573,1,88,'Gaz',2,90000.000000,1.000000,1733511600,65),(8574,1,65,'Nabi Petrol',1,500.000000,1.000000,1733511600,NULL),(8575,1,2,'1 Baxtiyor aka Prarab Suvoqchilarga Ish Xaqqi',2,47900000.000000,1.000000,1733511600,52),(8576,1,2,'Ovqat puli Bollaga Yakshanbali',2,200000.000000,1.000000,1733511600,21),(8577,1,5,'Yulkira',1,20200.000000,1.000000,1733511600,44),(8578,1,88,'Benzin',2,100000.000000,1.000000,1733511600,65),(8579,1,67,'R3',2,1000000.000000,1.000000,1733511600,NULL),(8580,1,4,'Oylik',1,157.320000,1.000000,1733598000,NULL),(8581,1,2,'Bozor',2,2921000.000000,1.000000,1733684400,21),(8582,1,2,'Moyishi Sredstva',2,238000.000000,1.000000,1733684400,68),(8583,1,88,'Gaz va Obed 6 kishi',2,500000.000000,1.000000,1733684400,56),(8584,1,2,'Xom ashyo Salafan Angar skladni darvoza qilindi salafandan',2,405000.000000,1.000000,1733684400,52),(8585,1,2,'Labo 001 Akumlyator olindi',2,485000.000000,1.000000,1733684400,63),(8586,1,91,'Atxam Lakchiga Akbar Rich Dekabrga 2024 yil',1,100.000000,1.000000,1733684400,80),(8587,1,82,'Gaz',2,336000.000000,1.000000,1733684400,26),(8588,1,5,'Yulkira',1,10100.000000,1.000000,1733684400,44),(8589,1,62,'Nimcha Plashovkali 1000x80000, Avans 32000000 sum berdik',2,32000000.000000,1.000000,1733770800,NULL),(8590,1,57,'Oylik',1,800.000000,1.000000,1733770800,50),(8591,1,7,'183.Lak Mir Colors INVIF02024000000835 2024 yil Rastamoshkaga',5,86813719.760000,1.000000,1733770800,17),(8592,1,7,'184.Lak Mir Colors INVIF02024000000837 2024 yil Rastamoshkaga',5,62715869.010000,1.000000,1733770800,17),(8593,1,7,'184.Lak Mir Colors INVIF02024000000837 2024 yil Rastamoshkaga Qushimcha tulandi',5,1400000.000000,1.000000,1733770800,17),(8594,1,7,'183.Lak Mir Colors INVIF02024000000835 2024 yil Mardikor',2,1000000.000000,1.000000,1733770800,14),(8595,1,7,'184.Lak Mir Colors INVIF02024000000837 2024 yil Mardikor',2,1000000.000000,1.000000,1733770800,14),(8596,1,7,'Ujin',2,140000.000000,1.000000,1733770800,16),(8597,1,88,'Gaz va Obed',2,670000.000000,1.000000,1733770800,56),(8598,1,2,'Obed',2,100000.000000,1.000000,1733770800,21),(8599,1,4,'Oylik',1,38.940000,1.000000,1733770800,NULL),(8600,1,82,'logistika',2,1050000.000000,1.000000,1733770800,77),(8601,1,2,'Strech  shponga',2,800000.000000,1.000000,1733770800,67),(8602,1,2,'lampochka, kondi tuzatdi',2,250000.000000,1.000000,1733770800,52),(8603,1,82,'Gaz',2,802000.000000,1.000000,1733770800,26),(8604,1,5,'Yulkira',1,10100.000000,1.000000,1733770800,44),(8605,1,66,'R2',1,20000.000000,1.000000,1733770800,NULL),(8606,1,82,'logistika',2,1542000.000000,1.000000,1733857200,58),(8607,1,88,'Gaz va Obed 6 kishi',2,600000.000000,1.000000,1733857200,56),(8608,1,88,'Remond Svecha va boshqa',2,455000.000000,1.000000,1733857200,74),(8609,1,2,'Obed',2,100000.000000,1.000000,1733857200,21),(8611,1,82,'Benzin',2,260000.000000,1.000000,1733857200,26),(8612,1,2,'Ofisga Akfa Quyildi',1,290.000000,1.000000,1733857200,52),(8613,1,67,'R3 Aviyakassaga chilonzorga',2,26234907.000000,1.000000,1733857200,NULL),(8614,1,82,'Benzin',2,100000.000000,1.000000,1733857200,26),(8616,1,7,'Ujin',2,119000.000000,1.000000,1733857200,16),(8617,1,2,'Emulsiya Xonaga Abagrivatel Elektrik Uladi Ish Xaqqi',2,600000.000000,1.000000,1733943600,52),(8618,1,67,'R3 moni qarzi 259 ayirib quib uzlariga yozdirdila',1,259.000000,1.000000,1733943600,NULL),(8619,1,67,'R3',1,1000.000000,1.000000,1733943600,NULL),(8620,1,7,'185.Lak Mir Colors INVIF02024000000844-845 2024 yil Mardikor',2,1000000.000000,1.000000,1733943600,14),(8621,1,7,'186.Lak Mir Colors INVIF02024000000849-850 2024 yil Mardikor',2,1000000.000000,1.000000,1733943600,14),(8622,1,2,'Abdulaziz Tom Usta Katel tepasi tomni tuzatti',2,1300000.000000,1.000000,1733943600,52),(8623,1,2,'Katelniga Elektrik Katyol 24 talik olindi',1,500.000000,1.000000,1733943600,52),(8624,1,2,'Katelniga Elektrik Katyol 24 talik olindi',2,384000.000000,1.000000,1733943600,52),(8625,1,5,'Yulkira',1,40400.000000,1.000000,1733943600,44),(8626,1,2,'Obed',2,560000.000000,1.000000,1733943600,21),(8627,1,82,'Benzin',2,397000.000000,1.000000,1733943600,26),(8628,1,88,'Gaz va Obed',2,600000.000000,1.000000,1733943600,56),(8629,1,82,'logistika',2,486000.000000,1.000000,1733943600,61),(8630,1,2,'Shponga Programma qilindi avans',2,300000.000000,1.000000,1733943600,63),(8631,1,82,'logistika',2,978000.000000,1.000000,1733943600,58),(8632,1,82,'Benzin',2,183000.000000,1.000000,1733943600,26),(8633,1,2,'1 Baxtiyor aka Prarab 2chi Etajga Taxta , Elektrod, samarez, Ish Xaqqi',2,10910000.000000,1.000000,1733943600,52),(8635,1,7,'Ujin',2,200000.000000,1.000000,1733943600,16),(8636,1,4,'Oylik',1,100.000000,1.000000,1733943600,NULL),(8638,1,88,'Damas 002 Remont qilindi',2,454500.000000,1.000000,1733943600,73),(8639,1,2,'1 Baxtiyor aka Prarab 2chi Etajga Shpon Skladga Xom Ashyo ',2,944000.000000,1.000000,1734030000,52),(8641,1,82,'Benzin',2,100000.000000,1.000000,1734030000,26),(8642,1,88,'Gaz va Obed',2,410000.000000,1.000000,1734030000,56),(8643,1,82,'Benzin',2,510000.000000,1.000000,1734030000,26),(8644,1,2,'Obed',2,98000.000000,1.000000,1734030000,21),(8645,1,2,'Rustam Santexnik Xom ashyo Boylerga Ten Olindi',2,508000.000000,1.000000,1734030000,63),(8646,1,57,'Gukan Turk Lakchi Oylik oktyabr 2024 yil',1,100.000000,1.000000,1734030000,85),(8647,1,62,'Vizitka qilindi Islom',2,606000.000000,1.000000,1734030000,87),(8648,1,2,'Shponga Programma qilindi ',2,1010000.000000,1.000000,1734030000,63),(8649,1,5,'Yulkira',1,28280.000000,1.000000,1734030000,44),(8651,1,2,'Skladdagi Ishchilarga Etik Olindi',2,747400.000000,1.000000,1734030000,63),(8652,1,88,'Gaz va Obed',2,450000.000000,1.000000,1734116400,56),(8653,1,82,'Benzin',2,660000.000000,1.000000,1734116400,26),(8654,1,2,'1 Baxtiyor aka Prarab 2chi Etajga Shpon Skladga Xom Ashyo Elektrod ',2,550000.000000,1.000000,1734116400,52),(8655,1,2,'Obed',2,737000.000000,1.000000,1734116400,21),(8656,1,2,'Paket',2,50000.000000,1.000000,1734116400,67),(8657,1,2,'Rustam Santexnik , Shit , Aftomat, Filtir, Katyol Materiali',2,1332000.000000,1.000000,1734116400,52),(8658,1,2,'Mardikor ishladi sklad Tozaladi',2,600000.000000,1.000000,1734116400,23),(8659,1,2,'Ovqat puli Bollaga Yakshanbali',2,200000.000000,1.000000,1734116400,21),(8660,1,5,'Yulkira',1,12120.000000,1.000000,1734116400,44),(8661,1,82,'Benzin',2,600000.000000,1.000000,1734289200,26),(8663,1,5,'Yulkira',1,5000.000000,1.000000,1734202800,44),(8664,1,4,'Oylik',1,550.000000,1.000000,1734202800,NULL),(8665,1,2,'Rustam Santexnik Elektro Ktyol Ustanivka va Elektrik sim utkazdi ish xaqqi',2,3200000.000000,1.000000,1734116400,52),(8666,1,62,'M Faktorga Xomilik qilindi va qatnashdik',1,2000.000000,1.000000,1734289200,NULL),(8667,1,4,'Oylik',1,790.980000,1.000000,1734202800,NULL),(8668,1,67,'R3',2,1515000.000000,1.000000,1734289200,NULL),(8669,1,88,'Gaz va Obed',2,200000.000000,1.000000,1734289200,56),(8670,1,2,'Labo 300 , Remont katbirator qilindi',2,404000.000000,1.000000,1734289200,63),(8671,1,2,'Rustam Santexnik Ish Xaqqi',2,200000.000000,1.000000,1734289200,52),(8672,1,2,'Bozor',2,3364000.000000,1.000000,1734289200,21),(8673,1,82,'Benzin',2,490000.000000,1.000000,1734289200,26),(8674,1,88,'Gaz va Obed',2,254000.000000,1.000000,1734289200,65),(8675,1,82,'Benzin',2,200000.000000,1.000000,1734289200,26),(8676,1,4,'Oylik',1,313.000000,1.000000,1734289200,NULL),(8677,1,7,'187.Lak Mir Colors INVIF2024000000406 2024 yil Mardikor',2,1000000.000000,1.000000,1734289200,14),(8678,1,7,'Ujin',2,155000.000000,1.000000,1734289200,16),(8679,1,2,'Siroj Xorazim Dillier Ujin qilindi',2,1222000.000000,1.000000,1734289200,63),(8680,1,88,'Gaz va Obed',2,450000.000000,1.000000,1734375600,56),(8681,1,2,'Suv 30x20000',2,600000.000000,1.000000,1734375600,19),(8682,1,5,'Yulkira',1,63530.000000,1.000000,1734375600,44),(8683,1,2,'Perchatka, Marli, Lezva, Skoch, Marker',2,850000.000000,1.000000,1734375600,67),(8684,1,82,'Benzin',2,465000.000000,1.000000,1734375600,26),(8685,1,2,'Obed',2,75000.000000,1.000000,1734375600,21),(8686,1,82,'logistika',2,1718000.000000,1.000000,1734375600,58),(8687,1,82,'Benzin',2,100000.000000,1.000000,1734375600,26),(8688,1,67,'R3 Hamrodan stol stul olindi',1,1100.000000,1.000000,1734462000,NULL),(8689,1,88,'Gaz va Obed',2,450000.000000,1.000000,1734462000,56),(8690,1,2,'333160500',2,40000.000000,1.000000,1734462000,18),(8691,1,82,'logistika',2,290000.000000,1.000000,1734462000,61),(8692,1,2,'Obed',2,69000.000000,1.000000,1734462000,21),(8693,1,88,'Ibroxim va Islombek Xorazim va Nukusga Safarga Bilet olindi',2,5768000.000000,1.000000,1734462000,79),(8694,1,82,'logistika',2,1040000.000000,1.000000,1734462000,58),(8695,1,82,'Benzin',2,500000.000000,1.000000,1734462000,26),(8696,1,5,'Yulkira',1,17170.000000,1.000000,1734462000,44),(8697,1,57,'Gukan Turk Lakchi Oylik oktyabr 2024 yil ',1,500.000000,1.000000,1734462000,85),(8698,1,57,'Gukan Turk Lakchi Oylik Noyabr 2024 yil ',1,1000.000000,1.000000,1734462000,85),(8699,1,62,'M Faktorga Fudbolka Qilindi qora rang',2,16000000.000000,1.000000,1734462000,NULL),(8700,1,88,'Gaz va Obed',2,650000.000000,1.000000,1734548400,56),(8701,1,2,'Obed',2,99000.000000,1.000000,1734548400,21),(8702,1,2,'Labo 300 moy almashtirish',2,323000.000000,1.000000,1734548400,63),(8703,1,82,'logistika',2,150000.000000,1.000000,1734548400,58),(8704,1,82,'Gaz',2,710000.000000,1.000000,1734548400,26),(8705,1,67,'R3 933974542',1,1100.000000,1.000000,1734548400,NULL),(8706,1,88,'Gaz va Obed',2,400000.000000,1.000000,1734548400,65),(8707,1,2,'Musor Tukildi Oylik Dekabr',2,700000.000000,1.000000,1734548400,22),(8708,1,7,'188.Lak Mir Colors INVIF02024000000857 2024 yil Mardikor',2,1000000.000000,1.000000,1734548400,14),(8709,1,79,'Kamisiya Swift Usluga Bank',5,862500.000000,1.000000,1733425200,NULL),(8710,1,79,'Kamisiya Swift Usluga Bank',5,731714.700000,1.000000,1733425200,NULL),(8711,1,45,'19000 (12880)',5,244720000.000000,1.000000,1733425200,53),(8712,1,7,'184.Lak Mir Colors INVIF02024000000837 2024 yil Rastamoshkaga Qushimcha tulandi',5,5600000.000000,1.000000,1733770800,17),(8713,1,79,'Kamisiya Swift Usluga Bank',5,848842.500000,1.000000,1733770800,NULL),(8714,1,79,'Kamisiya Swift Usluga Bank',5,862500.000000,1.000000,1733770800,NULL),(8715,1,85,'оплата 100% эл.энергия за НОЯБРЬ  2024  года, согл. дог.№ 748 от 01.01.2022 года',5,3105810.000000,1.000000,1733770800,38),(8716,1,85,' Оплата 100% за газ природный за ноябрь  2024  года,',5,4831500.000000,1.000000,1733770800,39),(8717,1,45,'22000 (12900)',5,283800000.000000,1.000000,1733770800,53),(8718,1,85,'Оплата за 44 Налог на имущество с юридических лиц за декабрь 2024 года ',5,7852000.000000,1.000000,1733857200,35),(8719,1,85,'Оплата за 53 Налог на землю с юридических лиц за декабрь 2024 года ',5,2747250.000000,1.000000,1733857200,36),(8720,1,79,'Kamisiya Swift Usluga Bank',5,862500.000000,1.000000,1733857200,NULL),(8721,1,79,'Kamisiya Swift Usluga Bank',5,772441.200000,1.000000,1733857200,NULL),(8722,1,45,'20000 (12915)',5,258300000.000000,1.000000,1733857200,53),(8723,1,7,'185.Lak Mir Colors INVIF02024000000844-845 2024 yil Rastamoshkaga',5,70037567.300000,1.000000,1733943600,17),(8724,1,7,'185.Lak Mir Colors INVIF02024000000844-845 2024 yil Rastamoshkaga Qushimcha Tulandi',5,30000000.000000,1.000000,1733943600,17),(8725,1,7,'186.Lak Mir Colors INVIF02024000000849-850 2024 yil Rastamoshkaga',5,90127537.240000,1.000000,1733943600,17),(8726,1,5,'Kanistira (450gr) 2000 sht 14280 sum ООО \"MAVERA PLASTICS\"',5,28588560.000000,1.000000,1733943600,45),(8727,1,79,'Kamisiya Swift Usluga Bank',5,862500.000000,1.000000,1733943600,NULL),(8728,1,79,'Kamisiya Swift Usluga Bank',5,385969.800000,1.000000,1733943600,NULL),(8729,1,80,'Задолженность по 20% пени взыскиваемое в ФРНО втч пеня: 3184',5,318427.000000,1.000000,1733943600,NULL),(8730,1,45,'10000 (12905)',5,129050000.000000,1.000000,1733943600,53),(8731,1,7,'187.Lak Mir Colors INVIF2024000000406 2024 yil Rastamoshkaga',5,87000000.000000,1.000000,1734289200,17),(8732,1,79,'Kamisiya Swift Usluga Bank',5,464146.920000,1.000000,1734289200,NULL),(8733,1,79,'Kamisiya Swift Usluga Bank',5,580183.650000,1.000000,1734289200,NULL),(8734,1,79,'Kamisiya Swift Usluga Bank',5,862500.000000,1.000000,1734289200,NULL),(8735,1,79,'Kamisiya Swift Usluga Bank',5,862500.000000,1.000000,1734289200,NULL),(8736,1,45,'12000 (12935)',5,155220000.000000,1.000000,1734289200,53),(8737,1,85,'АО\"Тошкент шахар сув таъминоти\" ',5,345037.020000,1.000000,1734375600,37),(8738,1,79,'Kamisiya Swift Usluga Bank',5,862500.000000,1.000000,1734462000,NULL),(8739,1,79,'Kamisiya Swift Usluga Bank',5,1737436.500000,1.000000,1734462000,NULL),(8740,1,45,'45000 (12910)',5,580950000.000000,1.000000,1734462000,53),(8741,1,7,'188.Lak Mir Colors INVIF02024000000857 2024 yil Rastamoshkaga',5,94539154.270000,1.000000,1734548400,17),(8742,1,7,'OOO HighwayLogistics Center   Предоплата 100% за хранение автомобиля,оформление документов',5,2002000.000000,1.000000,1734548400,17),(8743,1,79,'Kamisiya Swift Usluga Bank',5,1774932.540000,1.000000,1734548400,NULL),(8744,1,79,'Kamisiya Swift Usluga Bank',5,862500.000000,1.000000,1734548400,NULL),(8745,1,79,'ЧП \"MIR COLORS\" аренда терминала ',5,25000.000000,1.000000,1734548400,NULL),(8746,1,45,'46000 (12905)',5,593630000.000000,1.000000,1734548400,53),(8747,1,45,'15000 (12920)',5,193800000.000000,1.000000,1734116400,53),(8748,1,67,'R3 Abdulaziz Jiyanga Berdim',2,1000000.000000,1.000000,1734634800,NULL),(8749,1,5,'Yulkira',1,20200.000000,1.000000,1734634800,44),(8750,1,2,'Sardor Xorazim Diller 2ta Sotuvchisiga 2ta samsung s24 ultra sovga qilindi',1,1950.000000,1.000000,1734634800,NULL),(8751,1,7,'Ujin',2,100000.000000,1.000000,1734548400,16),(8752,1,88,'Ibroxim va Islombek Xorazim va Nukusga Safarga ',2,2240000.000000,1.000000,1734634800,79),(8753,1,88,'Gaz va Obed',2,350000.000000,1.000000,1734634800,56),(8754,1,82,'logistika',2,60000.000000,1.000000,1734634800,58),(8755,1,2,'Obed',2,155000.000000,1.000000,1734634800,21),(8756,1,2,'Remond Transpalet',2,1611000.000000,1.000000,1734634800,63),(8757,1,82,'Benzin',2,515000.000000,1.000000,1734634800,26),(8758,1,7,'ЧП  SHBS DEKLARANT SERVIS  ',5,2942940.000000,1.000000,1734634800,15),(8759,1,79,'Kamisiya Swift Usluga Bank',5,862500.000000,1.000000,1734634800,NULL),(8760,1,79,'Kamisiya Swift Usluga Bank',5,1081505.040000,1.000000,1734634800,NULL),(8761,1,45,'28000 (12915)',5,361620000.000000,1.000000,1734634800,53),(8762,1,67,'R3 Abdulaziz Jiyanga Berdim',2,1000000.000000,1.000000,1734721200,NULL),(8763,1,62,'Abdulbosit Blogirga Dekabr berdik ',1,1700.000000,1.000000,1734721200,NULL),(8764,1,2,'Ofis 1chi etaj Remond Chizmasini chizdirdik ish xaqqi',1,1000.000000,1.000000,1734721200,52),(8765,1,57,'Gukan Turk Lakchi Oylik Noyabr 2024 yil',1,100.000000,1.000000,1734721200,85),(8766,1,2,'1 Baxtiyor aka Prarab 2chi Etajga Shpon Skladga Ish xaqqi Avans',2,5000000.000000,1.000000,1734721200,52),(8767,1,88,'Gaz va Obed',2,450000.000000,1.000000,1734721200,56),(8768,1,2,'3ta labo 1ta damas bachok antifriz olindi ',2,650000.000000,1.000000,1734721200,52),(8769,1,82,'Benzin',2,570000.000000,1.000000,1734721200,26),(8770,1,2,'Obed',2,81000.000000,1.000000,1734721200,21),(8771,1,2,'Gentra 715 remond qilindi',2,1492000.000000,1.000000,1734721200,52),(8772,1,2,'Ovqat puli Bollaga Yakshanbali',2,200000.000000,1.000000,1734721200,21),(8773,1,4,'Oylik',1,206.380000,1.000000,1734807600,NULL),(8774,1,67,'R3 Viza Kartalariga utkazdim',1,6000.000000,1.000000,1734894000,NULL),(8775,1,67,'R3 Abdulaziz Jiyanga Berdim',2,500000.000000,1.000000,1734894000,NULL),(8776,1,67,'R3 Aviyakassaga chilonzorga',1,5100.000000,1.000000,1734894000,NULL),(8777,1,5,'Cobler STABIL GOLDENAGE GROUP Murodga Yulkira',1,30400.000000,1.000000,1734894000,44),(8778,1,91,'Rasulov lakchiga Otebekga Astar,Kraska Nachalnik Dekabrga 2024 yil ',1,1200.000000,1.000000,1734894000,81),(8779,1,91,'Otk ga Alisher Dekabr',1,800.000000,1.000000,1734894000,81),(8780,1,2,'Bozor',2,2315000.000000,1.000000,1734894000,21),(8781,1,4,'Oylik',2,130000.000000,1.000000,1734894000,NULL),(8782,1,88,'Gaz va Obed',2,600000.000000,1.000000,1734894000,56),(8783,1,2,'Lesa Arenda',2,420000.000000,1.000000,1734894000,52),(8784,1,2,'1c Programma qilishga avans',2,1010000.000000,1.000000,1734894000,63),(8785,1,82,'logistika',2,544000.000000,1.000000,1734894000,58),(8786,1,82,'Benzin',2,713000.000000,1.000000,1734894000,26),(8787,1,5,'Cobler 15ta olindi 15x105',1,1575.000000,1.000000,1734894000,44),(8788,1,2,'917844441',2,80000.000000,1.000000,1734894000,18),(8789,1,2,'Obed',2,122000.000000,1.000000,1734894000,21),(8790,1,2,'Labo 200 Remond Mator qilindi',2,3950000.000000,1.000000,1734894000,63),(8791,1,7,'189.190.Lak Mir Colors INVIF02024000000869, Inv868 2024 yil Rastamoshkaga',5,99903589.820000,1.000000,1734894000,17),(8792,1,7,'189.Lak Mir Colors INVIF02024000000869 2024 yil Mardikor',2,1000000.000000,1.000000,1734894000,14),(8793,1,7,'190.Lak Mir Colors INVIF02024000000868 2024 yil Mardikor',2,1000000.000000,1.000000,1734894000,17),(8794,1,7,'Ujin',2,100000.000000,1.000000,1734894000,16),(8795,1,4,'Oylik',2,390600.000000,1.000000,1734894000,NULL),(8796,1,79,'Kamisiya Swift Usluga Bank',5,1237734.720000,1.000000,1734894000,NULL),(8797,1,79,'Kamisiya Swift Usluga Bank',5,862500.000000,1.000000,1734894000,NULL),(8798,1,45,'32000 (12935)',5,413920000.000000,1.000000,1734894000,53),(8799,1,88,'Gaz va Obed',2,450000.000000,1.000000,1734980400,56),(8800,1,82,'logistika',2,385000.000000,1.000000,1734980400,61),(8801,1,2,'Obed',2,100000.000000,1.000000,1734980400,21),(8802,1,2,'1 Baxtiyor aka Prarab 2chi Etajga Shpon Skladga Taxta Olindi Samarez olindi',2,12775000.000000,1.000000,1734980400,52),(8803,1,7,'191.Cobler OOO Oneelite Trade Stabil 2024 yil Mardikor',2,1000000.000000,1.000000,1734980400,14),(8804,1,7,'191.Cobler OOO Oneelite Trade Stabil 2024 yil Stoyankaga',2,439000.000000,1.000000,1734980400,17),(8805,1,82,'Benzin',2,610000.000000,1.000000,1734980400,26),(8806,1,4,'Oylik',2,263000.000000,1.000000,1734980400,NULL),(8807,1,2,'tifal',2,200000.000000,1.000000,1734980400,21),(8808,1,91,'Xorazim Shoxjoxon Diller Klientlariga Bonus berdik va (Utirish 50% qilib berdik) 50dan berdik',1,1400.000000,1.000000,1734980400,NULL),(8809,1,91,'Xorazim Sardor Diller Klientlariga Bonus Berdik 50 dan , (Utirishni 50% pulini berdik)',1,2300.000000,1.000000,1734980400,NULL),(8810,1,88,'Shoxjoxon Xorazim Diller Jasur va Turk Borgan Eski Raxxod qolib ketdi endi yozilvoti',2,2000000.000000,1.000000,1734980400,79),(8811,1,91,'Nukusga Odil oga Diller Klientlariga Bonus berdik 50 dan va (utirishni 50% pul tulab berdik)',1,1695.000000,1.000000,1734980400,NULL),(8812,1,4,'Oylik',2,404000.000000,1.000000,1734980400,NULL),(8813,1,88,'Gaz va Obed',2,600000.000000,1.000000,1735066800,56),(8814,1,82,'logistika',2,640000.000000,1.000000,1735066800,58),(8815,1,2,'Obed',2,100000.000000,1.000000,1735066800,21),(8816,1,2,'Mardikor ishladi sklad Tozaladi',2,800000.000000,1.000000,1735066800,23),(8817,1,4,'Oylik',2,167000.000000,1.000000,1735066800,NULL),(8818,1,2,'Jentra Jasurni 008 Moy va Kalotka Pul berdik',2,830000.000000,1.000000,1735066800,63),(8819,1,82,'Benzin',2,627000.000000,1.000000,1735066800,26),(8820,1,88,'Benzin',2,400000.000000,1.000000,1735066800,65),(8821,1,91,'Kashtan Lakchiga va Ish Yurutuvchuga Dekabr 2024 yil ',1,200.000000,1.000000,1735066800,84),(8822,1,91,'Mix info lakchiga Quliga Dekabr 2014 yil ',1,200.000000,1.000000,1735066800,82),(8823,1,91,'Atxam Lakchiga Akbar Rich Dekabrga 2024 yil ',1,100.000000,1.000000,1735066800,80),(8824,1,91,'Keng Makon Lakchiga Quliga Jalol va Ulugbek Dekabr 2024 yil ',1,200.000000,1.000000,1735066800,83),(8825,1,57,'Gukan Turk Lakchi Oylik Noyabr 2024 yil ',1,100.000000,1.000000,1735066800,85),(8826,1,67,'Oylik Plastik',5,3960000.000000,1.000000,1735066800,NULL),(8827,1,4,'Oylik Plastik',1,299.140000,1.000000,1735066800,NULL),(8828,1,67,'Oylik Plastik',5,3080000.000000,1.000000,1735066800,NULL),(8829,1,67,'Oylik Plastik Buxgalter',5,2915000.000000,1.000000,1735066800,NULL),(8830,1,80,'Оплата за 138 Налог на доходы, получ в в виде дивидендов физ.лица',5,33921052.630000,1.000000,1735066800,NULL),(8831,1,80,'Оплата за 36 Социальный налоГ ЗА ДЕКАБРЬ 2024 ГОДА',5,5903181.870000,1.000000,1735066800,NULL),(8832,1,80,'Оплата за 46 Налог на доходы физических лиц (НДФЛ)ЗА ДЕКАБРЬ 2024 ГОДА ',5,5853988.690000,1.000000,1735066800,NULL),(8833,1,80,'Оплата за  138 Налог на доходы, получ в в виде дивидендов физ.лица Декабрь 2024 года',5,4500000.000000,1.000000,1735066800,NULL),(8834,1,79,'Комиссия на транзитные счета3222500.00,  за документ №604 S=644500000 Тариф-0.1%  юр лица',5,3222500.000000,1.000000,1735066800,NULL),(8835,1,7,'ЧП  SHBS DEKLARANT SERVIS  ',5,840840.000000,1.000000,1735066800,15),(8836,1,79,'Kamisiya Swift Usluga Bank',5,427500.000000,1.000000,1735066800,NULL),(8837,1,80,'Сергели тумани ДСИ  ',5,49193.180000,1.000000,1735066800,NULL),(8838,1,79,'Kamisiya Swift Usluga Bank',5,12500.000000,1.000000,1735066800,NULL),(8839,1,79,'Kamisiya Swift Usluga Bank',5,2500.000000,1.000000,1735066800,NULL),(8840,1,79,'Kamisiya Swift Usluga Bank',5,2500.000000,1.000000,1735066800,NULL),(8841,1,57,'Yusuf Turk Lakchi Oylik',1,100.000000,1.000000,1735153200,50),(8842,1,88,'Gaz va Obed',2,600000.000000,1.000000,1735153200,56),(8843,1,2,'Savat mesnoy Felichitaga berdik',2,3000000.000000,1.000000,1735153200,63),(8844,1,2,'Obed',2,87000.000000,1.000000,1735153200,21),(8845,1,82,'logistika',2,1350000.000000,1.000000,1735153200,77),(8846,1,88,'Gaz',2,90000.000000,1.000000,1735153200,65),(8847,1,82,'Gaz va Benzin',2,467000.000000,1.000000,1735153200,26),(8848,1,2,'Mardikor Rasuljon Namangan fura yuklandi',2,1250000.000000,1.000000,1735066800,23),(8849,1,7,'Ujin',2,543000.000000,1.000000,1735066800,16),(8850,1,5,'Yulkira',1,7070.000000,1.000000,1735153200,44),(8851,1,7,'191.Cobler OOO Oneelite Trade Stabil 2024 yil Rastamoshkaga',1,8121.000000,1.000000,1735153200,17),(8852,1,5,'191.Cobler OOO Oneelite Trade Stabil 2024 yil Yulkira',1,30474.000000,1.000000,1735153200,44),(8853,1,7,'Ujin',2,155000.000000,1.000000,1735153200,16),(8854,1,4,'Oylik',2,1395000.000000,1.000000,1735153200,NULL),(8855,1,7,'Zilolapaga 176dan 191 gacha , 800 dan jami 12800-20250 (qizlari qarz )=10750 berdim',1,10750.000000,1.000000,1735239600,13),(8856,1,92,'Uzbegim Eshiklariga 2024 yilga Labo berdik pulini',1,7500.000000,1.000000,1735239600,NULL),(8857,1,5,'Yulkira',1,20200.000000,1.000000,1735239600,44),(8858,1,5,'Yulkira',1,25000.000000,1.000000,1735239600,44),(8859,1,67,'R3 Abdullohga 9997',1,6900.000000,1.000000,1735239600,NULL),(8860,1,4,'Oylik',2,1425000.000000,1.000000,1735239600,NULL),(8861,1,4,'Oylik',2,1150000.000000,1.000000,1735239600,NULL),(8862,1,88,'Gaz va Obed',2,210000.000000,1.000000,1735239600,56),(8863,1,67,'R3',1,600.000000,1.000000,1735239600,NULL),(8864,1,4,'Oylik',2,40000.000000,1.000000,1735326000,NULL),(8865,1,82,'logistika',2,2050000.000000,1.000000,1735239600,61),(8866,1,88,'Buxoro Safarga Jasur Rajabov va Ibrohim Yil Yakuniga Utirish qilishga ketdi',2,2991000.000000,1.000000,1735239600,79),(8867,1,57,'Yusuf Turk va Gukan Lakchi Registrasiya qilindi',2,450000.000000,1.000000,1735239600,49),(8868,1,2,'Obed',2,323000.000000,1.000000,1735239600,21),(8869,1,82,'Gaz va Benzin',2,445000.000000,1.000000,1735239600,26),(8870,1,65,'R1',1,50000.000000,1.000000,1735326000,NULL),(8871,1,93,'Mirjalil Ibragimov Bonus 2024 yil',2,8000000.000000,1.000000,1735326000,NULL),(8872,1,93,'Obidjon Jumayev Bonus 2024 Yil',2,8000000.000000,1.000000,1735326000,NULL),(8873,1,2,'1 Baxtiyor aka Prarab 2chi Etajga Shpon Skladga Ish xaqqi Avans ',2,20000000.000000,1.000000,1735326000,52),(8874,1,2,'Uv chiga ayraportdan 6 ta rang olib kelib berdi rasxodi',1,60.000000,1.000000,1735326000,63),(8875,1,4,'Oylik',2,3258000.000000,1.000000,1735326000,NULL),(8876,1,82,'Gaz',2,70000.000000,1.000000,1735326000,26),(8877,1,88,'Gaz va Obed',2,105000.000000,1.000000,1735326000,56),(8878,1,2,'Obed',2,48000.000000,1.000000,1735326000,21),(8879,1,65,'R1 abdullohga',1,18600.000000,1.000000,1735326000,NULL),(8880,1,67,'R3 Kartaga utkazdim',2,2020000.000000,1.000000,1735326000,NULL),(8881,1,7,'Furani Boxoroda Toxtatibti jarima tuladik',2,606000.000000,1.000000,1735326000,17),(8882,1,2,'903160500',2,100000.000000,1.000000,1735326000,18),(8883,1,4,'Oylik',2,3644000.000000,1.000000,1735412400,NULL),(8884,1,4,'Oylik',2,500000.000000,1.000000,1735412400,NULL),(8885,1,93,'Begzod Kenjaev Bonus 2024 yil',2,7000000.000000,1.000000,1735498800,NULL),(8886,1,93,'Jasur Kenjaev Bonus 2024 yil',2,7000000.000000,1.000000,1735498800,NULL),(8887,1,93,'Umid Arabaliev Bonus 2024 yil',2,7000000.000000,1.000000,1735498800,NULL),(8888,1,93,'Ikromjon Abduvalyev Bonus 2024 yil',2,10000000.000000,1.000000,1735498800,NULL),(8889,1,2,'Bozor',2,571000.000000,1.000000,1735498800,21),(8890,1,82,'Gaz',2,130000.000000,1.000000,1735498800,26),(8891,1,88,'Andijonga Dillerga Safar qilindi Islom , Ibrohim, Jasur Otelga',2,1212000.000000,1.000000,1735498800,79),(8892,1,2,'supurgi',2,50000.000000,1.000000,1735498800,68),(8893,1,4,'Oylik',2,3535000.000000,1.000000,1735498800,NULL),(8894,1,57,'Yusuf Turk Lakchi Telifonga Tulandi',2,70000.000000,1.000000,1735498800,49),(8895,1,91,'Buhoro Diller Klientlariga Bonus Berdik ',1,1000.000000,1.000000,1735498800,NULL),(8896,1,91,'Meloris Mebel Lakchiga 2ta 600dan 2ta telefon',1,1200.000000,1.000000,1735498800,NULL),(8897,1,91,'Atham Ish boshqaruvcviga 1ta telefon 1100',1,1100.000000,1.000000,1735498800,80),(8898,1,62,'Bellezio Instagram Reklama Dekabr 2024 yil ',1,400.000000,1.000000,1735498800,87),(8899,1,7,'192.Lak Mir Colors INVIF02024000000420-422 2024 yil Mardikor',2,1000000.000000,1.000000,1735498800,14),(8900,1,7,'193.Lak Mir Colors INVIF02024000000893 2024 yil Mardikor',2,1000000.000000,1.000000,1735498800,14),(8901,1,7,'Ujin',2,235000.000000,1.000000,1735498800,16),(8902,1,2,'Obed',2,140000.000000,1.000000,1735585200,21),(8903,1,93,'ibrohim',2,2606000.000000,1.000000,1735585200,NULL),(8904,1,2,'Labo 200 Razval va changan razval',2,483800.000000,1.000000,1735585200,70),(8905,1,4,'Oylik',2,391000.000000,1.000000,1735585200,NULL),(8906,1,93,'Oshpaz Bonus 2024 yil',2,4000000.000000,1.000000,1735585200,NULL),(8907,1,93,'Ziyovuddin Bonus 2024 yil',1,100.000000,1.000000,1735585200,NULL);

--
-- Table structure for table `rasxod_siryo`
--

CREATE TABLE `rasxod_siryo` (
  `id_rasxod_siryo` int NOT NULL AUTO_INCREMENT,
  `id_client` int NOT NULL DEFAULT '0',
  `id_siryo` int NOT NULL DEFAULT '0',
  `amount_rasxod_siryo` decimal(20,6) NOT NULL DEFAULT '0.000000',
  `time_rasxod_siryo` int NOT NULL DEFAULT '0',
  `description_rasxod_siryo` varchar(200) CHARACTER SET utf8mb3 COLLATE utf8mb3_unicode_ci NOT NULL,
  PRIMARY KEY (`id_rasxod_siryo`),
  KEY `index2` (`id_siryo`)
) ENGINE=InnoDB AUTO_INCREMENT=458 DEFAULT CHARSET=latin1;

--
-- Dumping data for table `rasxod_siryo`
--

INSERT INTO `rasxod_siryo` VALUES (1,1,32,3.000000,1672686000,'Quyib Sotishga 539.72 kg Chiqdi'),(2,1,15,5.520000,1673031600,'Brak'),(3,1,72,14.700000,1673031600,'Titilib Ketdi'),(4,1,32,1.000000,1673031600,'Quyib Sotishga 178.24 kg Chiqdi'),(5,1,32,1.000000,1673204400,'Quyib Sotishga 179.76 kg Chiqdi'),(6,1,32,2.000000,1673290800,'Quyib Sotishga 358.94 kg Chiqdi'),(7,1,114,11.000000,1673463600,'Tinting Kraska Tayorlashga'),(8,1,535,4.000000,1673463600,'Tinting Kraska Tayorlashga'),(9,1,457,1.000000,1673463600,'Tinting Kraska Tayorlashga'),(10,1,82,2.000000,1673463600,'Tinting Kraska Tayorlashga'),(11,1,625,1.000000,1673463600,'Tinting Kraska Tayorlashga'),(12,1,184,2.000000,1673463600,'Tinting Kraska Tayorlashga'),(13,1,208,1.000000,1673463600,'Tinting Kraska Tayorlashga'),(14,1,13,2.000000,1673463600,'Tinting Kraska Tayorlashga'),(15,1,554,2.000000,1673463600,'Tinting Kraska Tayorlashga'),(16,1,547,2.000000,1673463600,'Tinting Kraska Tayorlashga'),(17,1,555,2.000000,1673463600,'Tinting Kraska Tayorlashga'),(18,1,9,1.000000,1673463600,'Tinting Kraska Tayorlashga'),(19,1,548,1.000000,1673463600,'Tinting Kraska Tayorlashga'),(20,1,553,1.000000,1673463600,'Tinting Kraska Tayorlashga'),(21,1,145,2.200000,1673463600,'Brak'),(22,1,542,1.000000,1673463600,'Metrlab Sotishga'),(23,1,436,1.000000,1673463600,'Metrlab Sotishga'),(24,1,357,1.000000,1673463600,'Metrlab Sotishga'),(25,1,32,1.000000,1673463600,'Quyib Sotishga 180.34 kg Chiqdi'),(26,1,32,1.000000,1673463600,'Quyib Sotishga 180 kg Chiqdi'),(27,1,97,3.180000,1673550000,'Tinting Kraska Tayorlashga'),(29,1,82,1.000000,1673636400,'Tinting Kraska Tayorlashga'),(30,1,535,2.000000,1673636400,'Tinting Kraska Tayorlashga'),(31,1,82,1.000000,1673636400,'Tinting Kraska Tayorlashga'),(32,1,358,1.000000,1673636400,'Metrlab Sotishga'),(33,1,114,1.000000,1673636400,'Tinting Kraska Tayorlashga'),(34,1,547,1.000000,1673636400,'Tinting Kraska Tayorlashga'),(35,1,492,1.000000,1673809200,'Ofisni buyadik'),(36,1,32,2.000000,1673982000,'Quyib Sotishga 366.1 kg Chiqdi'),(37,1,457,1.000000,1674068400,'Tinting Kraska Tayorlashga'),(38,1,114,1.000000,1674068400,'Tinting Kraska Tayorlashga'),(39,1,13,1.000000,1674068400,'Tinting Kraska Tayorlashga'),(40,1,554,1.000000,1674068400,'Tinting Kraska Tayorlashga'),(41,1,555,1.000000,1674068400,'Tinting Kraska Tayorlashga'),(42,1,625,1.000000,1674068400,'Tinting Kraska Tayorlashga'),(43,1,625,5.000000,1674068400,'Tinting Kraska Tayorlashga'),(44,1,208,1.000000,1674068400,'Tinting Kraska Tayorlashga'),(45,1,359,1.000000,1674068400,'Metrlab Sotishga'),(46,1,72,3.690000,1674154800,'Brak Yoni Titilgan'),(47,1,555,1.000000,1674241200,'Tinting Kraska Tayorlashga'),(48,1,114,1.000000,1674241200,'Tinting Kraska Tayorlashga'),(49,1,535,2.000000,1674241200,'Tinting Kraska Tayorlashga'),(50,1,547,1.000000,1674241200,'Tinting Kraska Tayorlashga'),(51,1,184,1.000000,1674241200,'Tinting Kraska Tayorlashga'),(52,1,82,1.000000,1674241200,'tin'),(53,1,723,1.000000,1674241200,'Quyib Sotishga '),(56,1,554,1.000000,1674414000,'Tinting Kraska Tayorlashga'),(57,1,555,1.000000,1674414000,'Tinting Kraska Tayorlashga'),(58,1,457,1.000000,1674414000,'Tinting Kraska Tayorlashga'),(59,1,114,1.000000,1674414000,'Tinting Kraska Tayorlashga'),(60,1,18,1.000000,1674414000,'Tinting Kraska Tayorlashga'),(61,1,32,1.000000,1674500400,'Quyib Sotishga 180.02 kg Chiqdi'),(62,1,145,0.300000,1674500400,'Brak'),(63,1,32,8.000000,1674586800,'Quyib Sotishga 1440.7 kg Chiqdi'),(64,1,114,1.000000,1674586800,'Tinting Kraska Tayorlashga'),(65,1,690,1.000000,1674586800,'Tinting Kraska Tayorlashga'),(66,1,625,2.000000,1674586800,'Tinting Kraska Tayorlashga'),(67,1,32,3.000000,1674586800,'Quyib Sotishga 538.94 kg Chiqdi'),(68,1,32,3.000000,1674241200,'Quyib Sotishga 542.06 kg Chiqdi'),(69,1,542,1.000000,1674759600,'Metrlab Sotishga'),(70,1,114,1.000000,1674846000,'Tinting Kraska Tayorlashga'),(71,1,13,1.000000,1674846000,'Tinting Kraska Tayorlashga'),(72,1,555,1.000000,1674846000,'Tinting Kraska Tayorlashga'),(73,1,551,1.000000,1674846000,'Tinting Kraska Tayorlashga'),(74,1,457,1.000000,1674846000,'Tinting Kraska Tayorlashga'),(75,1,184,1.000000,1674846000,'Tinting Kraska Tayorlashga'),(76,1,535,2.000000,1674846000,'Tinting Kraska Tayorlashga'),(77,1,554,1.000000,1674846000,'Tinting Kraska Tayorlashga'),(78,1,537,0.100000,1674846000,'Brak'),(79,1,184,1.000000,1674241200,'Tinting Kraska Tayorlashga'),(80,1,32,2.000000,1675018800,'Quyib Sotishga 358.36 kg Chiqdi'),(81,1,32,2.000000,1675018800,'Quyib Sotishga 360.2 kg Chiqdi'),(82,1,13,1.000000,1674846000,'Tinting Kraska Tayorlashga'),(83,1,32,4.000000,1675105200,'Quyib Sotishga 723.4 kg Chiqdi'),(84,1,72,1.000000,1675191600,'Brak'),(85,1,32,5.000000,1675191600,'Quyib Sotishga 896.32 kg Chiqdi'),(86,1,72,5.000000,1675278000,'Brak'),(88,1,535,2.000000,1675018800,'Tinting Kraska Tayorlashga'),(89,1,547,1.000000,1675018800,'Tinting Kraska Tayorlashga'),(90,1,82,1.000000,1675018800,'Tinting Kraska Tayorlashga'),(91,1,554,1.000000,1675191600,'Tinting Kraska Tayorlashga'),(92,1,114,2.000000,1675191600,'Tinting Kraska Tayorlashga'),(93,1,208,1.000000,1675191600,'Tinting Kraska Tayorlashga'),(94,1,555,1.000000,1675191600,'Tinting Kraska Tayorlashga'),(96,1,554,1.000000,1675191600,''),(97,1,13,1.000000,1675278000,'Tinting Kraska Tayorlashga'),(98,1,114,1.000000,1675278000,'Tinting Kraska Tayorlashga'),(99,1,557,1.000000,1675278000,'Tinting Kraska Tayorlashga'),(100,1,558,1.000000,1675278000,'Tinting Kraska Tayorlashga'),(101,1,548,1.000000,1675278000,'Tinting Kraska Tayorlashga'),(102,1,82,1.000000,1675278000,'Tinting Kraska Tayorlashga'),(103,1,24,1.000000,1675278000,'Tinting Kraska Tayorlashga'),(104,1,208,1.000000,1675364400,'Tinting Kraska Tayorlashga'),(105,1,114,2.000000,1675364400,'Tinting Kraska Tayorlashga'),(106,1,547,1.000000,1675364400,'Tinting Kraska Tayorlashga'),(107,1,32,4.000000,1675364400,'Quyib Sotishga 717.2 kg Chiqdi'),(108,1,208,1.000000,1675450800,'Tinting Kraska Tayorlashga'),(109,1,114,1.000000,1675450800,'Tinting Kraska Tayorlashga'),(110,1,457,1.000000,1675450800,'Tinting Kraska Tayorlashga'),(111,1,535,1.000000,1675450800,'Tinting Kraska Tayorlashga'),(112,1,552,1.000000,1675450800,'Tinting Kraska Tayorlashga'),(113,1,723,1.000000,1675450800,'Tinting Kraska Tayorlashga'),(114,1,537,0.600000,1675450800,'Brak'),(115,1,359,1.000000,1675623600,'Metrlab Sotishga'),(116,1,537,8.300000,1675623600,'Brak Klientdan qaytdi'),(117,1,32,3.000000,1675623600,'Quyib Sotishga 539.04 kg Chiqdi'),(118,1,625,1.000000,1675623600,'Tinting Kraska Tayorlashga'),(119,1,535,1.000000,1675623600,'Tinting Kraska Tayorlashga'),(120,1,457,1.000000,1675623600,'Tinting Kraska Tayorlashga'),(121,1,82,1.000000,1675623600,'Tinting Kraska Tayorlashga'),(122,1,32,3.000000,1675710000,'Quyib Sotishga 539.12 kg Chiqdi'),(123,1,547,1.000000,1675710000,'Tinting Kraska Tayorlashga'),(124,1,184,1.000000,1675710000,'Tinting Kraska Tayorlashga'),(125,1,13,1.000000,1675796400,'Tinting Kraska Tayorlashga'),(126,1,114,1.000000,1675796400,'Tinting Kraska Tayorlashga'),(127,1,553,1.000000,1675796400,'Tinting Kraska Tayorlashga'),(129,1,32,6.000000,1675882800,'Quyib Sotishga 1081.48 kg Chiqdi'),(130,1,32,3.000000,1675969200,'Quyib Sotishga 543.6 kg Chiqdi'),(131,1,137,15.000000,1676055600,'Brak'),(132,1,32,5.000000,1676228400,'Quyib Sotishga 902.01 kg Chiqdi'),(133,1,358,1.000000,1676228400,'Metrlab Sotishga'),(134,1,456,0.200000,1676228400,'Brak'),(135,1,32,5.000000,1676314800,'Quyib Sotishga 900.64 kg Chiqdi'),(136,1,32,2.000000,1676401200,'Quyib Sotishga 364.18 kg Chiqdi'),(137,1,137,10.510000,1676487600,'Brak'),(138,1,32,2.000000,1676487600,'Quyib Sotishga 359.14 kg Chiqdi'),(139,1,32,4.000000,1676487600,'Quyib Sotishga 719.5 kg Chiqdi'),(140,1,32,4.000000,1676574000,'Quyib Sotishga 722.6 kg Chiqdi'),(141,1,208,1.000000,1675882800,'Tinting Kraska Tayorlashga'),(142,1,554,1.000000,1675882800,'Tinting Kraska Tayorlashga'),(143,1,535,1.000000,1675882800,'Tinting Kraska Tayorlashga'),(144,1,562,1.000000,1675882800,''),(145,1,13,1.000000,1675969200,'Tinting Kraska Tayorlashga'),(146,1,82,1.000000,1675969200,'Tinting Kraska Tayorlashga'),(147,1,457,1.000000,1675969200,'Tinting Kraska Tayorlashga'),(148,1,114,1.000000,1675969200,'Tinting Kraska Tayorlashga'),(149,1,114,1.000000,1676055600,'Tinting Kraska Tayorlashga'),(150,1,13,1.000000,1676055600,'Tinting Kraska Tayorlashga'),(151,1,114,2.000000,1676055600,'Tinting Kraska Tayorlashga'),(152,1,555,1.000000,1676055600,'Tinting Kraska Tayorlashga'),(153,1,114,8.000000,1676228400,'Tinting Kraska Tayorlashga'),(154,1,184,1.000000,1676228400,'Tinting Kraska Tayorlashga'),(155,1,13,2.000000,1676228400,'Tinting Kraska Tayorlashga'),(156,1,551,2.000000,1676228400,'Tinting Kraska Tayorlashga'),(157,1,547,1.000000,1676228400,'Tinting Kraska Tayorlashga'),(158,1,114,1.000000,1676314800,'Tinting Kraska Tayorlashga'),(159,1,547,1.000000,1676314800,'Tinting Kraska Tayorlashga'),(160,1,550,1.000000,1676401200,'Tinting Kraska Tayorlashga'),(161,1,457,1.000000,1676401200,'Tinting Kraska Tayorlashga'),(162,1,114,1.000000,1676401200,'Tinting Kraska Tayorlashga'),(163,1,554,1.000000,1676487600,'Tinting Kraska Tayorlashga'),(164,1,208,1.000000,1676487600,'Tinting Kraska Tayorlashga'),(165,1,13,1.000000,1676487600,'Tinting Kraska Tayorlashga'),(166,1,535,1.000000,1676487600,'Tinting Kraska Tayorlashga'),(167,1,114,1.000000,1676487600,'Tinting Kraska Tayorlashga'),(168,1,555,1.000000,1676487600,'Tinting Kraska Tayorlashga'),(169,1,24,1.000000,1676574000,'Tinting Kraska Tayorlashga'),(170,1,457,1.000000,1676660400,'Tinting Kraska Tayorlashga'),(171,1,24,3.000000,1676660400,'Tinting Kraska Tayorlashga'),(172,1,548,1.000000,1676660400,'Tinting Kraska Tayorlashga'),(173,1,145,0.200000,1676833200,'Brak'),(174,1,32,8.000000,1676833200,'Quyib Sotishga 1443.05 kg Chiqdi'),(175,1,114,1.000000,1676833200,'Tinting Kraska Tayorlashga'),(176,1,535,1.000000,1676833200,'Tinting Kraska Tayorlashga'),(177,1,13,1.000000,1676833200,'Tinting Kraska Tayorlashga'),(178,1,357,1.000000,1676919600,'Metrlab Sotishga'),(179,1,72,3.720000,1676919600,'Brak'),(180,1,554,1.000000,1676919600,'Tinting Kraska Tayorlashga'),(181,1,208,1.000000,1676919600,'Tinting Kraska Tayorlashga'),(182,1,82,1.000000,1676919600,'Tinting Kraska Tayorlashga'),(183,1,542,1.000000,1677006000,'Metrlab Sotishga'),(184,1,32,7.000000,1677006000,'Quyib Sotishga 1261.32 kg Chiqdi'),(185,1,13,2.000000,1677006000,'Tinting Kraska Tayorlashga'),(186,1,114,1.000000,1677006000,'Tinting Kraska Tayorlashga'),(187,1,547,1.000000,1677006000,'Tinting Kraska Tayorlashga'),(188,1,555,1.000000,1677006000,'Tinting Kraska Tayorlashga'),(189,1,436,1.000000,1677092400,'Metrlab Sotishga'),(190,1,359,1.000000,1677092400,'Metrlab Sotishga'),(191,1,145,0.850000,1677092400,'Brak'),(192,1,114,1.000000,1677092400,'Tinting Kraska Tayorlashga'),(193,1,535,1.000000,1677092400,'Tinting Kraska Tayorlashga'),(194,1,32,4.000000,1677178800,'Quyib Sotishga 732.48 kg Chiqdi'),(195,1,554,1.000000,1677178800,'Tinting Kraska Tayorlashga'),(196,1,690,1.000000,1677178800,'Tinting Kraska Tayorlashga'),(198,1,114,1.000000,1677178800,'Tinting Kraska Tayorlashga'),(199,1,551,1.000000,1677178800,'Tinting Kraska Tayorlashga'),(200,1,13,1.000000,1677178800,'Tinting Kraska Tayorlashga'),(201,1,555,1.000000,1677178800,'Tinting Kraska Tayorlashga'),(202,1,114,1.000000,1677178800,'Tinting Kraska Tayorlashga'),(203,1,535,1.000000,1677178800,'Tinting Kraska Tayorlashga'),(204,1,82,1.000000,1677178800,'Tinting Kraska Tayorlashga'),(205,1,32,1.000000,1677265200,'17.Lak Mir Colors INV2023000000022 2023 Yil Brak Moshinada Tukilgan'),(206,1,535,1.000000,1677265200,'Tinting Kraska Tayorlashga'),(207,1,537,2.400000,1677438000,'Brak'),(208,1,723,1.000000,1677438000,'Quyib Sotishga '),(210,1,457,1.000000,1677438000,'Tinting Kraska Tayorlashga'),(211,1,547,1.000000,1677438000,'Tinting Kraska Tayorlashga'),(212,1,554,1.000000,1677438000,'Tinting Kraska Tayorlashga'),(213,1,535,2.000000,1677438000,'Tinting Kraska Tayorlashga'),(214,1,32,5.000000,1677524400,'Quyib Sotishga 902.42 kg Chiqdi'),(216,1,24,2.000000,1677524400,'Tinting Kraska Tayorlashga'),(217,1,114,3.000000,1677524400,'Tinting Kraska Tayorlashga'),(218,1,208,1.000000,1677524400,'Tinting Kraska Tayorlashga'),(219,1,13,1.000000,1677524400,'Tinting Kraska Tayorlashga'),(220,1,562,1.000000,1677524400,'Tinting Kraska Tayorlashga'),(221,1,555,1.000000,1677524400,'Tinting Kraska Tayorlashga'),(222,1,32,7.000000,1677610800,'Quyib Sotishga 1262.62 kg Chiqdi'),(223,1,13,1.000000,1677610800,'Tinting Kraska Tayorlashga'),(224,1,114,1.000000,1677610800,'Tinting Kraska Tayorlashga'),(225,1,457,1.000000,1677610800,'Tinting Kraska Tayorlashga'),(226,1,554,1.000000,1677610800,'Tinting Kraska Tayorlashga'),(227,1,82,1.000000,1677610800,'Tinting Kraska Tayorlashga'),(228,1,556,1.000000,1677610800,'Tinting Kraska Tayorlashga'),(229,1,32,4.000000,1677697200,'Quyib Sotishga 720.38 kg Chiqdi'),(230,1,752,1.000000,1677697200,'Moshinada Teshik Chiqti'),(231,1,11,2.000000,1677697200,'Moshinada Teshik Chiqti'),(232,1,457,1.000000,1677697200,'Tinting Kraska Tayorlashga'),(233,1,547,1.000000,1677697200,'Tinting Kraska Tayorlashga'),(234,1,114,3.000000,1677697200,'Tinting Kraska Tayorlashga'),(235,1,555,1.000000,1677697200,'Tinting Kraska Tayorlashga'),(236,1,32,1.000000,1678906800,'Quyib Sotishga 180.54kg Chiqdi'),(237,1,72,258.770000,1678906800,'Brak Yozigida kup ezgan aslida kam'),(238,1,32,2.000000,1678993200,'Quyib Sotishga 360.76 kg Chiqdi'),(239,1,32,3.000000,1679079600,'Quyib Sotishga 540.32 kg Chiqdi'),(240,1,32,2.000000,1679252400,'Quyib Sotishga 359.54kg Chiqdi'),(241,1,32,2.000000,1678042800,'Quyib Sotishga 360.38kg Chiqdi'),(242,1,358,1.000000,1678129200,'Metrlab Sotishga'),(243,1,32,5.000000,1678129200,'Quyib Sotishga 902.02 kg Chiqdi'),(244,1,32,3.000000,1678215600,'Quyib Sotishga 539.7 kg Chiqdi'),(245,1,32,1.000000,1679425200,'Quyib Sotishga 180kg Chiqdi'),(246,1,32,2.000000,1678388400,'Quyib Sotishga 359.76 kg Chiqdi'),(247,1,32,1.000000,1678388400,'Quyib Sotishga 180kg Chiqdi'),(248,1,32,4.000000,1679511600,'Quyib Sotishga 718.96 kg Chiqdi'),(249,1,32,4.000000,1679598000,'Quyib Sotishga 720.88 kg Chiqdi'),(250,1,32,3.000000,1679598000,'Quyib Sotishga 537.36 kg Chiqdi'),(251,1,359,1.000000,1678647600,'Metrlab Sotishga'),(252,1,32,3.000000,1678647600,'Quyib Sotishga 541.08 kg Chiqdi'),(253,1,8,2.000000,1679684400,'Namunaga '),(254,1,32,2.000000,1678647600,'Quyib Sotishga 360.14 kg Chiqdi'),(255,1,32,5.000000,1678734000,'Quyib Sotishga 900.66 kg Chiqdi'),(256,1,32,2.000000,1678820400,'Quyib Sotishga 360.04 kg Chiqdi'),(257,1,32,3.000000,1679857200,'Quyib Sotishga 543.9 kg Chiqdi'),(258,1,359,1.000000,1679857200,'Metrlab Sotishga'),(259,1,358,1.000000,1679943600,'Metrlab Sotishga'),(260,1,32,4.000000,1679943600,'Quyib Sotishga 723.3 kg Chiqdi'),(261,1,32,2.000000,1680030000,'Quyib Sotishga 359.44 kg Chiqdi'),(262,1,145,3.000000,1680030000,'Brak'),(263,1,97,2.450000,1680030000,'Brak'),(264,1,32,3.000000,1680030000,'Quyib Sotishga 538.68 kg Chiqdi'),(265,1,32,2.000000,1680116400,'Quyib Sotishga 353 kg Chiqdi'),(266,1,32,2.000000,1680202800,'Quyib Sotishga 359.84 kg Chiqdi'),(267,1,32,1.000000,1680202800,'Quyib Sotishga 179 kg Chiqdi'),(268,1,145,4.400000,1680202800,'Brak Aparat ichida qotib qoldi'),(269,1,32,1.000000,1680289200,'Quyib Sotishga 179.92 kg Chiqdi'),(270,1,32,2.000000,1680289200,'Quyib Sotishga 360.12 kg Chiqdi'),(271,1,32,1.000000,1680462000,'Quyib Sotishga 168.03 kg Chiqdi'),(272,1,32,1.000000,1680030000,' Brak IVF2023000000036 Moshinada oqib ketgan'),(273,1,359,1.000000,1680462000,'Metrlab Sotishga'),(274,1,32,2.000000,1680462000,'Quyib Sotishga 362.76 kg Chiqdi'),(275,1,357,1.000000,1680548400,'Metrlab Sotishga'),(276,1,32,3.000000,1680548400,'Quyib Sotishga 539.28 kg Chiqdi'),(277,1,32,2.000000,1680634800,'Quyib Sotishga 361.04 kg Chiqdi'),(278,1,32,1.000000,1680634800,'Quyib Sotishga 177.75 kg Chiqdi'),(280,1,32,4.000000,1680807600,'Quyib Sotishga 716.87kg Chiqdi'),(281,1,32,2.000000,1680807600,'Quyib Sotishga 359.44 kg Chiqdi'),(282,1,623,1.000000,1682535600,'Brak Moshinada Tukilgan Inv 44'),(283,1,145,8.000000,1682535600,'Brak'),(284,1,72,2.200000,1683313200,'Brak'),(285,1,145,14.530000,1683918000,'Brak ik380. kupirib ketdi'),(286,1,97,9.770000,1683918000,'Namunaga '),(287,1,15,4.790000,1685386800,'Brak'),(289,1,765,16.000000,1685386800,'Brak Moshinada Tukilgan Inv Boshqa Firmaga Kelgan'),(290,1,718,1.000000,1685646000,'Brak skladda Tukilgan'),(291,1,11,1.000000,1685646000,'Brak Moshinada Tukilgan '),(292,1,623,1.000000,1685646000,'Brak skladda Tukilgan'),(293,1,30,1.000000,1685646000,'Brak skladda Tukilgan'),(294,1,443,1.000000,1685646000,'Brak skladda Tukilgan'),(295,1,145,3.500000,1686250800,'Brak'),(296,1,15,0.660000,1686769200,'Brak'),(297,1,399,1.000000,1686942000,''),(298,1,15,6.030000,1687114800,'Brak'),(299,1,120,1.000000,1687114800,'Sargayib ketgan rangi'),(300,1,77,2.000000,1687287600,'Brak'),(301,1,765,1.000000,1687546800,'Namunaga Ketganda Tukilgan'),(302,1,15,3.770000,1688151600,'Brak'),(303,1,11,3.000000,1688324400,'72.Lak Mir Colors INV20230000000118 2023 Yil Moshinada Tukilgan'),(304,1,123,3.000000,1688670000,'Moshinada Teshik Chiqti'),(305,1,43,1.000000,1688670000,'Moshinada Teshik Chiqti'),(306,1,382,11.000000,1688670000,'Yilli Eski Brak Buldi Zavod Berarkan'),(307,1,383,2.000000,1688670000,'Yilli Eski Brak Buldi Zavod Berarkan'),(308,1,214,1.000000,1688929200,'76.Lak Mir Colors INV202300000120-121 2023 Yil Moshinada Tukilgan'),(309,1,145,0.500000,1689361200,'Brak'),(310,1,72,1.470000,1689534000,'Brak'),(311,1,145,1.700000,1689706800,'Brak'),(312,1,145,0.150000,1689966000,'Brak'),(313,1,15,6.210000,1690398000,'Brak'),(314,1,15,5.000000,1691348400,'Brak'),(316,1,369,1.000000,1691694000,'92 IYF2023000000148 2023yıl 1ta bochka Moshinada Oqib ketgan'),(317,1,72,25.680000,1692730800,'Brak'),(318,1,34,3.000000,1692558000,'97 IYF2023000000153 2023yıl Brak Moshinada Oqib ketgan'),(319,1,369,3.000000,1692558000,'97 IYF2023000000153 2023yıl Brak Moshinada Oqib ketgan'),(320,1,15,8.000000,1693940400,'Brak'),(321,1,11,2.000000,1694113200,'105 IYF 2023000000159 brak moshinda tukilgan'),(322,1,7,1.000000,1694372400,'Brak skladda Tukilgan'),(323,1,365,73.000000,1694718000,'Brak'),(324,1,735,120.000000,1694718000,'Brak'),(325,1,34,11.000000,1694977200,'Quyib Sotishga 1992.28 kg Chiqdi'),(326,1,774,1.000000,1696014000,'86.Lak Cobler INV.DI2023000000001 2023 Yil  Moshinada Tukilgan'),(327,1,776,6.000000,1696014000,'86.Lak Cobler INV.DI2023000000001 2023 Yil Moshinada Tukilgan'),(330,1,769,9.600000,1696014000,'skladda kam chiqdi'),(331,1,77,5.000000,1696446000,'Brak'),(333,1,186,1.000000,1697482800,'130 IYF2023000000935 2023yıl Moshinada Tukilgan'),(334,1,423,2.000000,1697482800,'Brak'),(335,1,171,2.000000,1698260400,'Brak '),(336,1,765,1.000000,1701198000,'Brak'),(337,1,77,12.000000,1702321200,'Brak'),(338,1,214,1.000000,1704826800,'Brak Kelgan Moshinada Tukilgan'),(339,1,8,1.000000,1704826800,'Brak Skladda Kotib qolgan'),(340,1,818,1.000000,1704826800,''),(341,1,15,5.000000,1705518000,'Brak'),(343,1,137,260.330000,1707159600,'Brak Titilib ketgan'),(344,1,74,5.270000,1707246000,'Brak'),(345,1,137,377.160000,1707678000,'Brak Titilib ketgan'),(346,1,15,10.000000,1707678000,'Brak Titilib ketgan'),(347,1,97,4.300000,1707764400,'zanglagan'),(348,1,74,8.020000,1708282800,'Brak Titilib ketgan'),(349,1,145,1.000000,1708282800,'Brak'),(350,1,97,2.940000,1708887600,'zanglagan'),(351,1,76,1.000000,1709060400,'Brak Kelgan Moshinada Tukilgan'),(352,1,627,1.000000,1709060400,'Brak Kelgan Moshinada Tukilgan'),(353,1,145,1.200000,1709233200,'Brak'),(354,1,145,0.200000,1709492400,'Brak'),(355,1,11,2.000000,1709924400,'Brak Kelgan Moshinada Tukilgan'),(356,1,75,1.000000,1709924400,'Brak'),(357,1,98,1.000000,1710788400,'Brak'),(358,1,11,1.000000,1710788400,'Brak Kelgan Moshinada Tukilgan'),(359,1,46,1.000000,1711306800,'Brak Kelgan Moshinada Tukilgan'),(360,1,145,4.600000,1711566000,'Brak'),(361,1,576,1.000000,1711652400,'Brak Kelgan Moshinada Tukilgan'),(362,1,145,3.800000,1711998000,'Brak'),(363,1,184,4.000000,1712343600,'Brak ichi quyqa kelgan musori bor'),(364,1,97,5.000000,1712862000,'Tinting Aparat Tozalashga Olindi'),(365,1,2,1.000000,1713985200,'Brak'),(366,1,11,1.000000,1713985200,'Brak'),(367,1,214,1.000000,1713985200,'Brak'),(368,1,497,1.000000,1713985200,'Brak'),(369,1,407,2.000000,1713985200,'Brak'),(370,1,399,1.000000,1713985200,'Brak'),(371,1,379,1.000000,1714417200,'Brak'),(372,1,72,30.000000,1714503600,'Brak'),(373,1,147,2.000000,1715367600,'Brak Kelgan Moshinada Tukilgan'),(374,1,33,1.000000,1715626800,'Brak Kelgan Moshinada Tukilgan 54 IF02024000000247'),(375,1,145,2.100000,1715626800,'Kurkazmaga Padbor qildik'),(376,1,365,7.000000,1715626800,''),(377,1,765,1.000000,1716231600,'Brak Kelgan Moshinada Tukilgan'),(378,1,762,12.180000,1716404400,'Brak'),(379,1,841,1.000000,1716490800,'Brak'),(380,1,30,1.000000,1717009200,'Brak Kelgan Moshinada Tukilgan'),(381,1,11,1.000000,1717009200,'Brak Kelgan Moshinada Tukilgan'),(382,1,886,0.550000,1717095600,'Brak'),(383,1,72,2.650000,1717354800,'Brak'),(384,1,28,1.000000,1717441200,'Brak Kelgan Moshinada Tukilgan'),(385,1,145,4.000000,1718132400,'Brak'),(386,1,365,6.000000,1718132400,'Brak'),(387,1,840,0.440000,1718218800,'Brak'),(388,1,74,0.530000,1718823600,'Brak'),(389,1,145,0.700000,1719342000,'Brak Rasulov'),(390,1,735,2.000000,1719342000,'Brak'),(391,1,486,1.000000,1719514800,'Brak Kelgan Moshinada Tukilgan '),(392,1,214,1.000000,1719514800,'Brak Kelgan Moshinada Tukilgan'),(393,1,11,2.000000,1719514800,'Brak Kelgan Moshinada Tukilgan'),(394,1,74,2.000000,1719601200,'Brak'),(395,1,782,3.000000,1720119600,'Brak Kelgan Moshinada Tukilgan INV IF02024000000408'),(396,1,72,37.040000,1720724400,'Brak'),(397,1,72,19.380000,1720983600,'Brak'),(398,1,30,2.000000,1721156400,'Brak Kelgan Moshinada Tukilgan INV IF02024000000191'),(399,1,123,1.000000,1721156400,'Brak Kelgan Moshinada Tukilgan INV IF02024000000191'),(400,1,72,3.760000,1721329200,'Brak'),(401,1,145,10.500000,1721674800,'Keng makon Namuna Berildi'),(403,1,46,1.000000,1721934000,'Brak Kelgan Moshinada Tukilgan'),(404,1,214,1.000000,1721934000,'Brak Kelgan Moshinada Tukilgan'),(405,1,782,1.000000,1721934000,'Brak Kelgan Moshinada Tukilgan'),(406,1,769,1.650000,1722279600,'Brak'),(407,1,678,1.000000,1722625200,'Brak Kelgan Moshinada Tukilgan INV IF02024000000485'),(408,1,782,2.000000,1722625200,'Brak Kelgan Moshinada Tukilgan INV IF02024000000474'),(409,1,13,1.000000,1722625200,'Brak Kelgan Moshinada Tukilgan INV IF02024000000474'),(410,1,729,3.000000,1722625200,'Brak Kelgan Moshinada Tukilgan INV IF02024000000474'),(411,1,805,1.000000,1722884400,'Brak Kelgan Moshinada Tukilgan INV IF02024000000504'),(412,1,41,1.000000,1723057200,'Brak Skladda oqib ketdi'),(413,1,806,1.000000,1723143600,'105 IF02024000000235 '),(414,1,782,4.000000,1723575600,'106 If02024000000519 Hasarli geldi Furada tukilgan'),(415,1,75,13.000000,1723575600,'Qotib qolgan Mahmud Buxorodan Qaytga'),(416,1,76,13.000000,1723575600,'Qotib qolgan Mahmud Buxorodan Qaytga'),(417,1,77,2.000000,1723575600,'Brak Skladda '),(418,1,889,1.000000,1723748400,'Brak'),(419,1,74,4.000000,1723834800,'Brak'),(420,1,145,0.450000,1724612400,'Namuna Berildi'),(421,1,97,1.650000,1725217200,'Tinting Aparat Tozalashga Olindi'),(422,1,74,9.660000,1725303600,'Brak'),(423,1,91,9.660000,1725649200,'Brak'),(424,1,145,1.200000,1725822000,'Brak'),(425,1,765,1.000000,1726686000,'Brak Kelgan Moshinada Tukilgan'),(426,1,30,2.000000,1726686000,'Brak Kelgan Moshinada Tukilgan INV IF02024000000611'),(427,1,75,1.000000,1726686000,'Brak'),(428,1,2,1.000000,1727809200,' Brak Moshinada 145 If12024000000316'),(429,1,782,1.000000,1727982000,'Brak Moshinada 149 If12024000000317	'),(430,1,33,1.000000,1727982000,'Brak Moshinada 149 If12024000000317'),(431,1,927,1.000000,1728327600,'Brak Skladda oqib ketdi'),(432,1,319,1.000000,1728327600,'Brak Skladda oqib ketdi'),(433,1,765,2.000000,1728241200,'150 DKB2024000000013 Brak Moshinada tukilgan'),(434,1,767,1.000000,1728414000,'Brak'),(435,1,807,2.000000,1725390000,'120 If02024000000568 brak Moshinada oqib ketgan'),(436,1,469,1.000000,1728932400,'Brak'),(437,1,480,1.000000,1728932400,'Brak'),(438,1,475,1.000000,1728932400,'Brak'),(439,1,476,1.000000,1728932400,'Brak'),(440,1,470,1.000000,1728932400,'Brak'),(441,1,478,1.000000,1728932400,'Brak'),(442,1,477,1.000000,1728932400,'Brak'),(443,1,472,1.000000,1728932400,'Brak'),(444,1,473,1.000000,1728932400,'Brak '),(445,1,474,1.000000,1728932400,'Brak'),(446,1,471,1.000000,1728932400,'Brak'),(447,1,479,1.000000,1728932400,'Brak'),(448,1,468,1.000000,1728932400,'Brak'),(449,1,37,1.000000,1729882800,'Brak Skladda oqib ketdi'),(450,1,778,1.000000,1730314800,'Brak qaynadi lak 130 sht skladda lot prtiya bor'),(451,1,780,1.000000,1730314800,'Brak qaynadi lak 130 sht skladda lot prtiya bo'),(452,1,32,5.000000,1730314800,'Qotib qolgan Mahmud Buxorodan Qaytga'),(453,1,98,2.000000,1731351600,'Qotib qolgan'),(454,1,762,75.000000,1735066800,'Paletdan kam Chiqdi'),(455,1,77,2.000000,1734462000,'Brak'),(456,1,75,1.000000,1734462000,'Brak'),(457,1,46,1.000000,1734462000,'Brak');

--
-- Table structure for table `role`
--

CREATE TABLE `role` (
  `id_role` int NOT NULL AUTO_INCREMENT,
  `name_role` varchar(100) CHARACTER SET utf8mb3 COLLATE utf8mb3_unicode_ci NOT NULL DEFAULT '',
  PRIMARY KEY (`id_role`)
) ENGINE=MyISAM AUTO_INCREMENT=6 DEFAULT CHARSET=latin1;

--
-- Dumping data for table `role`
--

INSERT INTO `role` VALUES (1,'admin'),(2,'user'),(3,'kassir'),(4,'ravshan_bobo'),(5,'kassir1');

--
-- Table structure for table `siryo`
--

CREATE TABLE `siryo` (
  `id_siryo` int NOT NULL AUTO_INCREMENT,
  `id_category_siryo` int NOT NULL DEFAULT '0',
  `name_siryo` varchar(50) CHARACTER SET utf8mb3 COLLATE utf8mb3_unicode_ci DEFAULT NULL,
  `id_unit` int DEFAULT NULL,
  `cost_siryo` decimal(20,6) NOT NULL DEFAULT '0.000000',
  `isActive` int NOT NULL DEFAULT '1',
  `weight` decimal(20,2) DEFAULT NULL,
  `min_amount` decimal(20,6) DEFAULT NULL,
  `cost_initial` decimal(20,2) DEFAULT NULL,
  PRIMARY KEY (`id_siryo`)
) ENGINE=MyISAM AUTO_INCREMENT=949 DEFAULT CHARSET=latin1;

--
-- Dumping data for table `siryo`
--

INSERT INTO `siryo` VALUES (1,1,'VP380.77.25kg (658)',32,144.000000,1,26.64,1000.000000,72.75),(2,1,'HP777.12,5kg (397)',32,0.000000,1,13.45,NULL,54.33),(3,1,'VP500.40.25kg (398)',32,138.000000,1,26.64,150.000000,97.94),(5,1,'VA510.00.12kg (438)',32,155.000000,1,13.30,NULL,75.91),(6,1,'HA190.6kg (439)',32,0.000000,1,6.59,NULL,64.96),(7,1,'VA500.40.15kg (392)',32,125.000000,1,16.37,250.000000,96.80),(8,1,'HA190.1,5kg (393)',32,0.000000,1,1.76,NULL,17.32),(9,1,'VN101.8150.12kg (389)',32,63.000000,1,13.30,100.000000,55.97),(10,1,'BP333.77.3033.18kg (652)',32,80.000000,1,19.30,20.000000,45.76),(11,1,'HP900.6kg (385)',32,0.000000,1,6.59,NULL,24.89),(12,1,'ZD420.1093 1lt (417)',31,12.000000,1,0.97,NULL,10.64),(13,1,'BN100.40.1000.12kg (399)',32,59.000000,1,13.34,800.000000,53.54),(15,5,'Yasin Shpon (549)',36,2.500000,1,0.37,NULL,NULL),(16,1,'BP333.77.1000.18kg (659)',32,78.000000,1,19.30,1500.000000,42.56),(18,1,'BN100.00.2001.12kg (416)',32,72.000000,1,13.34,150.000000,63.89),(222,8,'Safir Mondi Divan',40,660.000000,1,NULL,NULL,NULL),(20,1,'BN100.77.1000.13kg (651)',32,45.000000,1,14.15,1000.000000,41.85),(21,1,'BN301.77.8144.13kg (667)',32,50.000000,1,14.15,100.000000,44.15),(223,8,'Kantry Divan',40,800.000000,1,NULL,NULL,NULL),(23,1,'BP333.77.8144.18kg (653)',32,80.000000,1,19.30,30.000000,47.17),(24,1,'BP580.50.1000.12kg (505)',32,120.000000,1,13.30,200.000000,74.08),(224,8,'Herrem Divan',40,1200.000000,1,NULL,NULL,NULL),(26,1,'HP196.00.6kg Baryer Otver (469)',32,0.000000,1,6.59,NULL,80.30),(27,1,'HP600.12.5kg (558)',32,0.000000,1,13.19,NULL,58.98),(28,1,'HP777.6kg (414)',32,0.000000,1,6.51,NULL,29.69),(29,1,'HP900.3kg (407)',32,0.000000,1,3.45,NULL,13.18),(30,1,'HP580.6kg (635)',32,0.000000,1,6.55,NULL,40.55),(32,1,'TN150.180kg (419)',39,370.000000,1,195.00,200.000000,NULL),(33,1,'TP100.12kg (412)',32,35.000000,1,13.00,100.000000,NULL),(34,1,'TP100.180kg (418)',39,440.000000,1,195.00,30.000000,NULL),(221,8,'Hunker Divan',40,800.000000,1,NULL,NULL,NULL),(37,1,'VA104.77.15kg (654)',32,110.000000,1,16.37,50.000000,94.74),(38,1,'Vl195.77.12kg Baryer (934)',32,195.000000,1,13.30,15.000000,108.04),(39,1,'VN100.00.12kg (477)',32,49.000000,1,13.15,100.000000,39.07),(40,1,'VN100.15.12kg (476)',32,49.000000,1,13.15,100.000000,40.37),(41,1,'VN100.40.12kg (391)',32,49.000000,1,13.15,150.000000,39.10),(42,1,'VN100.77.12kg (666)',32,48.000000,1,13.63,200.000000,38.72),(43,1,'VN100.77.25kg (660)',32,88.000000,1,25.14,1000.000000,70.85),(44,1,'VN101.00.3111.12kg (390)',32,61.000000,1,13.30,10.000000,51.04),(45,1,'VN100.77.3kg (661)',32,16.000000,1,3.43,150.000000,11.34),(46,1,'VP500.00.25kg (671)',32,189.000000,1,26.89,1000.000000,79.30),(47,1,'VP500.20.12kg (676)',32,73.000000,1,13.30,5.000000,53.23),(48,1,'VP500.20.25kg (669)',32,138.000000,1,26.89,100.000000,101.42),(49,1,'VP500.40.12kg (440)',32,73.000000,1,13.30,80.000000,51.45),(50,1,'VP509.40.25kg (398)',32,177.000000,1,27.00,NULL,98.54),(51,1,'VU155.00.20kg ',32,130.000000,1,NULL,NULL,146.74),(52,1,'ZD420.1029 1litr (421)',31,12.000000,1,0.97,NULL,10.64),(53,1,'ZD820.1007 1 LT TUTUN (562)',32,16.000000,1,1.10,NULL,14.41),(54,1,'ZD820.1013 1 LT BEYAZ (502)',32,28.500000,1,1.90,NULL,26.23),(55,1,'ZD820.1014 1 LT OKYANUS MAVI (446)',32,16.000000,1,1.10,NULL,14.41),(56,1,'ZD820.1025 1 LT KIRMIZI (435)',32,16.000000,1,1.12,NULL,15.93),(57,1,'ZD820.1033 1 LT MESE (404)',32,16.000000,1,1.10,NULL,14.41),(58,1,'ZD820.1043 1 LT KOYU FINDIK (503)',32,16.000000,1,1.11,NULL,14.41),(59,1,'ZD820.1051 1 LT KOYU MESE (402)',32,16.000000,1,1.11,NULL,15.93),(60,1,'ZD820.1052 1litr MAUN (425)',32,16.000000,1,1.12,NULL,15.93),(61,1,'ZD820.1054 1LT SARI  (426)',32,28.500000,1,1.10,NULL,26.23),(62,1,'ZD820.1056 PARLEMENT MAVI 1 LT (447)',32,28.500000,1,1.10,NULL,26.23),(63,1,'ZD820.1058 1 LT YESIL (448)',32,28.500000,1,1.10,NULL,26.23),(64,1,'ZD820.1069 1 LT TURUNCU (528)',32,16.000000,1,1.12,NULL,15.93),(65,1,'ZD820.1072 1 LT SIYAH (445)',32,16.000000,1,1.15,NULL,15.93),(66,1,'ZD820.1090 1 LT KOYU MAUN (927)',32,16.000000,1,1.10,NULL,14.43),(67,1,'ZD820.1093 1 LT FINDIK (444)',32,16.000000,1,1.10,NULL,14.43),(68,1,'ZD820.1096 1 LT VENGE (423)',32,16.000000,1,1.12,NULL,14.43),(69,1,'ZD820.1092 1 LT CEVIZ (401)',32,16.000000,1,1.10,NULL,14.43),(70,1,'ZD900.1092 1litr (568)',32,14.500000,1,NULL,NULL,9.61),(71,1,'ZD420.1072 1litr (422)',32,12.000000,1,0.97,NULL,10.64),(72,5,'Orex Shpon (549)',36,4.500000,1,0.37,NULL,NULL),(74,5,'Dub Shpon (549)',36,3.500000,1,0.37,NULL,NULL),(75,1,'T43003 Dub Shpatlevka (420)',32,2.500000,1,1.08,500.000000,1.92),(76,1,'T43002 Orex Shpatlevka (456)',32,2.500000,1,1.08,500.000000,1.92),(77,1,'T43000 Oq Shpatlevka (457)',32,2.500000,1,1.08,1000.000000,1.92),(78,1,'BO100.00 0.83lt Smivka (481)',32,7.000000,1,1.19,200.000000,4.47),(219,8,'Firuze Divan',40,975.000000,1,NULL,NULL,NULL),(80,1,'VP500.00.12kg (474)',32,95.000000,1,13.30,50.000000,40.86),(82,1,'BP580.25.1000.12kg (581)',32,120.000000,1,13.30,150.000000,72.62),(83,1,'ZD820.1084. 1 LT ANTIK CEVIZ (403)',32,16.000000,1,1.12,NULL,14.41),(84,1,'ZD820.1087. 1 LT KOYU CEVIZ (405)',32,16.000000,1,1.10,NULL,14.41),(85,1,'ZD820.1088. 1 LT KAHVERENGI MAUN (434)',32,19.000000,1,1.12,NULL,16.76),(86,1,'VP380.77.3kg (677)',32,23.000000,1,3.43,200.000000,11.33),(87,1,'HP777.1,5 kg (428)',32,0.000000,1,1.76,NULL,8.39),(88,1,'VP500.40.3kg (449)',32,22.000000,1,3.43,200.000000,14.39),(89,1,'HP900.0,75kg (450)',32,0.000000,1,NULL,NULL,3.86),(755,1,'TP101.3Lt Poliuretan Tiner',40,1.000000,1,NULL,NULL,NULL),(91,5,'Buk Shpon',36,1.500000,1,NULL,NULL,NULL),(92,1,'VP380.77.12kg (657)',32,76.000000,1,13.30,150.000000,38.24),(94,1,'Tilla Kraska 1kg',30,14.000000,1,NULL,NULL,NULL),(96,1,'VA500.25.15kg (472)',32,125.000000,1,16.37,150.000000,96.66),(97,1,'TN150.1kg',30,2.210000,1,1.00,NULL,NULL),(98,1,'BE400.76 3/1 Polyester Shpaklyovka (480)',40,10.000000,1,3.00,NULL,9.18),(326,8,'Avalon Stul',40,40.000000,1,NULL,NULL,NULL),(100,1,'CP535.00.1000 12kg',32,218.000000,1,NULL,NULL,73.84),(757,1,'BN100.00.5800.12kg BONCUK MAVI (1252)',40,69.000000,1,13.34,NULL,60.33),(330,1,'BP444.77.1000.12kg Baryer (780)',40,82.000000,1,13.30,150.000000,34.30),(329,1,'BN100.00.2185.12kg Krom Sari (621)',40,64.000000,1,13.34,20.000000,52.24),(114,1,'CN500.15.0000 9.6kg Sel (873)',32,64.000000,1,NULL,NULL,53.78),(220,8,'Papatya Divan',40,930.000000,1,NULL,NULL,NULL),(120,1,'HP551.13kg (410)',32,0.000000,1,13.10,NULL,116.65),(216,8,'Sehzada Divan',40,875.000000,1,NULL,NULL,NULL),(123,1,'TN150.12kg (436)',32,32.000000,1,13.00,100.000000,NULL),(125,1,'VS102.00 2.5 lt YAT Vernik Parlak (1193)',40,14.000000,1,2.61,NULL,10.11),(126,1,'VP515.20 12kg Terma Stoyki',40,100.000000,1,NULL,NULL,55.99),(127,1,'HP515.00 6kg',40,0.000000,1,NULL,NULL,41.90),(129,1,'HP280.00 12.5lt',40,0.000000,1,NULL,NULL,61.84),(130,1,'VP551.00.24kg (409)',32,400.000000,1,26.39,50.000000,154.84),(131,1,'VP525.00 25kg (HP125.00 12.5kg)',40,200.000000,1,NULL,NULL,156.87),(132,1,'HP125.00 12.5kg (525.00 25kg)',40,0.000000,1,NULL,NULL,87.87),(133,1,'VP561.00 24kg (HP161.00 12kg)',40,200.000000,1,NULL,NULL,124.51),(134,1,'HP161.00 12kg (VP561.00 24kg)',40,0.000000,1,NULL,NULL,86.75),(633,8,'Arins Divan',40,1.000000,1,NULL,NULL,NULL),(137,5,'Dub Krasniy',36,1.500000,1,NULL,NULL,NULL),(335,8,'Hunker #3 Divan',40,1400.000000,1,NULL,NULL,NULL),(139,1,'Patina Siyah 3kg',32,17.000000,1,NULL,NULL,NULL),(140,1,'BP571.50.1001. 12kg (406)',32,72.000000,1,13.30,50.000000,48.40),(143,1,'BI100.00.8002 .2,5lt Promishliniy Kraska',32,1.000000,1,NULL,NULL,11.90),(218,8,'Paris Divan',40,895.000000,1,NULL,NULL,NULL),(145,1,'=Cench Tinting Kraska 1kg',30,1.000000,1,1.00,NULL,NULL),(146,1,'Doska',40,35.000000,1,NULL,NULL,NULL),(147,1,'TA550.00 12kg (533)',40,43.000000,1,13.00,50.000000,NULL),(148,1,'HP 135.00. 10lt',40,0.000000,1,NULL,NULL,NULL),(149,1,'BN100.77.9103.13kg (691)',40,50.000000,1,14.15,NULL,47.36),(333,8,'Agirguli Divan',40,1200.000000,1,NULL,NULL,NULL),(154,1,'HA190.0,3kg (479)',40,0.000000,1,NULL,NULL,4.47),(332,8,'Basak Divan',40,950.000000,1,NULL,NULL,NULL),(156,1,'VA103.77. (3kg)',40,1.000000,1,NULL,NULL,20.02),(159,1,'HP600.1.5Lt Cizilmes',40,0.000000,1,1.76,NULL,8.37),(160,1,'BE401.77.1000.10kg (903)',40,90.000000,1,NULL,4.000000,63.92),(229,8,'Sezen Divan',40,1400.000000,1,NULL,NULL,NULL),(228,8,'Salyangoz Divan',40,1300.000000,1,NULL,NULL,NULL),(227,8,'Mesale Divan',40,1300.000000,1,NULL,NULL,NULL),(226,8,'Izmik Divan',40,1300.000000,1,NULL,NULL,NULL),(225,8,'Melodi Divan',40,1400.000000,1,NULL,NULL,NULL),(167,8,'Mebel Turkiya',40,1700.000000,1,NULL,NULL,NULL),(331,1,'HP444.3kg Baryer Sert (620)',40,0.000000,1,3.45,NULL,36.39),(171,1,'HP580.1.5kg (1219)',40,15.000000,1,1.76,NULL,11.30),(172,8,'Stul Karkaz Avalon Model',40,40.000000,1,NULL,NULL,NULL),(338,8,'Bulgaria Divan',40,1300.000000,1,NULL,NULL,NULL),(337,8,'Oskar Divan',40,1600.000000,1,NULL,NULL,NULL),(336,8,'Gulbahor Divan',40,1000.000000,1,NULL,NULL,NULL),(184,1,'BN100.00.1000.12kg (374)',40,58.000000,1,13.34,1000.000000,51.98),(217,8,'Pier Divan',40,965.000000,1,NULL,NULL,NULL),(186,1,'VA500.40.3kg (478)',40,33.000000,1,3.43,NULL,20.62),(187,1,'BP333.77.1000.4,5kg (670) ',40,25.000000,1,4.93,200.000000,13.23),(188,1,'HP900.1,5kg (471)',40,0.000000,1,1.76,NULL,7.09),(189,1,'VA510.00.3kg (473)',40,44.000000,1,3.43,NULL,20.02),(207,1,'VP500.00.3kg (702)',32,30.000000,1,3.43,100.000000,11.68),(208,1,'BN100.10.1000.12kg (522)',32,59.000000,1,13.34,1000.000000,54.10),(213,1,'VN101.8150.3kg (662)',40,21.000000,1,3.43,50.000000,15.96),(214,1,'HP904.12,5kg (383)',40,0.000000,1,13.06,NULL,46.90),(215,1,'HP904.3kg (407)',40,0.000000,1,3.45,NULL,13.18),(230,8,' Arizone Stul',40,63.000000,1,NULL,NULL,NULL),(231,8,'Socci Bil Kreslo',40,325.000000,1,NULL,NULL,NULL),(232,8,'Dubai Stul',40,55.000000,1,NULL,NULL,NULL),(233,8,'Cogan Stul',40,105.000000,1,NULL,NULL,NULL),(234,8,'Xagmur Stul',40,90.000000,1,NULL,NULL,NULL),(235,8,'Elif Stul',40,80.000000,1,NULL,NULL,NULL),(236,8,'Melodi Stul',40,100.000000,1,NULL,NULL,NULL),(237,8,'Kralet Stul',40,85.000000,1,NULL,NULL,NULL),(238,8,'Kantry Stul',40,65.000000,1,NULL,NULL,NULL),(239,8,'Papatya Stul',40,65.000000,1,NULL,NULL,NULL),(240,8,'Salyangoz Stul',35,80.000000,1,NULL,NULL,NULL),(241,8,'Mnekse Stul',40,80.000000,1,NULL,NULL,NULL),(242,8,'Nabor Mebel Yogoch N1',40,2220.000000,1,NULL,NULL,NULL),(243,8,'Nabor Mebel Yogoch N2',40,2100.000000,1,NULL,NULL,NULL),(334,8,'Istanbul Divan',40,700.000000,1,NULL,NULL,NULL),(245,8,'Gunay Divan',40,1000.000000,1,NULL,NULL,NULL),(246,8,'Bella Divan',40,1200.000000,1,NULL,NULL,NULL),(247,8,'Gozde Divan',40,1200.000000,1,NULL,NULL,NULL),(248,8,'Ayfin Divan',40,1000.000000,1,NULL,NULL,NULL),(249,8,'Lolezar Divan',40,650.000000,1,NULL,NULL,NULL),(250,8,'Hunker #2 Divan',40,1200.000000,1,NULL,NULL,NULL),(251,8,'Kral Divan',40,1200.000000,1,NULL,NULL,NULL),(252,8,'Elit Divan',40,1200.000000,1,NULL,NULL,NULL),(253,8,'Dubay Chestir Divan',40,1150.000000,1,NULL,NULL,NULL),(254,8,'Dubay Taj Divan',40,1200.000000,1,NULL,NULL,NULL),(255,8,'Elif Chestir Divan',40,1150.000000,1,NULL,NULL,NULL),(256,8,'Kristo Divan',40,1150.000000,1,NULL,NULL,NULL),(257,8,'Arizone Divan',40,1400.000000,1,NULL,NULL,NULL),(258,8,'Gulipek Divan',40,1350.000000,1,NULL,NULL,NULL),(259,8,'Kral Stul',40,70.000000,1,NULL,NULL,NULL),(260,8,'Elit Stul',40,70.000000,1,NULL,NULL,NULL),(261,8,'Mobilya Stul',40,65.000000,1,NULL,NULL,NULL),(262,8,'Bulgari Stul',40,70.000000,1,NULL,NULL,NULL),(263,8,'#1 Stul',40,70.000000,1,NULL,NULL,NULL),(264,8,'#2 Stul',40,70.000000,1,NULL,NULL,NULL),(265,8,'#3 Stul',40,65.000000,1,NULL,NULL,NULL),(266,8,'Kulakli Stul',40,85.000000,1,NULL,NULL,NULL),(267,8,'Tajli Stul',40,85.000000,1,NULL,NULL,NULL),(268,8,'Yogoch MDF Skof Kamod Stol',40,1500.000000,1,NULL,NULL,NULL),(269,8,'Shkaf #1',40,250.000000,1,NULL,NULL,NULL),(273,1,'HP904.12kg (475)',40,0.000000,1,NULL,NULL,46.04),(328,1,'HX100.00.6kg Epokso Sert (611)',40,0.000000,1,NULL,NULL,98.11),(279,1,'HE400. 0.225kg Polyester Hizlandirici (498)',40,0.000000,1,NULL,NULL,3.21),(286,8,'Yildiray Divan',40,1350.000000,1,NULL,NULL,NULL),(287,8,'Mercan Divan',40,1600.000000,1,NULL,NULL,NULL),(288,8,'Gogdas Divan',40,1200.000000,1,NULL,NULL,NULL),(289,8,'Sarmasik Divan',40,1700.000000,1,NULL,NULL,NULL),(292,8,'Petek Divan',40,2400.000000,1,NULL,NULL,NULL),(291,8,'Hira Divan',40,1600.000000,1,NULL,NULL,NULL),(293,8,'Socci Divan',40,2400.000000,1,NULL,NULL,NULL),(294,8,'Apolet Divan Abivka ',40,2700.000000,1,NULL,NULL,NULL),(295,8,'Apolet Divan ',40,2400.000000,1,NULL,NULL,NULL),(296,8,'Cresida Divan',40,1700.000000,1,NULL,NULL,NULL),(297,8,'Roze Divan',40,1700.000000,1,NULL,NULL,NULL),(298,8,'Ares Divan',40,1.000000,1,NULL,NULL,NULL),(299,8,'Monica Divan',40,1400.000000,1,NULL,NULL,NULL),(300,8,'Beyza Divan',40,1100.000000,1,NULL,NULL,NULL),(301,8,'Gondol Divan',40,1200.000000,1,NULL,NULL,NULL),(302,8,'Kardelen Divan',40,1300.000000,1,NULL,NULL,NULL),(303,8,'Kral #2 Divan',40,2000.000000,1,NULL,NULL,NULL),(304,8,'Rapunzer Divan',40,1450.000000,1,NULL,NULL,NULL),(305,8,'Leonardo Divan',40,1100.000000,1,NULL,NULL,NULL),(306,8,'Papatya #2 Divan',40,1350.000000,1,NULL,NULL,NULL),(307,8,'Karen Divan',40,1350.000000,1,NULL,NULL,NULL),(308,8,'Gorkem Divan',40,1100.000000,1,NULL,NULL,NULL),(309,8,'Ofis Kreslo, 2ta Stul',40,1000.000000,1,NULL,NULL,NULL),(310,8,'Monolya Stul',40,250.000000,1,NULL,NULL,NULL),(311,8,'Oymali Stul',40,250.000000,1,NULL,NULL,NULL),(312,8,'Papatya #2 Stul',40,90.000000,1,NULL,NULL,NULL),(313,8,'Firuze Stul',40,24.000000,1,NULL,NULL,NULL),(314,8,'Gold Stul',40,90.000000,1,NULL,NULL,NULL),(315,1,'VU165.00.20kg (591)',40,198.000000,1,21.67,NULL,202.16),(316,1,'BN100.00.3205.12kg Sel Boya-Bayrak Kirmizi (592)',40,63.000000,1,13.34,20.000000,50.66),(317,1,'BN100.00.9123.12kg (593) Sel Boya-Siyah',40,60.000000,1,13.34,70.000000,44.31),(318,1,'BN100.00.2183.12kg (594)',40,64.000000,1,13.34,NULL,51.80),(319,1,'VA104.77.3kg (870)',40,30.000000,1,3.43,NULL,21.78),(340,1,'P-180.1mt Shkurka',34,0.800000,1,NULL,NULL,NULL),(341,1,'P-320.1mt Shkurka',34,0.800000,1,NULL,NULL,NULL),(342,1,'P-400.1mt Shkurka',34,0.800000,1,NULL,NULL,NULL),(343,1,'P-280.1mt Shkurka',34,0.800000,1,NULL,NULL,NULL),(344,1,'P-220.1mt Shkurka',34,0.800000,1,NULL,NULL,NULL),(753,11,'14.EYE 1 -  Sari-Yellow 1lt',40,126.000000,1,1.00,NULL,NULL),(348,1,'VU190.77.20kg Bariyer (700)',40,320.000000,1,NULL,NULL,339.42),(350,1,'HP123.12kg',40,0.000000,1,NULL,NULL,114.10),(352,1,'BN100.00.3205 2.5LT Sel Boya-Bayrak Kirmizi (553)',40,14.500000,1,2.81,NULL,11.67),(353,1,'BN100.00.2185 2.5LT Sel Boya-Krom Sari (615)',40,14.500000,1,2.91,NULL,12.12),(355,1,'BN100.00.8506.12kg (769)',40,61.000000,1,13.34,100.000000,50.66),(356,1,'BN100.00.8505.12kg (768)',40,61.000000,1,13.34,50.000000,50.66),(357,1,'P180 Cenç 25mt  (877)',40,19.000000,1,1.72,300.000000,20.38),(358,1,'P220 Cenç 25mt  (1335)',40,19.000000,1,1.72,300.000000,20.38),(359,1,'P320 Cenç 25mt  (766)',40,19.000000,1,1.72,300.000000,20.38),(360,1,'BN100.77.9103.3kg (678)',40,14.000000,1,NULL,NULL,11.90),(361,1,'Sadaf Toz EL103 25kg',40,450.000000,1,NULL,NULL,NULL),(362,1,'BE400.76 1.8/1 Polyester Shpaklyovka (682)',40,7.000000,1,NULL,NULL,6.21),(363,1,'BN100.00.1140.12kg Krem.Sel.Boya (684)',40,61.000000,1,13.34,NULL,55.89),(365,1,'3kg Pasuda',40,0.800000,1,NULL,NULL,NULL),(366,1,'BL193.77.1000.12kg Mdf Bariyeri (692)',40,75.000000,1,13.30,NULL,46.46),(756,1,'BS100.78.7103.20kg ANTIPAS - GRI ',40,1.000000,1,21.15,NULL,45.78),(368,8,'Spalniy Garnitur',40,2300.000000,1,NULL,NULL,NULL),(369,1,'TN200.180kg (799)',40,440.000000,1,195.00,100.000000,NULL),(370,8,'Aytikin#1 Divan',40,1000.000000,1,NULL,NULL,NULL),(371,8,'Karen#2 Divan',40,1250.000000,1,NULL,NULL,NULL),(372,8,'Karen#3 Divan',40,1300.000000,1,NULL,NULL,NULL),(373,8,'Karen#1 Stul',40,80.000000,1,NULL,NULL,NULL),(374,8,'Avalon#2 Stul',40,60.000000,1,NULL,NULL,NULL),(375,1,'BN100.00.1810.12kg Metalik Altin (697)',40,96.000000,1,13.34,30.000000,82.31),(376,1,'BN100.00.7069.12kg Metalik Gumush (698)',40,89.000000,1,13.34,5.000000,75.18),(377,1,'BN100.00.3310.12kg Metalik Bronz',40,88.000000,1,13.34,NULL,78.75),(378,1,'P400 Cenç 25mt  (703)',40,19.000000,1,1.72,200.000000,20.38),(379,1,'BN100.77.1000.3kg (701)',40,14.000000,1,3.33,200.000000,10.53),(380,1,'BL193.77.20+6kg MDF BARIYERI (706)',40,120.000000,1,25.50,NULL,73.20),(381,1,'HP193.6kg (385)',40,0.000000,1,6.59,NULL,41.91),(382,1,'VP510.20.10Lt Cizilmes (781)',40,76.000000,1,11.40,NULL,39.79),(383,1,'HP600.5Lt Cizilmes (686)',40,0.000000,1,NULL,NULL,25.45),(384,9,'DW209.90.1002.15LT',40,1.000000,1,NULL,NULL,NULL),(385,9,'DW209.90.1002.7.5LT',40,1.000000,1,NULL,NULL,NULL),(386,9,'DW209.90.1002.2.5LT',40,1.000000,1,NULL,NULL,NULL),(388,9,'Premium Silicon Matt Beyaz 15Lt 1001 ',40,46.800000,1,23.60,NULL,47.71),(389,9,'Premium Silicon Matt Beyaz 7.5Lt 1001 ',40,25.200000,1,11.42,NULL,25.51),(390,9,'Premium Silicon Matt Beyaz 2.5Lt 1001 (516)',40,11.200000,1,3.81,NULL,9.41),(391,9,'Premium Silicon Matt D1 15Lt 1002 ',40,46.800000,1,24.35,NULL,44.69),(392,9,'Premium Silicon Matt D1 7.5Lt 1002 (1056)',40,25.200000,1,12.30,NULL,23.90),(393,9,'Premium Silicon Matt D1 2.5Lt 1002 (1033)',40,11.200000,1,4.12,NULL,9.30),(394,9,'Premium Silicon Matt D2 15Lt 1003',40,46.800000,1,23.71,NULL,42.39),(395,9,'Premium Silicon Matt D2 7.5Lt 1003',40,25.200000,1,11.97,NULL,22.82),(396,9,'Premium Silicon Matt D2 2.5Lt 1003',40,11.200000,1,4.01,NULL,8.87),(397,9,'Premium Silicon Matt D3 15Lt 1004 (1045)',40,42.400000,1,23.49,NULL,40.86),(398,9,'Premium Silicon Matt D3 7.5Lt 1004 (1044)',40,23.400000,1,11.86,NULL,21.96),(399,9,'Premium Silicon Matt D3 2.5Lt 1004 (1042)',40,9.900000,1,3.98,NULL,8.63),(400,9,'Premium Silicon Matt D4 15Lt 1005 (1048)',40,37.800000,1,22.46,NULL,33.14),(401,9,'Premium Silicon Matt D4 7.5Lt 1005 (1105)',40,20.600000,1,11.35,NULL,18.04),(402,9,'Premium Silicon Matt D4 2.5Lt 1005 (1047)',40,9.000000,1,3.81,NULL,7.39),(403,9,'Premium Cover Primer 15LT 1001',40,31.500000,1,22.95,NULL,27.44),(404,9,'Premium Cover Primer 2.5Lt 1001',40,6.700000,1,3.88,NULL,5.81),(405,9,'Standard Ecosil Matt Beyaz 12Lt 1001 ',40,34.200000,1,21.56,NULL,33.95),(406,9,'Standard Ecosil Matt Beyaz 6Lt 1001 ',40,19.800000,1,10.92,NULL,18.17),(407,9,'Standard Ecosil Matt Beyaz 2.2Lt 1001 ',40,9.000000,1,4.03,NULL,7.56),(408,9,'Premium Silicon Matt A1 15Lt 1001',40,46.800000,1,24.34,NULL,45.99),(409,9,'Premium Silicon Matt A1 7.5Lt 1001',40,25.200000,1,12.29,NULL,24.83),(410,9,'Premium Silicon Matt A1 2.5Lt 1001',40,11.200000,1,4.12,NULL,9.41),(411,9,'Standard Plastic Matt A1 12Lt 1001',40,32.400000,1,20.97,NULL,32.94),(412,9,'Standard Plastic Matt A1 6Lt 1001',40,18.000000,1,10.63,NULL,17.78),(413,9,'Standard Plastic Matt A1 2.2Lt 1001',40,8.100000,1,3.91,NULL,6.74),(414,9,'Standard Plastic Matt D1 12Lt 1002',40,32.400000,1,20.97,NULL,31.99),(415,9,'Standard Plastic Matt D1 6Lt 1002',40,18.000000,1,10.63,NULL,17.11),(416,9,'Standard Plastic Matt D1 2.2Lt 1002',40,8.100000,1,3.91,NULL,6.65),(417,9,'Standard Plastic Matt D2 12Lt 1003',40,32.400000,1,20.97,NULL,30.36),(418,9,'Standard Plastic Matt D2 6Lt 1003',40,18.000000,1,10.63,NULL,16.35),(419,9,'Standard Plastic Matt D2 2.2Lt 1003',40,8.100000,1,3.91,NULL,6.36),(420,9,'Standard Plastic Matt D3 12Lt 1004',40,32.400000,1,20.97,NULL,29.25),(421,9,'Standard Plastic Matt D3 6Lt 1004',40,18.000000,1,10.63,NULL,15.72),(422,9,'Standard Plastic Matt D3 2.2Lt 1004',40,8.100000,1,3.91,NULL,6.18),(423,9,'Fassade Silicon Sun A1 15Lt 1001',40,49.500000,1,24.66,NULL,49.26),(424,9,'Fassade Silicon Sun A1 7.5Lt 1001',40,27.000000,1,12.41,NULL,26.27),(425,9,'Fassade Silicon Sun A1 2.5Lt 1001',40,10.800000,1,4.16,NULL,9.86),(426,1,'VS102.40 2.5Lt Yat Vernik I.Mat',40,14.000000,1,2.63,NULL,10.97),(427,1,'VS100.00 2.5Lt Parke Vernik Parlak (1186)',40,13.000000,1,2.61,NULL,10.62),(428,1,'VS100.20 2.5Lt Parke Vernik Mat (1189)',40,14.000000,1,2.66,NULL,12.01),(844,1,'P800 Abrasoft 25mt',40,18.000000,1,1.50,NULL,NULL),(430,1,'BN100.40.1000 2.5Lt (1235)',40,16.000000,1,3.18,200.000000,13.17),(431,1,'BN100.00.2001 2.5Lt (774)',40,17.000000,1,2.83,100.000000,13.93),(432,8,'Gogan Divan',40,1.000000,1,NULL,NULL,NULL),(754,1,'BN100.77.1000.30kg (1218)',40,102.000000,1,32.00,80.000000,100.20),(436,1,'P150 Cenç 25mt (767)',40,19.000000,1,1.72,200.000000,20.38),(437,1,'P-150 1mt Shkurka',40,0.800000,1,NULL,NULL,NULL),(438,1,'BP575.77.1000 12kg PU ORTUCU A BEYAZ (1321)',40,87.000000,1,13.30,NULL,52.08),(439,1,'HP575 6kg (385)',40,0.000000,1,6.59,NULL,30.62),(441,1,'BL193.77.2kg Mdf Bariyeri (1256)',40,16.000000,1,2.33,NULL,7.84),(442,1,'HP193.0.5kg (776)',40,0.000000,1,0.50,NULL,4.64),(443,1,'BL193.77.12+3 kg MDF BARIYERI (777)',40,67.000000,1,13.30,NULL,39.80),(444,1,'HP193.3kg (407)',40,0.000000,1,3.45,NULL,22.42),(445,8,'Nergiz Stul',40,70.000000,1,NULL,NULL,NULL),(446,8,'Zeytin Stul',40,70.000000,1,NULL,NULL,NULL),(447,8,'Crasida Stul',40,70.000000,1,NULL,NULL,NULL),(448,8,'Petek Stul',40,70.000000,1,NULL,NULL,NULL),(449,8,'Mesale Stul',40,70.000000,1,NULL,NULL,NULL),(450,8,'Dilek Divan',40,1.000000,1,NULL,NULL,NULL),(451,8,'Aristakrat Divan',40,1.000000,1,NULL,NULL,NULL),(452,8,'Yaren Divan',40,1.000000,1,NULL,NULL,NULL),(453,1,'VP510.40 10kg Cizilmes (781)',40,76.000000,1,11.40,NULL,38.72),(454,1,'BP475.77.1000 15kg Esnek Astar (882)',40,115.000000,1,16.26,NULL,55.04),(455,1,'HP475 6kg ',40,0.000000,1,NULL,NULL,47.23),(456,1,'F00081 Altin Boya 1kg (1011)',40,11.000000,1,1.00,NULL,NULL),(457,1,'CP585.50.0000 10.2kg (785)',40,71.000000,1,11.50,NULL,54.97),(461,1,'VP510.40 3kg Cizilmes (790)',32,27.000000,1,3.49,NULL,12.36),(462,9,'COROB TINTING Emulsiya',40,10000.000000,1,NULL,NULL,NULL),(463,1,'VS100.00 12kg Parke Vernik Parlak (795)',32,55.000000,1,13.35,NULL,48.20),(464,1,'VS102.00 12kg YAT Vernik Parlak (1192)',32,55.000000,1,13.34,NULL,46.05),(468,11,'10.DIYE - Sari 1lt (1334)',40,33.000000,1,1.00,NULL,20.19),(469,11,'1.EYL 1lt (Sari.2) ',40,126.000000,1,NULL,NULL,80.06),(470,11,'2.DGRN - Yesil 1lt',40,48.000000,1,1.00,NULL,29.76),(471,11,'8.IOR - Orange 1lt',40,77.000000,1,1.00,NULL,48.72),(472,11,'5.DOXY - Oksit Sari 1lt',40,28.000000,1,1.00,NULL,14.55),(473,11,'6.ERE1 - Kirmizi 1lt (989)',40,92.000000,1,1.00,NULL,58.33),(474,11,'7.EBL - Mavi 1lt',40,61.000000,1,1.00,NULL,37.83),(475,11,'12.EBK1 - Siyah 1lt (1270)',40,33.000000,1,1.00,NULL,21.18),(476,11,'13.EVI1 - Viyole 1lt (985)',40,145.000000,1,1.00,NULL,94.23),(477,11,'4.EXR1 - Oksit Kirmizi 1lt (987)',40,28.000000,1,1.00,NULL,17.41),(478,11,'3.EWH1 - Beyaz 1lt (986)',40,47.000000,1,1.00,NULL,28.65),(479,11,'9.ERE.3 - Kirmizi 1lt (992)',40,89.000000,1,1.00,NULL,55.18),(480,11,'11.EOR - Turuncu 1lt',40,85.000000,1,1.00,NULL,53.72),(481,9,'FASSADE SILICONE SUN C BAZI 15 LT',40,40.500000,1,24.18,NULL,43.03),(482,9,'FASSADE SILICONE SUN D1 BAZI  15 LT',40,49.500000,1,24.66,NULL,54.95),(483,9,'FASSADE SILICONE SUN D2 BAZI 15 LT',40,49.500000,1,24.66,NULL,52.28),(484,9,'FASSADE SILICONE SUN D3 BAZI 15 LT',40,45.000000,1,24.66,NULL,50.56),(485,9,'FASSADE SILICONE SUN D4 BAZI 15 LT',40,45.000000,1,24.66,NULL,43.37),(486,9,'Standard Plastic Mat Beyaz 12Lt 1001',40,32.400000,1,21.56,NULL,31.85),(487,9,'Standard Plastic Mat Beyaz 6Lt 1001',40,18.000000,1,10.92,NULL,17.11),(488,9,'Standard Plastic Mat Beyaz 2.2Lt 1001',40,8.100000,1,4.03,NULL,7.25),(525,9,'Premium Silicon Silk Matt Beyaz 7.5Lt 1001',40,29.700000,1,10.82,NULL,37.79),(490,9,'Standard Latex Matt Beyaz 20kg 1001 (846)',40,28.800000,1,20.66,NULL,23.13),(491,9,'Standard Latex Matt Beyaz 7.5Lt 1001(847)',40,19.800000,1,13.92,NULL,16.09),(492,9,'Standard Latex Matt Beyaz 2.5Lt 1001 (848)',40,8.100000,1,4.51,NULL,6.23),(493,9,'Silicone Rock Impregnation 5Lt',40,22.500000,1,5.27,NULL,19.05),(494,9,'Premium Interior Putty ic 25kg',40,36.000000,1,25.96,NULL,20.41),(495,9,'Standart Interior Putty ic 5kg',40,9.000000,1,5.00,NULL,4.95),(496,9,'Fassade Exterior Putty Dis 25kg',40,38.700000,1,26.07,NULL,22.39),(497,9,'Fassade Exterior Putty 4kg',40,8.500000,1,4.00,NULL,4.75),(499,9,'Premium Silicon Satin Beyaz 7.5Lt 1001',40,27.000000,1,10.75,NULL,33.90),(523,1,'VX100.00. 21kg Epoksi (874)',40,365.000000,1,22.90,NULL,250.37),(501,9,'Premium Transparent Primer 20Lt',40,22.500000,1,21.10,NULL,20.96),(502,9,'Premium Transparent Primer 5Lt',40,6.700000,1,5.27,NULL,5.69),(503,9,'Premium Silicon Satin Beyaz 2.5Lt 1001',40,9.900000,1,3.61,NULL,12.28),(504,9,'Fassade Silicon Sun Beyaz 15Lt 1001',40,49.500000,1,24.66,NULL,54.50),(505,9,'Fassade Silicon Sun Beyaz 7.5Lt 1001',40,27.000000,1,12.41,NULL,29.26),(506,9,'Fassade Eco Sun Beyaz 7.5Lt 1001',40,29.600000,1,12.92,NULL,26.06),(507,9,'Fassade Silicon Cover Primer Beyaz 15Lt ',40,35.100000,1,22.83,NULL,33.70),(508,9,'Fassade Silicon Cover Primer Beyaz 2.5Lt ',40,8.100000,1,3.86,NULL,6.45),(509,9,'Fassade Concrete Primer Kirmizi 12kg',40,22.500000,1,NULL,NULL,17.48),(510,9,'Fassade Eco Sun Beyaz 20kg 1001',40,37.800000,1,20.66,NULL,39.03),(511,9,'Fassade Eco Sun Beyaz 2.5Lt 1001',40,9.400000,1,4.33,NULL,9.64),(512,9,'Fassade Silicon Sun Beyaz 2.5Lt 1001',40,10.800000,1,4.16,NULL,10.87),(513,9,'Hydro Isolation Beyaz 20kg 1001',40,54.000000,1,20.78,NULL,62.98),(514,9,'Hydro Isolation Beyaz 3kg 1001',40,10.800000,1,3.17,NULL,10.66),(516,9,'Premium Silicon Satin Beyaz 15Lt 1001',40,51.300000,1,21.35,NULL,64.62),(531,1,'ZD421.3400 1lt Kizil Altin (881)',40,17.000000,1,1.00,NULL,12.66),(530,1,'ZD421.2400 1lt Altin (880)',40,17.000000,1,1.00,NULL,12.66),(524,9,'Premium Silicon Silk Matt Beyaz 15Lt 1001',40,58.500000,1,21.41,NULL,72.09),(521,9,'Standard Acrylic Ceiling Beyaz 17.5kg 1001 (1043)',40,21.600000,1,18.16,NULL,15.84),(522,9,'Standard Acrylic Ceiling Beyaz 3.5kg 1001',40,5.400000,1,3.68,NULL,4.15),(526,9,'Premium Silicon Silk Matt Beyaz 2.5Lt 1001',40,10.800000,1,3.62,NULL,13.76),(527,9,'Premium Concentrated Primer 1:7 15Lt',40,30.600000,1,15.75,NULL,39.88),(528,9,'Premium Concentrated Primer 1:7 2.5Lt',40,6.700000,1,2.86,NULL,7.80),(532,1,'F00081 Gumush Boya 1kg',32,11.000000,1,1.00,NULL,NULL),(535,1,'CP585.25.0000 10.2kg (1013)',40,71.000000,1,11.50,NULL,53.98),(537,1,'F00081 Champangne Boya 1kg (456)',40,11.000000,1,1.00,NULL,NULL),(539,1,'VU142.77 20kg (953)',40,155.000000,1,21.67,NULL,146.57),(540,1,'VE401.77 10kg Polyester Dolgu (903)',40,90.000000,1,NULL,NULL,62.33),(541,8,'Kelibek Stul',40,70.000000,1,NULL,NULL,NULL),(542,1,'P240 Cenç 25mt  (931)',40,19.000000,1,1.72,200.000000,20.38),(543,1,'BU110.77.1590 Ral9010 20kg (943)',40,280.000000,1,21.67,NULL,266.21),(544,1,'TO190.00 RAPID Tiner 1LT',32,3.000000,1,8.18,NULL,NULL),(545,1,'VU141.77 20kg (507)',32,155.000000,1,21.67,NULL,153.11),(546,1,'P-240.1mt Shkurka',34,0.800000,1,NULL,NULL,NULL),(547,12,'PP600.0001 (623)',32,104.000000,1,NULL,NULL,85.73),(548,12,'PP600.0002 (541)',32,259.000000,1,NULL,NULL,215.46),(549,12,'PP600.0003',32,121.000000,1,NULL,NULL,100.88),(550,12,'PP600.0004',32,137.000000,1,NULL,NULL,113.16),(551,12,'PP600.0005 (544)',32,133.000000,1,NULL,NULL,110.78),(552,12,'PP600.0006',32,127.000000,1,NULL,NULL,105.03),(553,12,'PP600.0007',32,92.000000,1,NULL,NULL,75.92),(554,12,'PP600.0008 (1089)',32,82.000000,1,NULL,NULL,67.30),(555,12,'PP600.0009 3LT (1097)',32,61.000000,1,NULL,NULL,50.50),(556,12,'PP600.0010',32,206.000000,1,NULL,NULL,171.27),(557,12,'PP600.0011 (624)',32,292.000000,1,NULL,NULL,242.23),(558,12,'PP600.0012 Koyu Sari (524)',32,87.000000,1,NULL,NULL,72.40),(559,12,'PP600.0013 (546)',32,184.000000,1,NULL,NULL,152.68),(560,12,'PP600.0014',32,278.000000,1,NULL,NULL,230.37),(561,12,'PP600.0015',32,278.000000,1,NULL,NULL,230.37),(562,12,'PP600.0016 Koyu Mavi (548)',32,135.000000,1,NULL,NULL,111.76),(563,1,'IK380.10 15kg (IK981. 5kg) Barkhatistaya Tekstura',32,228.000000,1,NULL,NULL,150.85),(564,1,'IK981.5kg',32,0.000000,1,NULL,NULL,54.97),(565,8,'Ziynat Stul',32,70.000000,1,NULL,NULL,NULL),(566,1,'BP580.00.1000.12kg (998)',40,125.000000,1,13.30,30.000000,77.20),(567,1,'BS600.00.8125. 2.5LT KIZIL CEVIZ (965)',40,12.500000,1,2.48,8.000000,10.33),(568,1,'BS600.00.8109. 2.5LT CEVIZ (966)',40,12.500000,1,2.48,12.000000,10.33),(569,1,'BS600.00.8151. 2.5LT KOYU CEVIZ (967)',40,12.500000,1,2.48,4.000000,10.33),(570,1,'BS600.00.8195. 2.5LT FINDIK (968)',40,12.500000,1,2.48,12.000000,10.33),(572,1,'BS600.00.8107. 2.5LT ACIK MESE (969)',40,12.500000,1,2.48,NULL,10.33),(574,1,'VA107.77 3kg ',40,1.000000,1,NULL,NULL,18.94),(575,1,'HA197.00 0.3kg (479)',40,0.000000,1,0.30,NULL,3.62),(576,1,'BN350.77.1110.18kg SEL. ASTAR - BEYAZ (975)',40,52.000000,1,19.26,400.000000,47.97),(577,1,'BU110.77.1003.20kg UV AKRILIK BEYAZI BOYA (943)',40,275.000000,1,21.67,NULL,247.50),(578,1,'VA300.25.15kg AKRILIK MAT VERNIK (654)',40,115.000000,1,16.37,15.000000,89.27),(579,1,'VA300.40.15kg AKRILIK I.MAT VERNIK (392)',40,115.000000,1,16.37,15.000000,90.60),(580,1,'HA300.1.5KG AKRILIK SERTLESTIRICI (393)  ',40,0.000000,1,1.76,NULL,15.48),(581,1,'VA107.77.15KG AKRILIK DOLGU (870)',40,117.000000,1,16.37,NULL,87.96),(582,1,'HA197.1.5kg AKRILIK SERT (393)',40,0.000000,1,1.76,NULL,13.27),(583,1,'VA500.25.3kg AKRILIK MAT VERNIK (1000)',32,33.000000,1,3.43,50.000000,20.61),(584,1,'Yol Cizgi Boyasi 24kg',40,1.000000,1,25.00,NULL,NULL),(585,1,'VP500.20.3kg (1020)',40,22.000000,1,3.43,30.000000,14.85),(586,1,'Vl195.77.3kg Baryer (999)',32,59.000000,1,3.43,NULL,29.50),(587,1,'HP196.00.1.5kg Baryer Otver (993)',32,0.000000,1,1.76,NULL,21.44),(588,1,'VP510.20.3Lt Cizilmes (793)',40,27.000000,1,3.49,NULL,12.67),(589,8,'Muborak Stul',40,60.000000,1,NULL,NULL,NULL),(590,8,'EFE Divan',40,1000.000000,1,NULL,NULL,NULL),(591,8,'Kreslo Italiya',40,150.000000,1,NULL,NULL,NULL),(592,1,'BN100.00.1810 2.5lt Metalik Altin (1254)',40,22.000000,1,2.83,20.000000,18.20),(593,1,'BP250.50.1000.12kg PU.BOYA-I.MAT BEYAZ (HP250 6kg)',40,1.000000,1,NULL,NULL,NULL),(594,1,'HP250.6kg (BP250.50.1000.12kg)',40,1.000000,1,NULL,NULL,NULL),(595,1,'BP702.50.1001.20kg PANEL KAPI BOYA KAR BEYAZI',40,1.000000,1,NULL,NULL,NULL),(596,1,'VP850.77.12kg PU. DOLGU VERNIK (HP777.6kg)',40,1.000000,1,NULL,NULL,45.95),(597,1,'VA500.00.3kg (HA190.0.3kg)',40,1.000000,1,NULL,NULL,21.51),(598,1,'HP540.6kg',40,0.000000,1,NULL,NULL,NULL),(599,1,'LT093.3kg DARBE DAYANIMLI PU.MAT VERNIK (LT0923kg)',40,1.000000,1,NULL,NULL,NULL),(600,1,'LT090.3kg DARBE DAYANIMLI PU.MAT BEYAZ(LT092.3kg)',40,1.000000,1,NULL,NULL,NULL),(601,1,'LT091.3kg.DARBE DAYANIMLI PU.OZEL MATBE(LT092.3kg)',40,1.000000,1,NULL,NULL,NULL),(602,1,'LT092.3kg PU. SERTLESTIRICI',40,1.000000,1,NULL,NULL,NULL),(603,1,'BP540.00.1000 3kg PU.BOYA-PARL-BEY(HP540.1.5kg)  ',40,1.000000,1,NULL,NULL,NULL),(604,1,'HP540.1.5kg',40,1.000000,1,NULL,NULL,NULL),(605,1,'VA901.10 3kg 1K AKRILIK MAT BAZ ',40,1.000000,1,NULL,NULL,17.84),(606,1,'ZD900.1025 1lt KIRMIZI',40,12.000000,1,1.00,NULL,9.61),(607,1,'ZD900.1008 1lt GUL ',40,12.000000,1,1.00,NULL,9.61),(608,1,'ZD900.1069 1lt TURUNCU',40,12.000000,1,1.00,NULL,9.61),(609,1,'ZD420.1008 1lt GUL',40,12.000000,1,1.00,NULL,10.64),(610,1,'ZD900.1090 1lt KOYU MAUN ',40,12.000000,1,1.00,NULL,9.61),(611,1,'ZD900.1096 1lt VENGE ',40,12.000000,1,1.00,NULL,9.61),(612,1,'ZD900.1007 1lt TUTUN',40,12.000000,1,NULL,NULL,9.61),(613,1,'ZD900.1095 1lt KAHVE CEKIRDEGI',40,12.000000,1,1.00,NULL,9.61),(614,1,'ZD900.1072 1lt SIYAH ',40,12.000000,1,1.00,NULL,9.61),(615,1,'ZD420.1015 1lt MAVI',40,12.000000,1,1.00,NULL,NULL),(616,1,'ZD420.1004 1lt SARI',40,12.000000,1,1.00,NULL,10.64),(617,1,'ZD900.1014 1lt OKYANUS MAVI',40,12.000000,1,1.00,NULL,9.61),(618,1,'ZD900.1042 1lt YESIL',40,12.000000,1,1.00,NULL,9.61),(619,1,'ZD900.1089 1lt TIK ',40,12.000000,1,1.00,NULL,9.61),(620,1,'ZD900.1004 1lt SARI',40,12.000000,1,1.00,NULL,9.61),(621,1,'BL193.77.1000.2kg Mdf Bariyeri (1256)',32,17.000000,1,2.33,NULL,8.90),(622,1,'VA520.00.12kg AKRILIK PARLAK VERNIK (1174)',40,128.000000,1,13.30,150.000000,62.12),(623,1,'HA520.6kg  (1175)  ',40,0.000000,1,6.59,NULL,53.15),(634,8,'Monaliza Divan',32,1.000000,1,NULL,NULL,NULL),(733,1,'HP903.12.5kg',32,0.000000,1,13.06,NULL,47.63),(624,1,'COROB TINTING KRASKA',32,1.000000,1,NULL,NULL,NULL),(625,1,'CP585.25.1001 10.8kg (1012) ',32,74.000000,1,12.10,NULL,59.61),(626,1,'CP585.50.1001 10.8kg (1305)',32,75.000000,1,12.10,NULL,61.19),(627,1,'BN100.00.1000 2.5Lt (1016)',40,15.000000,1,3.18,100.000000,12.81),(628,1,'VN100.00.3kg ',40,15.000000,1,3.43,20.000000,11.39),(629,1,'VN100.40.3kg (1120)',40,15.000000,1,3.43,30.000000,11.39),(630,1,'VN100.15.3kg (1025)',40,15.000000,1,3.43,15.000000,11.51),(631,1,'BP580.00.1000.3kg (1255)',40,38.000000,1,3.43,NULL,21.09),(632,1,'BP580.25.1000.3kg (1239)',40,37.000000,1,3.43,30.000000,19.90),(635,1,'BS200.00.9103.SIYAH 2.5 LT',40,18.000000,1,2.88,NULL,13.42),(636,1,'BS200.00.9103.SIYAH 0.75 LT',32,7.000000,1,0.93,NULL,4.70),(637,1,'BS200.10.9103.MAT SIYAH 2.5 LT',40,18.000000,1,3.36,NULL,10.60),(638,1,'BS200.10.9103.MAT SIYAH 0.75 LT',32,7.000000,1,1.16,NULL,3.76),(639,1,'BS200.00.1000.BOYA BEYAZ 2.5 LT',32,18.000000,1,3.38,NULL,14.71),(640,1,'BS200.00.1000.BOYA BEYAZ 0.75 LT',32,7.000000,1,1.09,NULL,5.14),(641,1,'BS200.10.1000.MAT BEYAZ 2.5 LT',32,18.000000,1,3.93,NULL,12.84),(642,1,'BS200.10.1000.MAT BEYAZ 0.75 LT',32,7.000000,1,1.25,NULL,4.51),(643,1,'BS200.00.7100.BOYA METALIK GRI 2.5 LT',32,18.000000,1,2.91,NULL,13.42),(644,1,'BS200.00.7100.BOYA METALIK GRI 0.75 LT',32,7.000000,1,0.94,NULL,4.70),(645,1,'BS200.00.7210.BOYA KURSUNI 2.5 LT',32,18.000000,1,3.07,NULL,13.68),(646,1,'BS200.00.7210.BOYA KURSUNI 0.75 LT',32,7.000000,1,0.99,NULL,4.79),(647,1,'BS200.00.8910.BOYA KOYU KAHVE 2.5 LT',32,18.000000,1,3.38,NULL,13.42),(648,1,'BS200.00.8910.BOYA KOYU KAHVE 0.75 LT',32,7.000000,1,0.96,NULL,4.70),(649,1,'BS200.00.8926.BOYA ACIK KAHVE 2.5 LT',32,18.000000,1,2.98,NULL,NULL),(650,1,'BS200.00.8926.BOYA ACIK KAHVE 0.75 LT',32,7.000000,1,0.97,NULL,NULL),(651,1,'BS200.00.7400.BOYA GUMUS 2.5 LT',32,18.000000,1,3.38,NULL,14.71),(652,1,'BS200.00.7400.BOYA GUMUS 0.75 LT',32,7.000000,1,1.09,NULL,5.14),(653,1,'BS100.78.7103.ANTIPAS - GRI 2.5 LT',32,14.000000,1,4.18,NULL,9.92),(654,1,'BS100.78.7103. ANTIPAS - GRI 0.75 LT',32,6.000000,1,1.33,NULL,3.62),(655,1,'BS100.78.3105.ANTIPAS - KIRMIZI 2.5 LT',32,14.000000,1,4.28,NULL,10.76),(656,1,'BS100.78.3105. KIRMIZI 0.75 LT',32,6.000000,1,1.36,NULL,3.90),(658,9,'FASSADE SILICONE PLUS D2 BAZI 15 LT',32,55.800000,1,22.94,NULL,57.04),(659,9,'FASSADE SILICONE PLUS D2 BAZI 2.5 LT',32,12.600000,1,3.87,NULL,11.02),(660,9,'FASSADE SILICONE PLUS BEYAZ 2.5 LT',32,12.600000,1,3.99,NULL,12.74),(661,9,'FASSADE SILICONE PLUS BEYAZ 7.5 LT',32,30.600000,1,11.89,NULL,34.66),(662,9,'FASSADE SILICONE PLUS BEYAZ 15 LT',32,55.800000,1,23.62,NULL,65.70),(663,9,'FASSADE SILICONE SUN C BAZI 2.5 LT',32,9.000000,1,4.08,NULL,8.70),(664,9,'FASSADE SILICONE SUN C BAZI 7.5 LT',32,22.600000,1,12.17,NULL,23.03),(665,9,'FASSADE SILICONE PLUS D4 BAZI 2.5 LT',32,10.800000,1,3.70,NULL,9.19),(666,9,'FASSADE SILICONE PLUS D4 BAZI 7.5 LT',32,26.000000,1,11.04,NULL,24.83),(667,9,'FASSADE SILICONE PLUS C BAZI 15 LT',32,45.000000,1,21.67,NULL,46.95),(668,9,'FASSADE SILICONE PLUS C BAZI 2.5 LT',32,9.800000,1,3.67,NULL,9.49),(669,9,'FASSADE SILICONE PLUS C BAZI 7.5 LT',32,23.600000,1,10.91,NULL,25.09),(670,9,'FASSADE SILICONE PLUS D1 BAZI 2.5 LT',32,12.600000,1,3.95,NULL,11.59),(671,9,'FASSADE SILICONE PLUS D4 BAZI 15 LT',32,47.700000,1,21.91,NULL,47.29),(672,9,'FASSADE SILICONE SUN D2 BAZI 2.5 LT',32,10.800000,1,4.08,NULL,10.11),(673,9,'FASSADE SILICONE SUN D3 BAZI 2.5 LT',32,9.800000,1,4.08,NULL,9.77),(674,9,'FASSADE SILICONE SUN D3 BAZI 7.5 LT',32,23.600000,1,12.17,NULL,26.61),(675,9,'FASSADE SILICONE SUN D2 BAZI 7.5 LT',32,27.000000,1,12.17,NULL,27.56),(676,9,'FASSADE SILICONE SUN D4 BAZI 2.5 LT',32,9.800000,1,4.08,NULL,8.45),(677,9,'FASSADE SILICONE SUN D4 BAZI 7.5 LT',32,23.600000,1,12.17,NULL,22.74),(678,9,'HYDRO ISOLATION BEYAZ 10 KG',32,31.500000,1,10.65,NULL,33.74),(679,9,'FASSADE SILICONE SUN D1 BAZI  7.5 LT',32,27.000000,1,12.17,NULL,28.88),(680,9,'FASSADE SILICONE SUN D1 BAZI 2.5 LT',32,10.800000,1,4.08,NULL,10.63),(681,8,'Yamur',40,250.000000,1,NULL,NULL,NULL),(682,8,'Saygul Divan',40,350.000000,1,NULL,NULL,NULL),(683,8,'Dubay Divan',40,350.000000,1,NULL,NULL,NULL),(684,1,'BP580.50.1000.3kg (1100)',32,37.000000,1,3.43,30.000000,20.28),(685,8,'Z Divan',40,650.000000,1,NULL,NULL,NULL),(686,8,'X Divan',40,650.000000,1,NULL,NULL,NULL),(687,8,'A Divan',40,650.000000,1,NULL,NULL,NULL),(688,8,'B Divan',40,650.000000,1,NULL,NULL,NULL),(689,1,'BN100.10.1000 2.5Lt (1261)',32,16.000000,1,3.18,50.000000,13.30),(690,1,'BN100.10.9103.12kg Sel.Boya-Mat-Siyah (932)',40,62.000000,1,13.34,50.000000,56.54),(691,9,'FASSADE SILICONE PLUS D1 BAZI 15 LT',32,55.800000,1,24.66,NULL,5.95),(692,9,'FASSADE SILICONE PLUS D2 BAZI 7.5 LT',32,30.600000,1,12.17,NULL,29.23),(693,9,'FASSADE SILICONE PLUS D3 BAZI 15 LT',32,47.700000,1,24.66,NULL,52.64),(694,9,'FASSADE SILICONE PLUS D3 BAZI 2.5 LT',32,10.800000,1,NULL,NULL,10.17),(695,9,'FASSADE SILICONE PLUS D1 BAZI 7.5 LT',32,30.600000,1,12.00,NULL,31.53),(696,9,'FASSADE SILICONE PLUS D3 BAZI 7.5 LT',32,26.000000,1,12.00,NULL,27.71),(697,1,'BP548.77.1000 15kg PU.ASTAR BOYA-BEYAZ',40,102.000000,1,16.37,NULL,60.57),(698,1,'HP548.00 6kg (bp548.77.1000 18kg)',40,1.000000,1,NULL,NULL,33.32),(699,9,'FASSADE SILICONE PLUS A1 BAZI 15 LT',40,55.800000,1,23.78,NULL,62.51),(700,9,'FASSADE SILICONE PLUS A1 BAZI 2.5 LT',40,12.600000,1,4.01,NULL,12.15),(701,1,'VW500.00.5166.2.5kg SOYULABILEN TRANSPARAN MAVI ',40,1.000000,1,2.68,NULL,31.06),(702,1,'BS100.78.9103. ANTIPAS-SIYAH 2.5 LT',40,14.000000,1,4.13,NULL,10.57),(703,1,'BS100.78.9103. ANTIPAS-SIYAH 0.75 LT',40,6.000000,1,1.31,NULL,3.82),(704,1,'BI500.00.8236. 2.5LT PLATIN HAMMERTON BOYA KAHVE',40,19.500000,1,2.89,NULL,15.19),(705,1,'BI500.00.8236. 0.75LT PLATIN HAMMERTON BOYA KAHVE',32,7.000000,1,0.95,NULL,5.09),(706,1,'BI500.00.7140. 0.75LT PLATIN HAMMERTON BOYA BEJ ',40,7.000000,1,0.95,NULL,5.09),(707,1,'BI500.00.7140. 2.5LT PLATIN HAMMERTON BOYA BEJ ',40,19.500000,1,2.89,NULL,15.19),(708,1,'BI500.00.9111. 0.75LT PLATIN HAMMERTON BOYA SIYAH ',40,7.000000,1,0.93,NULL,5.09),(709,1,'BI500.00.9111. 2.5LT PLATIN HAMMERTON BOYA SIYAH ',40,19.500000,1,2.84,NULL,15.19),(710,1,'BI500.00.8234.0.75LT PLATIN HAMMERTON KOYU KAHVE ',40,7.000000,1,0.94,NULL,5.09),(711,1,'BI500.00.8234. 2.5LT PLATIN HAMMERTON KOYU KAHVE ',40,19.500000,1,2.86,NULL,15.19),(712,1,'BI500.00.7138. 2.5LT PLATIN HAMMERTON KOYU GRI ',40,19.500000,1,2.86,NULL,15.19),(713,1,'BI500.00.7138. 0.75LT PLATIN HAMMERTON KOYU GRI ',40,7.000000,1,0.94,NULL,5.09),(714,1,'BI500.00.7139. 0.75LT PLATIN HAMMERTON GUMUS GRI ',40,7.000000,1,0.94,NULL,5.09),(715,1,'BI500.00.7139. 2.5LT PLATIN HAMMERTON GUMUS GRI ',40,19.500000,1,2.86,NULL,15.19),(716,1,'BI500.00.8235. 0.75LT PLATIN HAMMERTON ACIK KAHVE ',40,7.000000,1,0.96,NULL,5.09),(717,1,'BI500.00.8235. 2.5LT PLATIN HAMMERTON ACIK KAHVE ',40,19.500000,1,2.91,NULL,15.19),(718,1,'VA500.10.15kg (1233)',32,125.000000,1,16.37,NULL,103.15),(719,1,'BN350.77.1110.3kg Sel. Astar - Ozel Beyaz',32,1.000000,1,NULL,NULL,NULL),(720,1,'VA520.00.3kg AKRILIK PARLAK VERNIK (473)',32,39.000000,1,3.43,50.000000,16.38),(721,1,'HA520.1,5kg  (393)',32,0.000000,1,1.76,NULL,14.17),(722,1,'F00081 Altin Boya 15kg (1257)',40,120.000000,1,16.00,NULL,NULL),(723,1,'F00081 Champangne Boya 15kg (1257)',40,120.000000,1,16.00,NULL,NULL),(724,1,'F00081 Gumush Boya 15kg (1257)',40,120.000000,1,16.00,NULL,NULL),(758,1,'BN100.00.8506.2.5Lt (1253)',40,14.500000,1,2.81,10.000000,12.26),(727,1,'BN100.10.1000.25kg Sel Boya Mat Beyaz (1178)',32,119.000000,1,26.84,50.000000,111.02),(728,1,'BN100.00.1000.25kg Sel Boya-Beyaz (1168)',32,113.000000,1,26.84,200.000000,104.04),(729,1,'BN100.40.1000.25kg Sel Boya I.Mat Beayz (1177)',32,119.000000,1,26.84,50.000000,109.84),(730,1,'VA520.00.25kg Akrilik Parlak Vernik (1172)',32,255.000000,1,26.84,200.000000,133.22),(731,1,'HA520.12.5lt (1173)',32,0.000000,1,12.94,NULL,116.21),(734,1,'VW500.00.5166.15kg Mavi Soyulabilen kaplama',32,150.000000,1,16.33,NULL,162.90),(735,1,'1kg Pasuda',32,0.400000,1,NULL,NULL,NULL),(736,1,'VS100.40.12kg Parke Vernik I.Mat (1187)',40,59.000000,1,13.35,NULL,51.23),(737,1,'VS100.20.12kg Parke Vernik Mat (1188)',32,59.000000,1,13.35,NULL,52.71),(738,9,'10lt Pasuda Baklashka ',40,0.400000,1,NULL,NULL,NULL),(739,1,'BP333.77.1000.30kg (1197)',40,128.000000,1,31.74,150.000000,76.07),(740,1,'HP900.10kg (1198)',32,0.000000,1,10.70,NULL,40.01),(742,1,'VS102.20.12kg YAT Vernik-Mat (1190)',40,57.000000,1,13.34,NULL,50.34),(743,1,'BN350.77.1110. 30kg Sel.Astar-Beyaz (1218)',40,86.000000,1,31.74,400.000000,77.60),(744,1,'BN100.00.9123 2.5LT Sel Boya-Siyah (552)',40,14.500000,1,1.78,20.000000,10.21),(745,1,'VP661.00 24kg Poliakrilik Vernik Parlak',40,365.000000,1,26.39,NULL,139.70),(746,1,'HP661.12kg ',40,0.000000,1,13.45,NULL,111.76),(747,1,'BN100.00.6400 2.5lt Sel Boya Cimen Yesili',32,14.500000,1,3.18,NULL,12.12),(748,1,'VS102.20 2.5lt  Yat Vernik-Mat (1214)',40,14.000000,1,2.66,NULL,11.33),(749,1,'VS102.40 12kg Yat Vernik I.Mat (1220)',40,57.000000,1,13.34,NULL,48.97),(750,1,'VH400. 0.225kg Polyester Hizlandirici (497)',32,0.000000,1,NULL,NULL,3.43),(751,1,'VS100.40 2.5lt Parke Vernik I.Mat (1208)',32,14.000000,1,2.66,NULL,11.47),(752,1,'TN200.12Lt (1217)',32,32.000000,1,11.20,50.000000,NULL),(759,1,'BN100.10.9103.2.5LT Sel.Boya-Mat-Siyah (1258)',40,14.500000,1,3.02,20.000000,12.51),(760,1,'GB460.30kg Клей D3 Seffaf Tutkal (1259)',40,58.000000,1,31.10,NULL,NULL),(761,1,'GB460.1kg Клей D3 Seffaf Tutkal ',40,2.000000,1,NULL,NULL,NULL),(762,5,'Orex Astarli Shpon',36,2.500000,1,NULL,NULL,NULL),(763,1,'BP750.1136 3kg Bulut Efekt Beyazi (1262)',40,55.000000,1,3.00,NULL,18.77),(764,1,'HP751 3kg Sert Bulut Efekt (407)',40,0.000000,1,NULL,NULL,27.11),(765,1,'Cobler Shampagne 15kg DK100PS',40,110.000000,1,16.30,1000.000000,NULL),(766,1,'Cobler Silver 15kg DK100PK',40,110.000000,1,16.30,300.000000,NULL),(767,1,'Cobler Gold 15kg DK100PG',40,110.000000,1,16.30,300.000000,NULL),(768,1,'Cobler Shampagne 1 kg',30,1.000000,1,1.00,NULL,NULL),(769,1,'Cobler Gold 1 kg',30,1.000000,1,1.00,NULL,NULL),(770,1,'BS600.00.0000. 2.5LT Naturel (1263)',40,12.500000,1,2.48,NULL,10.33),(771,1,'BS600.00.2680. 2.5LT Sari (1267)',32,12.500000,1,2.48,NULL,NULL),(772,1,'VP950.10 12kg PU Darbe Dayanimli Mat Vernik (1273)',40,125.000000,1,13.00,NULL,NULL),(773,1,'HP950 12kg (1274)',40,0.000000,1,13.00,NULL,NULL),(774,1,'Cobler Sadaf 15kg DK110IS',40,110.000000,1,16.30,NULL,NULL),(775,1,'Cobler Med 15kg DK110BA',40,110.000000,1,16.30,NULL,NULL),(776,1,'Cobler ANTIK 15kg DK110PA',40,110.000000,1,16.30,NULL,NULL),(777,1,'Cobler ROSE GOLD 15kg DK110RG',40,110.000000,1,16.30,NULL,NULL),(778,1,'VA450.00 12kg Akrilik Parlak Vernik (1174)',40,140.000000,1,13.00,NULL,59.06),(779,1,'BA450.00 12kg Akrilik Boya Parlak (1277)',40,160.000000,1,13.30,NULL,NULL),(780,1,'HA450 6kg (1175)',40,0.000000,1,6.00,NULL,66.29),(781,1,'BP521.77.1000 18kg PU. Astar (659)',40,78.000000,1,19.30,NULL,NULL),(782,1,'HP521.00 6kg (783)',32,0.000000,1,6.59,NULL,NULL),(783,1,'Cobler ROSE GOLD 1kg DK110RG',40,10.000000,1,1.00,NULL,NULL),(784,1,'GB460.28kg Клей D3 Seffaf Tutkal (1259)',40,55.000000,1,29.00,NULL,NULL),(785,1,'KO520.00 3kg Kaynama Onleyici Katki PU',40,10.000000,1,NULL,NULL,NULL),(786,1,'BO110.00.1000 24kg Yol Cizgi Boya Beyaz',40,70.000000,1,25.00,NULL,NULL),(787,1,'BO110.00.1400 24kg Yol Cizgi Boya Sari',40,70.000000,1,25.00,NULL,NULL),(788,1,'F00081 Platina Boya 15kg ',40,120.000000,1,16.00,NULL,NULL),(789,1,'Cobler Siyah Mermer Efekt',40,6.000000,1,0.20,NULL,NULL),(790,1,'Cobler Altin Mermer Efekt',40,6.000000,1,0.20,NULL,NULL),(791,1,'Cobler Beyaz Mermer Efekt',40,6.000000,1,0.20,NULL,NULL),(793,1,'BP100.77.1000 18kg PU Astar',40,80.000000,1,19.30,NULL,NULL),(794,1,'CP558.25.0000 9kg',40,1.000000,1,NULL,NULL,NULL),(795,1,'HP120.00 6kg (cp558.25.0000 9kg)',40,1.000000,1,NULL,NULL,NULL),(798,1,'VP700.77 12kg PU.DOLGU VERNIK (MAXI FILLER) ',40,69.000000,1,13.30,NULL,NULL),(799,1,'HP777.00 4kg (vp700.77 12kg)',40,1.000000,1,NULL,NULL,NULL),(800,1,'BP548.77.1000 4kg PU.ASTAR BOYA-BEYAZ',40,1.000000,1,NULL,NULL,NULL),(801,1,'HP548.00 1.5kg (bp548.77.1000 18kg)',40,1.000000,1,NULL,NULL,NULL),(802,1,'BA105.77.1000 15kg Akrilik Astar (HA190.00 1,5kg)',40,125.000000,1,16.37,NULL,NULL),(803,1,'BN350.77.1110 13kg Sel.Astar-Beyaz (644)',40,40.000000,1,14.15,NULL,NULL),(804,1,'Cobler Silver 1kg DK100PK',40,10.000000,1,1.00,NULL,NULL),(805,1,'BP333.77.1000.36 kg (1304)',40,151.000000,1,37.85,NULL,NULL),(806,1,'HP900 12kg (383)',40,0.000000,1,13.10,NULL,NULL),(807,1,'BP580.10.1000.12kg (1240)',40,120.000000,1,13.30,NULL,NULL),(808,1,'Ral Katalog',40,30.000000,1,NULL,NULL,NULL),(809,1,'VN125.77.25 LT SEL DOLGU (660)',40,94.000000,1,25.14,NULL,NULL),(810,1,'BN100.00.8505.3LT',40,14.500000,1,3.18,NULL,NULL),(811,1,'Cobler Med 1kg DK110BA',32,10.000000,1,1.00,NULL,NULL),(812,1,'TP100 1kg',30,2.550000,1,1.00,NULL,NULL),(813,1,'P180 Abrasoft 25mt ',40,18.000000,1,1.50,NULL,NULL),(814,1,'P240 Abrasoft 25mt',40,18.000000,1,1.50,NULL,NULL),(815,1,'P320 Abrasoft 25mt',40,18.000000,1,1.50,NULL,NULL),(816,1,'P220 Abrasoft 25mt',40,18.000000,1,1.50,NULL,NULL),(817,1,'P400 Abrasoft 25mt',40,18.000000,1,1.50,NULL,NULL),(818,1,'BP580.10.1000 3kg',40,37.000000,1,3.43,NULL,NULL),(819,1,'P240 Abrasoft 1 mt',34,1.000000,0,NULL,NULL,NULL),(820,1,'P320 Abrasoft 1 mt',34,1.000000,0,NULL,NULL,NULL),(821,1,'KO620 3KG KATALIZOR COZELTISI AKRILIK/PU SISTEM',40,1.000000,1,NULL,NULL,NULL),(822,1,'KO100 3KG MATLASTIRICI PASTA PU SISTEM ',40,1.000000,1,NULL,NULL,NULL),(823,1,'KO101 0.75KG ',40,1.000000,1,NULL,NULL,NULL),(824,1,'KO610 3KG KATALIZOR COZELTISI (PU SISTEM)',40,1.000000,1,NULL,NULL,NULL),(825,1,'BS505.00.2975 2.5LT',40,10.000000,1,NULL,NULL,NULL),(826,1,'P180 Abrasoft 1mt',32,1.000000,0,NULL,NULL,NULL),(827,1,'VA500.10 3kg AKRILIK VERNIK MAT (1320)',40,33.000000,1,3.43,NULL,NULL),(828,1,'BP570.20.1000 24kg ',40,1.000000,1,NULL,NULL,NULL),(829,1,'P120 Abrasoft 25mt',40,18.000000,1,1.50,NULL,NULL),(830,1,'P150 Abrasoft 25mt',40,18.000000,1,1.50,NULL,NULL),(831,1,'P600 Abrasoft 25mt',40,18.000000,1,1.50,NULL,NULL),(832,1,'P120 Abrasoft 1mt',40,1.000000,0,NULL,NULL,NULL),(833,1,'P150 Abrasoft 1mt',40,1.000000,0,NULL,NULL,NULL),(834,1,'P220 Abrasoft 1mt',40,1.000000,0,NULL,NULL,NULL),(835,1,'P400 Abrasoft 1mt',40,1.000000,0,NULL,NULL,NULL),(836,1,'P600 Abrasoft 1mt',40,1.000000,0,NULL,NULL,NULL),(837,1,'Cobler Silver Mermer Efekt',40,6.000000,1,0.20,NULL,NULL),(838,1,'Cobler Shampagne 15kg DK110 EPS (+)',40,110.000000,1,16.30,NULL,NULL),(839,1,'VP950.40 12kg PU Darbe Dayanimli I.Mat Ver (1273)',40,125.000000,1,13.00,NULL,NULL),(840,5,'Dub Shpon Freze EXT',36,5.500000,1,NULL,NULL,NULL),(841,5,'Yasin Renkli Shpon ',36,1.000000,1,0.37,NULL,NULL),(842,1,'BP100.77.9103 18kg PU ASTAR BOYA-SIYAH ',40,85.000000,1,19.30,NULL,NULL),(843,1,'BN302.77.1000 12kg SEL ASTAR BOYA-BEYAZ',40,44.000000,1,13.00,NULL,NULL),(845,1,'P240 MR (Kók) 25mt (1329)',40,18.000000,1,1.50,NULL,NULL),(846,1,'P320 MR (Kók) 25mt (1329)',40,18.000000,1,1.50,NULL,NULL),(847,1,'P280 MR (Kók) 25mt (1329)',40,18.000000,1,1.50,NULL,NULL),(848,1,'P220 MR (Kók) 25mt (1329)',40,18.000000,1,1.50,NULL,NULL),(849,1,'S46 MR 1sht (1330)',40,0.320000,1,0.20,NULL,NULL),(850,1,'S60 MR 1sht (1330)',40,0.320000,1,0.20,NULL,NULL),(851,1,'S80 MR 1sht (1330)',40,0.320000,1,0.20,NULL,NULL),(852,1,'S100 MR 1sht (1330)',40,0.320000,1,0.20,NULL,NULL),(853,1,'S120 MR 1sht (1330)',40,0.320000,1,0.20,NULL,NULL),(854,1,'S150 MR 1sht (1330)',40,0.320000,1,0.20,NULL,NULL),(855,1,'S180 MR 1sht (1330)',40,0.320000,1,0.20,NULL,NULL),(856,1,'S220 MR 1sht (1330)',40,0.320000,1,0.20,NULL,NULL),(857,1,'L60 MR 1sht (1330)',40,0.320000,1,0.16,NULL,NULL),(858,1,'L80 MR 1sht (1330)',40,0.320000,1,0.16,NULL,NULL),(859,1,'L100 MR 1sht (1330)',40,0.320000,1,0.16,NULL,NULL),(860,1,'L120 MR 1sht (1330)',40,0.320000,1,0.16,NULL,NULL),(861,1,'L150 MR 1sht (1330)',40,0.320000,1,0.16,NULL,NULL),(862,1,'L180 MR 1sht (1330)',40,0.320000,1,0.16,NULL,NULL),(863,1,'L220 MR 1sht (1330)',40,0.320000,1,0.16,NULL,NULL),(864,1,'L280 MR 1sht (1330)',40,0.320000,1,0.16,NULL,NULL),(865,1,'P180 MR (Kók) 25mt (1329)',40,18.000000,1,1.50,NULL,NULL),(866,1,'P400 MR (Kók) 25mt (1329)',40,18.000000,1,1.50,NULL,NULL),(867,1,'P800 Abrasoft 1mt',40,1.000000,0,NULL,NULL,NULL),(868,1,'P150 MR (Kók) 25mt (1329)',40,18.000000,1,1.50,NULL,NULL),(869,1,'BP133.77.1000 18kg PU.ASTAR BOYA-BEYAZ ',40,78.000000,1,19.30,NULL,NULL),(870,1,'BP580.50.9103 12kg PU.BOYA-I.MAT-SIYAH',40,105.000000,1,13.30,NULL,NULL),(871,1,'P240 MR (Yashil) 25mt (1329)',40,17.000000,1,1.50,NULL,NULL),(872,1,'P220 MR (Yashil) 25mt (1329)',40,17.000000,1,1.50,NULL,NULL),(873,1,'P180 MR (Yashil) 25mt (1329)',40,17.000000,1,1.50,NULL,NULL),(874,1,'P400 MR (Yashil) 25mt (1329)',40,17.000000,1,1.50,NULL,NULL),(875,1,'P320 MR (Yashil) 25mt (1329)',40,17.000000,1,1.50,NULL,NULL),(876,1,'P280 MR (Yashil) 25mt (1329)',40,17.000000,1,1.50,NULL,NULL),(877,1,'P150 MR (Yashil) 25mt (1329)',40,17.000000,1,1.50,NULL,NULL),(878,1,'P-600 1mt Shkurka',40,0.800000,1,NULL,NULL,NULL),(879,1,'P-120 1mt Shkurka',40,0.800000,1,NULL,NULL,NULL),(880,1,'P-800 1mt Shkurka',40,0.800000,1,NULL,NULL,NULL),(881,1,'CP585.10.0000 10.2 kg (871)',40,70.000000,1,10.20,NULL,NULL),(882,1,'BP100.77.9103 4.5 kg PU ASTAR BOYA-SIYAH (1337)',40,26.000000,1,NULL,NULL,NULL),(883,9,'FASSADE SILICONE PLUS A1 BAZI 7,5 LT',40,30.600000,1,NULL,NULL,NULL),(884,9,'VX101.00 2.25kg Epoksi (1327)',40,49.000000,1,NULL,NULL,NULL),(885,1,'HX100.00 0.75kg Epokso Sert (1328)',40,0.000000,1,NULL,NULL,NULL),(886,5,'Dub Shpon SMOKED',36,1.000000,1,0.37,NULL,NULL),(887,1,'CP585.10.1001 10.8kg ',40,75.000000,1,NULL,NULL,NULL),(888,1,'HP133 6kg',40,0.000000,1,NULL,NULL,NULL),(889,1,'Cobler Shampagne (PP) 15kg DK100 PSM ',40,110.000000,1,16.30,NULL,NULL),(890,1,'VL292.77 2.4kg RECINELI AHSAP BARIYERI SEFFAF',40,120.000000,1,2.83,NULL,NULL),(891,1,'HP292.00 12kg',40,0.000000,1,13.00,NULL,NULL),(892,1,'PM901.00.0700 1kg METALIK PASTA GUMUS ',40,52.000000,1,1.15,NULL,NULL),(893,14,'ZAL8230 20kg (ZAH823 10kg) Лак Глянцевый ',40,165.000000,1,21.60,NULL,NULL),(894,14,'ZAH823 10kg Отвердитель',40,83.000000,1,10.95,NULL,NULL),(895,14,'XPY2121 20kg (XPH208 10kg) Лак 10 глосс ',40,83.000000,1,21.55,NULL,NULL),(896,14,'XPH208 10kg Отвердитель',40,45.000000,1,10.95,NULL,NULL),(897,14,'XPY2124 20kg (XPH208 10kg) Лак 40 глосс',40,83.000000,1,21.55,NULL,NULL),(898,14,'XPD2005 20kg (MPH110AK 10kg) Прозрачный грунт ',40,55.000000,1,21.55,NULL,NULL),(899,14,'MPH110AK 10kg Отвердитель',40,41.000000,1,10.95,NULL,NULL),(900,14,'XPD2203 25kg (MPH110A 10kg) Белый грунт',40,68.000000,1,26.60,NULL,NULL),(901,14,'MPH110A 10kg Отвердитель',40,41.000000,1,10.95,NULL,NULL),(902,14,'MPS1300C 20kg (MPH114 10kg) Белая эмаль глянцевая',40,112.000000,1,21.55,NULL,NULL),(903,14,'MPH114 10kg Отвердитель',40,71.000000,1,10.95,NULL,NULL),(904,14,'XPC2402 20kg (XPH212 10kg) Белая эмаль 20 глосс',40,85.000000,1,21.60,NULL,NULL),(905,14,'XPH212 10kg Отвердитель',40,56.000000,1,10.95,NULL,NULL),(906,14,'YPT1600 20kg (YPH160 10kg) Перламутр краска',40,180.000000,1,21.60,NULL,NULL),(907,14,'YPH160 10kg Отвердитель',40,88.000000,1,10.95,NULL,NULL),(908,14,'MNC0034A 16kg Золото Метализированная краска',40,105.000000,1,17.60,NULL,NULL),(909,14,'ZJX736 10kg Добавка к перламутру',40,30.000000,1,11.00,NULL,NULL),(910,1,'VP900.25 3kg YANGIN GECIKTIRICI PU OZEL MAT VERNIK',40,31.000000,1,NULL,NULL,NULL),(911,1,'VP900.77 3kg YANGIN GECIKTIRICI PU DOLGU VERNIK ',40,31.000000,1,NULL,NULL,NULL),(912,1,'HP180 1.5kg YANGIN GECIKTIRICI PU. SERT',40,0.000000,1,NULL,NULL,NULL),(913,1,'BP900.77.1000 3kg YANGIN GECIKTIRICI ASTAR BEYAZ ',40,1.000000,1,NULL,NULL,NULL),(914,1,'KO400 3kg KOPUK KESICI KATKI SOLVENT BAZLI',40,1.000000,1,NULL,NULL,NULL),(915,1,'KO770 3kg ANTI SILIKON KATKI (AKRILIK/PU SISTEM) ',40,1.000000,1,NULL,NULL,NULL),(916,1,'KO800 3kg UV DIRENCINI ARTTIRAN KATKI AKRILIK ',32,1.000000,1,NULL,NULL,NULL),(917,1,'BS600.00.5195 2.5lt WOODTEX SENT. RENKL MAVI',40,12.500000,1,NULL,NULL,NULL),(918,1,'BS600.00.5124 2.5lt WOODTEX SENT OKYANUS MAVI',40,12.500000,1,NULL,NULL,NULL),(919,1,'BP531.77.1000 15kg PU ASTAR BOYA BEYAZ',40,85.000000,1,16.30,NULL,NULL),(920,1,'HP906 6kg PU SERTLESTIRIC',40,0.000000,1,6.58,NULL,NULL),(921,1,'VA550.00 3kg AKRILIK PARLAK VERNIK',40,51.000000,1,NULL,NULL,NULL),(922,1,'HA550 1.5kg AKRILIK SERT',40,0.000000,1,NULL,NULL,NULL),(923,1,'Cobler Sadaf 1kg',40,8.500000,1,NULL,NULL,NULL),(924,1,'BO110.00.1001 24kg Yol Cizgi Boya Beyaz',40,70.000000,1,NULL,NULL,NULL),(925,1,'BO110.00.1003 24kg Yol Cizgi Boya Beyaz',40,70.000000,1,NULL,NULL,NULL),(926,1,'Polyester Macun Sertlestiricisi 50gr',40,2.000000,1,NULL,NULL,NULL),(927,1,'BP521.77.1000 36kg PU. Astar ',40,151.000000,1,37.85,NULL,NULL),(928,1,'HP521.00 12kg ',40,0.000000,1,13.10,NULL,NULL),(929,1,'BP521.77.1000 4.5kg PU. Astar',40,26.000000,1,4.93,NULL,NULL),(930,1,'HP521.00 1.5kg ',40,0.000000,1,1.76,NULL,NULL),(931,1,'HA190 4kg',40,0.000000,1,4.00,NULL,NULL),(932,1,'BA500.10.1000 12kg Akrilik Boya Mat-Beyaz',40,131.000000,1,13.30,NULL,NULL),(933,1,'BA500.25.1000 12kg Akrilik Boya Mat-Beyaz',40,131.000000,1,13.30,NULL,NULL),(934,1,'BP580.50.9103 3kg PU.BOYA-I.MAT-SIYAH',32,28.000000,1,3.00,NULL,NULL),(935,1,'BA500.50.1000 12kg AKRILIK BOYA I.MAT BEYAZ ',40,131.000000,1,13.30,NULL,NULL),(936,1,'VA503.40 3kg AKRILIK VERNIK - I.MAT ',40,1.000000,1,3.00,NULL,NULL),(937,1,'BP575.77.1000 3kg Pu Ortucu A Beyaz',40,24.000000,1,3.43,NULL,NULL),(938,1,'HP575 1.5kg ',40,0.000000,1,1.76,NULL,NULL),(939,1,'VL280.77 25 LT EPOKSI BARIYER SEFFAF ',40,1.000000,1,24.64,NULL,NULL),(940,1,'BP580.25.9103 12kg PU BOYA MAT SIYAH ',40,105.000000,1,13.30,NULL,NULL),(941,1,'BP580.00.9103 12kg PU BOYA PARLAK SIYAH',40,115.000000,1,13.30,NULL,NULL),(942,1,'VU505.00 20kg Uv Son Kat Parlak Vernik  ',40,1.000000,1,21.65,NULL,NULL),(943,1,'BN100.00.1013 12kg ',40,60.000000,1,13.34,NULL,NULL),(944,1,'GB510.00 25kg (510 E1 Toz Uf Sicak Press Tutkali)',40,1.000000,1,25.00,NULL,NULL),(945,1,'GB822.00 0.5kg (Kayapur 822 Marin Tutkali Seffaf)',40,1.000000,1,0.50,NULL,NULL),(946,1,'BU110.77 20kg UV Akrilik Ara Kat Seffaf Boya',40,1.000000,1,21.00,NULL,NULL),(947,1,'P280 Abrasoft 25mt',40,18.000000,1,1.50,NULL,NULL),(948,1,'KO300.00 23kg VU Matlastirici Pasta',40,1.000000,1,NULL,NULL,NULL);

--
-- Table structure for table `sub_category_rasxod`
--

CREATE TABLE `sub_category_rasxod` (
  `id` int unsigned NOT NULL AUTO_INCREMENT,
  `id_category_rasxod` int DEFAULT NULL,
  `name` varchar(200) DEFAULT NULL,
  PRIMARY KEY (`id`)
) ENGINE=InnoDB AUTO_INCREMENT=88 DEFAULT CHARSET=utf8mb4 COLLATE=utf8mb4_0900_ai_ci;

--
-- Dumping data for table `sub_category_rasxod`
--

INSERT INTO `sub_category_rasxod` VALUES (11,2,'Konstovar'),(13,7,'Zilola opa'),(14,7,'Mardikor Furaga'),(15,7,'Diklarand Uslugasi Per'),(16,7,'Kechki Ovqat'),(17,7,'Royxatga olish Bank'),(18,2,'Telifon va Internet Tulovlar'),(19,2,'Suv 20 litr Ofisga'),(20,45,'YET-KIM # 02.ot 22.07.22'),(21,2,'Oziq-Ovqat Bozor Rasxod'),(22,2,'Musor Tukishga'),(23,2,'Mardikor'),(24,82,'Uzbegim Eshiklari'),(26,82,'Klientlarga Yuk Yetkazib Berish'),(27,82,'Tulqin Urikzor Diller'),(28,82,'Abduhakim Samarqand Diller'),(29,82,'Taksi'),(30,82,'Qahramon aka Jomiy Bozor Diller'),(31,82,'Rustam Jomiy Bozor Diller'),(32,82,'Nosirhon Urikzor Gilam Diller'),(35,85,'Mulk Solig Saadiy 98 '),(36,85,'Yer Soligi Saadiy 98'),(37,85,'Suv Saadiy 98'),(38,85,'Tok Svet Saadiy 98'),(39,85,'Gaz Saadiy 98'),(40,82,'Rostvoritel Yetkaziberish'),(42,82,'Bunyod Navoiy Diller'),(44,5,'Yulkira'),(45,5,'Baklashka '),(46,5,'Pasuda Tunka 3kg'),(47,87,'Arenda Urikzor Dukon '),(48,57,'Yoqub Turk Lakchi Oylik'),(49,57,'Turkiya Lakchi Xar-Xil'),(50,57,'Yusuf Turk Lakchi Oylik'),(51,45,'Hasep Kaplama San Shpon # HSP2021000000336 ot 15.03.21'),(52,2,'Remont'),(53,45,'KAYALAR KIMYA CONTR.NO KKS DD 01.09.2023'),(54,45,'Kapsan Shpon NO 01-UZ DD 01.06.2022'),(55,88,'Abdulazim'),(56,88,'Jasur'),(57,82,'Buxoro Diller Raxmat aka Logistika'),(58,82,'Xorazim Sardor Diller Logistika'),(59,82,'Shoxjoxon Xorazim Diller Logistika'),(60,82,'Baris Nukus Diller Logistika'),(61,82,'Odil oga Nukus Diller Logistika'),(62,88,'Ziyovuddin Tinting'),(63,2,'Xar Xil'),(64,2,'Klient Rasxod'),(65,88,'Ibrohim'),(66,45,'URUMQI AJIER No AJ231220 от 20.12.2023 '),(67,2,'Strech, Skoch, Salafan, Perchatka, Paket'),(68,2,'Moyishi Sredstva'),(69,88,'Changan Rasxod 854'),(70,2,'Gigiyena Vositalari '),(71,82,'Changan 854 Logistika'),(72,82,'Siroj aka Labo Dastafka'),(73,88,'Damas G002NC'),(74,88,'Damas G001NC'),(75,5,'Yulkira Xitoy'),(76,88,'Muhammadaziz Menejer'),(77,82,'Islom aka Buxuro Diller Logistika'),(78,88,'Jasur Ismogilov'),(79,88,'Menejerlar Viloyatga Chiqish Rasxod'),(80,91,'Akbar Rich'),(81,91,'Rasulov'),(82,91,'MIX INFO'),(83,91,'Keng Makon'),(84,91,'Kashtan'),(85,57,'Gukan Turk Lakchi Oylik'),(86,91,'Uzbegim Eshiklari'),(87,62,'Bellezio Instagram Reklamaga');

--
-- Table structure for table `unit`
--

CREATE TABLE `unit` (
  `id_unit` int NOT NULL AUTO_INCREMENT,
  `name_unit` varchar(50) CHARACTER SET utf8mb3 COLLATE utf8mb3_unicode_ci NOT NULL DEFAULT '',
  PRIMARY KEY (`id_unit`)
) ENGINE=MyISAM AUTO_INCREMENT=41 DEFAULT CHARSET=latin1;

--
-- Dumping data for table `unit`
--

INSERT INTO `unit` VALUES (30,'кг'),(31,'литр'),(32,'банка'),(33,'гр'),(34,'метр'),(35,'см'),(36,'м2'),(37,'м3'),(39,'бочка'),(40,'шт');

--
-- Table structure for table `user_rate`
--

CREATE TABLE `user_rate` (
  `id` int unsigned NOT NULL AUTO_INCREMENT,
  `driver_user_id` int DEFAULT NULL,
  `order_id` int DEFAULT NULL,
  `user_id` int DEFAULT NULL,
  `rate` tinyint(1) DEFAULT NULL,
  PRIMARY KEY (`id`)
) ENGINE=InnoDB DEFAULT CHARSET=utf8mb4 COLLATE=utf8mb4_0900_ai_ci;

--
-- Dumping data for table `user_rate`
--


--
-- Table structure for table `vitrina`
--

CREATE TABLE `vitrina` (
  `id` int unsigned NOT NULL AUTO_INCREMENT,
  `id_siryo` int DEFAULT NULL,
  `amount` int DEFAULT NULL,
  `date` date DEFAULT NULL,
  PRIMARY KEY (`id`),
  KEY `index2` (`id_siryo`)
) ENGINE=InnoDB AUTO_INCREMENT=263 DEFAULT CHARSET=utf8mb4 COLLATE=utf8mb4_0900_ai_ci;

--
-- Dumping data for table `vitrina`
--

INSERT INTO `vitrina` VALUES (88,45,1,'2023-01-24'),(89,187,1,'2023-01-24'),(90,207,1,'2023-01-24'),(91,570,1,'2023-01-24'),(93,628,1,'2023-01-24'),(99,356,1,'2023-01-24'),(100,355,1,'2023-01-24'),(102,88,1,'2023-01-24'),(104,186,1,'2023-01-24'),(107,23,1,'2023-01-24'),(108,49,1,'2023-01-24'),(109,92,1,'2023-01-24'),(111,18,1,'2023-01-24'),(112,317,1,'2023-01-24'),(115,430,1,'2023-01-24'),(118,379,1,'2023-01-24'),(119,37,1,'2023-01-24'),(123,330,1,'2023-01-24'),(129,123,1,'2023-01-24'),(133,140,1,'2023-01-24'),(134,24,1,'2023-01-24'),(135,76,3,'2023-01-24'),(141,615,1,'2023-01-24'),(143,609,1,'2023-01-24'),(144,20,1,'2023-01-24'),(146,40,1,'2023-01-24'),(150,316,1,'2023-01-24'),(152,329,1,'2023-01-24'),(164,718,1,'2023-03-29'),(165,627,1,'2023-04-11'),(167,41,1,'2023-04-11'),(168,530,1,'2023-05-13'),(169,544,1,'2023-05-13'),(176,147,1,'2023-09-02'),(187,763,1,'2024-01-09'),(188,800,1,'2024-01-09'),(192,568,1,'2024-02-10'),(193,572,1,'2024-02-10'),(194,770,1,'2024-02-10'),(195,771,1,'2024-02-10'),(198,583,1,'2024-02-10'),(199,743,1,'2024-02-10'),(202,622,1,'2024-02-27'),(203,778,1,'2024-04-04'),(206,33,1,'2024-05-04'),(207,438,1,'2024-05-04'),(208,793,1,'2024-05-04'),(209,436,1,'2024-05-07'),(211,358,1,'2024-05-07'),(212,542,1,'2024-05-07'),(213,359,1,'2024-05-07'),(214,378,1,'2024-05-07'),(215,829,1,'2024-05-07'),(217,830,1,'2024-05-07'),(218,816,1,'2024-05-07'),(219,814,1,'2024-05-07'),(220,815,1,'2024-05-07'),(221,817,1,'2024-05-07'),(222,844,1,'2024-05-07'),(223,865,1,'2024-05-07'),(224,848,1,'2024-05-07'),(225,845,1,'2024-05-07'),(226,847,1,'2024-05-07'),(227,846,1,'2024-05-07'),(229,877,1,'2024-05-07'),(230,873,1,'2024-05-07'),(232,871,1,'2024-05-07'),(233,876,1,'2024-05-07'),(234,875,1,'2024-05-07'),(235,874,1,'2024-05-07'),(236,9,1,'2024-08-08'),(238,77,3,'2024-09-12'),(239,75,3,'2024-09-12'),(240,362,3,'2024-09-12'),(242,69,1,'2024-09-12'),(243,567,1,'2024-09-12'),(244,82,1,'2024-09-12'),(245,807,1,'2024-09-12'),(246,566,1,'2024-09-12'),(247,454,1,'2024-09-12'),(248,149,1,'2024-09-12'),(250,690,1,'2024-09-12'),(251,929,1,'2024-09-12'),(252,631,1,'2024-09-12'),(253,818,1,'2024-09-12'),(254,866,4,'2024-09-12'),(255,754,1,'2024-09-12'),(256,781,1,'2024-09-12'),(257,827,1,'2024-09-12'),(258,720,1,'2024-09-12'),(259,431,1,'2024-09-13'),(260,3,1,'2024-09-13'),(261,927,1,'2024-09-13'),(262,357,1,'2024-11-11');

--
-- Table structure for table `vozvrat`
--

CREATE TABLE `vozvrat` (
  `id_vozvrat` int NOT NULL AUTO_INCREMENT,
  `id_prodaja` int NOT NULL DEFAULT '0',
  `amount_vozvrat` decimal(20,6) NOT NULL DEFAULT '0.000000',
  `time_vozvrat` int NOT NULL DEFAULT '0',
  `description_vozvrat` varchar(200) CHARACTER SET utf8mb3 COLLATE utf8mb3_unicode_ci NOT NULL DEFAULT '',
  PRIMARY KEY (`id_vozvrat`),
  KEY `index2` (`id_prodaja`)
) ENGINE=InnoDB AUTO_INCREMENT=688 DEFAULT CHARSET=latin1;

--
-- Dumping data for table `vozvrat`
--

INSERT INTO `vozvrat` VALUES (1,1627,1.000000,1673982000,''),(2,1628,1.000000,1673982000,''),(3,745,2.000000,1674154800,''),(4,746,2.000000,1674154800,''),(5,797,1.000000,1674414000,''),(6,3186,2.000000,1675105200,''),(10,5744,1.000000,1676314800,''),(11,5673,1.000000,1676401200,''),(12,5674,1.000000,1676401200,''),(13,6002,2.000000,1676487600,''),(14,4942,2.000000,1676487600,''),(15,4943,2.000000,1676487600,''),(17,6197,1.000000,1676660400,''),(19,2037,8.000000,1677092400,''),(20,6937,2.000000,1677178800,''),(21,2094,9.000000,1677438000,''),(22,8312,1.000000,1677697200,''),(23,9551,2.000000,1679338800,''),(24,8811,2.000000,1679338800,''),(25,8045,10.000000,1678042800,''),(26,232,3.000000,1678129200,''),(27,3597,1.000000,1678820400,''),(28,3596,1.000000,1678820400,''),(29,6944,1.000000,1678129200,''),(30,12171,1.000000,1679857200,''),(31,15122,1.000000,1681066800,''),(32,15123,1.000000,1681066800,''),(33,12308,1.000000,1681153200,''),(34,12309,1.000000,1681153200,''),(35,15194,3.000000,1681326000,''),(36,9652,4.000000,1681412400,''),(37,9653,4.000000,1681412400,''),(38,17176,2.000000,1681930800,''),(39,17163,2.000000,1681930800,''),(40,17164,2.000000,1681930800,''),(41,14833,1.000000,1682708400,''),(42,19040,3.000000,1683054000,''),(43,19041,3.000000,1683054000,''),(44,5455,1.000000,1683313200,''),(45,7998,5.000000,1683313200,''),(46,9100,1.000000,1683313200,''),(47,20285,2.000000,1683658800,''),(48,20284,2.000000,1683658800,''),(49,2612,1.000000,1683745200,''),(50,8668,1.000000,1683745200,''),(51,21161,1.000000,1683918000,''),(52,18421,1.000000,1684090800,''),(53,20359,2.000000,1684090800,''),(54,20360,2.000000,1684090800,''),(55,20966,5.000000,1684350000,''),(56,20967,5.000000,1684350000,''),(57,20770,3.000000,1684436400,''),(58,22343,1.000000,1684522800,''),(59,22119,257.450000,1685041200,''),(60,22203,4.000000,1685041200,''),(61,22242,1.000000,1685300400,''),(62,22498,5.000000,1685300400,''),(63,22499,5.000000,1685300400,''),(64,1004,1.000000,1685300400,''),(65,1005,1.000000,1685300400,''),(66,24403,1.000000,1685473200,''),(67,24591,1.000000,1685473200,''),(68,24592,1.000000,1685473200,''),(69,24593,2.000000,1685473200,''),(70,21533,1.000000,1685559600,''),(71,25511,1.000000,1685991600,''),(72,25682,1.000000,1685991600,''),(73,25684,1.000000,1685991600,''),(74,20113,5.000000,1686078000,''),(75,26038,1.000000,1686337200,''),(76,26862,1.000000,1686337200,''),(77,26863,1.000000,1686337200,''),(78,25634,5.000000,1686769200,''),(79,17398,10.000000,1687719600,''),(80,17140,4.000000,1687719600,''),(81,26518,1.000000,1688756400,''),(82,26520,2.000000,1688756400,''),(83,32517,2.000000,1689966000,''),(84,32518,2.000000,1689966000,''),(85,29614,2.000000,1690138800,''),(87,30782,2.000000,1690225200,''),(88,27800,1.000000,1690225200,''),(94,23313,1.000000,1690398000,''),(95,23314,1.000000,1690398000,''),(96,22728,2.000000,1690398000,''),(98,22729,2.000000,1690398000,''),(99,16750,1.000000,1690398000,''),(100,16751,1.000000,1690398000,''),(101,4725,1.000000,1690398000,''),(102,8547,1.000000,1690398000,''),(103,35640,2.000000,1690398000,''),(104,26517,2.000000,1690398000,''),(105,14236,4.000000,1690398000,''),(106,24805,1.000000,1690398000,''),(107,24806,1.000000,1690398000,''),(108,36490,1.000000,1690398000,''),(109,36491,1.000000,1690398000,''),(110,16512,1.000000,1690398000,''),(111,16513,1.000000,1690398000,''),(112,27216,1.000000,1690398000,''),(113,32276,1.000000,1690398000,''),(114,35639,1.000000,1690398000,''),(115,31080,1.000000,1690398000,''),(116,26518,1.000000,1690398000,''),(117,32277,1.000000,1690398000,''),(118,4718,1.000000,1690398000,''),(119,35723,1.000000,1690916400,''),(120,35719,1.000000,1690916400,''),(121,37259,1.000000,1690916400,''),(122,36062,6.000000,1691089200,''),(123,36061,10.000000,1691089200,''),(124,39370,1.000000,1691780400,''),(125,39371,1.000000,1691780400,''),(126,20171,3.000000,1692039600,''),(127,20172,3.000000,1692039600,''),(128,40215,3.000000,1692039600,''),(129,38223,3.000000,1692039600,''),(130,41489,1.000000,1692298800,''),(131,26544,1.000000,1692385200,''),(132,41066,1.000000,1692990000,''),(133,41067,1.000000,1692990000,''),(134,41064,1.000000,1692990000,''),(135,41065,1.000000,1692990000,''),(136,25801,2.000000,1693162800,''),(138,25799,2.000000,1693162800,''),(139,25783,1.000000,1693162800,''),(140,25784,1.000000,1693162800,''),(141,25847,1.000000,1693162800,''),(142,25848,1.000000,1693162800,''),(143,25805,2.000000,1693162800,''),(144,25806,2.000000,1693162800,''),(145,25793,2.000000,1693162800,''),(146,25794,2.000000,1693162800,''),(147,37847,2.000000,1693162800,''),(148,37848,2.000000,1693162800,''),(149,33905,1.000000,1693162800,''),(152,25852,1.000000,1693162800,''),(153,25860,1.000000,1693162800,''),(154,25861,1.000000,1693162800,''),(155,25787,1.000000,1693162800,''),(156,25788,1.000000,1693162800,''),(157,25855,2.000000,1693162800,''),(158,25857,2.000000,1693162800,''),(159,25841,2.000000,1693162800,''),(160,25827,1.000000,1693162800,''),(161,25843,2.000000,1693162800,''),(162,25844,2.000000,1693162800,''),(163,25781,1.000000,1693162800,''),(164,25782,1.000000,1693162800,''),(165,25775,1.000000,1693162800,''),(166,25776,1.000000,1693162800,''),(167,25827,3.000000,1693162800,''),(168,25830,2.000000,1693162800,''),(169,25803,2.000000,1693162800,''),(170,25804,4.000000,1693162800,''),(171,25797,2.000000,1693162800,''),(172,25798,2.000000,1693162800,''),(173,25871,1.000000,1693162800,''),(174,25874,2.000000,1693162800,''),(175,25872,2.000000,1693162800,''),(176,25825,1.000000,1693162800,''),(177,25810,1.000000,1693162800,''),(178,25833,1.000000,1693162800,''),(179,25820,2.000000,1693162800,''),(180,25837,1.000000,1693162800,''),(181,25835,1.000000,1693162800,''),(182,37845,2.000000,1693162800,''),(183,37838,1.000000,1693162800,''),(184,25882,4.000000,1693162800,''),(185,25881,4.000000,1693162800,''),(186,25875,4.000000,1693162800,''),(187,37843,11.000000,1693162800,''),(188,37844,3.000000,1693162800,''),(189,25890,1.000000,1693162800,''),(190,25891,1.000000,1693162800,''),(191,32855,4.000000,1693162800,''),(192,32855,1.000000,1693162800,''),(193,25836,5.000000,1693162800,''),(194,37846,3.000000,1693162800,''),(195,25880,3.000000,1693162800,''),(196,32857,5.000000,1693162800,''),(197,25853,3.000000,1693162800,''),(198,25854,3.000000,1693162800,''),(199,25779,1.000000,1693162800,''),(200,25780,1.000000,1693162800,''),(201,25795,4.000000,1693162800,''),(202,25796,4.000000,1693162800,''),(203,25802,3.000000,1693162800,''),(204,25800,3.000000,1693162800,''),(205,25883,4.000000,1693162800,''),(206,25889,6.000000,1693162800,''),(207,25887,3.000000,1693162800,''),(208,25886,6.000000,1693162800,''),(209,25884,6.000000,1693162800,''),(210,25888,5.000000,1693162800,''),(211,25864,12.000000,1693162800,''),(212,25863,11.000000,1693162800,''),(213,25862,7.000000,1693162800,''),(214,32846,1.000000,1693162800,''),(215,25873,3.000000,1693162800,''),(216,25885,4.000000,1693162800,''),(217,25849,2.000000,1693162800,''),(218,25850,2.000000,1693162800,''),(219,25845,4.000000,1693162800,''),(220,25846,4.000000,1693162800,''),(221,25807,4.000000,1693162800,''),(222,25808,4.000000,1693162800,''),(223,25789,3.000000,1693162800,''),(224,25790,3.000000,1693162800,''),(225,25842,4.000000,1693162800,''),(226,25785,3.000000,1693162800,''),(227,25786,3.000000,1693162800,''),(228,25811,4.000000,1693162800,''),(229,37840,5.000000,1693162800,''),(230,25878,2.000000,1693162800,''),(231,25877,2.000000,1693162800,''),(232,25876,1.000000,1693162800,''),(233,25817,1.000000,1693162800,''),(234,37837,3.000000,1693162800,''),(235,37842,1.000000,1693162800,''),(236,25828,1.000000,1693162800,''),(237,44769,8.000000,1694026800,''),(238,44803,8.000000,1694026800,''),(239,44773,5.000000,1694026800,''),(240,45977,1.000000,1694113200,''),(241,45976,1.000000,1694113200,''),(242,40482,12.000000,1694113200,''),(243,46036,1.000000,1694372400,''),(244,46037,1.000000,1694372400,''),(245,21469,1.000000,1694977200,''),(246,21470,1.000000,1694977200,''),(248,48082,1.000000,1694977200,''),(249,6369,1.000000,1695150000,''),(250,18421,1.000000,1695150000,''),(251,45406,12.000000,1695150000,''),(252,45251,1.000000,1695409200,''),(253,46785,2.000000,1695668400,''),(254,47019,2.000000,1695668400,''),(255,49912,4.000000,1695927600,''),(256,49913,4.000000,1695927600,''),(257,50710,1.000000,1696014000,''),(258,51701,1.000000,1696359600,''),(259,50943,2.000000,1696359600,''),(260,51869,1.000000,1696446000,''),(264,49425,1.000000,1696446000,''),(265,43887,3.000000,1696618800,''),(266,52536,2.000000,1696791600,''),(267,50724,1.000000,1696791600,''),(268,43765,1.000000,1696964400,''),(270,52582,15.000000,1696964400,''),(271,52583,15.000000,1696964400,''),(272,46180,1.000000,1697050800,''),(274,50909,2.000000,1697569200,''),(275,53997,1.000000,1697569200,''),(276,50536,1.000000,1698001200,''),(278,55242,2.000000,1698087600,''),(279,55243,2.000000,1698087600,''),(280,38209,1.000000,1698174000,''),(282,54909,1.000000,1698260400,''),(283,55372,3.000000,1698606000,''),(284,55373,3.000000,1698606000,''),(285,53271,7.000000,1698606000,''),(286,50700,4.000000,1698865200,''),(287,57609,1.000000,1699297200,''),(288,57610,1.000000,1699297200,''),(289,56880,1.000000,1699383600,''),(290,56881,1.000000,1699383600,''),(291,54232,4.000000,1699383600,''),(292,53380,4.000000,1699383600,''),(293,57816,3.000000,1699383600,''),(294,58213,3.000000,1699383600,''),(295,54082,3.000000,1699383600,''),(296,10311,1.000000,1699383600,''),(297,58525,1.000000,1699383600,''),(298,19684,5.000000,1699383600,''),(299,58526,1.000000,1699383600,''),(300,59422,1.000000,1699902000,''),(301,59423,1.000000,1699902000,''),(302,59419,1.000000,1699902000,''),(303,59420,1.000000,1699902000,''),(304,59889,17.000000,1700420400,''),(305,59890,17.000000,1700420400,''),(306,17503,1.000000,1700506800,''),(307,17504,1.000000,1700506800,''),(308,57160,2.000000,1700766000,''),(309,61644,1.000000,1700766000,''),(310,64653,10.000000,1702234800,''),(311,62893,139.120000,1702321200,''),(312,64941,1.000000,1702407600,''),(313,64942,1.000000,1702407600,''),(314,58620,1.000000,1702839600,''),(315,35451,1.000000,1702839600,''),(316,21888,1.000000,1702839600,''),(317,21889,1.000000,1702839600,''),(318,21886,1.000000,1702839600,''),(319,35451,1.000000,1702839600,''),(320,66340,1.000000,1703098800,''),(321,66341,1.000000,1703098800,''),(323,65222,1.000000,1703271600,''),(324,58589,3.000000,1703444400,''),(325,67422,1.000000,1703444400,''),(326,67421,1.000000,1703444400,''),(327,67470,4.000000,1703530800,''),(328,63795,1.000000,1703530800,''),(329,69654,1.000000,1704740400,''),(330,64396,1.000000,1704826800,''),(332,68649,1.000000,1705086000,''),(333,70025,1.000000,1705086000,''),(334,70600,1.000000,1705086000,''),(336,71384,13.800000,1705690800,''),(337,61916,1.000000,1705863600,''),(338,61917,1.000000,1705863600,''),(339,71470,1.000000,1705950000,''),(340,71043,9.000000,1706554800,''),(341,75398,1.000000,1708628400,''),(342,80654,36.000000,1709665200,''),(343,78994,1.000000,1709751600,''),(344,76950,1.000000,1710097200,''),(345,81140,5.000000,1710270000,''),(346,81141,5.000000,1710270000,''),(347,81142,1.000000,1710270000,''),(348,81143,1.000000,1710270000,''),(349,81152,2.000000,1710270000,''),(350,80174,1.000000,1710356400,''),(351,80175,1.000000,1710356400,''),(352,81766,1.000000,1710356400,''),(353,81841,1.000000,1710356400,''),(354,81545,2.000000,1710788400,''),(355,59700,1.000000,1710961200,''),(356,59701,1.000000,1710961200,''),(357,62623,1.000000,1710961200,''),(358,62624,1.000000,1710961200,''),(359,59715,1.000000,1710961200,''),(360,59718,2.000000,1710961200,''),(362,59719,2.000000,1710961200,''),(363,64615,1.000000,1710961200,''),(364,64616,1.000000,1710961200,''),(365,77643,1.000000,1710961200,''),(366,82283,1.000000,1711047600,''),(367,77639,1.000000,1711047600,''),(368,82355,1.000000,1711134000,''),(370,82409,1.000000,1711911600,''),(371,82410,1.000000,1711911600,''),(372,79742,1.000000,1711998000,''),(373,76975,9.000000,1711911600,''),(374,84932,4.000000,1712516400,''),(375,84933,4.000000,1712516400,''),(376,83649,1.000000,1712516400,''),(377,86620,1.000000,1713121200,''),(378,89378,1.000000,1713726000,''),(379,87608,4.000000,1714071600,''),(380,58299,1.000000,1714330800,''),(381,58300,1.000000,1714330800,''),(382,25430,1.000000,1714330800,''),(383,25429,1.000000,1714330800,''),(384,90713,4.000000,1714330800,''),(385,28498,1.000000,1714330800,''),(386,28499,1.000000,1714330800,''),(389,73997,2.000000,1714417200,''),(390,93055,1.000000,1715108400,''),(391,93056,1.000000,1715108400,''),(392,93969,1.000000,1715540400,''),(393,93970,1.000000,1715540400,''),(394,87549,10.000000,1716145200,''),(395,87550,20.000000,1716145200,''),(396,81743,1.000000,1716145200,''),(397,81744,2.000000,1716145200,''),(398,87548,14.000000,1716145200,''),(399,87546,4.000000,1716145200,''),(400,87547,4.000000,1716145200,''),(401,83352,1.000000,1716145200,''),(402,83353,1.000000,1716145200,''),(403,83350,2.000000,1716145200,''),(404,83348,2.000000,1716145200,''),(405,83351,4.000000,1716145200,''),(406,81750,4.000000,1716145200,''),(407,81751,4.000000,1716145200,''),(408,81746,1.000000,1716145200,''),(409,81742,10.000000,1716145200,''),(410,32099,3.000000,1716145200,''),(411,81739,5.000000,1716145200,''),(413,55350,3.000000,1716145200,''),(414,55351,8.000000,1716145200,''),(415,72866,2.000000,1716145200,''),(416,72862,2.000000,1716145200,''),(417,72858,5.000000,1716145200,''),(418,72859,5.000000,1716145200,''),(419,60900,6.000000,1716145200,''),(420,60901,6.000000,1716145200,''),(421,57197,2.000000,1716145200,''),(422,57198,2.000000,1716145200,''),(423,57195,5.000000,1716145200,''),(424,57196,5.000000,1716145200,''),(425,57190,7.000000,1716145200,''),(426,55367,10.000000,1716145200,''),(427,26794,5.000000,1716145200,''),(428,55368,6.000000,1716145200,''),(429,55365,8.000000,1716145200,''),(430,55363,1.000000,1716145200,''),(431,55364,1.000000,1716145200,''),(432,55356,7.000000,1716145200,''),(433,46930,5.000000,1716145200,''),(434,46929,2.000000,1716145200,''),(435,11385,2.000000,1716231600,''),(436,11386,2.000000,1716231600,''),(437,11366,13.000000,1716231600,''),(438,11380,4.000000,1716231600,''),(439,11379,14.000000,1716231600,''),(440,11392,14.000000,1716231600,''),(441,11383,12.000000,1716231600,''),(442,11384,12.000000,1716231600,''),(443,11367,1.000000,1716231600,''),(444,11368,1.000000,1716231600,''),(445,11390,3.000000,1716231600,''),(446,93398,1.000000,1716404400,''),(447,108005,5.000000,1721156400,''),(448,108004,5.000000,1721156400,''),(449,106411,1.000000,1721156400,''),(451,106411,3.000000,1721156400,''),(453,105469,1.000000,1722798000,''),(454,105470,1.000000,1722798000,''),(455,104814,1.000000,1724266800,''),(457,104815,1.000000,1724266800,''),(458,114552,1.000000,1724353200,''),(459,114553,1.000000,1724353200,''),(460,88554,1.000000,1724353200,''),(461,88556,1.000000,1724353200,''),(462,120621,1.000000,1724439600,''),(463,87794,1.000000,1724958000,''),(465,87795,1.000000,1724958000,''),(466,118719,2.000000,1726426800,''),(469,116629,1.000000,1726426800,''),(470,116630,1.000000,1726426800,''),(471,117131,1.000000,1726426800,''),(472,126369,1.000000,1727031600,''),(473,126370,1.000000,1727031600,''),(474,124834,4.000000,1727118000,''),(475,129102,2.000000,1727204400,''),(477,128324,1.000000,1727377200,''),(479,93090,4.000000,1727463600,''),(480,93092,2.000000,1727463600,''),(481,93093,2.000000,1727463600,''),(482,93089,1.000000,1727463600,''),(483,30878,1.000000,1727463600,''),(484,78068,1.000000,1727463600,''),(485,110637,1.000000,1727463600,''),(486,126200,1.000000,1727463600,''),(487,118067,1.000000,1727722800,''),(488,130575,2.000000,1728500400,''),(489,130576,2.000000,1728500400,''),(490,132228,1.000000,1728500400,''),(491,131175,2.000000,1728673200,''),(492,131182,2.000000,1728673200,''),(493,126268,3.000000,1728932400,''),(494,97380,3.000000,1728932400,''),(495,97381,4.000000,1728932400,''),(496,97382,4.000000,1728932400,''),(497,97383,1.000000,1728932400,''),(498,92775,4.000000,1728932400,''),(499,92776,5.000000,1728932400,''),(500,92777,4.000000,1728932400,''),(501,92778,5.000000,1728932400,''),(502,92779,3.000000,1728932400,''),(503,92780,4.000000,1728932400,''),(504,92781,5.000000,1728932400,''),(505,92782,4.000000,1728932400,''),(506,92783,4.000000,1728932400,''),(507,92784,6.000000,1728932400,''),(508,92785,5.000000,1728932400,''),(509,92786,5.000000,1728932400,''),(510,92787,4.000000,1728932400,''),(511,92788,5.000000,1728932400,''),(512,92789,10.000000,1728932400,''),(513,92790,6.000000,1728932400,''),(514,92791,5.000000,1728932400,''),(515,92792,10.000000,1728932400,''),(516,92793,6.000000,1728932400,''),(517,92794,5.000000,1728932400,''),(518,92795,10.000000,1728932400,''),(519,92796,4.000000,1728932400,''),(520,92797,5.000000,1728932400,''),(521,92798,10.000000,1728932400,''),(522,92799,10.000000,1728932400,''),(523,92800,8.000000,1728932400,''),(524,92801,5.000000,1728932400,''),(525,92802,10.000000,1728932400,''),(526,92803,6.000000,1728932400,''),(527,92804,10.000000,1728932400,''),(528,92805,10.000000,1728932400,''),(529,92806,5.000000,1728932400,''),(530,92807,5.000000,1728932400,''),(531,92808,4.000000,1728932400,''),(532,92809,2.000000,1728932400,''),(533,92810,10.000000,1728932400,''),(534,92811,2.000000,1728932400,''),(535,92812,10.000000,1728932400,''),(536,92813,10.000000,1728932400,''),(537,92814,6.000000,1728932400,''),(538,92815,5.000000,1728932400,''),(539,92816,2.000000,1728932400,''),(540,92817,5.000000,1728932400,''),(541,92818,10.000000,1728932400,''),(542,92819,10.000000,1728932400,''),(543,92820,5.000000,1728932400,''),(544,92821,6.000000,1728932400,''),(545,92822,5.000000,1728932400,''),(546,92823,2.000000,1728932400,''),(547,92824,5.000000,1728932400,''),(548,92825,2.000000,1728932400,''),(549,92826,6.000000,1728932400,''),(550,92827,6.000000,1728932400,''),(551,92828,5.000000,1728932400,''),(552,92829,5.000000,1728932400,''),(553,92830,4.000000,1728932400,''),(554,92831,4.000000,1728932400,''),(555,92832,10.000000,1728932400,''),(556,92833,4.000000,1728932400,''),(557,92834,4.000000,1728932400,''),(558,92835,4.000000,1728932400,''),(559,92836,1.000000,1728932400,''),(560,92837,5.000000,1728932400,''),(561,92838,10.000000,1728932400,''),(563,92839,6.000000,1728932400,''),(564,92840,6.000000,1728932400,''),(565,92841,12.000000,1728932400,''),(566,92842,4.000000,1728932400,''),(567,92843,6.000000,1728932400,''),(568,92844,4.000000,1728932400,''),(569,92845,6.000000,1728932400,''),(570,92846,2.000000,1728932400,''),(571,92847,6.000000,1728932400,''),(572,92848,6.000000,1728932400,''),(573,92849,6.000000,1728932400,''),(574,92850,4.000000,1728932400,''),(575,95680,1.000000,1728932400,''),(576,119407,5.000000,1729278000,''),(577,133596,7.920000,1729278000,''),(578,129473,1.000000,1729537200,''),(579,129474,1.000000,1729537200,''),(580,123748,2.000000,1729710000,''),(581,105195,2.000000,1730142000,''),(582,105198,2.000000,1730142000,''),(583,105199,2.000000,1730142000,''),(584,105200,2.000000,1730142000,''),(585,105185,2.000000,1730142000,''),(586,105186,2.000000,1730142000,''),(587,105187,1.000000,1730142000,''),(588,105186,1.000000,1730142000,''),(589,105151,1.000000,1730142000,''),(590,105152,2.000000,1730142000,''),(591,105149,1.000000,1730142000,''),(592,105150,1.000000,1730142000,''),(593,105233,1.000000,1730142000,''),(594,105147,1.000000,1730142000,''),(595,105148,1.000000,1730142000,''),(596,105222,1.000000,1730142000,''),(597,105223,1.000000,1730142000,''),(598,105229,1.000000,1730142000,''),(599,105230,1.000000,1730142000,''),(600,105211,1.000000,1730142000,''),(601,105216,1.000000,1730142000,''),(602,105218,1.000000,1730142000,''),(603,105221,1.000000,1730142000,''),(604,105209,1.000000,1730142000,''),(605,105210,1.000000,1730142000,''),(606,105220,1.000000,1730142000,''),(607,105238,1.000000,1730142000,''),(608,105237,1.000000,1730142000,''),(609,112961,2.000000,1730314800,''),(610,93091,1.000000,1730833200,''),(611,93090,1.000000,1730833200,''),(612,97104,7.000000,1730833200,''),(613,95101,3.000000,1730833200,''),(614,94636,4.000000,1730833200,''),(615,94637,4.000000,1730833200,''),(616,94982,8.000000,1730833200,''),(617,94980,5.000000,1730833200,''),(618,94735,1.000000,1730833200,''),(619,94874,10.000000,1730833200,''),(620,94760,1.000000,1730833200,''),(621,94734,1.000000,1730833200,''),(622,94875,7.000000,1730833200,''),(623,94732,5.000000,1730833200,''),(624,95079,3.000000,1730833200,''),(625,95072,3.000000,1730833200,''),(626,94876,16.000000,1730833200,''),(627,95073,1.000000,1730833200,''),(628,99642,1.000000,1730833200,''),(629,99643,1.000000,1730833200,''),(630,95076,6.000000,1730833200,''),(631,99631,1.000000,1730833200,''),(632,99636,6.000000,1730833200,''),(633,99763,7.000000,1730833200,''),(634,99762,8.000000,1730833200,''),(635,95097,3.000000,1730833200,''),(636,95096,2.000000,1730833200,''),(637,99625,2.000000,1730833200,''),(638,139596,2.000000,1730919600,''),(639,139597,2.000000,1730919600,''),(640,133501,3.000000,1731265200,''),(641,141440,1.000000,1731351600,''),(642,42440,2.000000,1731351600,''),(643,119547,1.000000,1731351600,''),(644,113137,2.000000,1731870000,''),(645,129250,6.000000,1731870000,''),(646,140023,1.000000,1731870000,''),(647,143651,1.000000,1732129200,''),(648,143652,1.000000,1732129200,''),(649,122500,2.000000,1732906800,''),(650,122501,2.000000,1732906800,''),(651,105195,2.000000,1732906800,''),(652,105198,2.000000,1732906800,''),(653,122502,2.000000,1732906800,''),(654,122501,2.000000,1732906800,''),(655,105187,1.000000,1732906800,''),(656,105186,1.000000,1732906800,''),(657,105153,1.000000,1732906800,''),(658,105154,1.000000,1732906800,''),(659,110247,2.000000,1732906800,''),(660,105149,1.000000,1732906800,''),(661,105150,1.000000,1732906800,''),(662,110248,3.000000,1732906800,''),(663,108873,1.000000,1732906800,''),(664,105183,6.000000,1732906800,''),(665,105182,2.000000,1732906800,''),(666,105184,4.000000,1732906800,''),(667,110265,4.000000,1732906800,''),(668,110266,4.000000,1732906800,''),(669,105194,10.000000,1732906800,''),(670,105190,4.000000,1732906800,''),(671,105189,4.000000,1732906800,''),(672,105188,2.000000,1732906800,''),(673,105176,1.000000,1732906800,''),(674,105177,1.000000,1732906800,''),(675,148147,3.000000,1733770800,''),(676,122440,3.000000,1733770800,''),(677,148146,1.000000,1733770800,''),(678,75552,1.000000,1733943600,''),(680,75553,1.000000,1733943600,''),(681,47695,1.000000,1733943600,''),(682,56966,1.000000,1733943600,''),(683,122874,1.000000,1733943600,''),(684,116962,1.000000,1734375600,''),(685,134920,1.000000,1734375600,''),(686,147729,3.000000,1734548400,''),(687,147730,3.000000,1734548400,'');

--
-- Table structure for table `vozvrat_pokupka`
--

CREATE TABLE `vozvrat_pokupka` (
  `id_vozvrat_pokupka` int NOT NULL AUTO_INCREMENT,
  `id_siryo` int NOT NULL DEFAULT '0',
  `amount_vozvrat_pokupka` decimal(20,6) NOT NULL DEFAULT '0.000000',
  `time_vozvrat_pokupka` int NOT NULL DEFAULT '0',
  `description_vozvrat_pokupka` varchar(200) CHARACTER SET utf8mb3 COLLATE utf8mb3_unicode_ci NOT NULL DEFAULT '',
  PRIMARY KEY (`id_vozvrat_pokupka`)
) ENGINE=InnoDB DEFAULT CHARSET=latin1;

--
-- Dumping data for table `vozvrat_pokupka`
--


--
-- Table structure for table `worker`
--

CREATE TABLE `worker` (
  `id` int unsigned NOT NULL AUTO_INCREMENT,
  `name` varchar(100) NOT NULL DEFAULT '',
  `active` tinyint(1) NOT NULL DEFAULT '1',
  PRIMARY KEY (`id`)
) ENGINE=InnoDB AUTO_INCREMENT=46 DEFAULT CHARSET=utf8mb4 COLLATE=utf8mb4_0900_ai_ci;

--
-- Dumping data for table `worker`
--

INSERT INTO `worker` VALUES (3,'Oshpaz ',1),(4,'Begzod',0),(10,'Ibrohim ',1),(11,'Dilshod',1),(12,'Rustam',0),(13,'Shohruh',1),(14,'Qorovul ',1),(15,'ZIYOVUDDIN SHOKIROV',1),(16,'Ikromjon Abduvalyev',1),(17,'Farrosh',1),(18,'Buxgalter Genc',1),(19,'Buxgalter Islomga',1),(20,'Obidjon Jumayev',1),(21,'Islombek',1),(22,'Davlat',1),(23,'Ikrom Xusanov ',1),(24,'Jasur Rajabov',1),(25,'Mirjalil Ibragimov 09.06.2002 yil',1),(26,'Abdulazim Abdullaev',0),(27,'Umid Arabaliev',1),(28,'Dildora Ofis Menejer',1),(29,'Abdulloh Azimjonov',0),(30,'Jasur Ismoilov 20.01.2024',1),(31,'Begzod Kenjaev 07.01.2024',1),(32,'Ilhom Saidkarimov 09.02.24 yil',1),(33,'Muhammad Aziz Xodjaev',1),(34,'Abbos Tohirjonov',1),(35,'Abdulalaziz Saidov 22.07.24',1),(36,'Firdavs',0),(37,'Sirojiddin Muratkhanov 14.08.24',1),(38,'Rasul Abdumutalov 07.08.24',1),(39,'Shodiyor Bekturganov 16.08.24',1),(40,'Abdulxafiz Yunusov 17.08.24',1),(41,'Boxodir Boboraximov Shafyor 946354745 20.08.24',1),(42,'Rustam Yuldoshev Lakchi 20.08.24',0),(43,'Jasur Kenjaev 03.09.24',1),(44,'Sunnat Ganiev Lakchi 12.09.24',1),(45,'Ikrom Saidkarimov 25.10.24',1);

--
-- Table structure for table `worker_appoint_payment`
--

CREATE TABLE `worker_appoint_payment` (
  `id` int unsigned NOT NULL AUTO_INCREMENT,
  `worker_id` int unsigned NOT NULL,
  `dengi_id` int NOT NULL,
  `amount` decimal(20,2) NOT NULL,
  `date` date NOT NULL,
  PRIMARY KEY (`id`),
  KEY `worker_id` (`worker_id`),
  CONSTRAINT `worker_appoint_payment_ibfk_1` FOREIGN KEY (`worker_id`) REFERENCES `worker` (`id`)
) ENGINE=InnoDB AUTO_INCREMENT=109 DEFAULT CHARSET=utf8mb4 COLLATE=utf8mb4_0900_ai_ci;

--
-- Dumping data for table `worker_appoint_payment`
--

INSERT INTO `worker_appoint_payment` VALUES (3,16,2,4000000.00,'2023-01-01'),(4,15,1,700.00,'2023-01-01'),(5,14,2,1000000.00,'2023-01-01'),(6,17,2,1500000.00,'2023-01-01'),(7,10,1,850.00,'2023-01-01'),(8,18,1,600.00,'2023-01-01'),(9,19,2,2000000.00,'2023-01-01'),(10,20,2,4000000.00,'2023-01-01'),(11,12,1,0.00,'2023-01-01'),(12,11,1,900.00,'2023-01-01'),(13,4,2,4000000.00,'2023-01-01'),(14,13,2,4000000.00,'2023-01-01'),(15,21,1,500.00,'2023-01-01'),(16,22,2,2500000.00,'2023-01-01'),(17,14,2,1200000.00,'2023-04-01'),(18,3,2,1800000.00,'2023-04-01'),(19,23,1,500.00,'2023-04-01'),(20,24,1,400.00,'2023-04-01'),(21,25,2,4000000.00,'2023-04-01'),(22,26,1,400.00,'2023-05-01'),(23,11,1,1000.00,'2023-05-01'),(24,10,1,900.00,'2023-05-01'),(25,15,1,800.00,'2023-05-01'),(26,16,2,4500000.00,'2023-05-01'),(27,23,1,550.00,'2023-05-01'),(28,17,2,1750000.00,'2023-07-01'),(29,26,1,450.00,'2023-07-01'),(30,18,1,700.00,'2023-06-01'),(31,18,1,1000.00,'2023-07-01'),(32,23,1,650.00,'2023-07-01'),(33,13,2,5000000.00,'2023-08-01'),(34,16,2,5000000.00,'2023-08-01'),(35,24,1,450.00,'2023-08-01'),(36,20,2,4500000.00,'2023-08-01'),(37,25,2,4500000.00,'2023-08-01'),(38,3,2,2500000.00,'2023-09-01'),(39,26,1,500.00,'2023-08-01'),(40,14,2,1600000.00,'2023-10-01'),(41,27,2,3500000.00,'2023-11-01'),(42,25,2,0.00,'2023-10-01'),(43,25,2,4500000.00,'2023-11-01'),(44,25,2,2250000.00,'2023-09-01'),(45,27,2,3000000.00,'2023-12-01'),(46,28,2,5000000.00,'2023-12-01'),(47,27,2,4000000.00,'2024-01-01'),(48,10,1,1000.00,'2024-01-01'),(49,15,1,900.00,'2024-01-01'),(50,23,1,800.00,'2024-01-01'),(51,24,1,550.00,'2024-01-01'),(52,31,2,3500000.00,'2024-01-01'),(53,30,1,350.00,'2024-02-01'),(54,30,1,146.00,'2024-01-01'),(55,29,2,3500000.00,'2024-01-01'),(56,29,2,0.00,'2024-02-01'),(57,13,2,5500000.00,'2024-02-01'),(58,16,2,6000000.00,'2024-02-01'),(59,20,2,5000000.00,'2024-02-01'),(60,25,2,5000000.00,'2024-02-01'),(61,27,2,4500000.00,'2024-02-01'),(62,31,2,4000000.00,'2024-02-01'),(63,3,2,0.00,'2024-03-01'),(64,3,2,2500000.00,'2024-04-01'),(65,33,1,300.00,'2024-04-01'),(66,30,1,400.00,'2024-04-01'),(67,16,2,6500000.00,'2024-06-01'),(68,25,2,5500000.00,'2024-06-01'),(69,20,2,5500000.00,'2024-06-01'),(70,30,1,450.00,'2024-06-01'),(71,27,2,5000000.00,'2024-06-01'),(72,31,2,5000000.00,'2024-06-01'),(73,24,1,600.00,'2024-07-05'),(74,34,1,400.00,'2024-07-01'),(75,33,1,400.00,'2024-07-01'),(76,26,1,0.00,'2024-07-01'),(77,36,2,3500000.00,'2024-07-01'),(78,37,2,3555000.00,'2024-08-01'),(79,36,2,0.00,'2024-08-01'),(80,38,1,400.00,'2024-08-01'),(81,39,2,2075000.00,'2024-08-01'),(82,40,2,2890000.00,'2024-08-01'),(83,41,2,4000000.00,'2024-09-01'),(84,42,1,0.00,'2024-08-01'),(85,35,1,300.00,'2024-08-01'),(86,27,2,1346000.00,'2024-09-01'),(87,37,2,6000000.00,'2024-09-01'),(88,39,2,4000000.00,'2024-09-01'),(89,40,2,6000000.00,'2024-09-01'),(90,41,2,1630000.00,'2024-08-01'),(91,44,1,500.00,'2024-09-01'),(92,32,2,6500000.00,'2024-09-01'),(94,3,2,3000000.00,'2024-09-01'),(95,43,2,4000000.00,'2024-09-01'),(96,43,2,4500000.00,'2024-10-01'),(97,43,2,0.00,'2024-11-01'),(98,45,2,900000.00,'2024-10-01'),(99,39,2,4500000.00,'2024-10-01'),(100,41,2,4500000.00,'2024-10-01'),(101,45,2,4000000.00,'2024-11-01'),(102,27,2,5000000.00,'2024-10-01'),(103,44,1,650.00,'2024-11-01'),(104,44,1,750.00,'2024-12-01'),(106,43,2,5000000.00,'2024-12-01'),(107,30,1,0.00,'2024-09-01'),(108,17,2,2500000.00,'2024-12-01');

--
-- Table structure for table `worker_avans`
--

CREATE TABLE `worker_avans` (
  `id` int unsigned NOT NULL AUTO_INCREMENT,
  `worker_id` int unsigned NOT NULL,
  `dengi_id` int DEFAULT NULL,
  `amount` decimal(20,2) NOT NULL,
  `date` date NOT NULL,
  PRIMARY KEY (`id`),
  KEY `worker_id` (`worker_id`),
  CONSTRAINT `worker_avans_ibfk_1` FOREIGN KEY (`worker_id`) REFERENCES `worker` (`id`)
) ENGINE=InnoDB AUTO_INCREMENT=1207 DEFAULT CHARSET=utf8mb4 COLLATE=utf8mb4_0900_ai_ci;

--
-- Dumping data for table `worker_avans`
--

INSERT INTO `worker_avans` VALUES (2,16,2,200000.00,'2023-01-07'),(5,16,2,120000.00,'2023-01-27'),(6,16,2,50000.00,'2023-01-30'),(11,14,2,100000.00,'2023-01-24'),(12,10,2,500000.00,'2023-02-06'),(13,4,2,50000.00,'2023-02-08'),(14,20,2,50000.00,'2023-02-08'),(15,16,2,200000.00,'2023-02-08'),(16,10,2,225000.00,'2023-02-08'),(17,10,1,25.43,'2023-01-11'),(18,10,1,54.33,'2023-01-12'),(19,10,1,48.33,'2023-01-13'),(20,10,1,4.39,'2023-01-20'),(21,10,1,13.15,'2023-01-21'),(22,10,1,13.19,'2023-01-24'),(23,10,1,11.40,'2023-01-27'),(24,10,1,29.82,'2023-01-28'),(26,11,1,100.00,'2023-01-07'),(27,11,1,100.00,'2023-01-19'),(28,11,1,100.00,'2023-01-24'),(29,11,1,200.00,'2023-01-28'),(30,11,1,50.00,'2023-01-30'),(31,13,2,200000.00,'2023-01-09'),(32,13,2,500000.00,'2023-01-12'),(33,13,2,500000.00,'2023-01-25'),(34,13,2,200000.00,'2023-01-30'),(36,4,2,120000.00,'2023-02-09'),(37,10,1,150.00,'2023-02-10'),(38,21,1,100.00,'2023-01-21'),(39,21,1,200.00,'2023-01-27'),(40,16,2,880000.00,'2023-02-11'),(41,4,2,100000.00,'2023-02-13'),(42,20,2,100000.00,'2023-02-13'),(43,11,2,100000.00,'2023-02-15'),(44,11,2,4000000.00,'2023-02-16'),(45,16,2,500000.00,'2023-02-16'),(46,4,2,505000.00,'2023-02-18'),(47,11,2,3000000.00,'2023-02-20'),(48,10,2,120000.00,'2023-02-21'),(49,10,1,40.00,'2023-02-21'),(50,16,2,200000.00,'2023-02-21'),(52,16,2,900000.00,'2023-02-24'),(53,4,2,200000.00,'2023-02-25'),(54,10,2,100000.00,'2023-02-25'),(55,13,2,200000.00,'2023-02-25'),(56,20,2,100000.00,'2023-02-25'),(57,11,2,1137000.00,'2023-02-27'),(58,10,2,100000.00,'2023-02-28'),(59,10,1,482.86,'2023-02-28'),(60,13,2,200000.00,'2023-02-28'),(61,10,1,17.14,'2023-03-01'),(62,11,2,5000000.00,'2023-03-16'),(63,16,2,400000.00,'2023-03-16'),(64,13,2,500000.00,'2023-03-16'),(65,4,2,100000.00,'2023-03-17'),(67,13,2,500000.00,'2023-03-18'),(68,10,2,330000.00,'2023-03-18'),(69,4,2,100000.00,'2023-03-18'),(70,10,1,150.00,'2023-03-20'),(71,16,2,300000.00,'2023-03-04'),(72,10,2,100000.00,'2023-03-21'),(73,16,2,400000.00,'2023-03-21'),(74,16,2,100000.00,'2023-03-07'),(75,13,2,500000.00,'2023-03-07'),(76,11,1,50.00,'2023-03-22'),(77,11,2,1500000.00,'2023-03-22'),(78,16,2,100000.00,'2023-03-22'),(79,16,2,300000.00,'2023-03-09'),(80,4,2,300000.00,'2023-03-23'),(81,13,2,100000.00,'2023-03-10'),(82,21,2,2000000.00,'2023-03-25'),(83,21,2,2000000.00,'2023-03-13'),(84,11,2,200000.00,'2023-03-13'),(85,4,2,200000.00,'2023-03-13'),(86,14,2,200000.00,'2023-03-25'),(87,11,2,500000.00,'2023-03-14'),(88,10,2,630000.00,'2023-03-27'),(89,11,2,1000000.00,'2023-03-28'),(90,4,2,200000.00,'2023-03-29'),(91,11,1,300.00,'2023-04-01'),(92,11,2,489000.00,'2023-04-01'),(94,16,2,480000.00,'2023-04-01'),(95,10,2,90000.00,'2023-04-04'),(96,20,2,500000.00,'2023-04-04'),(97,13,2,500000.00,'2023-04-04'),(98,10,2,140000.00,'2023-04-04'),(99,11,2,500000.00,'2023-04-05'),(100,4,2,50000.00,'2023-04-06'),(101,10,2,105000.00,'2023-04-06'),(102,11,2,5848200.00,'2023-04-08'),(103,4,2,50000.00,'2023-04-10'),(104,4,2,300000.00,'2023-04-10'),(105,16,2,100000.00,'2023-04-10'),(106,21,2,2000000.00,'2023-04-11'),(107,4,2,100000.00,'2023-04-12'),(108,16,2,600000.00,'2023-04-12'),(109,10,2,342000.00,'2023-04-12'),(112,10,1,50.00,'2023-04-13'),(113,10,2,1142000.00,'2023-04-13'),(114,14,2,200000.00,'2023-04-13'),(115,16,2,100000.00,'2023-04-15'),(116,16,2,1000000.00,'2023-04-17'),(117,21,2,1000000.00,'2023-04-19'),(118,10,2,200000.00,'2023-04-19'),(119,10,2,300000.00,'2023-04-19'),(120,14,2,200000.00,'2023-04-20'),(122,10,2,342600.00,'2023-04-28'),(123,13,2,500000.00,'2023-04-29'),(124,10,1,18.27,'2023-05-01'),(125,3,2,1000000.00,'2023-04-18'),(126,3,2,2000000.00,'2023-05-02'),(127,10,2,100000.00,'2023-05-06'),(128,20,2,200000.00,'2023-05-06'),(129,21,2,1500000.00,'2023-05-09'),(130,10,2,70000.00,'2023-05-09'),(131,11,2,500000.00,'2023-05-11'),(132,10,2,916800.00,'2023-05-12'),(133,23,2,229200.00,'2023-05-12'),(134,13,2,800000.00,'2023-05-13'),(135,16,2,500000.00,'2023-05-15'),(136,10,2,250000.00,'2023-05-15'),(137,20,2,454500.00,'2023-05-17'),(138,23,2,350000.00,'2023-05-17'),(139,10,2,320000.00,'2023-05-18'),(140,11,2,82500.00,'2023-05-18'),(141,23,2,40000.00,'2023-05-19'),(142,10,2,82500.00,'2023-05-19'),(143,13,5,404800.00,'2023-05-19'),(144,16,5,440000.00,'2023-05-19'),(145,15,5,440000.00,'2023-05-19'),(146,11,5,440000.00,'2023-05-19'),(147,10,5,484000.00,'2023-05-19'),(148,13,2,335000.00,'2023-05-20'),(149,22,2,1500000.00,'2023-05-25'),(150,11,1,100.00,'2023-05-25'),(151,11,2,573000.00,'2023-05-25'),(152,20,2,1010000.00,'2023-05-26'),(153,16,2,400000.00,'2023-05-27'),(154,10,2,572500.00,'2023-05-29'),(155,10,2,115000.00,'2023-05-29'),(156,11,2,1145000.00,'2023-05-30'),(157,23,2,550000.00,'2023-05-31'),(158,21,2,1000000.00,'2023-06-01'),(160,14,2,100000.00,'2023-06-05'),(161,25,2,180000.00,'2023-06-06'),(162,10,2,100000.00,'2023-06-07'),(163,23,2,300000.00,'2023-06-07'),(164,10,2,570000.00,'2023-06-07'),(165,3,2,1200000.00,'2023-06-09'),(166,13,2,1000000.00,'2023-06-09'),(167,25,2,151500.00,'2023-06-10'),(168,21,2,1000000.00,'2023-06-10'),(169,23,2,300000.00,'2023-06-12'),(170,10,1,600.00,'2023-06-12'),(172,10,2,1146000.00,'2023-06-12'),(173,20,2,4000000.00,'2023-06-12'),(174,16,2,200000.00,'2023-06-13'),(175,23,2,120000.00,'2023-06-14'),(176,16,2,400000.00,'2023-06-15'),(177,23,2,50000.00,'2023-06-17'),(178,16,2,300000.00,'2023-06-19'),(179,23,2,101000.00,'2023-06-20'),(180,11,2,490000.00,'2023-06-19'),(181,14,2,100000.00,'2023-06-24'),(182,13,2,1000000.00,'2023-06-23'),(183,16,2,300000.00,'2023-06-23'),(184,10,2,50000.00,'2023-06-26'),(185,11,2,500000.00,'2023-06-27'),(186,3,2,1200000.00,'2023-07-03'),(187,13,5,404800.00,'2023-06-15'),(188,16,5,440000.00,'2023-06-15'),(189,15,5,440000.00,'2023-06-15'),(190,11,5,440000.00,'2023-06-15'),(191,10,5,484000.00,'2023-06-15'),(192,10,2,380000.00,'2023-07-05'),(193,10,2,800000.00,'2023-07-08'),(194,16,2,400000.00,'2023-07-10'),(195,10,2,127000.00,'2023-07-11'),(196,16,2,500000.00,'2023-07-12'),(197,10,2,100000.00,'2023-07-12'),(198,23,2,100000.00,'2023-07-13'),(199,14,2,100000.00,'2023-07-14'),(200,23,2,70000.00,'2023-07-14'),(201,13,2,800000.00,'2023-07-14'),(202,23,2,150000.00,'2023-07-15'),(203,16,2,150000.00,'2023-07-17'),(204,16,2,1000000.00,'2023-07-18'),(205,16,2,150000.00,'2023-07-21'),(206,10,2,70000.00,'2023-07-22'),(207,23,2,100000.00,'2023-07-22'),(208,10,2,1000000.00,'2023-07-22'),(209,16,2,700000.00,'2023-07-24'),(210,23,2,100000.00,'2023-07-24'),(211,14,2,100000.00,'2023-07-25'),(212,11,2,20000.00,'2023-07-31'),(213,16,2,1000000.00,'2023-08-04'),(214,10,2,200000.00,'2023-08-04'),(215,13,2,500000.00,'2023-08-07'),(216,16,2,600000.00,'2023-08-10'),(217,13,2,500000.00,'2023-08-11'),(218,10,2,100000.00,'2023-08-11'),(219,23,2,940000.00,'2023-08-12'),(220,10,2,500000.00,'2023-08-14'),(221,23,2,150000.00,'2023-08-14'),(222,16,2,300000.00,'2023-08-15'),(223,23,2,505000.00,'2023-08-18'),(224,26,2,210000.00,'2023-08-18'),(225,26,2,100000.00,'2023-08-18'),(226,26,2,390000.00,'2023-08-19'),(228,10,2,332000.00,'2023-08-21'),(229,23,2,100000.00,'2023-08-21'),(230,13,2,500000.00,'2023-08-21'),(231,10,1,10.00,'2023-08-23'),(232,24,2,1000000.00,'2023-08-23'),(233,10,2,400000.00,'2023-08-24'),(234,23,2,100000.00,'2023-08-25'),(235,10,2,300000.00,'2023-08-25'),(236,23,2,5000000.00,'2023-08-26'),(237,10,2,283000.00,'2023-08-28'),(238,10,2,390000.00,'2023-08-31'),(239,16,2,1000000.00,'2023-09-01'),(240,13,2,500000.00,'2023-09-06'),(241,10,2,1515000.00,'2023-09-07'),(242,16,2,500000.00,'2023-09-07'),(243,10,2,1525000.00,'2023-09-08'),(244,14,2,200000.00,'2023-09-09'),(245,10,2,31000.00,'2023-09-09'),(246,16,2,1000000.00,'2023-09-11'),(247,10,2,100000.00,'2023-09-12'),(248,23,2,365000.00,'2023-09-13'),(249,23,2,78000.00,'2023-09-14'),(250,10,2,610000.00,'2023-09-15'),(251,25,2,2250000.00,'2023-09-15'),(252,23,2,427000.00,'2023-09-16'),(253,20,2,100000.00,'2023-09-16'),(254,16,2,200000.00,'2023-09-16'),(255,23,2,200000.00,'2023-09-20'),(256,13,2,500000.00,'2023-09-21'),(257,16,2,200000.00,'2023-09-21'),(258,23,2,60000.00,'2023-09-22'),(259,13,2,500000.00,'2023-09-23'),(260,23,2,100000.00,'2023-09-23'),(262,10,2,200000.00,'2023-09-29'),(263,24,2,610000.00,'2023-09-30'),(264,13,2,1000000.00,'2023-09-30'),(265,13,5,862400.00,'2023-09-29'),(266,16,5,880000.00,'2023-09-29'),(267,15,5,880000.00,'2023-09-29'),(268,11,5,880000.00,'2023-09-29'),(269,10,5,968000.00,'2023-09-29'),(270,16,2,1280000.00,'2023-10-02'),(271,10,2,700000.00,'2023-10-02'),(272,10,2,335000.00,'2023-10-03'),(273,10,1,5.00,'2023-10-03'),(274,10,2,300000.00,'2023-10-04'),(275,11,2,1220000.00,'2023-10-05'),(276,13,2,1000000.00,'2023-10-05'),(277,10,2,250000.00,'2023-10-06'),(278,23,2,306000.00,'2023-10-09'),(279,16,2,600000.00,'2023-10-10'),(280,10,1,100.00,'2023-10-10'),(281,10,2,40000.00,'2023-10-10'),(282,23,2,115000.00,'2023-10-12'),(283,16,2,100000.00,'2023-10-13'),(284,20,2,500000.00,'2023-10-14'),(285,10,2,370000.00,'2023-10-14'),(286,14,2,100000.00,'2023-10-14'),(287,23,2,670000.00,'2023-10-14'),(288,23,2,202000.00,'2023-10-16'),(289,16,2,400000.00,'2023-10-16'),(290,13,2,500000.00,'2023-10-17'),(291,14,2,100000.00,'2023-10-17'),(292,10,2,50000.00,'2023-10-18'),(294,26,2,612000.00,'2023-10-18'),(295,23,2,321000.00,'2023-10-18'),(296,11,2,3672000.00,'2023-10-19'),(297,23,2,100000.00,'2023-10-19'),(298,24,1,100.00,'2023-10-20'),(299,14,2,200000.00,'2023-10-20'),(300,10,2,550000.00,'2023-10-20'),(301,21,1,100.00,'2023-10-21'),(302,23,2,124000.00,'2023-10-21'),(303,14,2,100000.00,'2023-10-23'),(304,16,2,100000.00,'2023-10-23'),(305,13,5,431200.00,'2023-10-13'),(306,15,5,440000.00,'2023-10-13'),(307,16,5,440000.00,'2023-10-13'),(308,11,5,440000.00,'2023-10-13'),(309,10,5,484000.00,'2023-10-13'),(310,15,2,500000.00,'2023-10-24'),(311,10,2,215000.00,'2023-10-24'),(312,13,2,1000000.00,'2023-10-25'),(313,13,2,500000.00,'2023-10-26'),(314,10,2,1226000.00,'2023-10-26'),(315,20,2,1000000.00,'2023-10-27'),(316,10,2,100000.00,'2023-10-27'),(317,16,2,360000.00,'2023-10-27'),(318,23,2,200000.00,'2023-10-28'),(319,10,2,404000.00,'2023-10-30'),(320,23,2,100000.00,'2023-10-30'),(321,23,2,500000.00,'2023-11-02'),(322,10,2,200000.00,'2023-11-02'),(323,16,2,300000.00,'2023-11-04'),(324,13,2,500000.00,'2023-11-06'),(325,20,2,600000.00,'2023-11-07'),(326,11,2,30000.00,'2023-11-07'),(327,10,2,212000.00,'2023-11-08'),(329,16,2,300000.00,'2023-11-09'),(330,25,2,180000.00,'2023-11-09'),(331,16,2,600000.00,'2023-11-11'),(332,21,2,2460000.00,'2023-11-11'),(334,10,2,787000.00,'2023-11-11'),(335,25,2,200000.00,'2023-11-14'),(336,13,2,500000.00,'2023-11-15'),(337,26,2,615000.00,'2023-11-15'),(338,10,2,195000.00,'2023-11-15'),(339,23,2,200000.00,'2023-11-15'),(340,27,2,100000.00,'2023-11-17'),(341,13,2,505000.00,'2023-11-19'),(342,10,2,1616000.00,'2023-11-19'),(343,23,2,657000.00,'2023-11-19'),(344,14,2,100000.00,'2023-11-19'),(345,23,2,253000.00,'2023-11-20'),(346,16,2,300000.00,'2023-11-21'),(347,25,2,707000.00,'2023-11-22'),(348,11,2,20000.00,'2023-11-22'),(349,15,2,300000.00,'2023-11-22'),(350,23,2,50000.00,'2023-11-24'),(351,23,2,303000.00,'2023-11-05'),(352,27,2,50000.00,'2023-11-27'),(353,16,1,100.00,'2023-11-27'),(354,23,2,143000.00,'2023-11-27'),(355,27,2,303000.00,'2023-11-28'),(356,23,2,70000.00,'2023-11-28'),(357,10,2,500000.00,'2023-11-29'),(358,13,2,1010000.00,'2023-11-30'),(359,23,2,400000.00,'2023-11-30'),(360,10,2,303000.00,'2023-12-03'),(361,11,2,100000.00,'2023-12-04'),(362,23,2,616000.00,'2023-12-04'),(363,10,2,243000.00,'2023-12-05'),(364,21,1,200.00,'2023-12-06'),(365,10,2,1232000.00,'2023-12-06'),(366,26,1,50.00,'2023-12-09'),(367,23,2,335000.00,'2023-12-11'),(368,23,2,300000.00,'2023-12-11'),(369,16,2,600000.00,'2023-12-12'),(370,13,2,656000.00,'2023-12-13'),(371,13,2,350000.00,'2023-12-15'),(372,10,1,50.00,'2023-12-16'),(373,20,2,1515000.00,'2023-12-18'),(374,10,2,620500.00,'2023-12-18'),(375,23,2,300000.00,'2023-12-19'),(376,21,2,1000000.00,'2023-12-21'),(377,23,2,370000.00,'2023-12-21'),(378,15,2,300000.00,'2023-12-22'),(379,16,2,300000.00,'2023-12-22'),(380,13,2,1500000.00,'2023-12-22'),(381,10,2,620000.00,'2023-12-22'),(382,26,2,620500.00,'2023-12-23'),(383,11,2,2482000.00,'2023-12-23'),(384,14,2,500000.00,'2023-12-25'),(385,23,2,200000.00,'2023-12-23'),(386,20,2,1515000.00,'2023-12-25'),(388,16,2,2000000.00,'2023-12-26'),(389,17,1,100.00,'2023-12-27'),(390,11,2,50000.00,'2023-12-27'),(391,13,2,500000.00,'2024-01-06'),(392,23,2,400000.00,'2024-01-06'),(393,21,2,3000000.00,'2024-01-08'),(394,22,2,1000000.00,'2024-01-08'),(395,10,2,658000.00,'2024-01-08'),(396,23,2,235000.00,'2024-01-08'),(397,10,2,455000.00,'2024-01-09'),(398,27,2,500000.00,'2024-01-09'),(399,29,2,2000000.00,'2024-01-10'),(400,11,1,3718.00,'2024-01-10'),(401,25,2,150000.00,'2024-01-11'),(402,21,2,626000.00,'2024-01-13'),(403,13,2,1600000.00,'2024-01-13'),(404,10,2,1779000.00,'2024-01-15'),(405,21,1,100.00,'2023-01-21'),(406,21,1,200.00,'2023-01-27'),(407,27,2,505000.00,'2024-01-16'),(408,10,2,100000.00,'2024-01-16'),(409,24,2,1243000.00,'2024-01-17'),(410,23,2,200000.00,'2024-01-17'),(411,14,2,200000.00,'2024-01-18'),(412,23,2,550000.00,'2024-01-19'),(413,10,2,845240.00,'2024-01-19'),(415,15,2,300000.00,'2024-01-20'),(416,23,2,1010000.00,'2024-01-21'),(417,20,2,600000.00,'2024-01-20'),(418,24,2,1243000.00,'2024-01-22'),(419,16,2,1200000.00,'2024-01-22'),(420,27,2,300000.00,'2024-01-23'),(422,21,2,2000000.00,'2024-01-23'),(423,22,2,1500000.00,'2024-01-23'),(424,23,2,300000.00,'2024-01-23'),(425,10,2,1243000.00,'2024-01-23'),(426,30,2,198881.00,'2024-01-23'),(427,25,2,150000.00,'2024-01-25'),(428,23,2,200000.00,'2024-01-25'),(429,20,2,100000.00,'2024-01-25'),(431,16,2,1212000.00,'2024-01-26'),(432,13,2,500000.00,'2024-01-27'),(433,23,2,200000.00,'2024-01-27'),(434,10,2,202000.00,'2024-01-28'),(435,10,2,498000.00,'2024-01-29'),(436,20,2,200000.00,'2024-01-29'),(437,26,2,1242300.00,'2024-01-30'),(438,27,2,1010000.00,'2024-01-30'),(439,23,2,300000.00,'2024-01-30'),(440,31,2,101000.00,'2024-01-31'),(441,21,1,200.00,'2024-02-02'),(442,21,2,575881.00,'2024-02-02'),(443,10,2,252500.00,'2024-02-03'),(444,23,2,300000.00,'2024-02-05'),(445,10,2,142000.00,'2024-02-06'),(446,23,2,300000.00,'2024-02-06'),(447,10,2,353000.00,'2024-02-06'),(448,31,2,70000.00,'2024-02-07'),(449,27,1,150.00,'2024-02-07'),(450,10,2,1200000.00,'2024-02-07'),(451,16,1,300.00,'2024-02-08'),(452,23,2,1100000.00,'2024-02-08'),(454,10,2,352000.00,'2024-02-09'),(455,23,2,1000000.00,'2024-02-10'),(456,13,2,1010000.00,'2024-02-10'),(457,30,2,300000.00,'2024-02-11'),(458,16,2,500000.00,'2024-02-12'),(461,16,2,400000.00,'2024-02-15'),(462,10,2,340000.00,'2024-02-15'),(463,16,2,2020000.00,'2024-02-16'),(464,10,2,606000.00,'2024-02-16'),(465,10,2,100000.00,'2024-02-17'),(467,10,2,141400.00,'2024-02-17'),(468,15,2,400000.00,'2024-02-17'),(470,30,2,100000.00,'2024-02-19'),(471,22,1,100.00,'2024-02-20'),(472,10,2,300000.00,'2024-02-20'),(473,11,2,200000.00,'2024-02-20'),(474,10,2,600000.00,'2024-02-19'),(475,20,2,1000000.00,'2024-02-21'),(476,10,2,1600000.00,'2024-02-21'),(477,26,2,1245000.00,'2024-02-21'),(478,16,2,300000.00,'2024-02-22'),(479,23,2,225000.00,'2024-02-23'),(480,24,2,623500.00,'2024-02-23'),(481,10,1,400.00,'2024-02-23'),(482,16,2,90000.00,'2024-02-23'),(483,23,2,450000.00,'2024-02-24'),(484,24,1,100.00,'2024-02-24'),(485,13,2,303000.00,'2024-02-25'),(486,23,2,300000.00,'2024-02-26'),(487,16,2,1000000.00,'2024-02-26'),(488,23,2,5000000.00,'2024-02-27'),(489,27,2,505000.00,'2024-02-29'),(491,23,2,250000.00,'2024-02-29'),(492,11,2,30000.00,'2024-02-29'),(493,16,2,1010000.00,'2024-03-02'),(494,10,2,101000.00,'2024-03-02'),(495,10,2,404000.00,'2024-03-04'),(496,23,2,1000000.00,'2024-03-04'),(498,16,2,500000.00,'2024-03-06'),(499,10,2,180000.00,'2024-03-07'),(500,10,2,1248000.00,'2024-03-07'),(501,21,2,1248000.00,'2024-03-08'),(502,30,2,200000.00,'2024-03-08'),(503,24,2,404000.00,'2024-03-09'),(504,10,2,303000.00,'2024-03-11'),(505,16,2,300000.00,'2024-03-12'),(506,10,2,200000.00,'2024-03-13'),(507,15,2,500000.00,'2024-03-14'),(508,11,2,2700000.00,'2024-03-15'),(509,25,2,1200000.00,'2024-03-15'),(510,20,2,2000000.00,'2024-03-15'),(511,10,2,300000.00,'2024-03-15'),(513,23,2,237350.00,'2024-03-16'),(514,23,2,337000.00,'2024-03-16'),(515,16,2,400000.00,'2024-03-18'),(516,22,2,747000.00,'2024-03-18'),(517,23,2,280000.00,'2024-03-18'),(518,10,2,600000.00,'2024-03-18'),(519,24,2,85000.00,'2024-03-19'),(520,23,2,500000.00,'2024-03-19'),(521,16,2,3000000.00,'2024-03-20'),(522,14,2,100000.00,'2024-03-20'),(523,23,2,50000.00,'2024-03-20'),(524,24,2,1392402.00,'2024-03-21'),(525,23,2,300000.00,'2024-03-21'),(526,31,2,3999600.00,'2024-03-22'),(527,16,2,300000.00,'2024-03-22'),(528,21,2,1000000.00,'2024-03-23'),(529,21,2,303000.00,'2024-03-23'),(530,10,1,600.00,'2024-03-23'),(531,27,2,100000.00,'2024-03-23'),(532,27,2,650000.00,'2024-03-25'),(534,16,2,500000.00,'2024-03-26'),(535,14,2,100000.00,'2024-03-27'),(536,24,1,100.00,'2024-03-28'),(537,16,2,1500000.00,'2024-03-29'),(538,30,2,300000.00,'2024-03-29'),(539,23,2,101000.00,'2024-03-30'),(541,23,2,50000.00,'2024-04-03'),(542,10,1,20.00,'2024-04-03'),(543,16,2,500000.00,'2024-04-05'),(544,24,2,101000.00,'2024-04-05'),(545,23,2,556000.00,'2024-04-06'),(546,23,1,100.00,'2024-04-06'),(547,11,2,363600.00,'2024-04-08'),(548,23,2,353500.00,'2024-04-08'),(549,10,2,242400.00,'2024-04-08'),(550,10,2,909000.00,'2024-04-09'),(551,10,2,100000.00,'2024-04-11'),(552,10,2,255000.00,'2024-04-12'),(553,16,2,1000000.00,'2024-04-12'),(554,14,2,500000.00,'2024-04-12'),(555,30,2,252500.00,'2024-04-13'),(556,27,2,250000.00,'2024-04-13'),(557,31,2,250000.00,'2024-04-13'),(558,16,2,1500000.00,'2024-04-13'),(559,25,2,505000.00,'2024-04-15'),(560,14,2,100000.00,'2024-04-17'),(561,23,2,101000.00,'2024-04-17'),(562,10,2,300000.00,'2024-04-17'),(563,23,2,61000.00,'2024-04-18'),(564,26,2,384000.00,'2024-04-18'),(565,26,2,886000.00,'2024-04-18'),(566,23,2,400000.00,'2024-04-18'),(567,10,2,1270000.00,'2024-04-18'),(568,10,2,100000.00,'2024-04-19'),(569,23,2,75000.00,'2024-04-19'),(570,24,2,635000.00,'2024-04-20'),(571,10,1,500.00,'2024-04-20'),(572,10,2,373634.00,'2024-04-20'),(573,20,2,2000000.00,'2024-04-20'),(574,16,2,500000.00,'2024-04-20'),(575,13,2,505000.00,'2024-04-20'),(576,14,2,1000000.00,'2024-04-22'),(577,10,2,60000.00,'2024-04-22'),(578,27,2,500000.00,'2024-04-22'),(579,21,2,3000000.00,'2024-04-23'),(580,13,2,500000.00,'2024-04-22'),(581,25,2,1010000.00,'2024-04-24'),(582,23,2,1000000.00,'2024-04-24'),(583,16,2,1200000.00,'2024-04-24'),(584,26,2,1272000.00,'2024-04-24'),(585,16,2,100000.00,'2024-04-25'),(586,10,2,20200.00,'2024-04-25'),(587,30,1,100.00,'2024-04-25'),(588,20,2,100000.00,'2024-04-26'),(589,16,2,300000.00,'2024-04-27'),(590,20,2,200000.00,'2024-04-29'),(591,27,2,700000.00,'2024-04-30'),(592,16,2,1500000.00,'2024-05-01'),(593,21,2,1000000.00,'2024-05-02'),(594,10,2,1270000.00,'2024-05-04'),(595,10,2,455000.00,'2024-05-07'),(596,20,2,1010000.00,'2024-05-08'),(597,16,2,1000000.00,'2024-05-08'),(598,30,2,105000.00,'2024-05-08'),(599,20,2,1010000.00,'2024-05-08'),(600,10,2,765000.00,'2024-05-09'),(601,20,2,2980000.00,'2024-05-09'),(602,27,2,100000.00,'2024-05-09'),(603,30,2,635000.00,'2024-05-10'),(604,23,2,300000.00,'2024-05-10'),(606,26,1,200.00,'2024-05-11'),(607,27,2,150000.00,'2024-05-13'),(608,31,2,600000.00,'2024-05-14'),(609,23,2,100000.00,'2024-05-15'),(610,27,2,1500000.00,'2024-05-15'),(611,13,2,500000.00,'2024-05-15'),(612,16,2,500000.00,'2024-05-15'),(613,25,2,4000000.00,'2024-05-16'),(614,11,2,185000.00,'2024-05-16'),(615,21,2,1000000.00,'2024-05-17'),(616,20,2,200000.00,'2024-05-18'),(617,30,2,45000.00,'2024-05-18'),(618,10,2,151500.00,'2024-05-16'),(619,23,2,300000.00,'2024-05-18'),(620,16,2,500000.00,'2024-05-18'),(621,13,2,303000.00,'2024-05-19'),(622,10,2,334000.00,'2024-05-19'),(623,23,2,40000.00,'2024-05-19'),(624,16,2,606000.00,'2024-05-20'),(625,30,2,120000.00,'2024-05-20'),(626,21,2,3000000.00,'2024-05-20'),(627,23,2,275000.00,'2024-05-21'),(628,10,2,803000.00,'2024-05-22'),(629,23,2,405000.00,'2024-05-22'),(630,23,2,500000.00,'2024-05-24'),(631,23,2,100000.00,'2024-05-25'),(632,16,2,133300.00,'2024-05-27'),(633,24,1,100.00,'2024-05-27'),(634,11,2,50000.00,'2024-05-27'),(635,23,2,40000.00,'2024-05-27'),(636,30,2,90000.00,'2024-05-28'),(637,10,2,223000.00,'2024-05-28'),(638,14,2,500000.00,'2024-05-29'),(640,10,2,111000.00,'2024-05-29'),(641,23,2,47000.00,'2024-05-29'),(642,10,2,101000.00,'2024-05-30'),(644,20,2,2020000.00,'2024-06-03'),(645,23,2,50000.00,'2024-06-06'),(646,10,2,1300000.00,'2024-06-06'),(647,23,2,828200.00,'2024-06-07'),(648,27,2,200000.00,'2024-06-07'),(649,16,2,30000.00,'2024-06-08'),(650,23,2,150000.00,'2024-06-08'),(651,27,2,101000.00,'2024-06-10'),(652,23,2,207000.00,'2024-06-10'),(653,30,1,200.00,'2024-06-10'),(655,23,2,3963000.00,'2024-06-11'),(656,23,2,196000.00,'2024-06-12'),(657,27,2,100000.00,'2024-06-12'),(658,23,2,105000.00,'2024-06-13'),(659,10,2,500000.00,'2024-06-13'),(660,25,2,1010000.00,'2024-06-13'),(661,27,2,400000.00,'2024-06-14'),(662,23,2,500000.00,'2024-06-14'),(663,10,1,100.00,'2024-06-14'),(664,25,2,2000000.00,'2024-06-14'),(665,10,2,120000.00,'2024-06-14'),(666,30,2,510000.00,'2024-06-18'),(667,10,2,57000.00,'2024-06-18'),(668,16,2,500000.00,'2024-06-18'),(669,31,2,303000.00,'2024-06-18'),(670,21,1,500.00,'2024-06-19'),(671,22,2,600000.00,'2024-06-19'),(672,10,2,207000.00,'2024-06-20'),(675,27,2,2020000.00,'2024-06-20'),(676,26,2,1266000.00,'2024-06-21'),(677,10,2,253000.00,'2024-06-21'),(678,23,2,80000.00,'2024-06-21'),(679,23,2,202000.00,'2024-06-21'),(680,11,2,200000.00,'2024-06-21'),(681,10,2,100000.00,'2024-06-22'),(682,30,2,85000.00,'2024-06-22'),(683,31,2,60000.00,'2024-06-22'),(684,13,2,500000.00,'2024-06-22'),(685,10,2,354000.00,'2024-06-23'),(686,10,2,600000.00,'2024-06-24'),(687,27,2,353500.00,'2024-06-25'),(689,16,2,500000.00,'2024-06-26'),(690,24,1,100.00,'2024-06-27'),(691,24,2,632000.00,'2024-06-27'),(692,10,2,187000.00,'2024-06-27'),(693,23,2,202000.00,'2024-06-28'),(695,10,2,303000.00,'2024-06-29'),(696,13,2,505000.00,'2024-06-29'),(697,11,2,1260000.00,'2024-06-29'),(698,10,2,1263000.00,'2024-06-11'),(700,23,2,200000.00,'2024-07-03'),(701,10,1,50.00,'2024-07-04'),(702,23,2,505000.00,'2024-07-04'),(703,30,2,50000.00,'2024-07-04'),(704,10,2,150000.00,'2024-07-04'),(705,25,2,1525000.00,'2024-07-05'),(706,10,2,1369000.00,'2024-07-05'),(707,23,1,50.00,'2024-07-05'),(708,27,2,1010000.00,'2024-07-06'),(709,30,2,630000.00,'2024-07-08'),(710,16,2,300000.00,'2024-07-08'),(711,31,2,20000.00,'2024-07-08'),(712,20,2,2020000.00,'2024-07-10'),(714,13,2,505000.00,'2024-07-12'),(715,23,2,503000.00,'2024-07-12'),(716,27,2,200000.00,'2024-07-13'),(717,30,2,635000.00,'2024-07-15'),(718,10,1,50.00,'2024-07-15'),(719,10,2,220000.00,'2024-07-15'),(720,21,2,2000000.00,'2024-07-16'),(721,23,2,500000.00,'2024-07-16'),(722,10,2,500000.00,'2024-07-16'),(723,34,2,3000000.00,'2024-07-16'),(724,21,2,1263000.00,'2024-07-17'),(725,10,2,149000.00,'2024-07-17'),(726,24,2,631500.00,'2024-07-18'),(727,27,2,10000000.00,'2024-07-18'),(728,21,2,3000000.00,'2024-07-19'),(729,31,2,404000.00,'2024-07-20'),(730,16,2,200000.00,'2024-07-20'),(731,23,2,173000.00,'2024-07-19'),(732,10,2,264000.00,'2024-07-22'),(733,30,2,85000.00,'2024-07-22'),(734,10,2,530000.00,'2024-07-23'),(735,21,1,500.00,'2024-07-23'),(736,10,2,1303000.00,'2024-07-24'),(737,23,2,505000.00,'2024-07-24'),(738,13,2,500000.00,'2024-07-24'),(739,24,2,1265000.00,'2024-07-24'),(740,25,2,200000.00,'2024-07-25'),(741,10,2,202000.00,'2024-07-25'),(742,13,2,505000.00,'2024-07-25'),(743,30,1,100.00,'2024-07-26'),(744,16,2,115000.00,'2024-07-27'),(745,10,2,161000.00,'2024-07-27'),(746,11,2,50000.00,'2024-07-27'),(747,15,2,150000.00,'2024-07-29'),(748,24,1,100.00,'2024-07-29'),(749,23,2,1010000.00,'2024-07-29'),(750,10,1,300.00,'2024-07-30'),(751,16,5,2970000.00,'2024-07-31'),(752,21,1,200.00,'2024-08-01'),(753,23,2,3252000.00,'2024-07-31'),(754,11,2,350000.00,'2024-07-31'),(756,10,2,200000.00,'2024-08-01'),(758,10,2,400000.00,'2024-08-02'),(759,10,2,1010000.00,'2024-08-03'),(760,15,5,2970000.00,'2024-07-31'),(761,23,1,50.00,'2024-08-05'),(762,11,5,2915000.00,'2024-07-31'),(763,20,2,505000.00,'2024-08-06'),(764,23,2,200000.00,'2024-08-06'),(765,10,5,2400000.24,'2024-07-31'),(766,23,5,2400000.24,'2024-07-31'),(767,28,5,2499999.92,'2024-07-31'),(768,13,5,2915000.00,'2024-07-31'),(771,23,2,50000.00,'2024-08-08'),(773,10,2,303000.00,'2024-08-09'),(774,31,2,500000.00,'2024-08-10'),(775,27,2,200000.00,'2024-08-10'),(776,11,2,60000.00,'2024-08-10'),(777,30,1,50.00,'2024-08-10'),(778,10,2,1010000.00,'2024-08-11'),(779,13,2,505000.00,'2024-08-11'),(780,23,2,100000.00,'2024-08-12'),(781,30,2,343400.00,'2024-08-13'),(782,23,2,101000.00,'2024-08-13'),(783,10,2,1265000.00,'2024-08-14'),(784,10,2,1010000.00,'2024-08-15'),(785,21,2,5000000.00,'2024-08-15'),(786,10,2,500000.00,'2024-08-15'),(788,10,2,202000.00,'2024-08-16'),(789,24,2,1010000.00,'2024-08-16'),(790,34,2,202000.00,'2024-08-17'),(791,34,2,200000.00,'2024-08-17'),(792,23,2,200000.00,'2024-08-17'),(794,30,2,1267000.00,'2024-08-19'),(795,10,2,130000.00,'2024-08-20'),(796,10,2,393000.00,'2024-08-21'),(797,13,2,505000.00,'2024-08-22'),(799,35,2,2534000.00,'2024-08-22'),(800,23,2,200000.00,'2024-08-22'),(802,30,2,90000.00,'2024-08-23'),(803,40,2,100000.00,'2024-08-23'),(804,35,1,100.00,'2024-08-23'),(805,24,2,1500000.00,'2024-08-23'),(807,23,2,200000.00,'2024-08-24'),(808,23,2,50000.00,'2024-08-26'),(809,30,2,340000.00,'2024-08-27'),(810,11,2,242000.00,'2024-08-27'),(811,21,2,3171400.00,'2024-08-28'),(812,24,2,1269000.00,'2024-08-28'),(813,30,2,17000.00,'2024-08-29'),(814,23,2,653000.00,'2024-08-29'),(815,11,2,651500.00,'2024-08-29'),(816,34,2,656500.00,'2024-08-29'),(817,41,2,500000.00,'2024-08-29'),(818,23,2,5140000.00,'2024-08-30'),(819,16,2,100000.00,'2024-08-30'),(820,10,2,140000.00,'2024-08-30'),(821,24,2,1266000.00,'2024-08-30'),(822,16,2,1500000.00,'2024-09-02'),(823,20,2,1010000.00,'2024-09-02'),(824,10,5,2400000.24,'2024-08-29'),(825,23,5,2400000.24,'2024-08-29'),(826,23,2,500000.00,'2024-09-02'),(827,28,5,2499999.92,'2024-08-29'),(828,13,5,2915000.00,'2024-08-29'),(829,11,5,2915000.00,'2024-08-29'),(830,16,5,2970000.00,'2024-08-29'),(831,15,5,2970000.00,'2024-08-29'),(834,10,2,640000.00,'2024-09-04'),(835,35,2,600000.00,'2024-09-04'),(836,16,2,1000000.00,'2024-09-04'),(837,10,2,617000.00,'2024-09-04'),(838,20,2,170000.00,'2024-09-04'),(839,23,2,105000.00,'2024-09-04'),(840,10,2,15000.00,'2024-09-06'),(842,35,2,1000000.00,'2024-09-06'),(843,10,2,200000.00,'2024-09-09'),(844,23,2,200000.00,'2024-09-09'),(845,25,2,500000.00,'2024-09-09'),(846,10,2,300000.00,'2024-09-09'),(847,35,2,100000.00,'2024-09-09'),(849,38,2,40000.00,'2024-09-09'),(850,10,2,330000.00,'2024-09-09'),(851,23,2,50000.00,'2024-09-09'),(852,11,2,300000.00,'2024-09-09'),(853,35,2,1050000.00,'2024-09-10'),(854,39,2,500000.00,'2024-09-10'),(855,23,2,210000.00,'2024-09-10'),(856,10,2,1500000.00,'2024-09-10'),(857,10,2,300000.00,'2024-09-11'),(858,35,2,2400000.00,'2024-09-11'),(859,23,2,200000.00,'2024-09-12'),(860,11,2,500000.00,'2024-09-12'),(861,23,2,200000.00,'2024-09-13'),(862,16,2,500000.00,'2024-09-13'),(863,10,2,200000.00,'2024-09-14'),(864,13,2,500000.00,'2024-09-14'),(865,20,2,1515000.00,'2024-09-14'),(866,23,2,200000.00,'2024-09-14'),(867,35,2,3000000.00,'2024-09-15'),(868,23,2,202000.00,'2024-09-16'),(869,10,2,2550000.00,'2024-09-18'),(870,23,2,202000.00,'2024-09-18'),(871,23,2,193000.00,'2024-09-19'),(872,10,2,647000.00,'2024-09-19'),(873,13,1,100.00,'2024-09-19'),(874,16,2,505000.00,'2024-09-21'),(875,24,2,1273000.00,'2024-09-20'),(877,15,2,827450.00,'2024-09-21'),(878,44,2,500000.00,'2024-09-21'),(879,20,2,50000.00,'2024-09-23'),(880,35,2,1000000.00,'2024-09-23'),(881,32,2,80000.00,'2024-09-23'),(882,10,2,720000.00,'2024-09-23'),(883,40,2,100000.00,'2024-09-24'),(884,41,2,570000.00,'2024-09-24'),(885,10,2,400000.00,'2024-09-24'),(886,32,1,500.00,'2024-09-25'),(887,24,2,1273000.00,'2024-09-25'),(888,10,2,202000.00,'2024-09-25'),(889,37,2,4000000.00,'2024-09-25'),(890,13,2,170000.00,'2024-09-26'),(891,35,2,1200000.00,'2024-09-27'),(892,13,2,180000.00,'2024-09-27'),(894,10,2,100000.00,'2024-09-27'),(895,16,2,500000.00,'2024-09-28'),(896,33,2,2500000.00,'2024-09-28'),(897,11,2,400000.00,'2024-09-28'),(898,44,2,100000.00,'2024-09-28'),(899,10,2,1500000.00,'2024-09-28'),(900,32,1,1000.00,'2024-09-28'),(901,24,1,200.00,'2024-09-28'),(902,15,2,190950.00,'2024-09-28'),(903,13,2,606000.00,'2024-09-29'),(904,11,2,70000.00,'2024-09-30'),(905,13,2,1000000.00,'2024-09-30'),(906,23,2,4880000.00,'2024-09-30'),(907,16,2,1200000.00,'2024-10-01'),(908,10,2,100000.00,'2024-10-02'),(909,35,2,2000000.00,'2024-10-02'),(910,38,1,4.00,'2024-10-03'),(911,10,1,15.00,'2024-10-03'),(912,27,2,150000.00,'2024-10-04'),(913,35,2,300000.00,'2024-10-05'),(914,16,2,500000.00,'2024-10-05'),(915,10,2,400000.00,'2024-10-05'),(916,14,2,200000.00,'2024-10-07'),(918,35,2,300000.00,'2024-10-08'),(919,11,2,93750.00,'2024-10-09'),(920,35,2,400000.00,'2024-10-10'),(921,10,2,400000.00,'2024-10-10'),(922,23,2,50000.00,'2024-10-10'),(923,10,2,60000.00,'2024-10-10'),(924,16,2,500000.00,'2024-10-11'),(925,21,2,1500000.00,'2024-10-11'),(926,23,2,474000.00,'2024-10-11'),(927,27,2,1005000.00,'2024-10-11'),(928,24,1,100.00,'2024-10-11'),(929,35,2,1000000.00,'2024-10-12'),(930,15,2,1279000.00,'2024-10-12'),(931,44,2,1000000.00,'2024-10-12'),(932,13,2,505000.00,'2024-10-12'),(933,40,2,1005000.00,'2024-10-14'),(934,39,2,500000.00,'2024-10-15'),(935,35,2,1000000.00,'2024-10-15'),(936,38,2,252500.00,'2024-10-15'),(937,13,2,500000.00,'2024-10-15'),(938,14,2,200000.00,'2024-10-15'),(939,11,1,100.00,'2024-10-16'),(940,41,2,1000000.00,'2024-10-16'),(941,16,2,500000.00,'2024-10-16'),(942,23,2,200000.00,'2024-10-16'),(944,10,2,354000.00,'2024-10-17'),(946,10,2,620000.00,'2024-10-18'),(947,10,2,40000.00,'2024-10-18'),(948,10,2,253000.00,'2024-10-19'),(949,20,2,1005000.00,'2024-10-19'),(950,34,2,2643300.00,'2024-10-19'),(951,23,2,300000.00,'2024-10-19'),(952,20,2,10000000.00,'2024-10-21'),(953,23,2,240000.00,'2024-10-21'),(955,38,2,300000.00,'2024-10-21'),(956,10,2,1813000.00,'2024-10-21'),(957,16,2,300000.00,'2024-10-22'),(958,13,2,505000.00,'2024-10-23'),(959,25,2,1313000.00,'2024-10-24'),(960,23,2,300000.00,'2024-10-23'),(961,21,2,835000.00,'2024-10-23'),(962,10,2,305000.00,'2024-10-24'),(963,35,2,1250000.00,'2024-10-24'),(964,23,2,200000.00,'2024-10-24'),(965,10,2,252000.00,'2024-10-25'),(966,44,2,400000.00,'2024-10-26'),(967,41,2,300000.00,'2024-10-26'),(968,39,2,1000000.00,'2024-10-26'),(969,15,2,200000.00,'2024-10-26'),(970,23,2,152000.00,'2024-10-27'),(971,13,2,505000.00,'2024-10-27'),(972,37,2,3000000.00,'2024-10-28'),(973,23,2,400000.00,'2024-10-28'),(974,35,2,1000000.00,'2024-10-28'),(975,35,2,700000.00,'2024-10-28'),(976,38,2,200000.00,'2024-10-28'),(977,33,2,707000.00,'2024-10-29'),(978,23,2,392000.00,'2024-10-29'),(979,10,1,400.00,'2024-10-29'),(980,23,2,300000.00,'2024-10-29'),(981,23,2,4500000.00,'2024-10-30'),(982,11,2,1282000.00,'2024-10-30'),(983,13,2,606000.00,'2024-10-31'),(984,10,2,1282000.00,'2024-10-31'),(985,16,2,1500000.00,'2024-10-31'),(986,23,2,340000.00,'2024-10-31'),(987,10,2,50000.00,'2024-10-31'),(989,35,2,1190000.00,'2024-11-02'),(990,10,1,200.00,'2024-11-02'),(991,10,2,648000.00,'2024-11-03'),(992,35,1,100.00,'2024-11-04'),(994,35,2,600000.00,'2024-11-04'),(995,27,2,40000.00,'2024-11-04'),(996,10,2,500000.00,'2024-11-04'),(997,10,1,50.00,'2024-11-04'),(998,23,1,50.00,'2024-11-04'),(999,25,2,813000.00,'2024-11-05'),(1000,23,2,150000.00,'2024-11-05'),(1001,23,2,200000.00,'2024-11-07'),(1002,35,1,200.00,'2024-11-08'),(1003,16,2,1000000.00,'2024-11-08'),(1004,10,2,600000.00,'2024-11-09'),(1005,38,2,200000.00,'2024-11-09'),(1006,13,2,75000.00,'2024-11-11'),(1007,10,2,197000.00,'2024-11-11'),(1008,11,2,300000.00,'2024-11-11'),(1009,23,2,151000.00,'2024-11-11'),(1010,40,2,1000000.00,'2024-11-11'),(1011,35,2,1000000.00,'2024-11-12'),(1012,23,2,200000.00,'2024-11-12'),(1013,13,2,505000.00,'2024-11-12'),(1014,10,2,151500.00,'2024-11-12'),(1016,27,2,1010000.00,'2024-11-13'),(1017,41,2,1500000.00,'2024-11-13'),(1018,10,2,2564000.00,'2024-11-13'),(1019,16,2,1000000.00,'2024-11-13'),(1021,35,2,1500000.00,'2024-11-14'),(1022,23,2,200000.00,'2024-11-14'),(1023,38,2,750000.00,'2024-11-15'),(1024,10,2,350000.00,'2024-11-15'),(1025,21,2,2000000.00,'2024-11-15'),(1026,32,2,1515000.00,'2024-11-15'),(1028,10,2,67000.00,'2024-11-16'),(1029,23,1,50.00,'2024-11-16'),(1030,24,2,1282000.00,'2024-11-16'),(1031,10,2,606000.00,'2024-11-17'),(1032,13,2,505000.00,'2024-11-16'),(1033,14,2,300000.00,'2024-11-18'),(1034,16,2,805000.00,'2024-11-18'),(1035,38,2,37000.00,'2024-11-18'),(1036,41,2,200000.00,'2024-11-18'),(1037,23,1,30.00,'2024-11-18'),(1038,23,2,200000.00,'2024-11-18'),(1039,21,2,3000000.00,'2024-11-19'),(1040,44,2,3000000.00,'2024-11-19'),(1041,25,2,500000.00,'2024-11-19'),(1042,20,2,200000.00,'2024-11-19'),(1043,35,2,200000.00,'2024-11-20'),(1044,24,2,1284000.00,'2024-11-21'),(1045,19,2,2000000.00,'2024-11-21'),(1046,41,2,50000.00,'2024-11-21'),(1047,34,2,2485610.00,'2024-11-21'),(1048,20,1,150.00,'2024-11-23'),(1049,16,2,725000.00,'2024-11-23'),(1050,23,2,356000.00,'2024-11-22'),(1051,35,2,500000.00,'2024-11-22'),(1053,11,2,1285000.00,'2024-11-23'),(1054,27,2,500000.00,'2024-11-23'),(1055,40,2,1000000.00,'2024-11-23'),(1056,24,2,1285000.00,'2024-11-23'),(1057,10,2,200000.00,'2024-11-23'),(1058,37,2,3500000.00,'2024-11-25'),(1059,35,2,1000000.00,'2024-11-25'),(1060,23,2,764000.00,'2024-11-25'),(1061,13,2,140000.00,'2024-11-25'),(1062,27,2,3450000.00,'2024-11-26'),(1063,23,2,301000.00,'2024-11-26'),(1064,38,2,350000.00,'2024-11-26'),(1065,41,2,300000.00,'2024-11-26'),(1066,10,2,187000.00,'2024-11-27'),(1067,21,2,980000.00,'2024-11-28'),(1068,23,2,330000.00,'2024-11-28'),(1069,11,2,1286000.00,'2024-11-29'),(1070,13,2,1010000.00,'2024-11-28'),(1071,21,2,879000.00,'2024-11-28'),(1072,35,2,202000.00,'2024-11-29'),(1073,10,1,100.00,'2024-11-28'),(1074,10,2,667000.00,'2024-11-29'),(1075,24,2,2572000.00,'2024-11-29'),(1076,35,2,1000000.00,'2024-11-29'),(1077,39,2,500000.00,'2024-11-29'),(1078,15,2,350000.00,'2024-11-30'),(1079,10,2,303000.00,'2024-11-30'),(1080,22,2,3015000.00,'2024-11-30'),(1081,23,1,50.00,'2024-11-30'),(1082,23,2,5000000.00,'2024-11-30'),(1084,44,1,400.00,'2024-11-30'),(1085,44,2,1857000.00,'2024-11-30'),(1086,35,2,2000000.00,'2024-12-02'),(1087,27,2,170000.00,'2024-12-02'),(1088,23,2,50000.00,'2024-12-03'),(1089,27,2,4830000.00,'2024-12-04'),(1090,10,2,160000.00,'2024-12-04'),(1091,10,2,1536000.00,'2024-12-05'),(1092,23,2,653000.00,'2024-12-05'),(1094,35,2,353500.00,'2024-12-06'),(1095,41,2,300000.00,'2024-12-06'),(1096,13,2,505000.00,'2024-12-07'),(1097,35,2,1000000.00,'2024-12-07'),(1098,10,2,551000.00,'2024-12-09'),(1099,35,2,200000.00,'2024-12-09'),(1100,23,2,200000.00,'2024-12-09'),(1101,24,1,100.00,'2024-12-10'),(1102,13,1,100.00,'2024-12-10'),(1103,13,2,216000.00,'2024-12-10'),(1104,11,2,300000.00,'2024-12-10'),(1105,10,2,600000.00,'2024-12-10'),(1106,16,1,100.00,'2024-12-10'),(1107,15,2,500000.00,'2024-12-11'),(1108,23,2,50000.00,'2024-12-11'),(1109,38,2,400000.00,'2024-12-12'),(1110,35,2,160000.00,'2024-12-12'),(1111,22,2,2572000.00,'2024-12-12'),(1112,38,2,281250.00,'2024-12-13'),(1113,10,2,1297850.00,'2024-12-13'),(1114,44,2,500000.00,'2024-12-13'),(1115,35,2,1800000.00,'2024-12-13'),(1116,38,2,500000.00,'2024-12-14'),(1117,24,2,1287000.00,'2024-12-14'),(1118,10,2,202000.00,'2024-12-14'),(1119,40,2,1000000.00,'2024-12-14'),(1120,41,2,500000.00,'2024-12-14'),(1121,13,2,1010000.00,'2024-12-14'),(1122,11,2,1009000.00,'2024-12-16'),(1123,23,2,650000.00,'2024-12-16'),(1124,10,2,454500.00,'2024-12-16'),(1125,32,2,500000.00,'2024-12-16'),(1126,35,2,252500.00,'2024-12-17'),(1127,34,1,400.00,'2024-12-18'),(1129,10,2,1287000.00,'2024-12-19'),(1130,38,2,14000.00,'2024-12-19'),(1131,39,2,500000.00,'2024-12-19'),(1132,44,2,500000.00,'2024-12-19'),(1133,16,2,300000.00,'2024-12-19'),(1134,24,2,1287000.00,'2024-12-19'),(1135,41,2,1000000.00,'2024-12-20'),(1136,35,2,787500.00,'2024-12-20'),(1137,10,2,1300000.00,'2024-12-20'),(1138,15,2,400000.00,'2024-12-20'),(1139,23,2,200000.00,'2024-12-20'),(1140,19,2,2020000.00,'2024-12-21'),(1141,18,1,1000.00,'2024-12-21'),(1142,35,2,1500000.00,'2024-12-21'),(1143,11,2,2574000.00,'2024-12-21'),(1144,15,2,100000.00,'2024-12-21'),(1145,14,2,1000000.00,'2024-12-21'),(1146,20,2,1000000.00,'2024-12-21'),(1148,35,2,160000.00,'2024-12-21'),(1149,23,2,240000.00,'2024-12-21'),(1150,24,2,1287000.00,'2024-12-21'),(1151,32,2,180000.00,'2024-12-23'),(1152,31,2,5000000.00,'2024-12-23'),(1153,43,2,5000000.00,'2024-12-23'),(1154,27,2,2000000.00,'2024-12-23'),(1155,35,2,180000.00,'2024-12-23'),(1156,41,2,70000.00,'2024-12-24'),(1157,10,2,505000.00,'2024-12-24'),(1158,37,2,3500000.00,'2024-12-25'),(1159,10,2,300000.00,'2024-12-25'),(1160,40,2,1000000.00,'2024-12-25'),(1161,35,2,200000.00,'2024-12-25'),(1162,24,2,170000.00,'2024-12-25'),(1163,15,5,2970000.00,'2024-12-25'),(1164,16,5,2970000.00,'2024-12-25'),(1165,13,5,2915000.00,'2024-12-25'),(1166,11,5,2915000.00,'2024-12-25'),(1167,21,5,2915000.00,'2024-12-25'),(1168,28,5,2500000.00,'2024-12-25'),(1169,23,5,2400000.24,'2024-12-25'),(1170,10,5,2400000.24,'2024-12-25'),(1171,37,5,2500000.00,'2024-12-25'),(1172,32,5,2500000.00,'2024-12-25'),(1173,39,5,2500000.00,'2024-12-25'),(1174,11,2,1930.00,'2024-12-26'),(1175,23,2,200000.00,'2024-12-26'),(1176,23,2,3371470.00,'2024-12-26'),(1177,11,1,400.00,'2024-12-26'),(1178,11,2,919900.00,'2024-12-26'),(1179,3,2,3000000.00,'2024-12-26'),(1180,33,1,400.00,'2024-12-26'),(1181,28,2,2500000.00,'2024-12-26'),(1182,20,2,2366000.00,'2024-12-26'),(1183,25,2,5500000.00,'2024-12-26'),(1184,45,2,4000000.00,'2024-12-26'),(1185,41,2,2630000.00,'2024-12-26'),(1186,39,2,1500000.00,'2024-12-26'),(1187,40,2,4000000.00,'2024-12-26'),(1188,24,1,180.00,'2024-12-26'),(1189,24,2,87600.00,'2024-12-26'),(1190,38,1,300.00,'2024-12-26'),(1191,38,2,90160.00,'2024-12-26'),(1192,44,1,300.00,'2024-12-26'),(1193,44,2,348000.00,'2024-12-26'),(1194,15,1,550.00,'2024-12-26'),(1195,15,2,536066.00,'2024-12-26'),(1196,14,2,600000.00,'2024-12-26'),(1197,17,2,2500000.00,'2024-12-26'),(1198,23,2,500000.00,'2024-12-26'),(1199,23,2,1500000.00,'2024-12-27'),(1200,32,2,730000.00,'2024-12-28'),(1201,41,2,1500000.00,'2024-12-28'),(1202,16,2,1010000.00,'2024-06-11'),(1203,16,2,1500000.00,'2024-12-30'),(1204,23,2,1276000.00,'2024-12-30'),(1205,13,2,1000000.00,'2024-12-31'),(1206,35,2,400000.00,'2024-12-31');

--
-- Table structure for table `worker_extra_payment`
--

CREATE TABLE `worker_extra_payment` (
  `id` int unsigned NOT NULL AUTO_INCREMENT,
  `worker_id` int unsigned NOT NULL,
  `dengi_id` int DEFAULT NULL,
  `amount` decimal(20,2) DEFAULT NULL,
  `date` date DEFAULT NULL,
  `mukofot` tinyint(1) NOT NULL DEFAULT '1' COMMENT '1 mukofot, 0 shtraf',
  PRIMARY KEY (`id`),
  KEY `worker_id` (`worker_id`),
  CONSTRAINT `worker_extra_payment_ibfk_1` FOREIGN KEY (`worker_id`) REFERENCES `worker` (`id`)
) ENGINE=InnoDB AUTO_INCREMENT=5 DEFAULT CHARSET=utf8mb4 COLLATE=utf8mb4_0900_ai_ci;

--
-- Dumping data for table `worker_extra_payment`
--

INSERT INTO `worker_extra_payment` VALUES (2,3,2,900000.00,'2023-08-31',1),(3,3,2,1000000.00,'2023-09-30',1);

--
-- Table structure for table `worker_payment`
--

CREATE TABLE `worker_payment` (
  `id` int unsigned NOT NULL AUTO_INCREMENT,
  `worker_id` int unsigned NOT NULL,
  `dengi_id` int DEFAULT NULL,
  `amount` decimal(20,2) NOT NULL,
  `date` date NOT NULL,
  `date_for` date DEFAULT NULL,
  PRIMARY KEY (`id`),
  KEY `worker_id` (`worker_id`),
  CONSTRAINT `worker_payment_ibfk_1` FOREIGN KEY (`worker_id`) REFERENCES `worker` (`id`)
) ENGINE=InnoDB AUTO_INCREMENT=781 DEFAULT CHARSET=utf8mb4 COLLATE=utf8mb4_0900_ai_ci;

--
-- Dumping data for table `worker_payment`
--

INSERT INTO `worker_payment` VALUES (8,14,2,900000.00,'2023-02-01','2023-01-31'),(9,16,2,2750000.00,'2023-01-31','2023-01-31'),(10,17,2,1500000.00,'2023-02-06','2023-01-31'),(11,18,1,600.00,'2023-02-07','2023-01-31'),(12,19,2,2000000.00,'2023-02-07','2023-01-31'),(13,10,1,550.00,'2023-02-04','2023-01-31'),(14,10,5,968000.00,'2023-02-03','2023-01-31'),(15,10,2,167072.00,'2023-02-04','2023-01-31'),(16,11,5,880000.00,'2023-02-03','2023-01-31'),(17,11,1,200.00,'2023-02-04','2023-01-31'),(18,11,2,822534.00,'2023-02-04','2023-01-31'),(19,15,1,700.00,'2023-02-04','2023-01-31'),(20,4,2,50000.00,'2023-02-03','2023-01-31'),(21,4,2,3950000.00,'2023-02-04','2023-01-31'),(22,20,2,4000000.00,'2023-02-04','2023-01-31'),(30,13,2,1790400.00,'2023-02-04','2023-01-31'),(32,13,5,809600.00,'2023-02-03','2023-01-31'),(33,16,5,880000.00,'2023-02-03','2023-01-31'),(34,21,5,880000.00,'2023-02-03','2023-01-31'),(35,22,2,2500000.00,'2023-02-15','2023-01-31'),(36,18,1,600.00,'2023-03-01','2023-02-28'),(37,19,2,2000000.00,'2023-03-01','2023-02-28'),(38,11,5,880000.00,'2023-03-01','2023-02-28'),(40,11,2,1129383.00,'2023-03-01','2023-02-28'),(42,15,1,600.00,'2023-03-01','2023-02-28'),(43,15,5,880000.00,'2023-03-01','2023-02-28'),(44,15,2,256962.00,'2023-03-01','2023-02-28'),(45,20,2,3750000.00,'2023-03-01','2023-02-28'),(46,13,5,809600.00,'2023-03-01','2023-02-28'),(47,13,2,2790400.00,'2023-03-01','2023-02-28'),(48,16,5,880000.00,'2023-03-01','2023-02-28'),(49,16,2,440000.00,'2023-03-01','2023-02-28'),(50,4,2,3025000.00,'2023-03-01','2023-02-28'),(51,22,2,2500000.00,'2023-03-01','2023-02-28'),(52,21,1,600.00,'2023-03-01','2023-02-28'),(53,21,2,255484.00,'2023-03-01','2023-02-28'),(54,14,2,1000000.00,'2023-03-01','2023-02-28'),(55,10,5,968000.00,'2023-03-01','2023-02-28'),(56,17,2,1500000.00,'2023-03-01','2023-02-28'),(58,20,2,8000000.00,'2023-03-18','2023-03-31'),(59,18,1,600.00,'2023-03-25','2023-03-31'),(60,19,2,2000000.00,'2023-03-30','2023-03-31'),(61,11,2,656000.00,'2023-04-01','2023-03-31'),(62,14,2,800000.00,'2023-04-01','2023-03-31'),(63,4,2,300000.00,'2023-04-01','2023-03-31'),(65,16,2,1520000.00,'2023-04-01','2023-03-31'),(66,21,2,1710859.00,'2023-04-01','2023-03-31'),(67,4,2,2800000.00,'2023-04-01','2023-03-31'),(68,10,1,500.00,'2023-04-01','2023-03-31'),(69,10,2,66983.00,'2023-04-01','2023-03-31'),(70,22,2,2500000.00,'2023-04-01','2023-03-31'),(71,13,5,809600.00,'2023-04-03','2023-03-31'),(73,13,2,1590400.00,'2023-04-04','2023-03-31'),(74,15,5,880000.00,'2023-04-03','2023-03-31'),(75,15,1,500.00,'2023-04-04','2023-03-31'),(76,15,2,1400718.00,'2023-04-04','2023-03-31'),(77,17,2,1500000.00,'2023-04-06','2023-03-31'),(78,10,5,968000.00,'2023-04-03','2023-03-31'),(80,11,5,880000.00,'2023-04-03','2023-03-31'),(81,16,5,880000.00,'2023-04-03','2023-03-31'),(83,4,2,3500000.00,'2023-04-20','2023-04-30'),(84,16,2,1720000.00,'2023-04-25','2023-04-30'),(85,18,1,600.00,'2023-04-27','2023-04-30'),(86,19,2,2000000.00,'2023-04-27','2023-04-30'),(87,14,2,800000.00,'2023-04-28','2023-04-30'),(88,21,2,2707453.00,'2023-04-28','2023-04-30'),(89,10,5,968000.00,'2023-05-01','2023-04-30'),(90,10,1,481.73,'2023-05-01','2023-04-30'),(91,13,2,30000.00,'2023-05-01','2023-04-30'),(92,3,2,800000.00,'2023-05-02','2023-04-30'),(94,15,5,880000.00,'2023-05-01','2023-04-30'),(96,15,2,261405.00,'2023-05-03','2023-04-30'),(97,15,1,300.00,'2023-05-03','2023-04-30'),(98,15,2,3429000.00,'2023-05-03','2023-04-30'),(99,23,1,400.00,'2023-05-05','2023-04-30'),(100,23,2,1145000.00,'2023-05-05','2023-04-30'),(101,24,1,400.00,'2023-05-05','2023-04-30'),(102,17,2,1500000.00,'2023-05-06','2023-04-30'),(103,13,5,809600.00,'2023-05-01','2023-04-30'),(104,11,5,880000.00,'2023-05-01','2023-04-30'),(105,16,5,880000.00,'2023-05-01','2023-04-30'),(106,22,2,2500000.00,'2023-05-06','2023-04-30'),(107,13,2,2160400.00,'2023-05-06','2023-04-30'),(111,18,2,13716000.00,'2023-05-08','2023-05-31'),(112,16,2,6000000.00,'2023-05-09','2023-05-31'),(113,21,2,4233365.00,'2023-05-22','2023-05-31'),(114,25,2,8000000.00,'2023-05-23','2023-05-31'),(115,3,2,1300000.00,'2023-05-25','2023-05-31'),(116,19,2,2000000.00,'2023-05-29','2023-05-31'),(117,22,2,1000000.00,'2023-06-01','2023-05-31'),(118,14,2,1200000.00,'2023-06-01','2023-05-31'),(119,13,5,457600.00,'2023-06-02','2023-05-31'),(120,16,5,440000.00,'2023-06-02','2023-05-31'),(121,11,5,440000.00,'2023-06-02','2023-05-31'),(122,15,5,440000.00,'2023-06-02','2023-05-31'),(123,26,1,400.00,'2023-06-03','2023-05-31'),(124,16,2,1840000.00,'2023-06-03','2023-05-31'),(125,10,1,600.00,'2023-06-03','2023-05-31'),(126,10,2,316707.00,'2023-06-03','2023-05-31'),(127,23,2,5128340.00,'2023-06-03','2023-05-31'),(128,13,2,2002600.00,'2023-06-03','2023-05-31'),(130,15,2,266327.00,'2023-06-03','2023-05-31'),(131,24,2,4580000.00,'2023-06-03','2023-05-31'),(132,15,2,1145000.00,'2023-06-03','2023-05-31'),(134,15,2,3435000.00,'2023-06-03','2023-05-31'),(135,15,1,300.00,'2023-06-03','2023-05-31'),(136,20,2,1835500.00,'2023-06-03','2023-05-31'),(137,11,2,519715.00,'2023-06-03','2023-05-31'),(138,17,2,1500000.00,'2023-06-06','2023-05-31'),(139,11,2,800000.00,'2023-06-05','2023-05-31'),(140,11,1,200.00,'2023-06-07','2023-05-31'),(141,11,1,200.00,'2023-06-07','2023-05-31'),(142,11,2,344301.00,'2023-06-07','2023-05-31'),(143,17,2,1500000.00,'2023-06-27','2023-06-30'),(144,19,2,2000000.00,'2023-06-30','2023-06-30'),(145,14,2,1000000.00,'2023-07-01','2023-06-30'),(146,15,2,200000.00,'2023-07-01','2023-06-30'),(147,10,2,101000.00,'2023-07-01','2023-06-30'),(148,16,2,400000.00,'2023-07-01','2023-06-30'),(149,3,2,400000.00,'2023-07-03','2023-06-30'),(150,11,2,500000.00,'2023-07-03','2023-06-30'),(151,16,5,440000.00,'2023-07-04','2023-06-30'),(152,11,5,440000.00,'2023-07-04','2023-06-30'),(153,15,5,440000.00,'2023-07-04','2023-06-30'),(154,13,5,457600.00,'2023-07-04','2023-06-30'),(156,20,2,10000000.00,'2023-07-05','2023-06-30'),(157,11,1,600.00,'2023-07-05','2023-06-30'),(158,11,2,2244836.40,'2023-07-05','2023-06-30'),(159,15,1,600.00,'2023-07-05','2023-06-30'),(160,15,2,1228596.80,'2023-07-05','2023-06-30'),(161,16,2,1020000.00,'2023-07-05','2023-06-30'),(162,23,1,400.00,'2023-07-05','2023-06-30'),(163,23,2,855786.80,'2023-07-05','2023-06-30'),(164,13,2,1137600.00,'2023-07-06','2023-06-30'),(165,24,1,400.00,'2023-07-06','2023-06-30'),(166,25,2,3668500.00,'2023-07-06','2023-06-30'),(167,26,1,400.00,'2023-07-06','2023-06-30'),(168,10,5,440000.00,'2023-07-06','2023-06-30'),(169,10,5,528000.00,'2023-07-06','2023-06-30'),(170,22,2,2500000.00,'2023-07-14','2023-06-30'),(171,21,1,325.00,'2023-07-14','2023-06-30'),(172,21,2,3828.00,'2023-07-14','2023-06-30'),(174,19,2,2000000.00,'2023-07-19','2023-07-31'),(175,25,2,4000000.00,'2023-07-28','2023-07-31'),(176,18,1,1100.00,'2023-08-01','2023-07-31'),(177,14,2,1000000.00,'2023-08-01','2023-07-31'),(178,13,5,862400.00,'2023-08-01','2023-07-31'),(179,16,5,880000.00,'2023-08-01','2023-07-31'),(180,15,5,880000.00,'2023-08-01','2023-07-31'),(181,11,5,880000.00,'2023-08-01','2023-07-31'),(182,10,5,968000.00,'2023-08-01','2023-07-31'),(183,23,2,50000.00,'2023-08-01','2023-07-31'),(184,11,2,60000.00,'2023-08-02','2023-07-31'),(185,10,1,600.00,'2023-08-02','2023-07-31'),(186,10,2,67454.00,'2023-08-02','2023-07-31'),(187,23,2,5836068.00,'2023-08-02','2023-07-31'),(189,11,1,900.00,'2023-08-04','2023-07-31'),(190,11,2,204341.00,'2023-08-04','2023-07-31'),(191,15,2,1449260.00,'2023-08-04','2023-07-31'),(192,15,1,600.00,'2023-08-04','2023-07-31'),(193,24,1,400.00,'2023-08-04','2023-07-31'),(194,23,1,100.00,'2023-08-04','2023-07-31'),(195,26,1,450.00,'2023-08-04','2023-07-31'),(196,13,2,2337600.00,'2023-08-04','2023-07-31'),(197,17,2,1750000.00,'2023-08-04','2023-07-31'),(198,21,2,6040000.00,'2023-08-17','2023-07-31'),(200,18,1,1000.00,'2023-08-25','2023-08-31'),(201,19,2,2000000.00,'2023-08-25','2023-08-31'),(202,21,1,1320.00,'2023-08-29','2023-08-31'),(203,23,2,250000.00,'2023-09-01','2023-08-31'),(204,14,2,1200000.00,'2023-09-02','2023-08-31'),(205,23,1,50.00,'2023-09-04','2023-08-31'),(206,23,2,202813.60,'2023-09-05','2023-08-31'),(207,26,1,300.00,'2023-09-05','2023-08-31'),(208,17,2,1750000.00,'2023-09-06','2023-08-31'),(209,10,5,968000.00,'2023-09-05','2023-08-31'),(210,10,1,600.00,'2023-09-06','2023-08-31'),(211,10,2,27899.00,'2023-09-06','2023-08-31'),(212,15,5,880000.00,'2023-09-05','2023-08-31'),(213,15,1,500.00,'2023-09-06','2023-08-31'),(214,15,2,2758968.50,'2023-09-06','2023-08-31'),(215,13,5,862400.00,'2023-09-05','2023-08-31'),(217,13,2,1637600.00,'2023-09-06','2023-08-31'),(218,24,1,300.00,'2023-09-06','2023-08-31'),(219,24,2,210576.80,'2023-09-06','2023-08-31'),(220,11,5,880000.00,'2023-09-05','2023-08-31'),(221,16,5,880000.00,'2023-09-05','2023-08-31'),(222,26,1,90.00,'2023-09-08','2023-08-31'),(223,26,2,25112.50,'2023-09-08','2023-08-31'),(224,3,2,1100000.00,'2023-09-08','2023-08-31'),(225,13,2,1000000.00,'2023-09-11','2023-08-31'),(226,24,1,50.00,'2023-09-11','2023-08-31'),(227,25,2,4500000.00,'2023-09-15','2023-08-31'),(229,22,2,2500000.00,'2023-09-18','2023-07-31'),(230,22,2,2500000.00,'2023-09-18','2023-08-31'),(231,19,2,2000000.00,'2023-09-26','2023-09-30'),(232,18,1,1000.00,'2023-09-29','2023-09-30'),(233,14,2,1000000.00,'2023-09-29','2023-09-30'),(234,3,2,2500000.00,'2023-09-30','2023-09-30'),(235,23,1,500.00,'2023-09-30','2023-09-30'),(236,23,2,600972.00,'2023-09-30','2023-09-30'),(237,16,2,220000.00,'2023-10-02','2023-09-30'),(238,24,1,400.00,'2023-10-03','2023-09-30'),(239,20,2,2900000.00,'2023-10-03','2023-09-30'),(240,26,1,50.00,'2023-10-03','2023-08-31'),(241,26,1,500.00,'2023-10-03','2023-09-30'),(242,13,2,1637600.00,'2023-10-03','2023-09-30'),(243,10,1,495.00,'2023-10-03','2023-09-30'),(244,10,2,4636.00,'2023-10-03','2023-09-30'),(245,15,1,500.00,'2023-10-04','2023-09-30'),(246,15,2,2780014.00,'2023-10-04','2023-09-30'),(247,17,2,1750000.00,'2023-10-04','2023-09-30'),(250,22,1,200.00,'2023-10-21','2023-09-30'),(251,22,2,46000.00,'2023-10-21','2023-09-30'),(252,21,2,980800.00,'2023-10-24','2023-10-31'),(253,18,1,1000.00,'2023-10-27','2023-10-31'),(254,19,2,2000000.00,'2023-10-27','2023-10-31'),(255,17,1,100.00,'2023-10-28','2023-10-31'),(256,17,2,526000.00,'2023-10-28','2023-10-31'),(257,22,2,2500000.00,'2023-10-28','2023-10-31'),(258,16,2,1200000.00,'2023-10-30','2023-10-31'),(259,23,2,5824263.00,'2023-10-30','2023-10-31'),(262,14,2,1100000.00,'2023-10-31','2023-10-31'),(263,10,1,400.00,'2023-10-31','2023-10-31'),(264,24,1,350.00,'2023-10-31','2023-10-31'),(265,15,5,1320000.00,'2023-11-02','2023-10-31'),(266,15,1,500.00,'2023-11-03','2023-10-31'),(267,15,2,1416888.00,'2023-11-03','2023-10-31'),(268,13,5,431200.00,'2023-11-02','2023-10-31'),(269,13,2,1137600.00,'2023-11-03','2023-10-31'),(270,26,2,5517000.00,'2023-11-03','2023-10-31'),(271,20,2,3000000.00,'2023-11-03','2023-10-31'),(273,10,5,484000.00,'2023-11-02','2023-10-31'),(274,11,5,440000.00,'2023-11-02','2023-10-31'),(275,16,5,440000.00,'2023-11-02','2023-10-31'),(276,3,2,2500000.00,'2023-11-08','2023-10-31'),(277,18,1,1000.00,'2023-11-23','2023-11-30'),(278,19,2,2000000.00,'2023-11-23','2023-11-30'),(279,10,1,600.00,'2023-11-25','2023-11-30'),(281,14,1,100.00,'2023-11-30','2023-11-30'),(282,14,2,268000.00,'2023-11-30','2023-11-30'),(283,11,2,40000.00,'2023-12-01','2023-12-31'),(285,23,2,1100000.00,'2023-12-01','2023-11-30'),(286,23,1,400.00,'2023-12-01','2023-11-30'),(287,26,1,450.00,'2023-12-02','2023-11-30'),(289,27,2,100000.00,'2023-12-04','2023-11-30'),(290,24,2,616000.00,'2023-12-04','2023-11-30'),(291,24,1,400.00,'2023-12-04','2023-11-30'),(292,15,5,880000.00,'2023-12-04','2023-11-30'),(293,15,2,1283990.00,'2023-12-04','2023-11-30'),(294,15,1,600.00,'2023-12-04','2023-11-30'),(295,17,2,1750000.00,'2023-12-05','2023-11-30'),(296,20,2,3900000.00,'2023-12-05','2023-11-30'),(297,10,5,968000.00,'2023-12-04','2023-11-30'),(298,21,1,300.00,'2023-12-06','2023-11-30'),(300,22,1,200.00,'2023-12-06','2023-11-30'),(301,22,2,36000.00,'2023-12-06','2023-11-30'),(302,25,2,3413000.00,'2023-12-06','2023-11-30'),(303,27,2,2947000.00,'2023-12-06','2023-11-30'),(304,13,5,862400.00,'2023-12-04','2023-11-30'),(305,13,2,1622600.00,'2023-12-07','2023-11-30'),(306,16,2,700000.00,'2023-12-07','2023-11-30'),(307,3,2,2500000.00,'2023-12-08','2023-11-30'),(308,18,1,2000.00,'2023-12-08','2023-12-31'),(309,16,5,880000.00,'2023-12-04','2023-11-30'),(310,11,5,880000.00,'2023-12-04','2023-11-30'),(311,27,2,3000000.00,'2023-12-13','2023-12-31'),(312,25,2,4500000.00,'2023-12-27','2023-12-31'),(313,13,5,924000.00,'2023-12-27','2023-12-31'),(314,13,2,1570000.00,'2023-12-27','2023-12-31'),(315,16,5,968000.00,'2023-12-27','2023-12-31'),(316,11,5,924000.00,'2023-12-27','2023-12-31'),(317,10,5,968000.00,'2023-12-27','2023-12-31'),(318,23,5,968000.00,'2023-12-27','2023-12-31'),(319,15,5,968000.00,'2023-12-27','2023-12-31'),(320,3,2,2500000.00,'2023-12-29','2023-12-31'),(321,14,2,1100000.00,'2023-12-29','2023-12-31'),(322,23,2,4350208.00,'2023-12-29','2023-12-31'),(323,24,2,2476000.00,'2023-12-29','2023-12-31'),(324,24,1,250.00,'2023-12-29','2023-12-31'),(325,15,1,500.00,'2023-12-29','2023-12-31'),(326,15,2,2446783.00,'2023-12-29','2023-12-31'),(327,26,1,400.00,'2023-12-29','2023-12-31'),(328,22,2,2500000.00,'2023-12-29','2023-12-31'),(329,21,2,2716419.00,'2023-12-29','2023-12-31'),(331,19,2,2000000.00,'2023-12-29','2023-12-31'),(332,11,2,3714000.00,'2023-12-29','2023-12-31'),(333,28,2,5000000.00,'2023-12-30','2023-12-31'),(334,16,2,840000.00,'2023-12-30','2023-12-31'),(335,17,2,512000.00,'2023-12-30','2023-12-31'),(336,20,2,1470000.00,'2023-12-30','2023-12-31'),(337,10,1,400.00,'2023-12-30','2023-12-31'),(338,10,2,106220.00,'2023-12-30','2023-12-31'),(340,14,1,100.00,'2024-02-01','2024-01-31'),(341,14,2,157000.00,'2024-02-01','2024-01-31'),(342,13,5,924000.00,'2024-02-01','2024-01-31'),(343,11,5,924000.00,'2024-02-01','2024-01-31'),(344,15,5,968000.00,'2024-02-01','2024-01-31'),(345,16,5,968000.00,'2024-02-01','2024-01-31'),(346,10,5,968000.00,'2024-02-01','2024-01-31'),(347,23,5,968000.00,'2024-02-01','2024-01-31'),(348,23,2,5578460.00,'2024-02-01','2024-01-31'),(350,10,1,500.00,'2024-02-01','2024-01-31'),(351,15,1,600.00,'2024-02-01','2024-01-31'),(352,15,2,2460890.00,'2024-02-01','2024-01-31'),(353,13,2,1476000.00,'2024-02-01','2024-01-31'),(354,24,1,350.00,'2024-02-01','2024-01-31'),(355,30,1,130.00,'2024-02-03','2024-01-31'),(357,16,2,1620000.00,'2024-02-03','2024-01-31'),(358,19,2,2000000.00,'2024-02-03','2024-01-31'),(359,29,2,1500000.00,'2024-02-03','2024-01-31'),(360,17,2,1750000.00,'2024-02-03','2024-01-31'),(362,20,2,3600000.00,'2024-02-05','2024-01-31'),(363,25,2,4200000.00,'2024-02-05','2024-01-31'),(364,27,2,1685000.00,'2024-02-05','2024-01-31'),(365,31,2,3399000.00,'2024-02-05','2024-01-31'),(368,28,5,924000.00,'2024-02-06','2024-01-31'),(369,3,2,2500000.00,'2024-02-07','2024-01-31'),(370,28,2,4076000.00,'2024-02-07','2024-01-31'),(371,26,1,400.00,'2024-02-09','2024-01-31'),(372,11,1,900.00,'2024-02-15','2024-01-31'),(373,11,2,318215.00,'2024-02-15','2024-01-31'),(374,13,2,1000000.00,'2024-02-15','2024-02-29'),(375,3,2,2500000.00,'2024-02-28','2024-02-29'),(376,25,2,5000000.00,'2024-02-29','2024-02-29'),(377,18,1,1000.00,'2024-03-01','2024-02-29'),(378,19,2,2000000.00,'2024-03-01','2024-02-29'),(381,24,1,400.00,'2024-03-01','2024-02-29'),(382,14,1,100.00,'2024-03-02','2024-02-29'),(383,14,2,353000.00,'2024-03-02','2024-02-29'),(384,26,2,1247000.00,'2024-03-01','2024-02-29'),(385,30,2,200000.00,'2024-03-01','2024-02-29'),(386,10,2,210000.00,'2024-03-02','2024-02-29'),(387,11,2,20000.00,'2024-03-02','2024-02-29'),(389,15,2,1247000.00,'2024-03-02','2024-02-29'),(390,20,2,1000000.00,'2024-03-02','2024-02-29'),(391,13,5,924000.00,'2024-03-05','2024-02-29'),(392,28,5,924000.00,'2024-03-05','2024-02-29'),(393,11,5,924000.00,'2024-03-05','2024-02-29'),(394,10,5,968000.00,'2024-03-05','2024-02-29'),(395,23,5,968000.00,'2024-03-05','2024-02-29'),(396,15,5,968000.00,'2024-03-05','2024-02-29'),(397,16,5,968000.00,'2024-03-05','2024-02-29'),(398,11,1,900.00,'2024-03-05','2024-02-29'),(399,11,2,73757.00,'2024-03-05','2024-02-29'),(400,13,2,2263000.00,'2024-03-05','2024-02-29'),(401,15,1,650.00,'2024-03-05','2024-02-29'),(402,15,2,503818.00,'2024-03-05','2024-02-29'),(403,17,2,1750000.00,'2024-03-05','2024-02-29'),(404,20,2,3000000.00,'2024-03-05','2024-02-29'),(405,23,2,76000.00,'2024-03-05','2024-02-29'),(406,26,1,300.00,'2024-03-05','2024-02-29'),(408,30,1,300.00,'2024-03-05','2024-02-29'),(409,30,2,22714.00,'2024-03-05','2024-02-29'),(410,31,2,3930000.00,'2024-03-05','2024-02-29'),(411,27,2,2130500.00,'2024-03-05','2024-02-29'),(412,28,2,4076000.00,'2024-03-06','2024-02-29'),(413,22,2,1253000.00,'2024-03-18','2024-02-29'),(414,14,1,100.00,'2024-04-01','2024-03-31'),(415,14,2,140000.00,'2024-04-01','2024-03-31'),(416,23,1,485.00,'2024-04-01','2024-03-31'),(417,24,1,300.00,'2024-04-02','2024-03-31'),(418,19,2,2000000.00,'2024-04-03','2024-03-31'),(419,18,1,1000.00,'2024-04-03','2024-03-31'),(420,27,2,3750000.00,'2024-04-03','2024-03-31'),(421,26,1,500.00,'2024-04-03','2024-03-31'),(422,26,2,2772.00,'2024-04-03','2024-03-31'),(423,10,5,1210000.00,'2024-04-03','2024-03-31'),(424,10,2,233604.00,'2024-04-03','2024-03-31'),(425,23,5,1210000.00,'2024-04-03','2024-03-31'),(426,11,2,200000.00,'2024-04-03','2024-03-31'),(427,30,1,300.00,'2024-04-04','2024-03-31'),(428,30,2,128142.00,'2024-04-04','2024-03-31'),(429,28,5,1155000.00,'2024-04-03','2024-03-31'),(430,13,5,1155000.00,'2024-04-03','2024-03-31'),(431,11,5,1155000.00,'2024-04-03','2024-03-31'),(432,15,5,1210000.00,'2024-04-03','2024-03-31'),(433,16,5,1210000.00,'2024-04-03','2024-03-31'),(435,11,1,650.00,'2024-04-04','2024-03-31'),(436,11,2,347749.00,'2024-04-04','2024-03-31'),(437,15,1,700.00,'2024-04-04','2024-03-31'),(438,15,2,810359.00,'2024-04-04','2024-03-31'),(439,17,1,100.00,'2024-04-04','2024-03-31'),(440,20,2,3000000.00,'2024-04-04','2024-03-31'),(441,28,2,3845000.00,'2024-04-04','2024-03-31'),(442,31,2,400.00,'2024-04-04','2024-03-31'),(443,13,2,4345000.00,'2024-04-05','2024-03-31'),(444,17,2,485000.00,'2024-04-04','2024-03-31'),(445,25,2,3800000.00,'2024-04-04','2024-03-31'),(447,26,1,200.00,'2024-05-01','2024-04-30'),(448,26,2,1270000.00,'2024-05-01','2024-04-30'),(450,11,2,90000.00,'2024-05-01','2024-04-30'),(451,10,5,1210000.00,'2024-05-02','2024-04-30'),(452,23,5,1210000.00,'2024-05-02','2024-04-30'),(453,23,2,5019040.00,'2024-05-02','2024-04-30'),(454,10,1,100.00,'2024-05-02','2024-04-30'),(455,24,1,450.00,'2024-05-02','2024-04-30'),(456,24,2,533527.00,'2024-05-02','2024-04-30'),(457,28,5,1155000.00,'2024-05-02','2024-04-30'),(458,13,5,1155000.00,'2024-05-02','2024-04-30'),(459,11,5,1155000.00,'2024-05-02','2024-04-30'),(460,15,5,1210000.00,'2024-05-02','2024-04-30'),(461,16,5,1210000.00,'2024-05-02','2024-04-30'),(463,15,2,59944.00,'2024-05-03','2024-04-30'),(464,15,1,800.00,'2024-05-03','2024-04-30'),(465,20,2,500000.00,'2024-05-03','2024-04-30'),(466,11,1,800.00,'2024-05-03','2024-04-30'),(467,11,2,930021.00,'2024-05-03','2024-04-30'),(468,18,1,1000.00,'2024-05-03','2024-04-30'),(469,19,2,2000000.00,'2024-05-03','2024-04-30'),(470,30,2,70000.00,'2024-05-03','2024-04-30'),(471,3,2,2500000.00,'2024-05-04','2024-04-30'),(472,28,1,300.00,'2024-05-04','2024-04-30'),(473,28,2,35000.00,'2024-05-04','2024-04-30'),(474,13,1,200.00,'2024-05-04','2024-04-30'),(476,13,2,800000.00,'2024-05-04','2024-04-30'),(477,20,2,2200000.00,'2024-05-04','2024-04-30'),(478,30,1,200.00,'2024-05-04','2024-04-30'),(479,30,2,311023.00,'2024-05-04','2024-04-30'),(480,27,1,150.00,'2024-05-04','2024-04-30'),(481,27,2,1145000.00,'2024-05-04','2024-04-30'),(482,17,1,100.00,'2024-05-04','2024-04-30'),(483,17,2,480000.00,'2024-05-04','2024-04-30'),(484,25,2,505000.00,'2024-05-04','2024-04-30'),(485,33,1,300.00,'2024-05-07','2024-04-30'),(486,30,1,50.00,'2024-05-07','2024-04-30'),(487,31,1,150.00,'2024-05-07','2024-04-30'),(488,31,2,1845000.00,'2024-05-07','2024-04-30'),(489,25,2,2929000.00,'2024-05-08','2024-04-30'),(490,25,2,51000.00,'2024-05-08','2024-04-30'),(491,18,1,1000.00,'2024-05-24','2024-05-31'),(492,19,2,2000000.00,'2024-05-24','2024-05-31'),(493,14,2,1100000.00,'2024-06-01','2024-05-31'),(494,23,2,5000000.00,'2024-06-01','2024-05-31'),(495,24,1,450.00,'2024-06-01','2024-05-31'),(497,10,1,500.00,'2024-06-01','2024-05-31'),(498,30,2,250000.00,'2024-06-01','2024-05-31'),(499,23,2,1665000.00,'2024-06-01','2024-05-31'),(500,27,2,100000.00,'2024-06-01','2024-05-31'),(501,31,2,100000.00,'2024-06-01','2024-05-31'),(503,23,2,200000.00,'2024-06-04','2024-05-31'),(504,15,5,2970000.00,'2024-06-03','2024-05-31'),(505,16,5,2970000.00,'2024-06-03','2024-05-31'),(506,11,5,2915000.00,'2024-06-03','2024-05-31'),(507,13,5,2915000.00,'2024-06-03','2024-05-31'),(508,28,5,2500000.00,'2024-06-03','2024-05-31'),(509,10,5,2400000.00,'2024-06-03','2024-05-31'),(510,23,5,2400000.00,'2024-06-03','2024-05-31'),(511,31,2,3300000.00,'2024-06-05','2024-05-31'),(512,28,2,2500000.00,'2024-06-05','2024-05-31'),(513,3,2,2500000.00,'2024-06-05','2024-05-31'),(514,13,2,1782000.00,'2024-06-05','2024-05-31'),(515,27,2,2650000.00,'2024-06-05','2024-05-31'),(516,11,1,700.00,'2024-06-05','2024-05-31'),(517,11,2,645285.00,'2024-06-05','2024-05-31'),(518,25,2,1000000.00,'2024-06-05','2024-05-31'),(519,30,1,300.00,'2024-06-05','2024-05-31'),(520,30,2,24346.00,'2024-06-05','2024-05-31'),(521,15,2,824560.00,'2024-06-05','2024-05-31'),(522,15,1,600.00,'2024-06-05','2024-05-31'),(523,26,1,300.00,'2024-06-05','2024-05-31'),(524,33,1,300.00,'2024-06-05','2024-05-31'),(525,17,2,1750000.00,'2024-06-06','2024-05-31'),(526,21,1,300.00,'2024-06-10','2024-05-31'),(527,18,1,1000.00,'2024-06-28','2024-06-30'),(528,19,2,2000000.00,'2024-06-28','2024-06-30'),(529,10,1,300.00,'2024-07-01','2024-06-30'),(530,10,2,220000.00,'2024-07-01','2024-06-30'),(532,25,2,2490000.00,'2024-07-01','2024-06-30'),(533,27,2,620000.00,'2024-07-01','2024-06-30'),(534,27,2,202000.00,'2024-07-01','2024-06-30'),(535,24,1,400.00,'2024-07-01','2024-06-30'),(536,14,2,1600000.00,'2024-07-01','2024-06-30'),(537,26,1,400.00,'2024-07-03','2024-06-30'),(538,31,2,200000.00,'2024-07-03','2024-06-30'),(539,20,2,3030000.00,'2024-07-05','2024-06-30'),(540,20,2,250000.00,'2024-07-05','2024-06-30'),(541,23,5,2970000.00,'2024-07-02','2024-06-30'),(542,15,5,2970000.00,'2024-07-02','2024-06-30'),(543,16,5,2970000.00,'2024-07-02','2024-06-30'),(544,11,5,2915000.00,'2024-07-02','2024-06-30'),(545,13,5,2915000.00,'2024-07-02','2024-06-30'),(546,28,5,2400000.00,'2024-07-02','2024-06-30'),(547,17,1,100.00,'2024-07-05','2024-06-30'),(548,17,2,490000.00,'2024-07-05','2024-06-30'),(549,3,2,2500000.00,'2024-07-05','2024-06-30'),(552,28,2,2600000.00,'2024-07-05','2024-06-30'),(553,11,1,600.00,'2024-07-05','2024-06-30'),(554,11,2,666000.00,'2024-07-05','2024-06-30'),(555,33,1,300.00,'2024-07-05','2024-06-30'),(556,13,2,1580000.00,'2024-07-05','2024-06-30'),(557,15,1,600.00,'2024-07-05','2024-06-30'),(558,15,2,810054.00,'2024-07-05','2024-06-30'),(560,30,1,200.00,'2024-07-05','2024-06-30'),(561,30,2,37170.00,'2024-07-05','2024-06-30'),(562,10,5,2400000.00,'2024-07-02','2024-06-30'),(563,22,1,265.00,'2024-07-05','2024-06-30'),(565,27,2,1003500.00,'2024-07-05','2024-06-30'),(566,31,1,100.00,'2024-07-05','2024-06-30'),(567,31,2,3177000.00,'2024-07-05','2024-06-30'),(568,22,2,7814000.00,'2024-07-24','2024-07-31'),(569,31,2,4576000.00,'2024-07-29','2024-07-31'),(570,31,2,1000000.00,'2024-07-29','2024-07-31'),(571,19,2,2000000.00,'2024-07-31','2024-07-31'),(572,10,2,265000.00,'2024-08-01','2024-08-31'),(573,14,1,100.00,'2024-08-01','2024-07-31'),(574,14,2,341000.00,'2024-08-01','2024-07-31'),(575,18,1,1000.00,'2024-08-03','2024-07-31'),(576,34,2,2063628.00,'2024-08-03','2024-07-31'),(577,24,1,300.00,'2024-08-03','2024-07-31'),(578,3,1,50.00,'2024-08-05','2024-07-31'),(579,3,2,1870000.00,'2024-08-05','2024-07-31'),(580,17,2,1750000.00,'2024-08-05','2024-07-31'),(581,30,1,200.00,'2024-08-05','2024-07-31'),(582,30,2,495306.00,'2024-08-05','2024-07-31'),(583,33,1,400.00,'2024-08-05','2024-07-31'),(586,15,2,480000.00,'2024-08-05','2024-07-31'),(587,15,1,600.00,'2024-08-05','2024-07-31'),(588,15,2,178164.00,'2024-08-05','2024-07-31'),(589,11,1,700.00,'2024-08-06','2024-07-31'),(590,11,2,462672.00,'2024-08-06','2024-07-31'),(591,28,2,2500000.00,'2024-08-07','2024-07-31'),(592,13,2,1075000.00,'2024-08-07','2024-07-31'),(593,20,2,3480000.00,'2024-08-07','2024-07-31'),(594,25,2,3775000.00,'2024-08-07','2024-07-31'),(595,36,2,3000000.00,'2024-08-07','2024-07-31'),(596,36,2,500000.00,'2024-08-07','2024-07-31'),(597,20,1,350.00,'2024-08-09','2024-08-31'),(599,20,2,585000.00,'2024-08-09','2024-08-31'),(600,21,1,200.00,'2024-08-10','2024-08-31'),(601,19,2,2000000.00,'2024-08-29','2024-08-31'),(602,25,2,5500000.00,'2024-08-29','2024-08-31'),(603,14,2,334000.00,'2024-09-02','2024-08-31'),(604,22,2,2500000.00,'2024-09-02','2024-08-31'),(605,14,1,100.00,'2024-09-02','2024-08-31'),(606,39,2,200000.00,'2024-09-02','2024-08-31'),(607,10,1,300.00,'2024-09-02','2024-08-31'),(608,3,2,2500000.00,'2024-09-03','2024-08-31'),(609,11,1,600.00,'2024-09-03','2024-08-31'),(610,11,2,1205000.00,'2024-09-03','2024-08-31'),(611,13,2,1575000.00,'2024-09-03','2024-08-31'),(612,15,1,600.00,'2024-09-03','2024-08-31'),(613,15,2,835200.00,'2024-09-03','2024-08-31'),(614,18,1,1000.00,'2024-09-03','2024-08-31'),(615,28,2,2500000.00,'2024-09-03','2024-08-31'),(616,31,2,3500000.00,'2024-09-03','2024-08-31'),(617,34,1,300.00,'2024-09-03','2024-08-31'),(618,34,2,208384.00,'2024-09-03','2024-08-31'),(619,37,2,3555000.00,'2024-09-03','2024-08-31'),(620,38,1,400.00,'2024-09-03','2024-08-31'),(621,39,2,1875000.00,'2024-09-03','2024-08-31'),(622,40,2,2790000.00,'2024-09-03','2024-08-31'),(623,41,2,1130000.00,'2024-09-03','2024-08-31'),(624,33,1,400.00,'2024-09-03','2024-08-31'),(625,24,2,415000.00,'2024-09-04','2024-08-31'),(626,24,2,100000.00,'2024-09-06','2024-08-31'),(627,17,1,100.00,'2024-09-06','2024-08-31'),(628,17,2,484000.00,'2024-09-06','2024-08-31'),(629,30,1,230.00,'2024-09-06','2024-08-31'),(630,30,2,96596.00,'2024-09-06','2024-08-31'),(631,18,1,3000.00,'2024-09-09','2024-09-30'),(632,24,1,200.00,'2024-09-11','2024-08-31'),(633,24,2,142592.00,'2024-09-11','2024-08-31'),(635,14,1,100.00,'2024-10-01','2024-09-30'),(636,14,2,327000.00,'2024-10-01','2024-09-30'),(637,11,2,500000.00,'2024-10-01','2024-09-30'),(638,24,1,200.00,'2024-10-01','2024-09-30'),(639,19,2,2000000.00,'2024-10-02','2024-09-30'),(640,16,5,2970000.00,'2024-10-02','2024-09-30'),(642,13,5,2915000.00,'2024-10-02','2024-09-30'),(643,3,2,2500000.00,'2024-10-02','2024-09-30'),(644,15,1,500.00,'2024-10-02','2024-09-30'),(645,15,2,1103564.00,'2024-10-02','2024-09-30'),(646,11,5,2915000.00,'2024-10-02','2024-09-30'),(647,11,1,600.00,'2024-10-02','2024-09-30'),(648,11,2,406469.00,'2024-10-02','2024-09-30'),(649,17,1,100.00,'2024-10-02','2024-09-30'),(650,17,2,477000.00,'2024-10-02','2024-09-30'),(651,20,2,2755000.00,'2024-10-02','2024-09-30'),(652,25,2,5000000.00,'2024-10-02','2024-09-30'),(653,28,2,2500000.00,'2024-10-02','2024-09-30'),(654,31,2,5000000.00,'2024-10-02','2024-09-30'),(655,34,1,400.00,'2024-10-02','2024-09-30'),(656,3,2,500000.00,'2024-10-02','2024-09-30'),(657,37,5,2500000.00,'2024-10-02','2024-09-30'),(658,38,1,350.00,'2024-10-02','2024-09-30'),(659,38,2,596528.00,'2024-10-02','2024-09-30'),(660,39,5,2500000.00,'2024-10-02','2024-09-30'),(661,39,2,1000000.00,'2024-10-02','2024-09-30'),(662,41,2,3430000.00,'2024-10-02','2024-09-30'),(663,44,1,450.00,'2024-10-02','2024-09-30'),(664,44,2,36535.00,'2024-10-02','2024-09-30'),(665,43,2,4000000.00,'2024-10-02','2024-09-30'),(666,23,1,50.00,'2024-10-02','2024-09-30'),(671,23,2,6237.00,'2024-10-03','2024-09-30'),(672,22,2,2500000.00,'2024-10-04','2024-09-30'),(673,40,2,5900000.00,'2024-10-04','2024-09-30'),(674,32,5,4700000.00,'2024-10-04','2024-09-30'),(675,32,2,1720000.00,'2024-10-04','2024-09-30'),(676,15,5,2970000.00,'2024-10-02','2024-09-30'),(677,10,5,2400000.24,'2024-10-02','2024-09-30'),(678,23,5,2400000.24,'2024-10-02','2024-09-30'),(679,28,5,2499999.92,'2024-10-02','2024-09-30'),(680,33,1,200.00,'2024-10-11','2024-09-30'),(681,33,2,46172.00,'2024-10-11','2024-09-30'),(682,43,2,4500000.00,'2024-10-26','2024-10-31'),(683,24,1,500.00,'2024-10-26','2024-10-31'),(684,14,2,1200000.00,'2024-11-01','2024-10-31'),(685,41,2,150000.00,'2024-11-01','2024-10-31'),(686,19,2,2000000.00,'2024-11-02','2024-10-31'),(687,11,2,50000.00,'2024-11-02','2024-10-31'),(688,15,2,400000.00,'2024-11-02','2024-10-31'),(689,41,2,200000.00,'2024-11-02','2024-10-31'),(690,11,1,100.00,'2024-11-02','2024-10-31'),(691,41,2,2850000.00,'2024-11-04','2024-10-31'),(692,40,2,4995000.00,'2024-11-04','2024-10-31'),(693,39,5,2500000.00,'2024-11-04','2024-10-31'),(694,39,2,500000.00,'2024-11-04','2024-10-31'),(697,25,2,2000000.00,'2024-11-04','2024-10-31'),(698,23,5,2400000.24,'2024-11-04','2024-10-31'),(699,15,5,2970000.00,'2024-11-04','2024-10-31'),(700,15,1,500.00,'2024-11-04','2024-10-31'),(701,15,2,275502.00,'2024-11-04','2024-10-31'),(702,25,2,2187000.00,'2024-11-05','2024-10-31'),(703,17,1,100.00,'2024-11-06','2024-10-31'),(704,17,2,468000.00,'2024-11-06','2024-10-31'),(706,32,2,1436000.00,'2024-11-06','2024-10-31'),(707,32,5,2500000.00,'2024-11-04','2024-10-31'),(708,44,1,300.00,'2024-11-06','2024-10-31'),(709,44,2,1160723.00,'2024-11-06','2024-10-31'),(710,10,5,2400000.24,'2024-11-04','2024-10-31'),(711,28,5,2500000.00,'2024-11-04','2024-10-31'),(712,28,1,100.00,'2024-11-07','2024-10-31'),(713,28,2,1218000.00,'2024-11-07','2024-10-31'),(714,11,5,2915000.00,'2024-11-04','2024-10-31'),(715,11,1,400.00,'2024-11-07','2024-10-31'),(716,11,2,786123.00,'2024-11-07','2024-10-31'),(717,13,5,2915000.00,'2024-11-04','2024-10-31'),(718,16,5,2970000.00,'2024-11-04','2024-10-31'),(719,37,5,2500000.00,'2024-11-04','2024-10-31'),(720,3,1,200.00,'2024-11-07','2024-10-31'),(721,3,2,436000.00,'2024-11-07','2024-10-31'),(722,33,1,300.00,'2024-11-07','2024-10-31'),(723,33,2,575105.00,'2024-11-07','2024-10-31'),(724,34,1,200.00,'2024-11-07','2024-10-31'),(725,38,1,300.00,'2024-11-07','2024-10-31'),(727,38,2,476904.00,'2024-11-07','2024-10-31'),(728,45,2,900000.00,'2024-11-07','2024-10-31'),(729,31,2,5000000.00,'2024-11-07','2024-10-31'),(730,27,2,3000000.00,'2024-11-07','2024-10-31'),(731,27,2,781000.00,'2024-11-07','2024-10-31'),(732,16,2,1515000.00,'2024-12-01','2024-11-30'),(733,14,1,100.00,'2024-12-01','2024-11-30'),(734,41,2,400000.00,'2024-12-01','2024-11-30'),(735,17,1,100.00,'2024-12-02','2024-11-30'),(736,17,2,464000.00,'2024-12-02','2024-11-30'),(738,15,5,2970000.00,'2024-12-02','2024-11-30'),(739,11,5,2915000.00,'2024-12-02','2024-11-30'),(741,11,1,550.00,'2024-12-02','2024-11-30'),(742,45,2,93750.00,'2024-12-02','2024-11-30'),(743,41,2,170000.00,'2024-12-02','2024-11-30'),(744,28,5,2499999.92,'2024-12-02','2024-11-30'),(745,10,5,2400000.24,'2024-12-02','2024-11-30'),(746,23,5,2400000.24,'2024-12-02','2024-11-30'),(747,13,5,2915000.00,'2024-12-02','2024-11-30'),(748,16,5,2970000.00,'2024-12-02','2024-11-30'),(749,37,5,2500000.00,'2024-12-02','2024-11-30'),(750,39,5,2500000.00,'2024-12-02','2024-11-30'),(752,32,5,2500000.00,'2024-12-02','2024-11-30'),(753,21,5,8745000.00,'2024-12-02','2024-11-30'),(754,33,1,400.00,'2024-12-04','2024-11-30'),(755,3,2,3000000.00,'2024-12-04','2024-11-30'),(756,14,2,14000.00,'2024-12-04','2024-11-30'),(757,15,1,600.00,'2024-12-04','2024-11-30'),(758,15,2,532500.00,'2024-12-04','2024-11-30'),(759,17,2,2000.00,'2024-12-04','2024-11-30'),(760,24,1,100.00,'2024-12-04','2024-11-30'),(761,24,2,3080.00,'2024-12-04','2024-11-30'),(762,25,2,4187000.00,'2024-12-04','2024-11-30'),(763,28,2,2500000.32,'2024-12-04','2024-11-30'),(764,31,2,5000000.00,'2024-12-04','2024-11-30'),(765,34,1,200.00,'2024-12-04','2024-11-30'),(766,39,2,1500000.00,'2024-12-04','2024-11-30'),(767,38,1,200.00,'2024-12-04','2024-11-30'),(768,38,2,1230000.00,'2024-12-04','2024-11-30'),(769,40,2,4000000.00,'2024-12-04','2024-11-30'),(770,41,2,1880000.00,'2024-12-04','2024-11-30'),(771,45,2,3906250.00,'2024-12-04','2024-11-30'),(772,44,1,200.00,'2024-12-05','2024-11-30'),(773,44,2,218280.00,'2024-12-05','2024-11-30'),(774,21,5,924000.00,'2024-02-01','2024-02-29'),(775,21,5,924000.00,'2024-03-05','2024-03-31'),(776,21,5,1155000.00,'2024-04-03','2024-04-30'),(777,21,5,1155000.00,'2024-05-02','2024-05-31'),(778,21,5,2915000.00,'2024-06-03','2024-06-30'),(779,21,5,2915000.00,'2024-07-31','2024-07-31'),(780,21,5,2915000.00,'2024-08-29','2024-08-31');

--
-- Table structure for table `worker_yuqlama`
--

CREATE TABLE `worker_yuqlama` (
  `id` int unsigned NOT NULL AUTO_INCREMENT,
  `worker_id` int unsigned NOT NULL,
  `absent_day` date DEFAULT NULL,
  PRIMARY KEY (`id`),
  KEY `worker_id` (`worker_id`),
  CONSTRAINT `worker_yuqlama_ibfk_1` FOREIGN KEY (`worker_id`) REFERENCES `worker` (`id`)
) ENGINE=InnoDB AUTO_INCREMENT=16 DEFAULT CHARSET=utf8mb4 COLLATE=utf8mb4_0900_ai_ci;

--
-- Dumping data for table `worker_yuqlama`
--

INSERT INTO `worker_yuqlama` VALUES (1,25,'2023-09-16'),(3,25,'2023-09-18'),(4,25,'2023-09-19'),(5,25,'2023-09-20'),(6,25,'2023-09-21'),(7,25,'2023-09-22'),(8,25,'2023-09-23'),(10,25,'2023-09-25'),(11,25,'2023-09-26'),(12,25,'2023-09-27'),(13,25,'2023-09-28'),(14,25,'2023-09-29'),(15,25,'2023-09-30');

--
-- Table structure for table `zakaz`
--

CREATE TABLE `zakaz` (
  `id` int unsigned NOT NULL AUTO_INCREMENT,
  `id_siryo` int unsigned NOT NULL,
  `id_client` int unsigned NOT NULL,
  `id_dengi` int NOT NULL,
  `cost` decimal(20,2) NOT NULL DEFAULT '0.00',
  `amount` decimal(20,6) NOT NULL,
  `get_date` date DEFAULT NULL,
  `partiya_id` int DEFAULT NULL,
  `description` varchar(200) DEFAULT NULL,
  `discount` int DEFAULT NULL,
  PRIMARY KEY (`id`)
) ENGINE=InnoDB AUTO_INCREMENT=326 DEFAULT CHARSET=utf8mb4 COLLATE=utf8mb4_0900_ai_ci;

--
-- Dumping data for table `zakaz`
--



